[INFO] fetching crate nmt-rs 0.2.3...
[INFO] testing nmt-rs-0.2.3 against nightly-2024-10-28 for randomize-layout
[INFO] extracting crate nmt-rs 0.2.3 into /workspace/builds/worker-6-tc1/source
[INFO] validating manifest of crates.io crate nmt-rs 0.2.3 on toolchain nightly-2024-10-28
[INFO] running `Command { std: CARGO_HOME="/workspace/cargo-home" RUSTUP_HOME="/workspace/rustup-home" "/workspace/cargo-home/bin/cargo" "+nightly-2024-10-28" "metadata" "--manifest-path" "Cargo.toml" "--no-deps", kill_on_drop: false }`
[INFO] started tweaking crates.io crate nmt-rs 0.2.3
[INFO] finished tweaking crates.io crate nmt-rs 0.2.3
[INFO] tweaked toml for crates.io crate nmt-rs 0.2.3 written to /workspace/builds/worker-6-tc1/source/Cargo.toml
[INFO] running `Command { std: CARGO_HOME="/workspace/cargo-home" RUSTUP_HOME="/workspace/rustup-home" "/workspace/cargo-home/bin/cargo" "+nightly-2024-10-28" "generate-lockfile" "--manifest-path" "Cargo.toml", kill_on_drop: false }`
[INFO] [stderr]     Updating crates.io index
[INFO] [stderr]     Blocking waiting for file lock on package cache
[INFO] [stderr]      Locking 100 packages to latest compatible versions
[INFO] [stderr]       Adding tendermint v0.35.0 (available: v0.40.0)
[INFO] running `Command { std: CARGO_HOME="/workspace/cargo-home" RUSTUP_HOME="/workspace/rustup-home" "/workspace/cargo-home/bin/cargo" "+nightly-2024-10-28" "fetch" "--manifest-path" "Cargo.toml", kill_on_drop: false }`
[INFO] [stderr]     Blocking waiting for file lock on package cache
[INFO] [stderr]  Downloading crates ...
[INFO] [stderr]   Downloaded tendermint-proto v0.35.0
[INFO] [stderr]   Downloaded tendermint v0.35.0
[INFO] running `Command { std: "docker" "create" "-v" "/var/lib/crater-agent-workspace/builds/worker-6-tc1/target:/opt/rustwide/target:rw,Z" "-v" "/var/lib/crater-agent-workspace/builds/worker-6-tc1/source:/opt/rustwide/workdir:ro,Z" "-v" "/var/lib/crater-agent-workspace/cargo-home:/opt/rustwide/cargo-home:ro,Z" "-v" "/var/lib/crater-agent-workspace/rustup-home:/opt/rustwide/rustup-home:ro,Z" "-e" "SOURCE_DIR=/opt/rustwide/workdir" "-e" "CARGO_TARGET_DIR=/opt/rustwide/target" "-e" "CARGO_HOME=/opt/rustwide/cargo-home" "-e" "RUSTUP_HOME=/opt/rustwide/rustup-home" "-w" "/opt/rustwide/workdir" "-m" "1610612736" "--user" "0:0" "--network" "none" "ghcr.io/rust-lang/crates-build-env/linux@sha256:4a844ea9eb2546a2d2c7022eacef16ef2e8229c7fbb2c7d4d55a9ceca922f72d" "/opt/rustwide/cargo-home/bin/cargo" "+nightly-2024-10-28" "metadata" "--no-deps" "--format-version=1", kill_on_drop: false }`
[INFO] [stdout] 512c87261d26d622d41b7328d3f8f07ddddce344059bc1db383dc6a4e084448b
[INFO] running `Command { std: "docker" "start" "-a" "512c87261d26d622d41b7328d3f8f07ddddce344059bc1db383dc6a4e084448b", kill_on_drop: false }`
[INFO] running `Command { std: "docker" "inspect" "512c87261d26d622d41b7328d3f8f07ddddce344059bc1db383dc6a4e084448b", kill_on_drop: false }`
[INFO] running `Command { std: "docker" "rm" "-f" "512c87261d26d622d41b7328d3f8f07ddddce344059bc1db383dc6a4e084448b", kill_on_drop: false }`
[INFO] [stdout] 512c87261d26d622d41b7328d3f8f07ddddce344059bc1db383dc6a4e084448b
[INFO] running `Command { std: "docker" "create" "-v" "/var/lib/crater-agent-workspace/builds/worker-6-tc1/target:/opt/rustwide/target:rw,Z" "-v" "/var/lib/crater-agent-workspace/builds/worker-6-tc1/source:/opt/rustwide/workdir:ro,Z" "-v" "/var/lib/crater-agent-workspace/cargo-home:/opt/rustwide/cargo-home:ro,Z" "-v" "/var/lib/crater-agent-workspace/rustup-home:/opt/rustwide/rustup-home:ro,Z" "-e" "SOURCE_DIR=/opt/rustwide/workdir" "-e" "CARGO_TARGET_DIR=/opt/rustwide/target" "-e" "CARGO_INCREMENTAL=0" "-e" "RUST_BACKTRACE=full" "-e" "RUSTFLAGS=--cap-lints=forbid" "-e" "RUSTDOCFLAGS=--cap-lints=forbid" "-e" "CARGO_HOME=/opt/rustwide/cargo-home" "-e" "RUSTUP_HOME=/opt/rustwide/rustup-home" "-w" "/opt/rustwide/workdir" "-m" "1610612736" "--user" "0:0" "--network" "none" "ghcr.io/rust-lang/crates-build-env/linux@sha256:4a844ea9eb2546a2d2c7022eacef16ef2e8229c7fbb2c7d4d55a9ceca922f72d" "/opt/rustwide/cargo-home/bin/cargo" "+nightly-2024-10-28" "build" "--frozen" "--message-format=json", kill_on_drop: false }`
[INFO] [stdout] 374f6b3ec325625489ba3d38741e5c4568030e3c380bea85def9e2f3c583ef6f
[INFO] running `Command { std: "docker" "start" "-a" "374f6b3ec325625489ba3d38741e5c4568030e3c380bea85def9e2f3c583ef6f", kill_on_drop: false }`
[INFO] [stderr]    Compiling version_check v0.9.5
[INFO] [stderr]    Compiling typenum v1.17.0
[INFO] [stderr]    Compiling cfg-if v1.0.0
[INFO] [stderr]    Compiling cpufeatures v0.2.14
[INFO] [stderr]    Compiling bytes v1.8.0
[INFO] [stderr]    Compiling generic-array v0.14.7
[INFO] [stderr]    Compiling crypto-common v0.1.6
[INFO] [stderr]    Compiling block-buffer v0.10.4
[INFO] [stderr]    Compiling digest v0.10.7
[INFO] [stderr]    Compiling sha2 v0.10.8
[INFO] [stderr]    Compiling nmt-rs v0.2.3 (/opt/rustwide/workdir)
[INFO] [stderr]     Finished `dev` profile [unoptimized + debuginfo] target(s) in 2.77s
[INFO] running `Command { std: "docker" "inspect" "374f6b3ec325625489ba3d38741e5c4568030e3c380bea85def9e2f3c583ef6f", kill_on_drop: false }`
[INFO] running `Command { std: "docker" "rm" "-f" "374f6b3ec325625489ba3d38741e5c4568030e3c380bea85def9e2f3c583ef6f", kill_on_drop: false }`
[INFO] [stdout] 374f6b3ec325625489ba3d38741e5c4568030e3c380bea85def9e2f3c583ef6f
[INFO] running `Command { std: "docker" "create" "-v" "/var/lib/crater-agent-workspace/builds/worker-6-tc1/target:/opt/rustwide/target:rw,Z" "-v" "/var/lib/crater-agent-workspace/builds/worker-6-tc1/source:/opt/rustwide/workdir:ro,Z" "-v" "/var/lib/crater-agent-workspace/cargo-home:/opt/rustwide/cargo-home:ro,Z" "-v" "/var/lib/crater-agent-workspace/rustup-home:/opt/rustwide/rustup-home:ro,Z" "-e" "SOURCE_DIR=/opt/rustwide/workdir" "-e" "CARGO_TARGET_DIR=/opt/rustwide/target" "-e" "CARGO_INCREMENTAL=0" "-e" "RUST_BACKTRACE=full" "-e" "RUSTFLAGS=--cap-lints=forbid" "-e" "RUSTDOCFLAGS=--cap-lints=forbid" "-e" "CARGO_HOME=/opt/rustwide/cargo-home" "-e" "RUSTUP_HOME=/opt/rustwide/rustup-home" "-w" "/opt/rustwide/workdir" "-m" "1610612736" "--user" "0:0" "--network" "none" "ghcr.io/rust-lang/crates-build-env/linux@sha256:4a844ea9eb2546a2d2c7022eacef16ef2e8229c7fbb2c7d4d55a9ceca922f72d" "/opt/rustwide/cargo-home/bin/cargo" "+nightly-2024-10-28" "test" "--frozen" "--no-run" "--message-format=json", kill_on_drop: false }`
[INFO] [stdout] 8e2ed04a57b7f1bc29827b135fa61d22f96a44d8a41f796d7b3a2bb85697d4f1
[INFO] running `Command { std: "docker" "start" "-a" "8e2ed04a57b7f1bc29827b135fa61d22f96a44d8a41f796d7b3a2bb85697d4f1", kill_on_drop: false }`
[INFO] [stderr]    Compiling proc-macro2 v1.0.89
[INFO] [stderr]    Compiling unicode-ident v1.0.13
[INFO] [stderr]    Compiling serde v1.0.214
[INFO] [stderr]    Compiling autocfg v1.4.0
[INFO] [stderr]    Compiling semver v1.0.23
[INFO] [stderr]    Compiling anyhow v1.0.92
[INFO] [stderr]    Compiling either v1.13.0
[INFO] [stderr]    Compiling byteorder v1.5.0
[INFO] [stderr]    Compiling paste v1.0.15
[INFO] [stderr]    Compiling futures-core v0.3.31
[INFO] [stderr]    Compiling powerfmt v0.2.0
[INFO] [stderr]    Compiling num-conv v0.1.0
[INFO] [stderr]    Compiling time-core v0.1.2
[INFO] [stderr]    Compiling scopeguard v1.2.0
[INFO] [stderr]    Compiling futures-sink v0.3.31
[INFO] [stderr]    Compiling digest v0.9.0
[INFO] [stderr]    Compiling block-buffer v0.9.0
[INFO] [stderr]    Compiling subtle-ng v2.5.0
[INFO] [stderr]    Compiling serde_json v1.0.132
[INFO] [stderr]    Compiling rand_core v0.6.4
[INFO] [stderr]    Compiling cfg_aliases v0.2.1
[INFO] [stderr]    Compiling deranged v0.3.11
[INFO] [stderr]    Compiling opaque-debug v0.3.1
[INFO] [stderr]    Compiling futures-task v0.3.31
[INFO] [stderr]    Compiling pin-project-lite v0.2.15
[INFO] [stderr]    Compiling time-macros v0.2.18
[INFO] [stderr]    Compiling itertools v0.12.1
[INFO] [stderr]    Compiling pin-utils v0.1.0
[INFO] [stderr]    Compiling sha2 v0.9.9
[INFO] [stderr]    Compiling borsh v1.5.1
[INFO] [stderr]    Compiling futures-util v0.3.31
[INFO] [stderr]    Compiling hash32 v0.2.1
[INFO] [stderr]    Compiling futures-channel v0.3.31
[INFO] [stderr]    Compiling itoa v1.0.11
[INFO] [stderr]    Compiling hex v0.4.3
[INFO] [stderr]    Compiling memchr v2.7.4
[INFO] [stderr]    Compiling signature v2.2.0
[INFO] [stderr]    Compiling futures-io v0.3.31
[INFO] [stderr]    Compiling stable_deref_trait v1.2.0
[INFO] [stderr]    Compiling rustc_version v0.4.1
[INFO] [stderr]    Compiling ryu v1.0.18
[INFO] [stderr]    Compiling ed25519 v2.2.3
[INFO] [stderr]    Compiling cobs v0.2.3
[INFO] [stderr]    Compiling once_cell v1.20.2
[INFO] [stderr]    Compiling subtle v2.6.1
[INFO] [stderr]    Compiling lock_api v0.4.12
[INFO] [stderr]    Compiling num-traits v0.2.19
[INFO] [stderr]    Compiling heapless v0.7.17
[INFO] [stderr]    Compiling flex-error v0.4.4
[INFO] [stderr]    Compiling quote v1.0.37
[INFO] [stderr]    Compiling spin v0.9.8
[INFO] [stderr]    Compiling time v0.3.36
[INFO] [stderr]    Compiling syn v2.0.86
[INFO] [stderr]    Compiling futures v0.3.31
[INFO] [stderr]    Compiling serde_derive v1.0.214
[INFO] [stderr]    Compiling zeroize_derive v1.4.2
[INFO] [stderr]    Compiling prost-derive v0.12.6
[INFO] [stderr]    Compiling num-derive v0.4.2
[INFO] [stderr]    Compiling serde_repr v0.1.19
[INFO] [stderr]    Compiling zeroize v1.8.1
[INFO] [stderr]    Compiling curve25519-dalek-ng v4.1.1
[INFO] [stderr]    Compiling subtle-encoding v0.5.1
[INFO] [stderr]    Compiling ed25519-consensus v2.1.0
[INFO] [stderr]    Compiling bytes v1.8.0
[INFO] [stderr]    Compiling serde_bytes v0.11.15
[INFO] [stderr]    Compiling prost v0.12.6
[INFO] [stderr]    Compiling nmt-rs v0.2.3 (/opt/rustwide/workdir)
[INFO] [stderr]    Compiling postcard v1.0.10
[INFO] [stderr]    Compiling prost-types v0.12.6
[INFO] [stderr]    Compiling tendermint-proto v0.35.0
[INFO] [stderr]    Compiling tendermint v0.35.0
[INFO] [stdout] error[E0433]: failed to resolve: could not find `BorshSerialize` in `borsh`
[INFO] [stdout]    --> src/namespaced_hash.rs:129:56
[INFO] [stdout]     |
[INFO] [stdout] 129 | #[cfg_attr(any(test, feature = "borsh"), derive(borsh::BorshSerialize))]
[INFO] [stdout]     |                                                        ^^^^^^^^^^^^^^ could not find `BorshSerialize` in `borsh`
[INFO] [stdout]     |
[INFO] [stdout] note: found an item that was configured out
[INFO] [stdout]    --> /opt/rustwide/cargo-home/registry/src/index.crates.io-6f17d22bba15001f/borsh-1.5.1/src/lib.rs:82:42
[INFO] [stdout]     |
[INFO] [stdout] 82  | pub use borsh_derive::{BorshDeserialize, BorshSerialize};
[INFO] [stdout]     |                                          ^^^^^^^^^^^^^^
[INFO] [stdout] note: the item is gated behind the `derive` feature
[INFO] [stdout]    --> /opt/rustwide/cargo-home/registry/src/index.crates.io-6f17d22bba15001f/borsh-1.5.1/src/lib.rs:81:7
[INFO] [stdout]     |
[INFO] [stdout] 81  | #[cfg(feature = "derive")]
[INFO] [stdout]     |       ^^^^^^^^^^^^^^^^^^
[INFO] [stdout] 
[INFO] [stdout] 
[INFO] [stdout] error[E0433]: failed to resolve: could not find `BorshSerialize` in `borsh`
[INFO] [stdout]    --> src/namespaced_hash.rs:191:56
[INFO] [stdout]     |
[INFO] [stdout] 191 | #[cfg_attr(any(test, feature = "borsh"), derive(borsh::BorshSerialize))]
[INFO] [stdout]     |                                                        ^^^^^^^^^^^^^^ could not find `BorshSerialize` in `borsh`
[INFO] [stdout]     |
[INFO] [stdout] note: found an item that was configured out
[INFO] [stdout]    --> /opt/rustwide/cargo-home/registry/src/index.crates.io-6f17d22bba15001f/borsh-1.5.1/src/lib.rs:82:42
[INFO] [stdout]     |
[INFO] [stdout] 82  | pub use borsh_derive::{BorshDeserialize, BorshSerialize};
[INFO] [stdout]     |                                          ^^^^^^^^^^^^^^
[INFO] [stdout] note: the item is gated behind the `derive` feature
[INFO] [stdout]    --> /opt/rustwide/cargo-home/registry/src/index.crates.io-6f17d22bba15001f/borsh-1.5.1/src/lib.rs:81:7
[INFO] [stdout]     |
[INFO] [stdout] 81  | #[cfg(feature = "derive")]
[INFO] [stdout]     |       ^^^^^^^^^^^^^^^^^^
[INFO] [stdout] 
[INFO] [stdout] 
[INFO] [stdout] error[E0277]: the trait bound `namespaced_hash::NamespacedHash<8>: BorshSerialize` is not satisfied
[INFO] [stdout]    --> src/namespaced_hash.rs:405:40
[INFO] [stdout]     |
[INFO] [stdout] 405 |         let serialized = borsh::to_vec(&hash).expect("Serialization to vec must succeed");
[INFO] [stdout]     |                          ------------- ^^^^^ the trait `BorshSerialize` is not implemented for `namespaced_hash::NamespacedHash<8>`
[INFO] [stdout]     |                          |
[INFO] [stdout]     |                          required by a bound introduced by this call
[INFO] [stdout]     |
[INFO] [stdout]     = help: the following other types implement trait `BorshSerialize`:
[INFO] [stdout]               &T
[INFO] [stdout]               ()
[INFO] [stdout]               (T0, T1)
[INFO] [stdout]               (T0, T1, T2)
[INFO] [stdout]               (T0, T1, T2, T3)
[INFO] [stdout]               (T0, T1, T2, T3, T4)
[INFO] [stdout]               (T0, T1, T2, T3, T4, T5)
[INFO] [stdout]               (T0, T1, T2, T3, T4, T5, T6)
[INFO] [stdout]             and 69 others
[INFO] [stdout] note: required by a bound in `to_vec`
[INFO] [stdout]    --> /opt/rustwide/cargo-home/registry/src/index.crates.io-6f17d22bba15001f/borsh-1.5.1/src/ser/helpers.rs:15:8
[INFO] [stdout]     |
[INFO] [stdout] 13  | pub fn to_vec<T>(value: &T) -> Result<Vec<u8>>
[INFO] [stdout]     |        ------ required by a bound in this function
[INFO] [stdout] 14  | where
[INFO] [stdout] 15  |     T: BorshSerialize + ?Sized,
[INFO] [stdout]     |        ^^^^^^^^^^^^^^ required by this bound in `to_vec`
[INFO] [stdout] 
[INFO] [stdout] 
[INFO] [stdout] Some errors have detailed explanations: E0277, E0433.
[INFO] [stdout] 
[INFO] [stdout] For more information about an error, try `rustc --explain E0277`.
[INFO] [stdout] 
[INFO] [stderr] error: could not compile `nmt-rs` (lib test) due to 3 previous errors
[INFO] running `Command { std: "docker" "inspect" "8e2ed04a57b7f1bc29827b135fa61d22f96a44d8a41f796d7b3a2bb85697d4f1", kill_on_drop: false }`
[INFO] running `Command { std: "docker" "rm" "-f" "8e2ed04a57b7f1bc29827b135fa61d22f96a44d8a41f796d7b3a2bb85697d4f1", kill_on_drop: false }`
[INFO] [stdout] 8e2ed04a57b7f1bc29827b135fa61d22f96a44d8a41f796d7b3a2bb85697d4f1
