[INFO] fetching crate nimiq-network 0.2.0...
[INFO] testing nimiq-network-0.2.0 against nightly-2024-10-28 for randomize-layout
[INFO] extracting crate nimiq-network 0.2.0 into /workspace/builds/worker-0-tc1/source
[INFO] validating manifest of crates.io crate nimiq-network 0.2.0 on toolchain nightly-2024-10-28
[INFO] running `Command { std: CARGO_HOME="/workspace/cargo-home" RUSTUP_HOME="/workspace/rustup-home" "/workspace/cargo-home/bin/cargo" "+nightly-2024-10-28" "metadata" "--manifest-path" "Cargo.toml" "--no-deps", kill_on_drop: false }`
[INFO] started tweaking crates.io crate nimiq-network 0.2.0
[INFO] finished tweaking crates.io crate nimiq-network 0.2.0
[INFO] tweaked toml for crates.io crate nimiq-network 0.2.0 written to /workspace/builds/worker-0-tc1/source/Cargo.toml
[INFO] running `Command { std: CARGO_HOME="/workspace/cargo-home" RUSTUP_HOME="/workspace/rustup-home" "/workspace/cargo-home/bin/cargo" "+nightly-2024-10-28" "generate-lockfile" "--manifest-path" "Cargo.toml", kill_on_drop: false }`
[INFO] [stderr]     Blocking waiting for file lock on package cache
[INFO] [stderr]     Updating crates.io index
[INFO] [stderr]     Blocking waiting for file lock on package cache
[INFO] [stderr]      Locking 268 packages to latest compatible versions
[INFO] [stderr]       Adding atomic v0.4.6 (available: v0.6.0)
[INFO] [stderr]       Adding futures v0.1.31 (available: v0.3.31)
[INFO] [stderr]       Adding hex v0.3.2 (available: v0.4.3)
[INFO] [stderr]       Adding parking_lot v0.7.1 (available: v0.12.3)
[INFO] [stderr]       Adding rand v0.6.5 (available: v0.8.5)
[INFO] [stderr]       Adding reqwest v0.9.24 (available: v0.12.9)
[INFO] [stderr]       Adding tokio v0.1.22 (available: v1.41.0)
[INFO] [stderr]       Adding tokio-tls v0.2.1 (available: v0.3.1)
[INFO] [stderr]       Adding tokio-tungstenite v0.8.0 (available: v0.24.0)
[INFO] [stderr]       Adding tungstenite v0.8.1 (available: v0.24.0)
[INFO] [stderr]       Adding url v1.7.2 (available: v2.5.2)
[INFO] [stderr]       Adding wasi v0.10.0+wasi-snapshot-preview1 (available: v0.10.2+wasi-snapshot-preview1)
[INFO] [stderr]       Adding zeroize v1.3.0 (available: v1.8.1)
[INFO] running `Command { std: CARGO_HOME="/workspace/cargo-home" RUSTUP_HOME="/workspace/rustup-home" "/workspace/cargo-home/bin/cargo" "+nightly-2024-10-28" "fetch" "--manifest-path" "Cargo.toml", kill_on_drop: false }`
[INFO] [stderr]     Blocking waiting for file lock on package cache
[INFO] running `Command { std: "docker" "create" "-v" "/var/lib/crater-agent-workspace/builds/worker-0-tc1/target:/opt/rustwide/target:rw,Z" "-v" "/var/lib/crater-agent-workspace/builds/worker-0-tc1/source:/opt/rustwide/workdir:ro,Z" "-v" "/var/lib/crater-agent-workspace/cargo-home:/opt/rustwide/cargo-home:ro,Z" "-v" "/var/lib/crater-agent-workspace/rustup-home:/opt/rustwide/rustup-home:ro,Z" "-e" "SOURCE_DIR=/opt/rustwide/workdir" "-e" "CARGO_TARGET_DIR=/opt/rustwide/target" "-e" "CARGO_HOME=/opt/rustwide/cargo-home" "-e" "RUSTUP_HOME=/opt/rustwide/rustup-home" "-w" "/opt/rustwide/workdir" "-m" "1610612736" "--user" "0:0" "--network" "none" "ghcr.io/rust-lang/crates-build-env/linux@sha256:4a844ea9eb2546a2d2c7022eacef16ef2e8229c7fbb2c7d4d55a9ceca922f72d" "/opt/rustwide/cargo-home/bin/cargo" "+nightly-2024-10-28" "metadata" "--no-deps" "--format-version=1", kill_on_drop: false }`
[INFO] [stdout] bd0715cfec04a608db19a303458ffc9b544b7a647d5e2086d01ecdf510b1ea55
[INFO] running `Command { std: "docker" "start" "-a" "bd0715cfec04a608db19a303458ffc9b544b7a647d5e2086d01ecdf510b1ea55", kill_on_drop: false }`
[INFO] running `Command { std: "docker" "inspect" "bd0715cfec04a608db19a303458ffc9b544b7a647d5e2086d01ecdf510b1ea55", kill_on_drop: false }`
[INFO] running `Command { std: "docker" "rm" "-f" "bd0715cfec04a608db19a303458ffc9b544b7a647d5e2086d01ecdf510b1ea55", kill_on_drop: false }`
[INFO] [stdout] bd0715cfec04a608db19a303458ffc9b544b7a647d5e2086d01ecdf510b1ea55
[INFO] running `Command { std: "docker" "create" "-v" "/var/lib/crater-agent-workspace/builds/worker-0-tc1/target:/opt/rustwide/target:rw,Z" "-v" "/var/lib/crater-agent-workspace/builds/worker-0-tc1/source:/opt/rustwide/workdir:ro,Z" "-v" "/var/lib/crater-agent-workspace/cargo-home:/opt/rustwide/cargo-home:ro,Z" "-v" "/var/lib/crater-agent-workspace/rustup-home:/opt/rustwide/rustup-home:ro,Z" "-e" "SOURCE_DIR=/opt/rustwide/workdir" "-e" "CARGO_TARGET_DIR=/opt/rustwide/target" "-e" "CARGO_INCREMENTAL=0" "-e" "RUST_BACKTRACE=full" "-e" "RUSTFLAGS=--cap-lints=forbid" "-e" "RUSTDOCFLAGS=--cap-lints=forbid" "-e" "CARGO_HOME=/opt/rustwide/cargo-home" "-e" "RUSTUP_HOME=/opt/rustwide/rustup-home" "-w" "/opt/rustwide/workdir" "-m" "1610612736" "--user" "0:0" "--network" "none" "ghcr.io/rust-lang/crates-build-env/linux@sha256:4a844ea9eb2546a2d2c7022eacef16ef2e8229c7fbb2c7d4d55a9ceca922f72d" "/opt/rustwide/cargo-home/bin/cargo" "+nightly-2024-10-28" "build" "--frozen" "--message-format=json", kill_on_drop: false }`
[INFO] [stdout] 06133a7696b9c206ba07cd7bf6df644cc8992f815134d6f6c9309ca35b419410
[INFO] running `Command { std: "docker" "start" "-a" "06133a7696b9c206ba07cd7bf6df644cc8992f815134d6f6c9309ca35b419410", kill_on_drop: false }`
[INFO] [stderr]    Compiling libc v0.2.161
[INFO] [stderr]    Compiling byteorder v1.5.0
[INFO] [stderr]    Compiling cfg-if v0.1.10
[INFO] [stderr]    Compiling semver-parser v0.7.0
[INFO] [stderr]    Compiling futures v0.1.31
[INFO] [stderr]    Compiling maybe-uninit v2.0.0
[INFO] [stderr]    Compiling either v1.13.0
[INFO] [stderr]    Compiling log v0.4.22
[INFO] [stderr]    Compiling syn v2.0.86
[INFO] [stderr]    Compiling semver v0.9.0
[INFO] [stderr]    Compiling crossbeam-utils v0.7.2
[INFO] [stderr]    Compiling typenum v1.17.0
[INFO] [stderr]    Compiling rand_core v0.4.2
[INFO] [stderr]    Compiling slab v0.4.9
[INFO] [stderr]    Compiling rustc_version v0.2.3
[INFO] [stderr]    Compiling autocfg v0.1.8
[INFO] [stderr]    Compiling scopeguard v1.2.0
[INFO] [stderr]    Compiling rand_core v0.3.1
[INFO] [stderr]    Compiling smallvec v0.6.14
[INFO] [stderr]    Compiling fnv v1.0.7
[INFO] [stderr]    Compiling parking_lot_core v0.6.3
[INFO] [stderr]    Compiling parking_lot v0.9.0
[INFO] [stderr]    Compiling memoffset v0.5.6
[INFO] [stderr]    Compiling syn v1.0.109
[INFO] [stderr]    Compiling lock_api v0.3.4
[INFO] [stderr]    Compiling crossbeam-epoch v0.8.2
[INFO] [stderr]    Compiling rand_pcg v0.1.2
[INFO] [stderr]    Compiling rand_chacha v0.1.1
[INFO] [stderr]    Compiling adler2 v2.0.0
[INFO] [stderr]    Compiling miniz_oxide v0.8.0
[INFO] [stderr]    Compiling rand v0.6.5
[INFO] [stderr]    Compiling tokio-executor v0.1.10
[INFO] [stderr]    Compiling generic-array v0.12.4
[INFO] [stderr]    Compiling tokio-sync v0.1.8
[INFO] [stderr]    Compiling num-bigint v0.2.6
[INFO] [stderr]    Compiling unicode-xid v0.2.6
[INFO] [stderr]    Compiling gimli v0.31.1
[INFO] [stderr]    Compiling failure_derive v0.1.8
[INFO] [stderr]    Compiling digest v0.8.1
[INFO] [stderr]    Compiling crossbeam-deque v0.7.4
[INFO] [stderr]    Compiling iovec v0.1.4
[INFO] [stderr]    Compiling num_cpus v1.16.0
[INFO] [stderr]    Compiling net2 v0.2.39
[INFO] [stderr]    Compiling bytes v0.4.12
[INFO] [stderr]    Compiling rand_os v0.1.3
[INFO] [stderr]    Compiling mio v0.6.23
[INFO] [stderr]    Compiling synstructure v0.12.6
[INFO] [stderr]    Compiling tokio-io v0.1.13
[INFO] [stderr]    Compiling object v0.36.5
[INFO] [stderr]    Compiling crossbeam-queue v0.2.3
[INFO] [stderr]    Compiling rand_isaac v0.1.1
[INFO] [stderr]    Compiling tokio-reactor v0.1.12
[INFO] [stderr]    Compiling tokio-codec v0.1.2
[INFO] [stderr]    Compiling rand_xorshift v0.1.1
[INFO] [stderr]    Compiling rand_hc v0.1.0
[INFO] [stderr]    Compiling rand_jitter v0.1.4
[INFO] [stderr]    Compiling rustc-demangle v0.1.24
[INFO] [stderr]    Compiling mio-uds v0.6.8
[INFO] [stderr]    Compiling tokio-threadpool v0.1.18
[INFO] [stderr]    Compiling addr2line v0.24.2
[INFO] [stderr]    Compiling num-complex v0.2.4
[INFO] [stderr]    Compiling num-rational v0.2.4
[INFO] [stderr]    Compiling tinyvec_macros v0.1.1
[INFO] [stderr]    Compiling version_check v0.9.5
[INFO] [stderr]    Compiling byte-tools v0.3.1
[INFO] [stderr]    Compiling block-padding v0.1.5
[INFO] [stderr]    Compiling tinyvec v1.8.0
[INFO] [stderr]    Compiling tokio-fs v0.1.7
[INFO] [stderr]    Compiling tokio-uds v0.2.7
[INFO] [stderr]    Compiling tokio-udp v0.1.6
[INFO] [stderr]    Compiling generic-array v0.14.7
[INFO] [stderr]    Compiling tokio-tcp v0.1.4
[INFO] [stderr]    Compiling tokio-timer v0.2.13
[INFO] [stderr]    Compiling tokio-current-thread v0.1.7
[INFO] [stderr]    Compiling getrandom v0.1.16
[INFO] [stderr]    Compiling tokio v0.1.22
[INFO] [stderr]    Compiling block-buffer v0.7.3
[INFO] [stderr]    Compiling num-iter v0.1.45
[INFO] [stderr]    Compiling unicode-bidi v0.3.17
[INFO] [stderr]    Compiling unicode-normalization v0.1.24
[INFO] [stderr]    Compiling opaque-debug v0.2.3
[INFO] [stderr]    Compiling fake-simd v0.1.2
[INFO] [stderr]    Compiling proc-macro2 v0.4.30
[INFO] [stderr]    Compiling num v0.2.1
[INFO] [stderr]    Compiling clear_on_drop v0.2.5
[INFO] [stderr]    Compiling arrayvec v0.4.12
[INFO] [stderr]    Compiling subtle v2.6.1
[INFO] [stderr]    Compiling unicode-xid v0.1.0
[INFO] [stderr]    Compiling rand_core v0.5.1
[INFO] [stderr]    Compiling parking_lot_core v0.4.0
[INFO] [stderr]    Compiling libargon2-sys v0.2.0
[INFO] [stderr]    Compiling stable_deref_trait v1.2.0
[INFO] [stderr]    Compiling backtrace v0.3.74
[INFO] [stderr]    Compiling matches v0.1.10
[INFO] [stderr]    Compiling syn v0.15.44
[INFO] [stderr]    Compiling nodrop v0.1.14
[INFO] [stderr]    Compiling quote v0.6.13
[INFO] [stderr]    Compiling owning_ref v0.4.1
[INFO] [stderr]    Compiling digest v0.9.0
[INFO] [stderr]    Compiling scopeguard v0.3.3
[INFO] [stderr]    Compiling serde_derive v1.0.214
[INFO] [stderr]    Compiling zerocopy-derive v0.7.35
[INFO] [stderr]    Compiling zeroize_derive v1.4.2
[INFO] [stderr]    Compiling hex v0.3.2
[INFO] [stderr]    Compiling constant_time_eq v0.1.5
[INFO] [stderr]    Compiling nimiq-macros v0.2.0
[INFO] [stderr]    Compiling blake2-rfc v0.2.18
[INFO] [stderr]    Compiling lock_api v0.1.5
[INFO] [stderr]    Compiling failure v0.1.8
[INFO] [stderr]    Compiling beserial v0.2.0
[INFO] [stderr]    Compiling zeroize v1.3.0
[INFO] [stderr]    Compiling curve25519-dalek v1.2.6
[INFO] [stderr]    Compiling block-buffer v0.9.0
[INFO] [stderr]    Compiling sha2 v0.8.2
[INFO] [stderr]    Compiling opaque-debug v0.3.1
[INFO] [stderr]    Compiling zerocopy v0.7.35
[INFO] [stderr]    Compiling vcpkg v0.2.15
[INFO] [stderr]    Compiling cpufeatures v0.2.14
[INFO] [stderr]    Compiling signature v1.6.4
[INFO] [stderr]    Compiling sha2 v0.9.9
[INFO] [stderr]    Compiling ed25519 v1.5.3
[INFO] [stderr]    Compiling parking_lot v0.7.1
[INFO] [stderr]    Compiling nimiq-hash v0.2.0
[INFO] [stderr]    Compiling ppv-lite86 v0.2.20
[INFO] [stderr]    Compiling openssl-sys v0.9.104
[INFO] [stderr]    Compiling curve25519-dalek v3.2.1
[INFO] [stderr]    Compiling idna v0.1.5
[INFO] [stderr]    Compiling percent-encoding v1.0.1
[INFO] [stderr]    Compiling rand_chacha v0.2.2
[INFO] [stderr]    Compiling fixed-unsigned v0.2.0
[INFO] [stderr]    Compiling enum-display-derive v0.1.1
[INFO] [stderr]    Compiling rand v0.7.3
[INFO] [stderr]    Compiling url v1.7.2
[INFO] [stderr]    Compiling data-encoding v2.6.0
[INFO] [stderr]    Compiling bit-vec v0.5.1
[INFO] [stderr]    Compiling nimiq-utils v0.2.0
[INFO] [stderr]    Compiling itoa v0.4.8
[INFO] [stderr]    Compiling foreign-types-shared v0.1.1
[INFO] [stderr]    Compiling openssl v0.10.68
[INFO] [stderr]    Compiling http v0.1.21
[INFO] [stderr]    Compiling foreign-types v0.3.2
[INFO] [stderr]    Compiling openssl-macros v0.1.1
[INFO] [stderr]    Compiling once_cell v1.20.2
[INFO] [stderr]    Compiling native-tls v0.2.12
[INFO] [stderr]    Compiling bitflags v2.6.0
[INFO] [stderr]    Compiling gcc v0.3.55
[INFO] [stderr]    Compiling httparse v1.9.5
[INFO] [stderr]    Compiling indexmap v1.9.3
[INFO] [stderr]    Compiling beserial_derive v0.2.0
[INFO] [stderr]    Compiling openssl-probe v0.1.5
[INFO] [stderr]    Compiling futures-cpupool v0.1.8
[INFO] [stderr]    Compiling time v0.1.45
[INFO] [stderr]    Compiling hashbrown v0.12.3
[INFO] [stderr]    Compiling liblmdb-sys v0.2.2
[INFO] [stderr]    Compiling nimiq-primitives v0.2.0
[INFO] [stderr]    Compiling percent-encoding v2.3.1
[INFO] [stderr]    Compiling serde v1.0.214
[INFO] [stderr]    Compiling form_urlencoded v1.2.1
[INFO] [stderr]    Compiling idna v0.5.0
[INFO] [stderr]    Compiling tokio-buf v0.1.1
[INFO] [stderr]    Compiling string v0.2.1
[INFO] [stderr]    Compiling rand v0.4.6
[INFO] [stderr]    Compiling hyper v0.12.36
[INFO] [stderr]    Compiling serde_json v1.0.132
[INFO] [stderr]    Compiling unicase v2.8.0
[INFO] [stderr]    Compiling atomic v0.4.6
[INFO] [stderr]    Compiling bitflags v0.9.1
[INFO] [stderr]    Compiling supercow v0.1.0
[INFO] [stderr]    Compiling try-lock v0.2.5
[INFO] [stderr]    Compiling remove_dir_all v0.5.3
[INFO] [stderr]    Compiling h2 v0.1.26
[INFO] [stderr]    Compiling want v0.2.0
[INFO] [stderr]    Compiling tempdir v0.3.7
[INFO] [stderr]    Compiling mime_guess v2.0.5
[INFO] [stderr]    Compiling http-body v0.1.0
[INFO] [stderr]    Compiling url v2.5.2
[INFO] [stderr]    Compiling idna v0.2.3
[INFO] [stderr]    Compiling fs2 v0.4.3
[INFO] [stderr]    Compiling base64 v0.10.1
[INFO] [stderr]    Compiling publicsuffix v1.5.6
[INFO] [stderr]    Compiling cookie v0.12.0
[INFO] [stderr]    Compiling sha-1 v0.8.2
[INFO] [stderr]    Compiling input_buffer v0.2.0
[INFO] [stderr]    Compiling try_from v0.3.2
[INFO] [stderr]    Compiling mime v0.3.17
[INFO] [stderr]    Compiling utf-8 v0.7.6
[INFO] [stderr]    Compiling dtoa v0.4.8
[INFO] [stderr]    Compiling flate2 v1.0.34
[INFO] [stderr]    Compiling tokio-dns-unofficial v0.3.1
[INFO] [stderr]    Compiling uuid v0.7.4
[INFO] [stderr]    Compiling ed25519-dalek v1.0.1
[INFO] [stderr]    Compiling lmdb-zero v0.4.4
[INFO] [stderr]    Compiling serde_urlencoded v0.5.5
[INFO] [stderr]    Compiling encoding_rs v0.8.35
[INFO] [stderr]    Compiling nimiq-keys v0.2.0
[INFO] [stdout] error[E0204]: the trait `std::marker::Copy` cannot be implemented for this type
[INFO] [stdout]  --> /opt/rustwide/cargo-home/registry/src/index.crates.io-6f17d22bba15001f/nimiq-keys-0.2.0/src/errors.rs:5:17
[INFO] [stdout]   |
[INFO] [stdout] 5 | #[derive(Clone, Copy, Eq, PartialEq, Hash, Debug, Fail)]
[INFO] [stdout]   |                 ^^^^
[INFO] [stdout] 6 | #[fail(display = "{}", _0)]
[INFO] [stdout] 7 | pub struct KeysError(pub(crate) SignatureError);
[INFO] [stdout]   |                      ------------------------- this field does not implement `std::marker::Copy`
[INFO] [stdout]   |
[INFO] [stdout]   = note: this error originates in the derive macro `Copy` (in Nightly builds, run with -Z macro-backtrace for more info)
[INFO] [stdout] 
[INFO] [stdout] 
[INFO] [stderr]    Compiling tk-listen v0.2.1
[INFO] [stdout] error[E0277]: the trait bound `ed25519_dalek::ed25519::Error: Clone` is not satisfied
[INFO] [stdout]  --> /opt/rustwide/cargo-home/registry/src/index.crates.io-6f17d22bba15001f/nimiq-keys-0.2.0/src/errors.rs:7:22
[INFO] [stdout]   |
[INFO] [stdout] 5 | #[derive(Clone, Copy, Eq, PartialEq, Hash, Debug, Fail)]
[INFO] [stdout]   |          ----- in this derive macro expansion
[INFO] [stdout] 6 | #[fail(display = "{}", _0)]
[INFO] [stdout] 7 | pub struct KeysError(pub(crate) SignatureError);
[INFO] [stdout]   |                      ^^^^^^^^^^^^^^^^^^^^^^^^^ the trait `Clone` is not implemented for `ed25519_dalek::ed25519::Error`
[INFO] [stdout]   |
[INFO] [stdout] note: required by a bound in `AssertParamIsClone`
[INFO] [stdout]  --> /rustc/df4ca44d3fbc9301ee17f30f4d474e6ae4b05252/library/core/src/clone.rs:198:1
[INFO] [stdout]   = note: this error originates in the derive macro `Clone` (in Nightly builds, run with -Z macro-backtrace for more info)
[INFO] [stdout] 
[INFO] [stdout] 
[INFO] [stdout] error[E0277]: the trait bound `ed25519_dalek::ed25519::Error: std::cmp::Eq` is not satisfied
[INFO] [stdout]  --> /opt/rustwide/cargo-home/registry/src/index.crates.io-6f17d22bba15001f/nimiq-keys-0.2.0/src/errors.rs:7:22
[INFO] [stdout]   |
[INFO] [stdout] 5 | #[derive(Clone, Copy, Eq, PartialEq, Hash, Debug, Fail)]
[INFO] [stdout]   |                       -- in this derive macro expansion
[INFO] [stdout] 6 | #[fail(display = "{}", _0)]
[INFO] [stdout] 7 | pub struct KeysError(pub(crate) SignatureError);
[INFO] [stdout]   |                      ^^^^^^^^^^^^^^^^^^^^^^^^^ the trait `std::cmp::Eq` is not implemented for `ed25519_dalek::ed25519::Error`
[INFO] [stdout]   |
[INFO] [stdout] note: required by a bound in `AssertParamIsEq`
[INFO] [stdout]  --> /rustc/df4ca44d3fbc9301ee17f30f4d474e6ae4b05252/library/core/src/cmp.rs:363:1
[INFO] [stdout]   = note: this error originates in the derive macro `Eq` (in Nightly builds, run with -Z macro-backtrace for more info)
[INFO] [stdout] 
[INFO] [stdout] 
[INFO] [stdout] error[E0369]: binary operation `==` cannot be applied to type `ed25519_dalek::ed25519::Error`
[INFO] [stdout]   --> /opt/rustwide/cargo-home/registry/src/index.crates.io-6f17d22bba15001f/nimiq-keys-0.2.0/src/errors.rs:7:22
[INFO] [stdout]    |
[INFO] [stdout] 5  | #[derive(Clone, Copy, Eq, PartialEq, Hash, Debug, Fail)]
[INFO] [stdout]    |                           --------- in this derive macro expansion
[INFO] [stdout] 6  | #[fail(display = "{}", _0)]
[INFO] [stdout] 7  | pub struct KeysError(pub(crate) SignatureError);
[INFO] [stdout]    |                      ^^^^^^^^^^^^^^^^^^^^^^^^^
[INFO] [stdout]    |
[INFO] [stdout] note: the foreign item type `ed25519_dalek::ed25519::Error` doesn't implement `PartialEq`
[INFO] [stdout]   --> /opt/rustwide/cargo-home/registry/src/index.crates.io-6f17d22bba15001f/signature-1.6.4/src/error.rs:25:1
[INFO] [stdout]    |
[INFO] [stdout] 25 | pub struct Error {
[INFO] [stdout]    | ^^^^^^^^^^^^^^^^ not implement `PartialEq`
[INFO] [stdout]    = note: this error originates in the derive macro `PartialEq` (in Nightly builds, run with -Z macro-backtrace for more info)
[INFO] [stdout] 
[INFO] [stdout] 
[INFO] [stdout] error[E0277]: the trait bound `ed25519_dalek::ed25519::Error: std::hash::Hash` is not satisfied
[INFO] [stdout]  --> /opt/rustwide/cargo-home/registry/src/index.crates.io-6f17d22bba15001f/nimiq-keys-0.2.0/src/errors.rs:7:22
[INFO] [stdout]   |
[INFO] [stdout] 5 | #[derive(Clone, Copy, Eq, PartialEq, Hash, Debug, Fail)]
[INFO] [stdout]   |                                      ---- in this derive macro expansion
[INFO] [stdout] 6 | #[fail(display = "{}", _0)]
[INFO] [stdout] 7 | pub struct KeysError(pub(crate) SignatureError);
[INFO] [stdout]   |                      ^^^^^^^^^^^^^^^^^^^^^^^^^ the trait `std::hash::Hash` is not implemented for `ed25519_dalek::ed25519::Error`
[INFO] [stdout]   |
[INFO] [stdout]   = note: this error originates in the derive macro `Hash` (in Nightly builds, run with -Z macro-backtrace for more info)
[INFO] [stdout] 
[INFO] [stdout] 
[INFO] [stdout] error[E0277]: the trait bound `rand::rngs::OsRng: rand_core::CryptoRng` is not satisfied
[INFO] [stdout]    --> /opt/rustwide/cargo-home/registry/src/index.crates.io-6f17d22bba15001f/nimiq-keys-0.2.0/src/key_pair.rs:17:57
[INFO] [stdout]     |
[INFO] [stdout] 17  |         let key_pair = ed25519_dalek::Keypair::generate(&mut cspring);
[INFO] [stdout]     |                        -------------------------------- ^^^^^^^^^^^^ the trait `rand_core::CryptoRng` is not implemented for `rand::rngs::OsRng`
[INFO] [stdout]     |                        |
[INFO] [stdout]     |                        required by a bound introduced by this call
[INFO] [stdout]     |
[INFO] [stdout]     = help: the following other types implement trait `rand_core::CryptoRng`:
[INFO] [stdout]               &'a mut R
[INFO] [stdout]               Box<R>
[INFO] [stdout]               rand::rngs::adapter::reseeding::ReseedingRng<R, Rsdr>
[INFO] [stdout]               rand::rngs::entropy::EntropyRng
[INFO] [stdout]               rand::rngs::std::StdRng
[INFO] [stdout]               rand::rngs::thread::ThreadRng
[INFO] [stdout]               rand_chacha::chacha::ChaCha12Core
[INFO] [stdout]               rand_chacha::chacha::ChaCha12Rng
[INFO] [stdout]             and 6 others
[INFO] [stdout] note: required by a bound in `ed25519_dalek::Keypair::generate`
[INFO] [stdout]    --> /opt/rustwide/cargo-home/registry/src/index.crates.io-6f17d22bba15001f/ed25519-dalek-1.0.1/src/keypair.rs:129:12
[INFO] [stdout]     |
[INFO] [stdout] 127 |     pub fn generate<R>(csprng: &mut R) -> Keypair
[INFO] [stdout]     |            -------- required by a bound in this associated function
[INFO] [stdout] 128 |     where
[INFO] [stdout] 129 |         R: CryptoRng + RngCore,
[INFO] [stdout]     |            ^^^^^^^^^ required by this bound in `Keypair::generate`
[INFO] [stdout] 
[INFO] [stdout] 
[INFO] [stdout] error[E0277]: the trait bound `rand::rngs::OsRng: rand_core::RngCore` is not satisfied
[INFO] [stdout]    --> /opt/rustwide/cargo-home/registry/src/index.crates.io-6f17d22bba15001f/nimiq-keys-0.2.0/src/key_pair.rs:17:57
[INFO] [stdout]     |
[INFO] [stdout] 17  |         let key_pair = ed25519_dalek::Keypair::generate(&mut cspring);
[INFO] [stdout]     |                        -------------------------------- ^^^^^^^^^^^^ the trait `rand_core::RngCore` is not implemented for `rand::rngs::OsRng`
[INFO] [stdout]     |                        |
[INFO] [stdout]     |                        required by a bound introduced by this call
[INFO] [stdout]     |
[INFO] [stdout]     = help: the following other types implement trait `rand_core::RngCore`:
[INFO] [stdout]               &'a mut R
[INFO] [stdout]               Box<R>
[INFO] [stdout]               rand::rngs::adapter::read::ReadRng<R>
[INFO] [stdout]               rand::rngs::adapter::reseeding::ReseedingRng<R, Rsdr>
[INFO] [stdout]               rand::rngs::entropy::EntropyRng
[INFO] [stdout]               rand::rngs::mock::StepRng
[INFO] [stdout]               rand::rngs::std::StdRng
[INFO] [stdout]               rand::rngs::thread::ThreadRng
[INFO] [stdout]             and 6 others
[INFO] [stdout] note: required by a bound in `ed25519_dalek::Keypair::generate`
[INFO] [stdout]    --> /opt/rustwide/cargo-home/registry/src/index.crates.io-6f17d22bba15001f/ed25519-dalek-1.0.1/src/keypair.rs:129:24
[INFO] [stdout]     |
[INFO] [stdout] 127 |     pub fn generate<R>(csprng: &mut R) -> Keypair
[INFO] [stdout]     |            -------- required by a bound in this associated function
[INFO] [stdout] 128 |     where
[INFO] [stdout] 129 |         R: CryptoRng + RngCore,
[INFO] [stdout]     |                        ^^^^^^^ required by this bound in `Keypair::generate`
[INFO] [stdout] 
[INFO] [stdout] 
[INFO] [stdout] error[E0277]: the trait bound `rand::rngs::OsRng: rand_core::CryptoRng` is not satisfied
[INFO] [stdout]    --> /opt/rustwide/cargo-home/registry/src/index.crates.io-6f17d22bba15001f/nimiq-keys-0.2.0/src/private_key.rs:21:55
[INFO] [stdout]     |
[INFO] [stdout] 21  |         PrivateKey(ed25519_dalek::SecretKey::generate(&mut cspring))
[INFO] [stdout]     |                    ---------------------------------- ^^^^^^^^^^^^ the trait `rand_core::CryptoRng` is not implemented for `rand::rngs::OsRng`
[INFO] [stdout]     |                    |
[INFO] [stdout]     |                    required by a bound introduced by this call
[INFO] [stdout]     |
[INFO] [stdout]     = help: the following other types implement trait `rand_core::CryptoRng`:
[INFO] [stdout]               &'a mut R
[INFO] [stdout]               Box<R>
[INFO] [stdout]               rand::rngs::adapter::reseeding::ReseedingRng<R, Rsdr>
[INFO] [stdout]               rand::rngs::entropy::EntropyRng
[INFO] [stdout]               rand::rngs::std::StdRng
[INFO] [stdout]               rand::rngs::thread::ThreadRng
[INFO] [stdout]               rand_chacha::chacha::ChaCha12Core
[INFO] [stdout]               rand_chacha::chacha::ChaCha12Rng
[INFO] [stdout]             and 6 others
[INFO] [stdout] note: required by a bound in `SecretKey::generate`
[INFO] [stdout]    --> /opt/rustwide/cargo-home/registry/src/index.crates.io-6f17d22bba15001f/ed25519-dalek-1.0.1/src/secret.rs:169:12
[INFO] [stdout]     |
[INFO] [stdout] 167 |     pub fn generate<T>(csprng: &mut T) -> SecretKey
[INFO] [stdout]     |            -------- required by a bound in this associated function
[INFO] [stdout] 168 |     where
[INFO] [stdout] 169 |         T: CryptoRng + RngCore,
[INFO] [stdout]     |            ^^^^^^^^^ required by this bound in `SecretKey::generate`
[INFO] [stdout] 
[INFO] [stdout] 
[INFO] [stdout] error[E0277]: the trait bound `rand::rngs::OsRng: rand_core::RngCore` is not satisfied
[INFO] [stdout]    --> /opt/rustwide/cargo-home/registry/src/index.crates.io-6f17d22bba15001f/nimiq-keys-0.2.0/src/private_key.rs:21:55
[INFO] [stdout]     |
[INFO] [stdout] 21  |         PrivateKey(ed25519_dalek::SecretKey::generate(&mut cspring))
[INFO] [stdout]     |                    ---------------------------------- ^^^^^^^^^^^^ the trait `rand_core::RngCore` is not implemented for `rand::rngs::OsRng`
[INFO] [stdout]     |                    |
[INFO] [stdout]     |                    required by a bound introduced by this call
[INFO] [stdout]     |
[INFO] [stdout]     = help: the following other types implement trait `rand_core::RngCore`:
[INFO] [stdout]               &'a mut R
[INFO] [stdout]               Box<R>
[INFO] [stdout]               rand::rngs::adapter::read::ReadRng<R>
[INFO] [stdout]               rand::rngs::adapter::reseeding::ReseedingRng<R, Rsdr>
[INFO] [stdout]               rand::rngs::entropy::EntropyRng
[INFO] [stdout]               rand::rngs::mock::StepRng
[INFO] [stdout]               rand::rngs::std::StdRng
[INFO] [stdout]               rand::rngs::thread::ThreadRng
[INFO] [stdout]             and 6 others
[INFO] [stdout] note: required by a bound in `SecretKey::generate`
[INFO] [stdout]    --> /opt/rustwide/cargo-home/registry/src/index.crates.io-6f17d22bba15001f/ed25519-dalek-1.0.1/src/secret.rs:169:24
[INFO] [stdout]     |
[INFO] [stdout] 167 |     pub fn generate<T>(csprng: &mut T) -> SecretKey
[INFO] [stdout]     |            -------- required by a bound in this associated function
[INFO] [stdout] 168 |     where
[INFO] [stdout] 169 |         T: CryptoRng + RngCore,
[INFO] [stdout]     |                        ^^^^^^^ required by this bound in `SecretKey::generate`
[INFO] [stdout] 
[INFO] [stdout] 
[INFO] [stdout] error[E0599]: no method named `verify` found for reference `&ed25519_dalek::PublicKey` in the current scope
[INFO] [stdout]   --> /opt/rustwide/cargo-home/registry/src/index.crates.io-6f17d22bba15001f/nimiq-keys-0.2.0/src/public_key.rs:19:25
[INFO] [stdout]    |
[INFO] [stdout] 19 |         self.as_dalek().verify(data, signature.as_dalek()).is_ok()
[INFO] [stdout]    |         ----            ^^^^^^ method not found in `&PublicKey`
[INFO] [stdout]    |         |
[INFO] [stdout]    |         method `verify` is available on `&public_key::PublicKey`
[INFO] [stdout]    |
[INFO] [stdout]    = help: items from traits can only be used if the trait is in scope
[INFO] [stdout] help: trait `Verifier` which provides `verify` is implemented but not in scope; perhaps you want to import it
[INFO] [stdout]    |
[INFO] [stdout] 1  + use ed25519_dalek::Verifier;
[INFO] [stdout]    |
[INFO] [stdout] 
[INFO] [stdout] 
[INFO] [stderr]    Compiling nimiq-collections v0.2.0
[INFO] [stdout] error[E0635]: unknown feature `box_into_raw_non_null`
[INFO] [stdout]  --> /opt/rustwide/cargo-home/registry/src/index.crates.io-6f17d22bba15001f/nimiq-collections-0.2.0/src/lib.rs:2:12
[INFO] [stdout]   |
[INFO] [stdout] 2 | #![feature(box_into_raw_non_null)]
[INFO] [stdout]   |            ^^^^^^^^^^^^^^^^^^^^^
[INFO] [stdout] 
[INFO] [stdout] 
[INFO] [stdout] Some errors have detailed explanations: E0204, E0277, E0369, E0599.
[INFO] [stdout] 
[INFO] [stdout] For more information about an error, try `rustc --explain E0204`.
[INFO] [stdout] 
[INFO] [stdout] error[E0599]: no function or associated item named `into_raw_non_null` found for struct `Box<_, _>` in the current scope
[INFO] [stdout]    --> /opt/rustwide/cargo-home/registry/src/index.crates.io-6f17d22bba15001f/nimiq-collections-0.2.0/src/linked_list.rs:141:34
[INFO] [stdout]     |
[INFO] [stdout] 141 |             let node = Some(Box::into_raw_non_null(node));
[INFO] [stdout]     |                                  ^^^^^^^^^^^^^^^^^ function or associated item not found in `Box<_, _>`
[INFO] [stdout]     |
[INFO] [stdout] note: if you're trying to build a new `Box<_, _>` consider using one of the following associated functions:
[INFO] [stdout]       Box::<T>::new
[INFO] [stdout]       Box::<T>::new_uninit
[INFO] [stdout]       Box::<T>::new_zeroed
[INFO] [stdout]       Box::<T>::try_new
[INFO] [stdout]       and 22 others
[INFO] [stdout]    --> /rustc/df4ca44d3fbc9301ee17f30f4d474e6ae4b05252/library/alloc/src/boxed.rs:255:5
[INFO] [stdout] 
[INFO] [stdout] 
[INFO] [stdout] error[E0599]: no function or associated item named `into_raw_non_null` found for struct `Box<_, _>` in the current scope
[INFO] [stdout]    --> /opt/rustwide/cargo-home/registry/src/index.crates.io-6f17d22bba15001f/nimiq-collections-0.2.0/src/linked_list.rs:176:34
[INFO] [stdout]     |
[INFO] [stdout] 176 |             let node = Some(Box::into_raw_non_null(node));
[INFO] [stdout]     |                                  ^^^^^^^^^^^^^^^^^ function or associated item not found in `Box<_, _>`
[INFO] [stdout]     |
[INFO] [stdout] note: if you're trying to build a new `Box<_, _>` consider using one of the following associated functions:
[INFO] [stdout]       Box::<T>::new
[INFO] [stdout]       Box::<T>::new_uninit
[INFO] [stdout]       Box::<T>::new_zeroed
[INFO] [stdout]       Box::<T>::try_new
[INFO] [stdout]       and 22 others
[INFO] [stdout]    --> /rustc/df4ca44d3fbc9301ee17f30f4d474e6ae4b05252/library/alloc/src/boxed.rs:255:5
[INFO] [stdout] 
[INFO] [stdout] 
[INFO] [stdout] error[E0599]: no function or associated item named `into_raw_non_null` found for struct `Box<_, _>` in the current scope
[INFO] [stdout]    --> /opt/rustwide/cargo-home/registry/src/index.crates.io-6f17d22bba15001f/nimiq-collections-0.2.0/src/linked_list.rs:914:38
[INFO] [stdout]     |
[INFO] [stdout] 914 |                 let node = Some(Box::into_raw_non_null(Box::new(Node {
[INFO] [stdout]     |                                      ^^^^^^^^^^^^^^^^^ function or associated item not found in `Box<_, _>`
[INFO] [stdout]     |
[INFO] [stdout] note: if you're trying to build a new `Box<_, _>` consider using one of the following associated functions:
[INFO] [stdout]       Box::<T>::new
[INFO] [stdout]       Box::<T>::new_uninit
[INFO] [stdout]       Box::<T>::new_zeroed
[INFO] [stdout]       Box::<T>::try_new
[INFO] [stdout]       and 22 others
[INFO] [stdout]    --> /rustc/df4ca44d3fbc9301ee17f30f4d474e6ae4b05252/library/alloc/src/boxed.rs:255:5
[INFO] [stdout] 
[INFO] [stdout] 
[INFO] [stderr] error: could not compile `nimiq-keys` (lib) due to 10 previous errors
[INFO] [stderr] warning: build failed, waiting for other jobs to finish...
[INFO] [stdout] Some errors have detailed explanations: E0599, E0635.
[INFO] [stdout] 
[INFO] [stdout] For more information about an error, try `rustc --explain E0599`.
[INFO] [stdout] 
[INFO] [stderr] error: could not compile `nimiq-collections` (lib) due to 4 previous errors
[INFO] running `Command { std: "docker" "inspect" "06133a7696b9c206ba07cd7bf6df644cc8992f815134d6f6c9309ca35b419410", kill_on_drop: false }`
[INFO] running `Command { std: "docker" "rm" "-f" "06133a7696b9c206ba07cd7bf6df644cc8992f815134d6f6c9309ca35b419410", kill_on_drop: false }`
[INFO] [stdout] 06133a7696b9c206ba07cd7bf6df644cc8992f815134d6f6c9309ca35b419410
