[INFO] fetching crate netbeam 0.8.0...
[INFO] testing netbeam-0.8.0 against nightly-2024-10-28 for randomize-layout
[INFO] extracting crate netbeam 0.8.0 into /workspace/builds/worker-5-tc1/source
[INFO] validating manifest of crates.io crate netbeam 0.8.0 on toolchain nightly-2024-10-28
[INFO] running `Command { std: CARGO_HOME="/workspace/cargo-home" RUSTUP_HOME="/workspace/rustup-home" "/workspace/cargo-home/bin/cargo" "+nightly-2024-10-28" "metadata" "--manifest-path" "Cargo.toml" "--no-deps", kill_on_drop: false }`
[INFO] started tweaking crates.io crate netbeam 0.8.0
[INFO] finished tweaking crates.io crate netbeam 0.8.0
[INFO] tweaked toml for crates.io crate netbeam 0.8.0 written to /workspace/builds/worker-5-tc1/source/Cargo.toml
[INFO] running `Command { std: CARGO_HOME="/workspace/cargo-home" RUSTUP_HOME="/workspace/rustup-home" "/workspace/cargo-home/bin/cargo" "+nightly-2024-10-28" "generate-lockfile" "--manifest-path" "Cargo.toml", kill_on_drop: false }`
[INFO] [stderr]     Updating crates.io index
[INFO] [stderr]      Locking 68 packages to latest compatible versions
[INFO] running `Command { std: CARGO_HOME="/workspace/cargo-home" RUSTUP_HOME="/workspace/rustup-home" "/workspace/cargo-home/bin/cargo" "+nightly-2024-10-28" "fetch" "--manifest-path" "Cargo.toml", kill_on_drop: false }`
[INFO] [stderr]  Downloading crates ...
[INFO] [stderr]   Downloaded bincode2 v2.0.1
[INFO] [stderr]   Downloaded citadel_io v0.8.0
[INFO] running `Command { std: "docker" "create" "-v" "/var/lib/crater-agent-workspace/builds/worker-5-tc1/target:/opt/rustwide/target:rw,Z" "-v" "/var/lib/crater-agent-workspace/builds/worker-5-tc1/source:/opt/rustwide/workdir:ro,Z" "-v" "/var/lib/crater-agent-workspace/cargo-home:/opt/rustwide/cargo-home:ro,Z" "-v" "/var/lib/crater-agent-workspace/rustup-home:/opt/rustwide/rustup-home:ro,Z" "-e" "SOURCE_DIR=/opt/rustwide/workdir" "-e" "CARGO_TARGET_DIR=/opt/rustwide/target" "-e" "CARGO_HOME=/opt/rustwide/cargo-home" "-e" "RUSTUP_HOME=/opt/rustwide/rustup-home" "-w" "/opt/rustwide/workdir" "-m" "1610612736" "--user" "0:0" "--network" "none" "ghcr.io/rust-lang/crates-build-env/linux@sha256:4a844ea9eb2546a2d2c7022eacef16ef2e8229c7fbb2c7d4d55a9ceca922f72d" "/opt/rustwide/cargo-home/bin/cargo" "+nightly-2024-10-28" "metadata" "--no-deps" "--format-version=1", kill_on_drop: false }`
[INFO] [stdout] 3a6eb4e2099fe6222ad9d3fec68e2dde2be0ec4f3e97edf103ddc1aa769ee5d6
[INFO] running `Command { std: "docker" "start" "-a" "3a6eb4e2099fe6222ad9d3fec68e2dde2be0ec4f3e97edf103ddc1aa769ee5d6", kill_on_drop: false }`
[INFO] running `Command { std: "docker" "inspect" "3a6eb4e2099fe6222ad9d3fec68e2dde2be0ec4f3e97edf103ddc1aa769ee5d6", kill_on_drop: false }`
[INFO] running `Command { std: "docker" "rm" "-f" "3a6eb4e2099fe6222ad9d3fec68e2dde2be0ec4f3e97edf103ddc1aa769ee5d6", kill_on_drop: false }`
[INFO] [stdout] 3a6eb4e2099fe6222ad9d3fec68e2dde2be0ec4f3e97edf103ddc1aa769ee5d6
[INFO] running `Command { std: "docker" "create" "-v" "/var/lib/crater-agent-workspace/builds/worker-5-tc1/target:/opt/rustwide/target:rw,Z" "-v" "/var/lib/crater-agent-workspace/builds/worker-5-tc1/source:/opt/rustwide/workdir:ro,Z" "-v" "/var/lib/crater-agent-workspace/cargo-home:/opt/rustwide/cargo-home:ro,Z" "-v" "/var/lib/crater-agent-workspace/rustup-home:/opt/rustwide/rustup-home:ro,Z" "-e" "SOURCE_DIR=/opt/rustwide/workdir" "-e" "CARGO_TARGET_DIR=/opt/rustwide/target" "-e" "CARGO_INCREMENTAL=0" "-e" "RUST_BACKTRACE=full" "-e" "RUSTFLAGS=--cap-lints=forbid" "-e" "RUSTDOCFLAGS=--cap-lints=forbid" "-e" "CARGO_HOME=/opt/rustwide/cargo-home" "-e" "RUSTUP_HOME=/opt/rustwide/rustup-home" "-w" "/opt/rustwide/workdir" "-m" "1610612736" "--user" "0:0" "--network" "none" "ghcr.io/rust-lang/crates-build-env/linux@sha256:4a844ea9eb2546a2d2c7022eacef16ef2e8229c7fbb2c7d4d55a9ceca922f72d" "/opt/rustwide/cargo-home/bin/cargo" "+nightly-2024-10-28" "build" "--frozen" "--message-format=json", kill_on_drop: false }`
[INFO] [stdout] a6623aa22565312c38f28b4ff9d35ed300f8bed1581118efb8fbd159c5827779
[INFO] running `Command { std: "docker" "start" "-a" "a6623aa22565312c38f28b4ff9d35ed300f8bed1581118efb8fbd159c5827779", kill_on_drop: false }`
[INFO] [stderr]    Compiling pin-project-lite v0.2.15
[INFO] [stderr]    Compiling futures-core v0.3.31
[INFO] [stderr]    Compiling byteorder v1.5.0
[INFO] [stderr]    Compiling slab v0.4.9
[INFO] [stderr]    Compiling futures-sink v0.3.31
[INFO] [stderr]    Compiling serde v1.0.214
[INFO] [stderr]    Compiling bytes v1.8.0
[INFO] [stderr]    Compiling futures-task v0.3.31
[INFO] [stderr]    Compiling anyhow v1.0.92
[INFO] [stderr]    Compiling memchr v2.7.4
[INFO] [stderr]    Compiling pin-utils v0.1.0
[INFO] [stderr]    Compiling futures-io v0.3.31
[INFO] [stderr]    Compiling syn v2.0.86
[INFO] [stderr]    Compiling getrandom v0.2.15
[INFO] [stderr]    Compiling socket2 v0.5.7
[INFO] [stderr]    Compiling mio v1.0.2
[INFO] [stderr]    Compiling parking_lot_core v0.9.10
[INFO] [stderr]    Compiling sync_wrapper v1.0.1
[INFO] [stderr]    Compiling futures-channel v0.3.31
[INFO] [stderr]    Compiling parking_lot v0.12.3
[INFO] [stderr]    Compiling rand_core v0.6.4
[INFO] [stderr]    Compiling futures-util v0.3.31
[INFO] [stderr]    Compiling zerocopy-derive v0.7.35
[INFO] [stderr]    Compiling tokio-macros v2.4.0
[INFO] [stderr]    Compiling serde_derive v1.0.214
[INFO] [stderr]    Compiling async-stream-impl v0.3.6
[INFO] [stderr]    Compiling async-trait v0.1.83
[INFO] [stderr]    Compiling futures v0.3.31
[INFO] [stderr]    Compiling async-stream v0.3.6
[INFO] [stderr]    Compiling tokio v1.41.0
[INFO] [stderr]    Compiling zerocopy v0.7.35
[INFO] [stderr]    Compiling ppv-lite86 v0.2.20
[INFO] [stderr]    Compiling rand_chacha v0.3.1
[INFO] [stderr]    Compiling rand v0.8.5
[INFO] [stderr]    Compiling citadel_io v0.8.0
[INFO] [stderr]    Compiling tokio-util v0.7.12
[INFO] [stderr]    Compiling bincode2 v2.0.1
[INFO] [stderr]    Compiling netbeam v0.8.0 (/opt/rustwide/workdir)
[INFO] [stdout] warning: elided lifetime has a name
[INFO] [stdout]   --> src/sync/sync_start.rs:74:22
[INFO] [stdout]    |
[INFO] [stdout] 18 | impl<'a, R: 'a> NetSyncStart<'a, R> {
[INFO] [stdout]    |      -- lifetime `'a` declared here
[INFO] [stdout] ...
[INFO] [stdout] 74 |     ) -> NetSyncStart<()> {
[INFO] [stdout]    |                      ^ this elided lifetime gets resolved as `'a`
[INFO] [stdout]    |
[INFO] [stdout]    = note: `#[warn(elided_named_lifetimes)]` on by default
[INFO] [stdout] 
[INFO] [stdout] 
[INFO] [stderr]     Finished `dev` profile [unoptimized + debuginfo] target(s) in 15.36s
[INFO] running `Command { std: "docker" "inspect" "a6623aa22565312c38f28b4ff9d35ed300f8bed1581118efb8fbd159c5827779", kill_on_drop: false }`
[INFO] running `Command { std: "docker" "rm" "-f" "a6623aa22565312c38f28b4ff9d35ed300f8bed1581118efb8fbd159c5827779", kill_on_drop: false }`
[INFO] [stdout] a6623aa22565312c38f28b4ff9d35ed300f8bed1581118efb8fbd159c5827779
[INFO] running `Command { std: "docker" "create" "-v" "/var/lib/crater-agent-workspace/builds/worker-5-tc1/target:/opt/rustwide/target:rw,Z" "-v" "/var/lib/crater-agent-workspace/builds/worker-5-tc1/source:/opt/rustwide/workdir:ro,Z" "-v" "/var/lib/crater-agent-workspace/cargo-home:/opt/rustwide/cargo-home:ro,Z" "-v" "/var/lib/crater-agent-workspace/rustup-home:/opt/rustwide/rustup-home:ro,Z" "-e" "SOURCE_DIR=/opt/rustwide/workdir" "-e" "CARGO_TARGET_DIR=/opt/rustwide/target" "-e" "CARGO_INCREMENTAL=0" "-e" "RUST_BACKTRACE=full" "-e" "RUSTFLAGS=--cap-lints=forbid" "-e" "RUSTDOCFLAGS=--cap-lints=forbid" "-e" "CARGO_HOME=/opt/rustwide/cargo-home" "-e" "RUSTUP_HOME=/opt/rustwide/rustup-home" "-w" "/opt/rustwide/workdir" "-m" "1610612736" "--user" "0:0" "--network" "none" "ghcr.io/rust-lang/crates-build-env/linux@sha256:4a844ea9eb2546a2d2c7022eacef16ef2e8229c7fbb2c7d4d55a9ceca922f72d" "/opt/rustwide/cargo-home/bin/cargo" "+nightly-2024-10-28" "test" "--frozen" "--no-run" "--message-format=json", kill_on_drop: false }`
[INFO] [stdout] efdf7a4028608898a9a84c69083f2d7fe75cd251d5471b352b7038bee03d01ec
[INFO] running `Command { std: "docker" "start" "-a" "efdf7a4028608898a9a84c69083f2d7fe75cd251d5471b352b7038bee03d01ec", kill_on_drop: false }`
[INFO] [stderr]    Compiling netbeam v0.8.0 (/opt/rustwide/workdir)
[INFO] [stdout] error: functions used as tests can not have any arguments
[INFO] [stdout]    --> src/sync/primitives/net_mutex.rs:507:11
[INFO] [stdout]     |
[INFO] [stdout] 507 |       async fn test_net_mutex(#[case] lag: usize, #[case] count: u64) {
[INFO] [stdout]     |  ___________^
[INFO] [stdout] 508 | |         citadel_logging::setup_log();
[INFO] [stdout] 509 | |
[INFO] [stdout] 510 | |         let (server_stream, client_stream) = create_streams_with_addrs_and_lag(lag).await;
[INFO] [stdout] ...   |
[INFO] [stdout] 566 | |         r1.unwrap();
[INFO] [stdout] 567 | |     }
[INFO] [stdout]     | |_____^
[INFO] [stdout] 
[INFO] [stdout] 
[INFO] [stdout] error[E0432]: unresolved import `rstest`
[INFO] [stdout]    --> src/sync/primitives/net_mutex.rs:498:9
[INFO] [stdout]     |
[INFO] [stdout] 498 |     use rstest::rstest;
[INFO] [stdout]     |         ^^^^^^ use of undeclared crate or module `rstest`
[INFO] [stdout] 
[INFO] [stdout] 
[INFO] [stdout] error[E0432]: unresolved import `async_recursion`
[INFO] [stdout]    --> src/multiplex.rs:319:9
[INFO] [stdout]     |
[INFO] [stdout] 319 |     use async_recursion::async_recursion;
[INFO] [stdout]     |         ^^^^^^^^^^^^^^^ use of undeclared crate or module `async_recursion`
[INFO] [stdout] 
[INFO] [stdout] 
[INFO] [stdout] error: cannot find attribute `case` in this scope
[INFO] [stdout]    --> src/sync/primitives/net_mutex.rs:503:7
[INFO] [stdout]     |
[INFO] [stdout] 503 |     #[case(0, 1000)]
[INFO] [stdout]     |       ^^^^
[INFO] [stdout] 
[INFO] [stdout] 
[INFO] [stdout] error: cannot find attribute `case` in this scope
[INFO] [stdout]    --> src/sync/primitives/net_mutex.rs:504:7
[INFO] [stdout]     |
[INFO] [stdout] 504 |     #[case(5, 50)]
[INFO] [stdout]     |       ^^^^
[INFO] [stdout] 
[INFO] [stdout] 
[INFO] [stdout] error: cannot find attribute `case` in this scope
[INFO] [stdout]    --> src/sync/primitives/net_mutex.rs:505:7
[INFO] [stdout]     |
[INFO] [stdout] 505 |     #[case(50, 10)]
[INFO] [stdout]     |       ^^^^
[INFO] [stdout] 
[INFO] [stdout] 
[INFO] [stdout] error: cannot find attribute `case` in this scope
[INFO] [stdout]    --> src/sync/primitives/net_mutex.rs:507:31
[INFO] [stdout]     |
[INFO] [stdout] 507 |     async fn test_net_mutex(#[case] lag: usize, #[case] count: u64) {
[INFO] [stdout]     |                               ^^^^
[INFO] [stdout] 
[INFO] [stdout] 
[INFO] [stdout] error: cannot find attribute `case` in this scope
[INFO] [stdout]    --> src/sync/primitives/net_mutex.rs:507:51
[INFO] [stdout]     |
[INFO] [stdout] 507 |     async fn test_net_mutex(#[case] lag: usize, #[case] count: u64) {
[INFO] [stdout]     |                                                   ^^^^
[INFO] [stdout] 
[INFO] [stdout] 
[INFO] [stdout] warning: elided lifetime has a name
[INFO] [stdout]   --> src/sync/sync_start.rs:74:22
[INFO] [stdout]    |
[INFO] [stdout] 18 | impl<'a, R: 'a> NetSyncStart<'a, R> {
[INFO] [stdout]    |      -- lifetime `'a` declared here
[INFO] [stdout] ...
[INFO] [stdout] 74 |     ) -> NetSyncStart<()> {
[INFO] [stdout]    |                      ^ this elided lifetime gets resolved as `'a`
[INFO] [stdout]    |
[INFO] [stdout]    = note: `#[warn(elided_named_lifetimes)]` on by default
[INFO] [stdout] 
[INFO] [stdout] 
[INFO] [stdout] error[E0733]: recursion in an async fn requires boxing
[INFO] [stdout]    --> src/multiplex.rs:333:5
[INFO] [stdout]     |
[INFO] [stdout] 333 | /     async fn nested(
[INFO] [stdout] 334 | |         idx: usize,
[INFO] [stdout] 335 | |         max: usize,
[INFO] [stdout] 336 | |         server_stream: NetworkApplication,
[INFO] [stdout] 337 | |         client_stream: NetworkApplication,
[INFO] [stdout] 338 | |     ) -> (NetworkApplication, NetworkApplication) {
[INFO] [stdout]     | |_________________________________________________^
[INFO] [stdout]     |
[INFO] [stdout]     = note: a recursive `async fn` call must introduce indirection such as `Box::pin` to avoid an infinitely sized future
[INFO] [stdout] 
[INFO] [stdout] 
[INFO] [stdout] error[E0433]: failed to resolve: use of undeclared crate or module `citadel_logging`
[INFO] [stdout]    --> src/sync/operations/net_select_ok.rs:301:9
[INFO] [stdout]     |
[INFO] [stdout] 301 |         citadel_logging::setup_log();
[INFO] [stdout]     |         ^^^^^^^^^^^^^^^ use of undeclared crate or module `citadel_logging`
[INFO] [stdout] 
[INFO] [stdout] 
[INFO] [stdout] error[E0433]: failed to resolve: use of undeclared crate or module `citadel_logging`
[INFO] [stdout]    --> src/sync/operations/net_try_join.rs:217:9
[INFO] [stdout]     |
[INFO] [stdout] 217 |         citadel_logging::setup_log();
[INFO] [stdout]     |         ^^^^^^^^^^^^^^^ use of undeclared crate or module `citadel_logging`
[INFO] [stdout] 
[INFO] [stdout] 
[INFO] [stdout] error[E0433]: failed to resolve: use of undeclared crate or module `citadel_logging`
[INFO] [stdout]    --> src/sync/primitives/net_mutex.rs:508:9
[INFO] [stdout]     |
[INFO] [stdout] 508 |         citadel_logging::setup_log();
[INFO] [stdout]     |         ^^^^^^^^^^^^^^^ use of undeclared crate or module `citadel_logging`
[INFO] [stdout] 
[INFO] [stdout] 
[INFO] [stdout] error[E0433]: failed to resolve: use of undeclared crate or module `citadel_logging`
[INFO] [stdout]    --> src/sync/primitives/net_rwlock.rs:854:9
[INFO] [stdout]     |
[INFO] [stdout] 854 |         citadel_logging::setup_log();
[INFO] [stdout]     |         ^^^^^^^^^^^^^^^ use of undeclared crate or module `citadel_logging`
[INFO] [stdout] 
[INFO] [stdout] 
[INFO] [stdout] error[E0433]: failed to resolve: use of undeclared crate or module `citadel_logging`
[INFO] [stdout]    --> src/sync/primitives/net_rwlock.rs:919:9
[INFO] [stdout]     |
[INFO] [stdout] 919 |         citadel_logging::setup_log();
[INFO] [stdout]     |         ^^^^^^^^^^^^^^^ use of undeclared crate or module `citadel_logging`
[INFO] [stdout] 
[INFO] [stdout] 
[INFO] [stdout] error[E0433]: failed to resolve: use of undeclared crate or module `citadel_logging`
[INFO] [stdout]    --> src/sync/primitives/net_rwlock.rs:993:9
[INFO] [stdout]     |
[INFO] [stdout] 993 |         citadel_logging::setup_log();
[INFO] [stdout]     |         ^^^^^^^^^^^^^^^ use of undeclared crate or module `citadel_logging`
[INFO] [stdout] 
[INFO] [stdout] 
[INFO] [stdout] error[E0433]: failed to resolve: use of undeclared crate or module `citadel_logging`
[INFO] [stdout]     --> src/sync/primitives/net_rwlock.rs:1044:9
[INFO] [stdout]      |
[INFO] [stdout] 1044 |         citadel_logging::setup_log();
[INFO] [stdout]      |         ^^^^^^^^^^^^^^^ use of undeclared crate or module `citadel_logging`
[INFO] [stdout] 
[INFO] [stdout] 
[INFO] [stdout] error[E0433]: failed to resolve: use of undeclared crate or module `citadel_logging`
[INFO] [stdout]     --> src/sync/primitives/net_rwlock.rs:1116:9
[INFO] [stdout]      |
[INFO] [stdout] 1116 |         citadel_logging::setup_log();
[INFO] [stdout]      |         ^^^^^^^^^^^^^^^ use of undeclared crate or module `citadel_logging`
[INFO] [stdout] 
[INFO] [stdout] 
[INFO] [stdout] error[E0433]: failed to resolve: use of undeclared crate or module `citadel_logging`
[INFO] [stdout]    --> src/sync/sync_start.rs:205:9
[INFO] [stdout]     |
[INFO] [stdout] 205 |         citadel_logging::setup_log();
[INFO] [stdout]     |         ^^^^^^^^^^^^^^^ use of undeclared crate or module `citadel_logging`
[INFO] [stdout] 
[INFO] [stdout] 
[INFO] [stdout] error[E0433]: failed to resolve: use of undeclared crate or module `citadel_logging`
[INFO] [stdout]    --> src/sync/sync_start.rs:251:9
[INFO] [stdout]     |
[INFO] [stdout] 251 |         citadel_logging::setup_log();
[INFO] [stdout]     |         ^^^^^^^^^^^^^^^ use of undeclared crate or module `citadel_logging`
[INFO] [stdout] 
[INFO] [stdout] 
[INFO] [stdout] error[E0433]: failed to resolve: use of undeclared crate or module `citadel_logging`
[INFO] [stdout]    --> src/sync/channel/bi_channel.rs:229:9
[INFO] [stdout]     |
[INFO] [stdout] 229 |         citadel_logging::setup_log();
[INFO] [stdout]     |         ^^^^^^^^^^^^^^^ use of undeclared crate or module `citadel_logging`
[INFO] [stdout] 
[INFO] [stdout] 
[INFO] [stdout] error[E0433]: failed to resolve: use of undeclared crate or module `citadel_logging`
[INFO] [stdout]   --> src/sync/callback_channel.rs:94:9
[INFO] [stdout]    |
[INFO] [stdout] 94 |         citadel_logging::setup_log();
[INFO] [stdout]    |         ^^^^^^^^^^^^^^^ use of undeclared crate or module `citadel_logging`
[INFO] [stdout] 
[INFO] [stdout] 
[INFO] [stdout] error[E0433]: failed to resolve: use of undeclared crate or module `citadel_logging`
[INFO] [stdout]    --> src/sync/tracked_callback_channel.rs:171:9
[INFO] [stdout]     |
[INFO] [stdout] 171 |         citadel_logging::setup_log();
[INFO] [stdout]     |         ^^^^^^^^^^^^^^^ use of undeclared crate or module `citadel_logging`
[INFO] [stdout] 
[INFO] [stdout] 
[INFO] [stdout] error[E0433]: failed to resolve: use of undeclared crate or module `citadel_logging`
[INFO] [stdout]    --> src/sync/tracked_callback_channel.rs:203:9
[INFO] [stdout]     |
[INFO] [stdout] 203 |         citadel_logging::setup_log();
[INFO] [stdout]     |         ^^^^^^^^^^^^^^^ use of undeclared crate or module `citadel_logging`
[INFO] [stdout] 
[INFO] [stdout] 
[INFO] [stdout] Some errors have detailed explanations: E0432, E0433, E0733.
[INFO] [stdout] 
[INFO] [stdout] For more information about an error, try `rustc --explain E0432`.
[INFO] [stdout] 
[INFO] [stderr] error: could not compile `netbeam` (lib test) due to 23 previous errors; 1 warning emitted
[INFO] running `Command { std: "docker" "inspect" "efdf7a4028608898a9a84c69083f2d7fe75cd251d5471b352b7038bee03d01ec", kill_on_drop: false }`
[INFO] running `Command { std: "docker" "rm" "-f" "efdf7a4028608898a9a84c69083f2d7fe75cd251d5471b352b7038bee03d01ec", kill_on_drop: false }`
[INFO] [stdout] efdf7a4028608898a9a84c69083f2d7fe75cd251d5471b352b7038bee03d01ec
