[INFO] fetching crate ndarray-vision 0.5.1...
[INFO] testing ndarray-vision-0.5.1 against nightly-2024-10-28 for randomize-layout
[INFO] extracting crate ndarray-vision 0.5.1 into /workspace/builds/worker-3-tc1/source
[INFO] validating manifest of crates.io crate ndarray-vision 0.5.1 on toolchain nightly-2024-10-28
[INFO] running `Command { std: CARGO_HOME="/workspace/cargo-home" RUSTUP_HOME="/workspace/rustup-home" "/workspace/cargo-home/bin/cargo" "+nightly-2024-10-28" "metadata" "--manifest-path" "Cargo.toml" "--no-deps", kill_on_drop: false }`
[INFO] started tweaking crates.io crate ndarray-vision 0.5.1
[INFO] finished tweaking crates.io crate ndarray-vision 0.5.1
[INFO] tweaked toml for crates.io crate ndarray-vision 0.5.1 written to /workspace/builds/worker-3-tc1/source/Cargo.toml
[INFO] crate crates.io crate ndarray-vision 0.5.1 already has a lockfile, it will not be regenerated
[INFO] running `Command { std: CARGO_HOME="/workspace/cargo-home" RUSTUP_HOME="/workspace/rustup-home" "/workspace/cargo-home/bin/cargo" "+nightly-2024-10-28" "fetch" "--manifest-path" "Cargo.toml", kill_on_drop: false }`
[INFO] [stderr]     Updating crates.io index
[INFO] [stderr]  Downloading crates ...
[INFO] [stderr]   Downloaded oci-spec v0.5.8
[INFO] [stderr]   Downloaded assert_approx_eq v1.1.0
[INFO] [stderr]   Downloaded openblas-build v0.10.5
[INFO] [stderr]   Downloaded ocipkg v0.2.8
[INFO] [stderr]   Downloaded libm v0.2.7
[INFO] [stderr]   Downloaded chrono v0.4.28
[INFO] [stderr]   Downloaded netlib-src v0.8.0
[INFO] [stderr]   Downloaded openblas-src v0.10.5
[INFO] running `Command { std: "docker" "create" "-v" "/var/lib/crater-agent-workspace/builds/worker-3-tc1/target:/opt/rustwide/target:rw,Z" "-v" "/var/lib/crater-agent-workspace/builds/worker-3-tc1/source:/opt/rustwide/workdir:ro,Z" "-v" "/var/lib/crater-agent-workspace/cargo-home:/opt/rustwide/cargo-home:ro,Z" "-v" "/var/lib/crater-agent-workspace/rustup-home:/opt/rustwide/rustup-home:ro,Z" "-e" "SOURCE_DIR=/opt/rustwide/workdir" "-e" "CARGO_TARGET_DIR=/opt/rustwide/target" "-e" "CARGO_HOME=/opt/rustwide/cargo-home" "-e" "RUSTUP_HOME=/opt/rustwide/rustup-home" "-w" "/opt/rustwide/workdir" "-m" "1610612736" "--user" "0:0" "--network" "none" "ghcr.io/rust-lang/crates-build-env/linux@sha256:4a844ea9eb2546a2d2c7022eacef16ef2e8229c7fbb2c7d4d55a9ceca922f72d" "/opt/rustwide/cargo-home/bin/cargo" "+nightly-2024-10-28" "metadata" "--no-deps" "--format-version=1", kill_on_drop: false }`
[INFO] [stdout] 127f72e2a4d3b958ff7dbcfc4c79973bfcd2dd1b8701de557e1f995afde5adce
[INFO] running `Command { std: "docker" "start" "-a" "127f72e2a4d3b958ff7dbcfc4c79973bfcd2dd1b8701de557e1f995afde5adce", kill_on_drop: false }`
[INFO] running `Command { std: "docker" "inspect" "127f72e2a4d3b958ff7dbcfc4c79973bfcd2dd1b8701de557e1f995afde5adce", kill_on_drop: false }`
[INFO] running `Command { std: "docker" "rm" "-f" "127f72e2a4d3b958ff7dbcfc4c79973bfcd2dd1b8701de557e1f995afde5adce", kill_on_drop: false }`
[INFO] [stdout] 127f72e2a4d3b958ff7dbcfc4c79973bfcd2dd1b8701de557e1f995afde5adce
[INFO] running `Command { std: "docker" "create" "-v" "/var/lib/crater-agent-workspace/builds/worker-3-tc1/target:/opt/rustwide/target:rw,Z" "-v" "/var/lib/crater-agent-workspace/builds/worker-3-tc1/source:/opt/rustwide/workdir:ro,Z" "-v" "/var/lib/crater-agent-workspace/cargo-home:/opt/rustwide/cargo-home:ro,Z" "-v" "/var/lib/crater-agent-workspace/rustup-home:/opt/rustwide/rustup-home:ro,Z" "-e" "SOURCE_DIR=/opt/rustwide/workdir" "-e" "CARGO_TARGET_DIR=/opt/rustwide/target" "-e" "CARGO_INCREMENTAL=0" "-e" "RUST_BACKTRACE=full" "-e" "RUSTFLAGS=--cap-lints=forbid" "-e" "RUSTDOCFLAGS=--cap-lints=forbid" "-e" "CARGO_HOME=/opt/rustwide/cargo-home" "-e" "RUSTUP_HOME=/opt/rustwide/rustup-home" "-w" "/opt/rustwide/workdir" "-m" "1610612736" "--user" "0:0" "--network" "none" "ghcr.io/rust-lang/crates-build-env/linux@sha256:4a844ea9eb2546a2d2c7022eacef16ef2e8229c7fbb2c7d4d55a9ceca922f72d" "/opt/rustwide/cargo-home/bin/cargo" "+nightly-2024-10-28" "build" "--frozen" "--message-format=json", kill_on_drop: false }`
[INFO] [stdout] 8d366a3c91b69b177ca75afd267cb52d4b9a2055109fd1a353778f9c6f183e24
[INFO] running `Command { std: "docker" "start" "-a" "8d366a3c91b69b177ca75afd267cb52d4b9a2055109fd1a353778f9c6f183e24", kill_on_drop: false }`
[INFO] [stderr]    Compiling libm v0.2.7
[INFO] [stderr]    Compiling num-traits v0.2.16
[INFO] [stderr]    Compiling proc-macro2 v1.0.66
[INFO] [stderr]    Compiling unicode-ident v1.0.11
[INFO] [stderr]    Compiling serde v1.0.188
[INFO] [stderr]    Compiling num-integer v0.1.45
[INFO] [stderr]    Compiling matrixmultiply v0.3.7
[INFO] [stderr]    Compiling syn v1.0.109
[INFO] [stderr]    Compiling rawpointer v0.2.1
[INFO] [stderr]    Compiling thiserror v1.0.48
[INFO] [stderr]    Compiling indexmap v1.9.3
[INFO] [stderr]    Compiling cblas-sys v0.1.4
[INFO] [stderr]    Compiling lapack-sys v0.14.0
[INFO] [stderr]    Compiling either v1.9.0
[INFO] [stderr]    Compiling rand v0.8.5
[INFO] [stderr]    Compiling itertools v0.10.5
[INFO] [stderr]    Compiling quote v1.0.33
[INFO] [stderr]    Compiling syn v2.0.31
[INFO] [stderr]    Compiling approx v0.4.0
[INFO] [stderr]    Compiling noisy_float v0.2.0
[INFO] [stderr]    Compiling thiserror-impl v1.0.48
[INFO] [stderr]    Compiling num-complex v0.4.4
[INFO] [stderr]    Compiling ndarray v0.15.6
[INFO] [stderr]    Compiling cauchy v0.4.0
[INFO] [stderr]    Compiling katexit v0.1.4
[INFO] [stderr]    Compiling lax v0.16.0
[INFO] [stderr]    Compiling ndarray-linalg v0.16.0
[INFO] [stderr]    Compiling ndarray-stats v0.5.1
[INFO] [stderr]    Compiling ndarray-vision v0.5.1 (/opt/rustwide/workdir)
[INFO] [stdout] warning: struct `Rect` is never constructed
[INFO] [stdout]   --> src/transform/mod.rs:78:8
[INFO] [stdout]    |
[INFO] [stdout] 78 | struct Rect {
[INFO] [stdout]    |        ^^^^
[INFO] [stdout]    |
[INFO] [stdout]    = note: `#[warn(dead_code)]` on by default
[INFO] [stdout] 
[INFO] [stdout] 
[INFO] [stderr]     Finished `dev` profile [unoptimized + debuginfo] target(s) in 5.40s
[INFO] running `Command { std: "docker" "inspect" "8d366a3c91b69b177ca75afd267cb52d4b9a2055109fd1a353778f9c6f183e24", kill_on_drop: false }`
[INFO] running `Command { std: "docker" "rm" "-f" "8d366a3c91b69b177ca75afd267cb52d4b9a2055109fd1a353778f9c6f183e24", kill_on_drop: false }`
[INFO] [stdout] 8d366a3c91b69b177ca75afd267cb52d4b9a2055109fd1a353778f9c6f183e24
[INFO] running `Command { std: "docker" "create" "-v" "/var/lib/crater-agent-workspace/builds/worker-3-tc1/target:/opt/rustwide/target:rw,Z" "-v" "/var/lib/crater-agent-workspace/builds/worker-3-tc1/source:/opt/rustwide/workdir:ro,Z" "-v" "/var/lib/crater-agent-workspace/cargo-home:/opt/rustwide/cargo-home:ro,Z" "-v" "/var/lib/crater-agent-workspace/rustup-home:/opt/rustwide/rustup-home:ro,Z" "-e" "SOURCE_DIR=/opt/rustwide/workdir" "-e" "CARGO_TARGET_DIR=/opt/rustwide/target" "-e" "CARGO_INCREMENTAL=0" "-e" "RUST_BACKTRACE=full" "-e" "RUSTFLAGS=--cap-lints=forbid" "-e" "RUSTDOCFLAGS=--cap-lints=forbid" "-e" "CARGO_HOME=/opt/rustwide/cargo-home" "-e" "RUSTUP_HOME=/opt/rustwide/rustup-home" "-w" "/opt/rustwide/workdir" "-m" "1610612736" "--user" "0:0" "--network" "none" "ghcr.io/rust-lang/crates-build-env/linux@sha256:4a844ea9eb2546a2d2c7022eacef16ef2e8229c7fbb2c7d4d55a9ceca922f72d" "/opt/rustwide/cargo-home/bin/cargo" "+nightly-2024-10-28" "test" "--frozen" "--no-run" "--message-format=json", kill_on_drop: false }`
[INFO] [stdout] 2cb79744d4fe242423989cdda3d2c0e62e70a50ff84b315fe84e0614c35ad251
[INFO] running `Command { std: "docker" "start" "-a" "2cb79744d4fe242423989cdda3d2c0e62e70a50ff84b315fe84e0614c35ad251", kill_on_drop: false }`
[INFO] [stderr]    Compiling crc32fast v1.3.2
[INFO] [stderr]    Compiling simd-adler32 v0.3.7
[INFO] [stderr]    Compiling adler v1.0.2
[INFO] [stderr]    Compiling assert_approx_eq v1.1.0
[INFO] [stderr]    Compiling rand_distr v0.4.3
[INFO] [stdout] warning: struct `Rect` is never constructed
[INFO] [stdout]   --> src/transform/mod.rs:78:8
[INFO] [stdout]    |
[INFO] [stdout] 78 | struct Rect {
[INFO] [stdout]    |        ^^^^
[INFO] [stdout]    |
[INFO] [stdout]    = note: `#[warn(dead_code)]` on by default
[INFO] [stdout] 
[INFO] [stdout] 
[INFO] [stderr]    Compiling miniz_oxide v0.7.1
[INFO] [stderr]    Compiling fdeflate v0.3.0
[INFO] [stderr]    Compiling ndarray-rand v0.14.0
[INFO] [stderr]    Compiling flate2 v1.0.27
[INFO] [stderr]    Compiling png v0.17.10
[INFO] [stderr]    Compiling ndarray-vision v0.5.1 (/opt/rustwide/workdir)
[INFO] [stdout] warning: call to `.clone()` on a reference in this situation does nothing
[INFO] [stdout]   --> examples/basic.rs:11:25
[INFO] [stdout]    |
[INFO] [stdout] 11 |     let cameraman = root.clone().join("images/cameraman.ppm");
[INFO] [stdout]    |                         ^^^^^^^^
[INFO] [stdout]    |
[INFO] [stdout]    = note: the type `Path` does not implement `Clone`, so calling `clone` on `&Path` copies the reference, which does not do anything and can be removed
[INFO] [stdout]    = note: `#[warn(noop_method_call)]` on by default
[INFO] [stdout] help: remove this redundant call
[INFO] [stdout]    |
[INFO] [stdout] 11 -     let cameraman = root.clone().join("images/cameraman.ppm");
[INFO] [stdout] 11 +     let cameraman = root.join("images/cameraman.ppm");
[INFO] [stdout]    |
[INFO] [stdout] 
[INFO] [stdout] 
[INFO] [stdout] error: linking with `cc` failed: exit status: 1
[INFO] [stdout]   |
[INFO] [stdout]   = note: LC_ALL="C" PATH="/opt/rustwide/rustup-home/toolchains/nightly-2024-10-28-x86_64-unknown-linux-gnu/lib/rustlib/x86_64-unknown-linux-gnu/bin:/opt/rustwide/rustup-home/toolchains/nightly-2024-10-28-x86_64-unknown-linux-gnu/lib/rustlib/x86_64-unknown-linux-gnu/bin/self-contained:/opt/rustwide/cargo-home/bin:/usr/local/sbin:/usr/local/bin:/usr/sbin:/usr/bin:/sbin:/bin" VSLANG="1033" "cc" "-m64" "/tmp/rustc0BQmFG/symbols.o" "/opt/rustwide/target/debug/examples/transforms-0d06eb571caa694d.transforms.934f654981d9c03e-cgu.0.rcgu.o" "/opt/rustwide/target/debug/examples/transforms-0d06eb571caa694d.transforms.934f654981d9c03e-cgu.1.rcgu.o" "/opt/rustwide/target/debug/examples/transforms-0d06eb571caa694d.transforms.934f654981d9c03e-cgu.2.rcgu.o" "/opt/rustwide/target/debug/examples/transforms-0d06eb571caa694d.transforms.934f654981d9c03e-cgu.3.rcgu.o" "/opt/rustwide/target/debug/examples/transforms-0d06eb571caa694d.transforms.934f654981d9c03e-cgu.4.rcgu.o" "/opt/rustwide/target/debug/examples/transforms-0d06eb571caa694d.transforms.934f654981d9c03e-cgu.5.rcgu.o" "/opt/rustwide/target/debug/examples/transforms-0d06eb571caa694d.transforms.934f654981d9c03e-cgu.6.rcgu.o" "/opt/rustwide/target/debug/examples/transforms-0d06eb571caa694d.transforms.934f654981d9c03e-cgu.7.rcgu.o" "/opt/rustwide/target/debug/examples/transforms-0d06eb571caa694d.ek6toxhcp75j0ypmsbpicbpz4.rcgu.o" "-Wl,--as-needed" "-Wl,-Bstatic" "/opt/rustwide/target/debug/deps/libpng-4ffddeb2b3d46bb9.rlib" "/opt/rustwide/target/debug/deps/libflate2-590b26ee4fd12b07.rlib" "/opt/rustwide/target/debug/deps/libminiz_oxide-dc8c82f847a75185.rlib" "/opt/rustwide/target/debug/deps/libfdeflate-5ad029a386203006.rlib" "/opt/rustwide/target/debug/deps/libsimd_adler32-5876262d9cd1bfda.rlib" "/opt/rustwide/target/debug/deps/libcrc32fast-a3b3ed73612ea413.rlib" "/opt/rustwide/target/debug/deps/libbitflags-560efdb99b117eef.rlib" "/opt/rustwide/target/debug/deps/libndarray_vision-4e359ac955118355.rlib" "/opt/rustwide/target/debug/deps/libndarray_linalg-4a69c98a6d8c7a25.rlib" "/opt/rustwide/target/debug/deps/liblax-3b8bfc9fe3f7c7dd.rlib" "/opt/rustwide/target/debug/deps/liblapack_sys-b248b5dc35a33150.rlib" "/opt/rustwide/target/debug/deps/libthiserror-6625014d9dcada0d.rlib" "/opt/rustwide/target/debug/deps/libcauchy-8af7ed36da88a8a3.rlib" "/opt/rustwide/target/debug/deps/libndarray_stats-09be74769e78b048.rlib" "/opt/rustwide/target/debug/deps/libindexmap-0b273f9e4b0c9e6b.rlib" "/opt/rustwide/target/debug/deps/libhashbrown-b50da1c079e7685f.rlib" "/opt/rustwide/target/debug/deps/libitertools-23811986bd2a9cf9.rlib" "/opt/rustwide/target/debug/deps/libeither-f2f7f1e0543ce606.rlib" "/opt/rustwide/target/debug/deps/libnoisy_float-433a6cbd5a1c2cf2.rlib" "/opt/rustwide/target/debug/deps/libndarray-ed26373a8b6a522d.rlib" "/opt/rustwide/target/debug/deps/libmatrixmultiply-ba0f47dfd48958b6.rlib" "/opt/rustwide/target/debug/deps/libapprox-4813813f78100930.rlib" "/opt/rustwide/target/debug/deps/libnum_complex-ae9675f84dad3b83.rlib" "/opt/rustwide/target/debug/deps/libserde-607c2c9fe311c183.rlib" "/opt/rustwide/target/debug/deps/librand-973784cf8c298dec.rlib" "/opt/rustwide/target/debug/deps/librand_chacha-aef71fc83626ef45.rlib" "/opt/rustwide/target/debug/deps/libppv_lite86-905fd835b337451d.rlib" "/opt/rustwide/target/debug/deps/librand_core-a37d99a26491a49c.rlib" "/opt/rustwide/target/debug/deps/libgetrandom-864290775278f0b1.rlib" "/opt/rustwide/target/debug/deps/libcfg_if-57bf25c23e31efdb.rlib" "/opt/rustwide/target/debug/deps/libnum_integer-34c273719e6d2173.rlib" "/opt/rustwide/target/debug/deps/libnum_traits-dc1b6018ca0c4712.rlib" "/opt/rustwide/target/debug/deps/librawpointer-9a82b3d0237eca24.rlib" "/opt/rustwide/target/debug/deps/libcblas_sys-4b2fe6dbd7d14a30.rlib" "/opt/rustwide/target/debug/deps/liblibc-cfd7d6f7ac151829.rlib" "/opt/rustwide/rustup-home/toolchains/nightly-2024-10-28-x86_64-unknown-linux-gnu/lib/rustlib/x86_64-unknown-linux-gnu/lib/libstd-fb8c387236db3c10.rlib" "/opt/rustwide/rustup-home/toolchains/nightly-2024-10-28-x86_64-unknown-linux-gnu/lib/rustlib/x86_64-unknown-linux-gnu/lib/libpanic_unwind-b251837809b2f64b.rlib" "/opt/rustwide/rustup-home/toolchains/nightly-2024-10-28-x86_64-unknown-linux-gnu/lib/rustlib/x86_64-unknown-linux-gnu/lib/libobject-cbef83eaa4e01f04.rlib" "/opt/rustwide/rustup-home/toolchains/nightly-2024-10-28-x86_64-unknown-linux-gnu/lib/rustlib/x86_64-unknown-linux-gnu/lib/libmemchr-12a772286de2fca7.rlib" "/opt/rustwide/rustup-home/toolchains/nightly-2024-10-28-x86_64-unknown-linux-gnu/lib/rustlib/x86_64-unknown-linux-gnu/lib/libaddr2line-023bbe5ada7abfc3.rlib" "/opt/rustwide/rustup-home/toolchains/nightly-2024-10-28-x86_64-unknown-linux-gnu/lib/rustlib/x86_64-unknown-linux-gnu/lib/libgimli-de2bcdf10ec69c2b.rlib" "/opt/rustwide/rustup-home/toolchains/nightly-2024-10-28-x86_64-unknown-linux-gnu/lib/rustlib/x86_64-unknown-linux-gnu/lib/librustc_demangle-8e1754df350800fd.rlib" "/opt/rustwide/rustup-home/toolchains/nightly-2024-10-28-x86_64-unknown-linux-gnu/lib/rustlib/x86_64-unknown-linux-gnu/lib/libstd_detect-06c2ab7b9c32e037.rlib" "/opt/rustwide/rustup-home/toolchains/nightly-2024-10-28-x86_64-unknown-linux-gnu/lib/rustlib/x86_64-unknown-linux-gnu/lib/libhashbrown-51d2621fc57a281b.rlib" "/opt/rustwide/rustup-home/toolchains/nightly-2024-10-28-x86_64-unknown-linux-gnu/lib/rustlib/x86_64-unknown-linux-gnu/lib/librustc_std_workspace_alloc-54a930408793772f.rlib" "/opt/rustwide/rustup-home/toolchains/nightly-2024-10-28-x86_64-unknown-linux-gnu/lib/rustlib/x86_64-unknown-linux-gnu/lib/libminiz_oxide-0c7d01cba400dcb2.rlib" "/opt/rustwide/rustup-home/toolchains/nightly-2024-10-28-x86_64-unknown-linux-gnu/lib/rustlib/x86_64-unknown-linux-gnu/lib/libadler-b9f84d69e331b75b.rlib" "/opt/rustwide/rustup-home/toolchains/nightly-2024-10-28-x86_64-unknown-linux-gnu/lib/rustlib/x86_64-unknown-linux-gnu/lib/libunwind-eec95493246aae39.rlib" "/opt/rustwide/rustup-home/toolchains/nightly-2024-10-28-x86_64-unknown-linux-gnu/lib/rustlib/x86_64-unknown-linux-gnu/lib/libcfg_if-6f6676c475e08ab0.rlib" "/opt/rustwide/rustup-home/toolchains/nightly-2024-10-28-x86_64-unknown-linux-gnu/lib/rustlib/x86_64-unknown-linux-gnu/lib/liblibc-799d520624f8b2e0.rlib" "/opt/rustwide/rustup-home/toolchains/nightly-2024-10-28-x86_64-unknown-linux-gnu/lib/rustlib/x86_64-unknown-linux-gnu/lib/liballoc-fcf93d4842acd9a9.rlib" "/opt/rustwide/rustup-home/toolchains/nightly-2024-10-28-x86_64-unknown-linux-gnu/lib/rustlib/x86_64-unknown-linux-gnu/lib/librustc_std_workspace_core-395a38b8e0851c9b.rlib" "/opt/rustwide/rustup-home/toolchains/nightly-2024-10-28-x86_64-unknown-linux-gnu/lib/rustlib/x86_64-unknown-linux-gnu/lib/libcore-d453bab70303062c.rlib" "/opt/rustwide/rustup-home/toolchains/nightly-2024-10-28-x86_64-unknown-linux-gnu/lib/rustlib/x86_64-unknown-linux-gnu/lib/libcompiler_builtins-0e6386368b0a24e8.rlib" "-Wl,-Bdynamic" "-lgcc_s" "-lutil" "-lrt" "-lpthread" "-lm" "-ldl" "-lc" "-B/opt/rustwide/rustup-home/toolchains/nightly-2024-10-28-x86_64-unknown-linux-gnu/lib/rustlib/x86_64-unknown-linux-gnu/bin/gcc-ld" "-fuse-ld=lld" "-Wl,--eh-frame-hdr" "-Wl,-z,noexecstack" "-L" "/opt/rustwide/rustup-home/toolchains/nightly-2024-10-28-x86_64-unknown-linux-gnu/lib/rustlib/x86_64-unknown-linux-gnu/lib" "-o" "/opt/rustwide/target/debug/examples/transforms-0d06eb571caa694d" "-Wl,--gc-sections" "-pie" "-Wl,-z,relro,-z,now" "-nodefaultlibs"
[INFO] [stdout]   = note: rust-lld: error: undefined symbol: cblas_zgemm
[INFO] [stdout]           >>> referenced by impl_linalg.rs:459 (/opt/rustwide/cargo-home/registry/src/index.crates.io-6f17d22bba15001f/ndarray-0.15.6/src/linalg/impl_linalg.rs:459)
[INFO] [stdout]           >>>               ndarray_vision-4e359ac955118355.ndarray_vision.da5bdea09e4ef07e-cgu.0.rcgu.o:(ndarray::linalg::impl_linalg::mat_mul_impl::ha1146fd7c7439f34) in archive /opt/rustwide/target/debug/deps/libndarray_vision-4e359ac955118355.rlib
[INFO] [stdout]           
[INFO] [stdout]           rust-lld: error: undefined symbol: cblas_cgemm
[INFO] [stdout]           >>> referenced by impl_linalg.rs:459 (/opt/rustwide/cargo-home/registry/src/index.crates.io-6f17d22bba15001f/ndarray-0.15.6/src/linalg/impl_linalg.rs:459)
[INFO] [stdout]           >>>               ndarray_vision-4e359ac955118355.ndarray_vision.da5bdea09e4ef07e-cgu.0.rcgu.o:(ndarray::linalg::impl_linalg::mat_mul_impl::ha1146fd7c7439f34) in archive /opt/rustwide/target/debug/deps/libndarray_vision-4e359ac955118355.rlib
[INFO] [stdout]           
[INFO] [stdout]           rust-lld: error: undefined symbol: cblas_dgemm
[INFO] [stdout]           >>> referenced by impl_linalg.rs:459 (/opt/rustwide/cargo-home/registry/src/index.crates.io-6f17d22bba15001f/ndarray-0.15.6/src/linalg/impl_linalg.rs:459)
[INFO] [stdout]           >>>               ndarray_vision-4e359ac955118355.ndarray_vision.da5bdea09e4ef07e-cgu.0.rcgu.o:(ndarray::linalg::impl_linalg::mat_mul_impl::ha1146fd7c7439f34) in archive /opt/rustwide/target/debug/deps/libndarray_vision-4e359ac955118355.rlib
[INFO] [stdout]           
[INFO] [stdout]           rust-lld: error: undefined symbol: cblas_sgemm
[INFO] [stdout]           >>> referenced by impl_linalg.rs:459 (/opt/rustwide/cargo-home/registry/src/index.crates.io-6f17d22bba15001f/ndarray-0.15.6/src/linalg/impl_linalg.rs:459)
[INFO] [stdout]           >>>               ndarray_vision-4e359ac955118355.ndarray_vision.da5bdea09e4ef07e-cgu.0.rcgu.o:(ndarray::linalg::impl_linalg::mat_mul_impl::ha1146fd7c7439f34) in archive /opt/rustwide/target/debug/deps/libndarray_vision-4e359ac955118355.rlib
[INFO] [stdout]           
[INFO] [stdout]           rust-lld: error: undefined symbol: dgetrf_
[INFO] [stdout]           >>> referenced by solve.rs:34 (src/solve.rs:34)
[INFO] [stdout]           >>>               lax-3b8bfc9fe3f7c7dd.lax.1f31cd3c5635d14a-cgu.05.rcgu.o:(_$LT$f64$u20$as$u20$lax..solve..LuImpl$GT$::lu::h410b10ae5d3aa137) in archive /opt/rustwide/target/debug/deps/liblax-3b8bfc9fe3f7c7dd.rlib
[INFO] [stdout]           
[INFO] [stdout]           rust-lld: error: undefined symbol: dgetri_
[INFO] [stdout]           >>> referenced by solve.rs:181 (src/solve.rs:181)
[INFO] [stdout]           >>>               lax-3b8bfc9fe3f7c7dd.lax.1f31cd3c5635d14a-cgu.05.rcgu.o:(_$LT$lax..solve..InvWork$LT$f64$GT$$u20$as$u20$lax..solve..InvWorkImpl$GT$::new::h1fea9016e1bbbfb3) in archive /opt/rustwide/target/debug/deps/liblax-3b8bfc9fe3f7c7dd.rlib
[INFO] [stdout]           >>> referenced by solve.rs:204 (src/solve.rs:204)
[INFO] [stdout]           >>>               lax-3b8bfc9fe3f7c7dd.lax.1f31cd3c5635d14a-cgu.05.rcgu.o:(_$LT$lax..solve..InvWork$LT$f64$GT$$u20$as$u20$lax..solve..InvWorkImpl$GT$::calc::hc43d3f61777868d8) in archive /opt/rustwide/target/debug/deps/liblax-3b8bfc9fe3f7c7dd.rlib
[INFO] [stdout]           collect2: error: ld returned 1 exit status
[INFO] [stdout]           
[INFO] [stdout] 
[INFO] [stdout] 
[INFO] [stderr] error: could not compile `ndarray-vision` (example "transforms") due to 1 previous error
[INFO] [stderr] warning: build failed, waiting for other jobs to finish...
[INFO] [stdout] warning: struct `Rect` is never constructed
[INFO] [stdout]   --> src/transform/mod.rs:78:8
[INFO] [stdout]    |
[INFO] [stdout] 78 | struct Rect {
[INFO] [stdout]    |        ^^^^
[INFO] [stdout]    |
[INFO] [stdout]    = note: `#[warn(dead_code)]` on by default
[INFO] [stdout] 
[INFO] [stdout] 
[INFO] [stdout] error: linking with `cc` failed: exit status: 1
[INFO] [stdout]   |
[INFO] [stdout]   = note: LC_ALL="C" PATH="/opt/rustwide/rustup-home/toolchains/nightly-2024-10-28-x86_64-unknown-linux-gnu/lib/rustlib/x86_64-unknown-linux-gnu/bin:/opt/rustwide/rustup-home/toolchains/nightly-2024-10-28-x86_64-unknown-linux-gnu/lib/rustlib/x86_64-unknown-linux-gnu/bin/self-contained:/opt/rustwide/cargo-home/bin:/usr/local/sbin:/usr/local/bin:/usr/sbin:/usr/bin:/sbin:/bin" VSLANG="1033" "cc" "-m64" "/tmp/rustc8hPJSL/symbols.o" "/opt/rustwide/target/debug/deps/ndarray_vision-e1dc6595236fdf18.ndarray_vision.c6e6d2b3f32faf71-cgu.00.rcgu.o" "/opt/rustwide/target/debug/deps/ndarray_vision-e1dc6595236fdf18.ndarray_vision.c6e6d2b3f32faf71-cgu.01.rcgu.o" "/opt/rustwide/target/debug/deps/ndarray_vision-e1dc6595236fdf18.ndarray_vision.c6e6d2b3f32faf71-cgu.02.rcgu.o" "/opt/rustwide/target/debug/deps/ndarray_vision-e1dc6595236fdf18.ndarray_vision.c6e6d2b3f32faf71-cgu.03.rcgu.o" "/opt/rustwide/target/debug/deps/ndarray_vision-e1dc6595236fdf18.ndarray_vision.c6e6d2b3f32faf71-cgu.04.rcgu.o" "/opt/rustwide/target/debug/deps/ndarray_vision-e1dc6595236fdf18.ndarray_vision.c6e6d2b3f32faf71-cgu.05.rcgu.o" "/opt/rustwide/target/debug/deps/ndarray_vision-e1dc6595236fdf18.ndarray_vision.c6e6d2b3f32faf71-cgu.06.rcgu.o" "/opt/rustwide/target/debug/deps/ndarray_vision-e1dc6595236fdf18.ndarray_vision.c6e6d2b3f32faf71-cgu.07.rcgu.o" "/opt/rustwide/target/debug/deps/ndarray_vision-e1dc6595236fdf18.ndarray_vision.c6e6d2b3f32faf71-cgu.08.rcgu.o" "/opt/rustwide/target/debug/deps/ndarray_vision-e1dc6595236fdf18.ndarray_vision.c6e6d2b3f32faf71-cgu.09.rcgu.o" "/opt/rustwide/target/debug/deps/ndarray_vision-e1dc6595236fdf18.ndarray_vision.c6e6d2b3f32faf71-cgu.10.rcgu.o" "/opt/rustwide/target/debug/deps/ndarray_vision-e1dc6595236fdf18.ndarray_vision.c6e6d2b3f32faf71-cgu.11.rcgu.o" "/opt/rustwide/target/debug/deps/ndarray_vision-e1dc6595236fdf18.ndarray_vision.c6e6d2b3f32faf71-cgu.12.rcgu.o" "/opt/rustwide/target/debug/deps/ndarray_vision-e1dc6595236fdf18.ndarray_vision.c6e6d2b3f32faf71-cgu.13.rcgu.o" "/opt/rustwide/target/debug/deps/ndarray_vision-e1dc6595236fdf18.ndarray_vision.c6e6d2b3f32faf71-cgu.14.rcgu.o" "/opt/rustwide/target/debug/deps/ndarray_vision-e1dc6595236fdf18.ndarray_vision.c6e6d2b3f32faf71-cgu.15.rcgu.o" "/opt/rustwide/target/debug/deps/ndarray_vision-e1dc6595236fdf18.7rk1aqiz8quhyhfoftf26pa6o.rcgu.o" "-Wl,--as-needed" "-Wl,-Bstatic" "/opt/rustwide/rustup-home/toolchains/nightly-2024-10-28-x86_64-unknown-linux-gnu/lib/rustlib/x86_64-unknown-linux-gnu/lib/libtest-a09fad3b5321e7d6.rlib" "/opt/rustwide/rustup-home/toolchains/nightly-2024-10-28-x86_64-unknown-linux-gnu/lib/rustlib/x86_64-unknown-linux-gnu/lib/libgetopts-f9c3dff41ad42661.rlib" "/opt/rustwide/rustup-home/toolchains/nightly-2024-10-28-x86_64-unknown-linux-gnu/lib/rustlib/x86_64-unknown-linux-gnu/lib/libunicode_width-ad2aef31af6addd3.rlib" "/opt/rustwide/rustup-home/toolchains/nightly-2024-10-28-x86_64-unknown-linux-gnu/lib/rustlib/x86_64-unknown-linux-gnu/lib/librustc_std_workspace_std-e3f907dc03deb913.rlib" "/opt/rustwide/target/debug/deps/libndarray_linalg-4a69c98a6d8c7a25.rlib" "/opt/rustwide/target/debug/deps/liblax-3b8bfc9fe3f7c7dd.rlib" "/opt/rustwide/target/debug/deps/liblapack_sys-b248b5dc35a33150.rlib" "/opt/rustwide/target/debug/deps/libthiserror-6625014d9dcada0d.rlib" "/opt/rustwide/target/debug/deps/libcauchy-8af7ed36da88a8a3.rlib" "/opt/rustwide/target/debug/deps/libassert_approx_eq-2de063622b46017a.rlib" "/opt/rustwide/target/debug/deps/libndarray_stats-09be74769e78b048.rlib" "/opt/rustwide/target/debug/deps/libindexmap-0b273f9e4b0c9e6b.rlib" "/opt/rustwide/target/debug/deps/libhashbrown-b50da1c079e7685f.rlib" "/opt/rustwide/target/debug/deps/libitertools-23811986bd2a9cf9.rlib" "/opt/rustwide/target/debug/deps/libeither-f2f7f1e0543ce606.rlib" "/opt/rustwide/target/debug/deps/libnoisy_float-433a6cbd5a1c2cf2.rlib" "/opt/rustwide/target/debug/deps/libndarray_rand-ed9269a79762a838.rlib" "/opt/rustwide/target/debug/deps/librand_distr-8a7138940e745271.rlib" "/opt/rustwide/target/debug/deps/libndarray-ed26373a8b6a522d.rlib" "/opt/rustwide/target/debug/deps/libmatrixmultiply-ba0f47dfd48958b6.rlib" "/opt/rustwide/target/debug/deps/libapprox-4813813f78100930.rlib" "/opt/rustwide/target/debug/deps/libnum_complex-ae9675f84dad3b83.rlib" "/opt/rustwide/target/debug/deps/libserde-607c2c9fe311c183.rlib" "/opt/rustwide/target/debug/deps/librand-973784cf8c298dec.rlib" "/opt/rustwide/target/debug/deps/librand_chacha-aef71fc83626ef45.rlib" "/opt/rustwide/target/debug/deps/libppv_lite86-905fd835b337451d.rlib" "/opt/rustwide/target/debug/deps/librand_core-a37d99a26491a49c.rlib" "/opt/rustwide/target/debug/deps/libgetrandom-864290775278f0b1.rlib" "/opt/rustwide/target/debug/deps/libcfg_if-57bf25c23e31efdb.rlib" "/opt/rustwide/target/debug/deps/libnum_integer-34c273719e6d2173.rlib" "/opt/rustwide/target/debug/deps/libnum_traits-dc1b6018ca0c4712.rlib" "/opt/rustwide/target/debug/deps/librawpointer-9a82b3d0237eca24.rlib" "/opt/rustwide/target/debug/deps/libcblas_sys-4b2fe6dbd7d14a30.rlib" "/opt/rustwide/target/debug/deps/liblibc-cfd7d6f7ac151829.rlib" "/opt/rustwide/rustup-home/toolchains/nightly-2024-10-28-x86_64-unknown-linux-gnu/lib/rustlib/x86_64-unknown-linux-gnu/lib/libstd-fb8c387236db3c10.rlib" "/opt/rustwide/rustup-home/toolchains/nightly-2024-10-28-x86_64-unknown-linux-gnu/lib/rustlib/x86_64-unknown-linux-gnu/lib/libpanic_unwind-b251837809b2f64b.rlib" "/opt/rustwide/rustup-home/toolchains/nightly-2024-10-28-x86_64-unknown-linux-gnu/lib/rustlib/x86_64-unknown-linux-gnu/lib/libobject-cbef83eaa4e01f04.rlib" "/opt/rustwide/rustup-home/toolchains/nightly-2024-10-28-x86_64-unknown-linux-gnu/lib/rustlib/x86_64-unknown-linux-gnu/lib/libmemchr-12a772286de2fca7.rlib" "/opt/rustwide/rustup-home/toolchains/nightly-2024-10-28-x86_64-unknown-linux-gnu/lib/rustlib/x86_64-unknown-linux-gnu/lib/libaddr2line-023bbe5ada7abfc3.rlib" "/opt/rustwide/rustup-home/toolchains/nightly-2024-10-28-x86_64-unknown-linux-gnu/lib/rustlib/x86_64-unknown-linux-gnu/lib/libgimli-de2bcdf10ec69c2b.rlib" "/opt/rustwide/rustup-home/toolchains/nightly-2024-10-28-x86_64-unknown-linux-gnu/lib/rustlib/x86_64-unknown-linux-gnu/lib/librustc_demangle-8e1754df350800fd.rlib" "/opt/rustwide/rustup-home/toolchains/nightly-2024-10-28-x86_64-unknown-linux-gnu/lib/rustlib/x86_64-unknown-linux-gnu/lib/libstd_detect-06c2ab7b9c32e037.rlib" "/opt/rustwide/rustup-home/toolchains/nightly-2024-10-28-x86_64-unknown-linux-gnu/lib/rustlib/x86_64-unknown-linux-gnu/lib/libhashbrown-51d2621fc57a281b.rlib" "/opt/rustwide/rustup-home/toolchains/nightly-2024-10-28-x86_64-unknown-linux-gnu/lib/rustlib/x86_64-unknown-linux-gnu/lib/librustc_std_workspace_alloc-54a930408793772f.rlib" "/opt/rustwide/rustup-home/toolchains/nightly-2024-10-28-x86_64-unknown-linux-gnu/lib/rustlib/x86_64-unknown-linux-gnu/lib/libminiz_oxide-0c7d01cba400dcb2.rlib" "/opt/rustwide/rustup-home/toolchains/nightly-2024-10-28-x86_64-unknown-linux-gnu/lib/rustlib/x86_64-unknown-linux-gnu/lib/libadler-b9f84d69e331b75b.rlib" "/opt/rustwide/rustup-home/toolchains/nightly-2024-10-28-x86_64-unknown-linux-gnu/lib/rustlib/x86_64-unknown-linux-gnu/lib/libunwind-eec95493246aae39.rlib" "/opt/rustwide/rustup-home/toolchains/nightly-2024-10-28-x86_64-unknown-linux-gnu/lib/rustlib/x86_64-unknown-linux-gnu/lib/libcfg_if-6f6676c475e08ab0.rlib" "/opt/rustwide/rustup-home/toolchains/nightly-2024-10-28-x86_64-unknown-linux-gnu/lib/rustlib/x86_64-unknown-linux-gnu/lib/liblibc-799d520624f8b2e0.rlib" "/opt/rustwide/rustup-home/toolchains/nightly-2024-10-28-x86_64-unknown-linux-gnu/lib/rustlib/x86_64-unknown-linux-gnu/lib/liballoc-fcf93d4842acd9a9.rlib" "/opt/rustwide/rustup-home/toolchains/nightly-2024-10-28-x86_64-unknown-linux-gnu/lib/rustlib/x86_64-unknown-linux-gnu/lib/librustc_std_workspace_core-395a38b8e0851c9b.rlib" "/opt/rustwide/rustup-home/toolchains/nightly-2024-10-28-x86_64-unknown-linux-gnu/lib/rustlib/x86_64-unknown-linux-gnu/lib/libcore-d453bab70303062c.rlib" "/opt/rustwide/rustup-home/toolchains/nightly-2024-10-28-x86_64-unknown-linux-gnu/lib/rustlib/x86_64-unknown-linux-gnu/lib/libcompiler_builtins-0e6386368b0a24e8.rlib" "-Wl,-Bdynamic" "-lgcc_s" "-lutil" "-lrt" "-lpthread" "-lm" "-ldl" "-lc" "-B/opt/rustwide/rustup-home/toolchains/nightly-2024-10-28-x86_64-unknown-linux-gnu/lib/rustlib/x86_64-unknown-linux-gnu/bin/gcc-ld" "-fuse-ld=lld" "-Wl,--eh-frame-hdr" "-Wl,-z,noexecstack" "-L" "/opt/rustwide/rustup-home/toolchains/nightly-2024-10-28-x86_64-unknown-linux-gnu/lib/rustlib/x86_64-unknown-linux-gnu/lib" "-o" "/opt/rustwide/target/debug/deps/ndarray_vision-e1dc6595236fdf18" "-Wl,--gc-sections" "-pie" "-Wl,-z,relro,-z,now" "-nodefaultlibs"
[INFO] [stdout]   = note: rust-lld: error: undefined symbol: cblas_zgemm
[INFO] [stdout]           >>> referenced by impl_linalg.rs:459 (/opt/rustwide/cargo-home/registry/src/index.crates.io-6f17d22bba15001f/ndarray-0.15.6/src/linalg/impl_linalg.rs:459)
[INFO] [stdout]           >>>               /opt/rustwide/target/debug/deps/ndarray_vision-e1dc6595236fdf18.ndarray_vision.c6e6d2b3f32faf71-cgu.05.rcgu.o:(ndarray::linalg::impl_linalg::mat_mul_impl::h9ed729701ebe3a11)
[INFO] [stdout]           
[INFO] [stdout]           rust-lld: error: undefined symbol: cblas_cgemm
[INFO] [stdout]           >>> referenced by impl_linalg.rs:459 (/opt/rustwide/cargo-home/registry/src/index.crates.io-6f17d22bba15001f/ndarray-0.15.6/src/linalg/impl_linalg.rs:459)
[INFO] [stdout]           >>>               /opt/rustwide/target/debug/deps/ndarray_vision-e1dc6595236fdf18.ndarray_vision.c6e6d2b3f32faf71-cgu.05.rcgu.o:(ndarray::linalg::impl_linalg::mat_mul_impl::h9ed729701ebe3a11)
[INFO] [stdout]           
[INFO] [stdout]           rust-lld: error: undefined symbol: cblas_dgemm
[INFO] [stdout]           >>> referenced by impl_linalg.rs:459 (/opt/rustwide/cargo-home/registry/src/index.crates.io-6f17d22bba15001f/ndarray-0.15.6/src/linalg/impl_linalg.rs:459)
[INFO] [stdout]           >>>               /opt/rustwide/target/debug/deps/ndarray_vision-e1dc6595236fdf18.ndarray_vision.c6e6d2b3f32faf71-cgu.05.rcgu.o:(ndarray::linalg::impl_linalg::mat_mul_impl::h9ed729701ebe3a11)
[INFO] [stdout]           
[INFO] [stdout]           rust-lld: error: undefined symbol: cblas_sgemm
[INFO] [stdout]           >>> referenced by impl_linalg.rs:459 (/opt/rustwide/cargo-home/registry/src/index.crates.io-6f17d22bba15001f/ndarray-0.15.6/src/linalg/impl_linalg.rs:459)
[INFO] [stdout]           >>>               /opt/rustwide/target/debug/deps/ndarray_vision-e1dc6595236fdf18.ndarray_vision.c6e6d2b3f32faf71-cgu.05.rcgu.o:(ndarray::linalg::impl_linalg::mat_mul_impl::h9ed729701ebe3a11)
[INFO] [stdout]           
[INFO] [stdout]           rust-lld: error: undefined symbol: cblas_sgemv
[INFO] [stdout]           >>> referenced by impl_linalg.rs:731 (/opt/rustwide/cargo-home/registry/src/index.crates.io-6f17d22bba15001f/ndarray-0.15.6/src/linalg/impl_linalg.rs:731)
[INFO] [stdout]           >>>               /opt/rustwide/target/debug/deps/ndarray_vision-e1dc6595236fdf18.ndarray_vision.c6e6d2b3f32faf71-cgu.05.rcgu.o:(ndarray::linalg::impl_linalg::general_mat_vec_mul_impl::h0cc3d0d339cb0d02)
[INFO] [stdout]           
[INFO] [stdout]           rust-lld: error: undefined symbol: cblas_dgemv
[INFO] [stdout]           >>> referenced by impl_linalg.rs:731 (/opt/rustwide/cargo-home/registry/src/index.crates.io-6f17d22bba15001f/ndarray-0.15.6/src/linalg/impl_linalg.rs:731)
[INFO] [stdout]           >>>               /opt/rustwide/target/debug/deps/ndarray_vision-e1dc6595236fdf18.ndarray_vision.c6e6d2b3f32faf71-cgu.05.rcgu.o:(ndarray::linalg::impl_linalg::general_mat_vec_mul_impl::h0cc3d0d339cb0d02)
[INFO] [stdout]           
[INFO] [stdout]           rust-lld: error: undefined symbol: dgetrf_
[INFO] [stdout]           >>> referenced by solve.rs:34 (src/solve.rs:34)
[INFO] [stdout]           >>>               lax-3b8bfc9fe3f7c7dd.lax.1f31cd3c5635d14a-cgu.05.rcgu.o:(_$LT$f64$u20$as$u20$lax..solve..LuImpl$GT$::lu::h410b10ae5d3aa137) in archive /opt/rustwide/target/debug/deps/liblax-3b8bfc9fe3f7c7dd.rlib
[INFO] [stdout]           
[INFO] [stdout]           rust-lld: error: undefined symbol: dgetri_
[INFO] [stdout]           >>> referenced by solve.rs:181 (src/solve.rs:181)
[INFO] [stdout]           >>>               lax-3b8bfc9fe3f7c7dd.lax.1f31cd3c5635d14a-cgu.05.rcgu.o:(_$LT$lax..solve..InvWork$LT$f64$GT$$u20$as$u20$lax..solve..InvWorkImpl$GT$::new::h1fea9016e1bbbfb3) in archive /opt/rustwide/target/debug/deps/liblax-3b8bfc9fe3f7c7dd.rlib
[INFO] [stdout]           >>> referenced by solve.rs:204 (src/solve.rs:204)
[INFO] [stdout]           >>>               lax-3b8bfc9fe3f7c7dd.lax.1f31cd3c5635d14a-cgu.05.rcgu.o:(_$LT$lax..solve..InvWork$LT$f64$GT$$u20$as$u20$lax..solve..InvWorkImpl$GT$::calc::hc43d3f61777868d8) in archive /opt/rustwide/target/debug/deps/liblax-3b8bfc9fe3f7c7dd.rlib
[INFO] [stdout]           
[INFO] [stdout]           rust-lld: error: undefined symbol: cblas_ddot
[INFO] [stdout]           >>> referenced by impl_linalg.rs:122 (/opt/rustwide/cargo-home/registry/src/index.crates.io-6f17d22bba15001f/ndarray-0.15.6/src/linalg/impl_linalg.rs:122)
[INFO] [stdout]           >>>               /opt/rustwide/target/debug/deps/ndarray_vision-e1dc6595236fdf18.ndarray_vision.c6e6d2b3f32faf71-cgu.00.rcgu.o:(ndarray::linalg::impl_linalg::_$LT$impl$u20$ndarray..ArrayBase$LT$S$C$ndarray..dimension..dim..Dim$LT$$u5b$usize$u3b$$u20$1$u5d$$GT$$GT$$GT$::dot_impl::h32c3aede497f52e5)
[INFO] [stdout]           
[INFO] [stdout]           rust-lld: error: undefined symbol: cblas_sdot
[INFO] [stdout]           >>> referenced by impl_linalg.rs:122 (/opt/rustwide/cargo-home/registry/src/index.crates.io-6f17d22bba15001f/ndarray-0.15.6/src/linalg/impl_linalg.rs:122)
[INFO] [stdout]           >>>               /opt/rustwide/target/debug/deps/ndarray_vision-e1dc6595236fdf18.ndarray_vision.c6e6d2b3f32faf71-cgu.00.rcgu.o:(ndarray::linalg::impl_linalg::_$LT$impl$u20$ndarray..ArrayBase$LT$S$C$ndarray..dimension..dim..Dim$LT$$u5b$usize$u3b$$u20$1$u5d$$GT$$GT$$GT$::dot_impl::h32c3aede497f52e5)
[INFO] [stdout]           collect2: error: ld returned 1 exit status
[INFO] [stdout]           
[INFO] [stdout] 
[INFO] [stdout] 
[INFO] [stderr] error: could not compile `ndarray-vision` (lib test) due to 1 previous error; 1 warning emitted
[INFO] running `Command { std: "docker" "inspect" "2cb79744d4fe242423989cdda3d2c0e62e70a50ff84b315fe84e0614c35ad251", kill_on_drop: false }`
[INFO] running `Command { std: "docker" "rm" "-f" "2cb79744d4fe242423989cdda3d2c0e62e70a50ff84b315fe84e0614c35ad251", kill_on_drop: false }`
[INFO] [stdout] 2cb79744d4fe242423989cdda3d2c0e62e70a50ff84b315fe84e0614c35ad251
