[INFO] fetching crate ncpig 0.4.0...
[INFO] testing ncpig-0.4.0 against nightly-2024-10-28+rustflags=-Zrandomize-layout for randomize-layout
[INFO] extracting crate ncpig 0.4.0 into /workspace/builds/worker-5-tc2/source
[INFO] validating manifest of crates.io crate ncpig 0.4.0 on toolchain nightly-2024-10-28
[INFO] running `Command { std: CARGO_HOME="/workspace/cargo-home" RUSTUP_HOME="/workspace/rustup-home" "/workspace/cargo-home/bin/cargo" "+nightly-2024-10-28" "metadata" "--manifest-path" "Cargo.toml" "--no-deps", kill_on_drop: false }`
[INFO] started tweaking crates.io crate ncpig 0.4.0
[INFO] removed 0 missing examples
[INFO] removed 0 missing tests
[INFO] finished tweaking crates.io crate ncpig 0.4.0
[INFO] tweaked toml for crates.io crate ncpig 0.4.0 written to /workspace/builds/worker-5-tc2/source/Cargo.toml
[INFO] crate crates.io crate ncpig 0.4.0 already has a lockfile, it will not be regenerated
[INFO] running `Command { std: CARGO_HOME="/workspace/cargo-home" RUSTUP_HOME="/workspace/rustup-home" "/workspace/cargo-home/bin/cargo" "+nightly-2024-10-28" "fetch" "--manifest-path" "Cargo.toml", kill_on_drop: false }`
[INFO] running `Command { std: "docker" "create" "-v" "/var/lib/crater-agent-workspace/builds/worker-5-tc2/target:/opt/rustwide/target:rw,Z" "-v" "/var/lib/crater-agent-workspace/builds/worker-5-tc2/source:/opt/rustwide/workdir:ro,Z" "-v" "/var/lib/crater-agent-workspace/cargo-home:/opt/rustwide/cargo-home:ro,Z" "-v" "/var/lib/crater-agent-workspace/rustup-home:/opt/rustwide/rustup-home:ro,Z" "-e" "SOURCE_DIR=/opt/rustwide/workdir" "-e" "CARGO_TARGET_DIR=/opt/rustwide/target" "-e" "CARGO_HOME=/opt/rustwide/cargo-home" "-e" "RUSTUP_HOME=/opt/rustwide/rustup-home" "-w" "/opt/rustwide/workdir" "-m" "1610612736" "--user" "0:0" "--network" "none" "ghcr.io/rust-lang/crates-build-env/linux@sha256:4a844ea9eb2546a2d2c7022eacef16ef2e8229c7fbb2c7d4d55a9ceca922f72d" "/opt/rustwide/cargo-home/bin/cargo" "+nightly-2024-10-28" "metadata" "--no-deps" "--format-version=1", kill_on_drop: false }`
[INFO] [stdout] c01ed5b61424bd04f883fdf099be2f25362677d6352b60b0d43bd29361fa541f
[INFO] running `Command { std: "docker" "start" "-a" "c01ed5b61424bd04f883fdf099be2f25362677d6352b60b0d43bd29361fa541f", kill_on_drop: false }`
[INFO] running `Command { std: "docker" "inspect" "c01ed5b61424bd04f883fdf099be2f25362677d6352b60b0d43bd29361fa541f", kill_on_drop: false }`
[INFO] running `Command { std: "docker" "rm" "-f" "c01ed5b61424bd04f883fdf099be2f25362677d6352b60b0d43bd29361fa541f", kill_on_drop: false }`
[INFO] [stdout] c01ed5b61424bd04f883fdf099be2f25362677d6352b60b0d43bd29361fa541f
[INFO] running `Command { std: "docker" "create" "-v" "/var/lib/crater-agent-workspace/builds/worker-5-tc2/target:/opt/rustwide/target:rw,Z" "-v" "/var/lib/crater-agent-workspace/builds/worker-5-tc2/source:/opt/rustwide/workdir:ro,Z" "-v" "/var/lib/crater-agent-workspace/cargo-home:/opt/rustwide/cargo-home:ro,Z" "-v" "/var/lib/crater-agent-workspace/rustup-home:/opt/rustwide/rustup-home:ro,Z" "-e" "SOURCE_DIR=/opt/rustwide/workdir" "-e" "CARGO_TARGET_DIR=/opt/rustwide/target" "-e" "CARGO_INCREMENTAL=0" "-e" "RUST_BACKTRACE=full" "-e" "RUSTFLAGS=--cap-lints=forbid -Zrandomize-layout" "-e" "RUSTDOCFLAGS=--cap-lints=forbid" "-e" "CARGO_HOME=/opt/rustwide/cargo-home" "-e" "RUSTUP_HOME=/opt/rustwide/rustup-home" "-w" "/opt/rustwide/workdir" "-m" "1610612736" "--user" "0:0" "--network" "none" "ghcr.io/rust-lang/crates-build-env/linux@sha256:4a844ea9eb2546a2d2c7022eacef16ef2e8229c7fbb2c7d4d55a9ceca922f72d" "/opt/rustwide/cargo-home/bin/cargo" "+nightly-2024-10-28" "build" "--frozen" "--message-format=json", kill_on_drop: false }`
[INFO] [stdout] 182d0dbaf10fbd8fee79c8ad4008edc2581a410fc88a38725f71f8f02b4d16d8
[INFO] running `Command { std: "docker" "start" "-a" "182d0dbaf10fbd8fee79c8ad4008edc2581a410fc88a38725f71f8f02b4d16d8", kill_on_drop: false }`
[INFO] [stderr]    Compiling proc-macro2 v1.0.86
[INFO] [stderr]    Compiling libc v0.2.155
[INFO] [stderr]    Compiling unicode-ident v1.0.12
[INFO] [stderr]    Compiling cfg-if v1.0.0
[INFO] [stderr]    Compiling thiserror v1.0.61
[INFO] [stderr]    Compiling anyhow v1.0.86
[INFO] [stderr]    Compiling ppv-lite86 v0.2.17
[INFO] [stderr]    Compiling equivalent v1.0.1
[INFO] [stderr]    Compiling hashbrown v0.14.5
[INFO] [stderr]    Compiling fixedbitset v0.4.2
[INFO] [stderr]    Compiling either v1.12.0
[INFO] [stderr]    Compiling log v0.4.21
[INFO] [stderr]    Compiling itertools v0.13.0
[INFO] [stderr]    Compiling quote v1.0.37
[INFO] [stderr]    Compiling indexmap v2.5.0
[INFO] [stderr]    Compiling syn v2.0.79
[INFO] [stderr]    Compiling getrandom v0.2.15
[INFO] [stderr]    Compiling rand_core v0.6.4
[INFO] [stderr]    Compiling petgraph v0.6.5
[INFO] [stderr]    Compiling rand_chacha v0.3.1
[INFO] [stderr]    Compiling rand v0.8.5
[INFO] [stderr]    Compiling thiserror-impl v1.0.61
[INFO] [stderr]    Compiling ncpig v0.4.0 (/opt/rustwide/workdir)
[INFO] [stderr]     Finished `dev` profile [unoptimized + debuginfo] target(s) in 2.80s
[INFO] running `Command { std: "docker" "inspect" "182d0dbaf10fbd8fee79c8ad4008edc2581a410fc88a38725f71f8f02b4d16d8", kill_on_drop: false }`
[INFO] running `Command { std: "docker" "rm" "-f" "182d0dbaf10fbd8fee79c8ad4008edc2581a410fc88a38725f71f8f02b4d16d8", kill_on_drop: false }`
[INFO] [stdout] 182d0dbaf10fbd8fee79c8ad4008edc2581a410fc88a38725f71f8f02b4d16d8
[INFO] running `Command { std: "docker" "create" "-v" "/var/lib/crater-agent-workspace/builds/worker-5-tc2/target:/opt/rustwide/target:rw,Z" "-v" "/var/lib/crater-agent-workspace/builds/worker-5-tc2/source:/opt/rustwide/workdir:ro,Z" "-v" "/var/lib/crater-agent-workspace/cargo-home:/opt/rustwide/cargo-home:ro,Z" "-v" "/var/lib/crater-agent-workspace/rustup-home:/opt/rustwide/rustup-home:ro,Z" "-e" "SOURCE_DIR=/opt/rustwide/workdir" "-e" "CARGO_TARGET_DIR=/opt/rustwide/target" "-e" "CARGO_INCREMENTAL=0" "-e" "RUST_BACKTRACE=full" "-e" "RUSTFLAGS=--cap-lints=forbid -Zrandomize-layout" "-e" "RUSTDOCFLAGS=--cap-lints=forbid" "-e" "CARGO_HOME=/opt/rustwide/cargo-home" "-e" "RUSTUP_HOME=/opt/rustwide/rustup-home" "-w" "/opt/rustwide/workdir" "-m" "1610612736" "--user" "0:0" "--network" "none" "ghcr.io/rust-lang/crates-build-env/linux@sha256:4a844ea9eb2546a2d2c7022eacef16ef2e8229c7fbb2c7d4d55a9ceca922f72d" "/opt/rustwide/cargo-home/bin/cargo" "+nightly-2024-10-28" "test" "--frozen" "--no-run" "--message-format=json", kill_on_drop: false }`
[INFO] [stdout] ee4318f0f96359734300de47b3e1923b2e1dc7f090cfa51c1a59644d8a3979ac
[INFO] running `Command { std: "docker" "start" "-a" "ee4318f0f96359734300de47b3e1923b2e1dc7f090cfa51c1a59644d8a3979ac", kill_on_drop: false }`
[INFO] [stderr]    Compiling proc-macro2 v1.0.86
[INFO] [stderr]    Compiling libc v0.2.155
[INFO] [stderr]    Compiling crossbeam-utils v0.8.20
[INFO] [stderr]    Compiling serde v1.0.203
[INFO] [stderr]    Compiling memchr v2.7.4
[INFO] [stderr]    Compiling regex-syntax v0.8.4
[INFO] [stderr]    Compiling autocfg v1.3.0
[INFO] [stderr]    Compiling anstyle v1.0.7
[INFO] [stderr]    Compiling serde_json v1.0.117
[INFO] [stderr]    Compiling rayon-core v1.12.1
[INFO] [stderr]    Compiling num-traits v0.2.19
[INFO] [stderr]    Compiling half v2.4.1
[INFO] [stderr]    Compiling ryu v1.0.18
[INFO] [stderr]    Compiling aho-corasick v1.1.3
[INFO] [stderr]    Compiling crossbeam-epoch v0.9.18
[INFO] [stderr]    Compiling quote v1.0.37
[INFO] [stderr]    Compiling plotters-backend v0.3.6
[INFO] [stderr]    Compiling getrandom v0.2.15
[INFO] [stderr]    Compiling crossbeam-deque v0.8.5
[INFO] [stderr]    Compiling syn v2.0.79
[INFO] [stderr]    Compiling rand_core v0.6.4
[INFO] [stderr]    Compiling itoa v1.0.11
[INFO] [stderr]    Compiling log v0.4.21
[INFO] [stderr]    Compiling clap_lex v0.7.1
[INFO] [stderr]    Compiling ciborium-io v0.2.2
[INFO] [stderr]    Compiling utf8parse v0.2.2
[INFO] [stderr]    Compiling ciborium-ll v0.2.2
[INFO] [stderr]    Compiling clap_builder v4.5.7
[INFO] [stderr]    Compiling anstyle-parse v0.2.4
[INFO] [stderr]    Compiling rand_chacha v0.3.1
[INFO] [stderr]    Compiling plotters-svg v0.3.6
[INFO] [stderr]    Compiling regex-automata v0.4.7
[INFO] [stderr]    Compiling itertools v0.10.5
[INFO] [stderr]    Compiling cast v0.3.0
[INFO] [stderr]    Compiling same-file v1.0.6
[INFO] [stderr]    Compiling is_terminal_polyfill v1.70.0
[INFO] [stderr]    Compiling anstyle-query v1.1.0
[INFO] [stderr]    Compiling colorchoice v1.0.1
[INFO] [stderr]    Compiling lazy_static v1.4.0
[INFO] [stderr]    Compiling colored v2.1.0
[INFO] [stderr]    Compiling anstream v0.6.14
[INFO] [stderr]    Compiling clap v4.5.7
[INFO] [stderr]    Compiling walkdir v2.5.0
[INFO] [stderr]    Compiling plotters v0.3.6
[INFO] [stderr]    Compiling rayon v1.10.0
[INFO] [stderr]    Compiling criterion-plot v0.5.0
[INFO] [stderr]    Compiling rand v0.8.5
[INFO] [stderr]    Compiling regex v1.10.5
[INFO] [stderr]    Compiling is-terminal v0.4.12
[INFO] [stderr]    Compiling unicode-width v0.1.14
[INFO] [stderr]    Compiling env_filter v0.1.0
[INFO] [stderr]    Compiling anes v0.1.6
[INFO] [stderr]    Compiling once_cell v1.19.0
[INFO] [stderr]    Compiling oorandom v11.1.3
[INFO] [stderr]    Compiling smawk v0.3.2
[INFO] [stderr]    Compiling unicode-linebreak v0.1.5
[INFO] [stderr]    Compiling humantime v2.1.0
[INFO] [stderr]    Compiling criterion-macro v0.4.0
[INFO] [stderr]    Compiling env_logger v0.11.3
[INFO] [stderr]    Compiling textwrap v0.16.1
[INFO] [stderr]    Compiling serde_derive v1.0.203
[INFO] [stderr]    Compiling thiserror-impl v1.0.61
[INFO] [stderr]    Compiling fickle-macros v0.2.1
[INFO] [stderr]    Compiling fickle v0.2.1
[INFO] [stderr]    Compiling thiserror v1.0.61
[INFO] [stderr]    Compiling ncpig v0.4.0 (/opt/rustwide/workdir)
[INFO] [stderr]    Compiling ciborium v0.2.2
[INFO] [stderr]    Compiling tinytemplate v1.2.1
[INFO] [stderr]    Compiling criterion v0.5.1
[INFO] [stdout] error[E0433]: failed to resolve: use of undeclared crate or module `ncpig_testing`
[INFO] [stdout]  --> examples/mcts_numberclaim.rs:4:5
[INFO] [stdout]   |
[INFO] [stdout] 4 | use ncpig_testing::number_claim::*;
[INFO] [stdout]   |     ^^^^^^^^^^^^^ use of undeclared crate or module `ncpig_testing`
[INFO] [stdout] 
[INFO] [stdout] 
[INFO] [stdout] error[E0433]: failed to resolve: use of undeclared crate or module `ncpig_testing`
[INFO] [stdout]  --> examples/tic_tac_toe_random.rs:4:5
[INFO] [stdout]   |
[INFO] [stdout] 4 | use ncpig_testing::tic_tac_toe::*;
[INFO] [stdout]   |     ^^^^^^^^^^^^^ use of undeclared crate or module `ncpig_testing`
[INFO] [stdout] 
[INFO] [stdout] 
[INFO] [stdout] error[E0433]: failed to resolve: use of undeclared crate or module `ncpig_testing`
[INFO] [stdout]  --> tests/random.rs:2:5
[INFO] [stdout]   |
[INFO] [stdout] 2 | use ncpig_testing::dots_and_boxes::*;
[INFO] [stdout]   |     ^^^^^^^^^^^^^ use of undeclared crate or module `ncpig_testing`
[INFO] [stdout] 
[INFO] [stdout] 
[INFO] [stdout] error[E0433]: failed to resolve: use of undeclared crate or module `ncpig_testing`
[INFO] [stdout]  --> tests/random.rs:3:5
[INFO] [stdout]   |
[INFO] [stdout] 3 | use ncpig_testing::number_claim::*;
[INFO] [stdout]   |     ^^^^^^^^^^^^^ use of undeclared crate or module `ncpig_testing`
[INFO] [stdout] 
[INFO] [stdout] 
[INFO] [stdout] error[E0433]: failed to resolve: use of undeclared crate or module `ncpig_testing`
[INFO] [stdout]  --> tests/random.rs:4:5
[INFO] [stdout]   |
[INFO] [stdout] 4 | use ncpig_testing::tic_tac_toe::*;
[INFO] [stdout]   |     ^^^^^^^^^^^^^ use of undeclared crate or module `ncpig_testing`
[INFO] [stdout] 
[INFO] [stdout] 
[INFO] [stdout] error[E0432]: unresolved imports `ncpig_testing::dots_and_boxes::*`, `ncpig_testing::number_claim::*`, `ncpig_testing::tic_tac_toe::*`
[INFO] [stdout]  --> tests/random.rs:2:5
[INFO] [stdout]   |
[INFO] [stdout] 2 | use ncpig_testing::dots_and_boxes::*;
[INFO] [stdout]   |     ^^^^^^^^^^^^^^^^^^^^^^^^^^^^^^^^
[INFO] [stdout] 3 | use ncpig_testing::number_claim::*;
[INFO] [stdout]   |     ^^^^^^^^^^^^^^^^^^^^^^^^^^^^^^
[INFO] [stdout] 4 | use ncpig_testing::tic_tac_toe::*;
[INFO] [stdout]   |     ^^^^^^^^^^^^^^^^^^^^^^^^^^^^^
[INFO] [stdout] 
[INFO] [stdout] 
[INFO] [stdout] error[E0433]: failed to resolve: use of undeclared crate or module `ncpig_testing`
[INFO] [stdout]  --> tests/mcts.rs:3:5
[INFO] [stdout]   |
[INFO] [stdout] 3 | use ncpig_testing::number_claim::*;
[INFO] [stdout]   |     ^^^^^^^^^^^^^ use of undeclared crate or module `ncpig_testing`
[INFO] [stdout] 
[INFO] [stdout] 
[INFO] [stdout] error[E0433]: failed to resolve: use of undeclared crate or module `ncpig_testing`
[INFO] [stdout]  --> tests/mcts.rs:4:5
[INFO] [stdout]   |
[INFO] [stdout] 4 | use ncpig_testing::tic_tac_toe::*;
[INFO] [stdout]   |     ^^^^^^^^^^^^^ use of undeclared crate or module `ncpig_testing`
[INFO] [stdout] 
[INFO] [stdout] 
[INFO] [stdout] error[E0432]: unresolved imports `ncpig_testing::number_claim::*`, `ncpig_testing::tic_tac_toe::*`
[INFO] [stdout]  --> tests/mcts.rs:3:5
[INFO] [stdout]   |
[INFO] [stdout] 3 | use ncpig_testing::number_claim::*;
[INFO] [stdout]   |     ^^^^^^^^^^^^^^^^^^^^^^^^^^^^^^
[INFO] [stdout] 4 | use ncpig_testing::tic_tac_toe::*;
[INFO] [stdout]   |     ^^^^^^^^^^^^^^^^^^^^^^^^^^^^^
[INFO] [stdout] 
[INFO] [stdout] 
[INFO] [stdout] error[E0433]: failed to resolve: use of undeclared crate or module `ncpig_testing`
[INFO] [stdout]  --> examples/user_vs_machine.rs:4:5
[INFO] [stdout]   |
[INFO] [stdout] 4 | use ncpig_testing::dots_and_boxes::*;
[INFO] [stdout]   |     ^^^^^^^^^^^^^ use of undeclared crate or module `ncpig_testing`
[INFO] [stdout] 
[INFO] [stdout] 
[INFO] [stdout] error[E0433]: failed to resolve: use of undeclared crate or module `ncpig_testing`
[INFO] [stdout]  --> examples/dots_and_boxes_maxn.rs:4:5
[INFO] [stdout]   |
[INFO] [stdout] 4 | use ncpig_testing::dots_and_boxes::*;
[INFO] [stdout]   |     ^^^^^^^^^^^^^ use of undeclared crate or module `ncpig_testing`
[INFO] [stdout] 
[INFO] [stdout] 
[INFO] [stdout] error[E0433]: failed to resolve: use of undeclared crate or module `ncpig_testing`
[INFO] [stdout]  --> tests/maxn.rs:3:5
[INFO] [stdout]   |
[INFO] [stdout] 3 | use ncpig_testing::number_claim::*;
[INFO] [stdout]   |     ^^^^^^^^^^^^^ use of undeclared crate or module `ncpig_testing`
[INFO] [stdout] 
[INFO] [stdout] 
[INFO] [stdout] error[E0412]: cannot find type `NumberClaim` in this scope
[INFO] [stdout]  --> examples/mcts_numberclaim.rs:8:15
[INFO] [stdout]   |
[INFO] [stdout] 8 |     let game: NumberClaim<2, 3> = NumberClaim::new([0, 5, 4])?;
[INFO] [stdout]   |               ^^^^^^^^^^^ not found in this scope
[INFO] [stdout] 
[INFO] [stdout] 
[INFO] [stdout] error[E0433]: failed to resolve: use of undeclared type `NumberClaim`
[INFO] [stdout]  --> examples/mcts_numberclaim.rs:8:35
[INFO] [stdout]   |
[INFO] [stdout] 8 |     let game: NumberClaim<2, 3> = NumberClaim::new([0, 5, 4])?;
[INFO] [stdout]   |                                   ^^^^^^^^^^^ use of undeclared type `NumberClaim`
[INFO] [stdout] 
[INFO] [stdout] 
[INFO] [stdout] error[E0433]: failed to resolve: use of undeclared type `NumberClaimState`
[INFO] [stdout]  --> examples/mcts_numberclaim.rs:9:21
[INFO] [stdout]   |
[INFO] [stdout] 9 |     let mut state = NumberClaimState::default();
[INFO] [stdout]   |                     ^^^^^^^^^^^^^^^^ use of undeclared type `NumberClaimState`
[INFO] [stdout] 
[INFO] [stdout] 
[INFO] [stdout] error[E0425]: cannot find value `TicTacToe` in this scope
[INFO] [stdout]  --> examples/tic_tac_toe_random.rs:8:16
[INFO] [stdout]   |
[INFO] [stdout] 8 |     let game = TicTacToe;
[INFO] [stdout]   |                ^^^^^^^^^ not found in this scope
[INFO] [stdout] 
[INFO] [stdout] 
[INFO] [stdout] error[E0433]: failed to resolve: use of undeclared type `TicTacToeState`
[INFO] [stdout]  --> examples/tic_tac_toe_random.rs:9:22
[INFO] [stdout]   |
[INFO] [stdout] 9 |     let init_state = TicTacToeState::default();
[INFO] [stdout]   |                      ^^^^^^^^^^^^^^ use of undeclared type `TicTacToeState`
[INFO] [stdout] 
[INFO] [stdout] 
[INFO] [stdout] Some errors have detailed explanations: E0412, E0433.
[INFO] [stdout] 
[INFO] [stdout] For more information about an error, try `rustc --explain E0412`.
[INFO] [stdout] 
[INFO] [stdout] error[E0412]: cannot find type `DotsAndBoxes` in this scope
[INFO] [stdout]  --> examples/dots_and_boxes_maxn.rs:8:15
[INFO] [stdout]   |
[INFO] [stdout] 8 |     let game: DotsAndBoxes<3, 5, 5> = DotsAndBoxes::new([
[INFO] [stdout]   |               ^^^^^^^^^^^^ not found in this scope
[INFO] [stdout] 
[INFO] [stdout] 
[INFO] [stdout] error[E0433]: failed to resolve: use of undeclared type `DotsAndBoxes`
[INFO] [stdout]  --> examples/dots_and_boxes_maxn.rs:8:39
[INFO] [stdout]   |
[INFO] [stdout] 8 |     let game: DotsAndBoxes<3, 5, 5> = DotsAndBoxes::new([
[INFO] [stdout]   |                                       ^^^^^^^^^^^^ use of undeclared type `DotsAndBoxes`
[INFO] [stdout] 
[INFO] [stdout] 
[INFO] [stdout] error[E0433]: failed to resolve: use of undeclared type `DotsAndBoxesPlayer`
[INFO] [stdout]  --> examples/dots_and_boxes_maxn.rs:9:9
[INFO] [stdout]   |
[INFO] [stdout] 9 |         DotsAndBoxesPlayer::Red,
[INFO] [stdout]   |         ^^^^^^^^^^^^^^^^^^ use of undeclared type `DotsAndBoxesPlayer`
[INFO] [stdout] 
[INFO] [stdout] 
[INFO] [stdout] error[E0433]: failed to resolve: use of undeclared type `DotsAndBoxesPlayer`
[INFO] [stdout]   --> examples/dots_and_boxes_maxn.rs:10:9
[INFO] [stdout]    |
[INFO] [stdout] 10 |         DotsAndBoxesPlayer::Blue,
[INFO] [stdout]    |         ^^^^^^^^^^^^^^^^^^ use of undeclared type `DotsAndBoxesPlayer`
[INFO] [stdout] 
[INFO] [stdout] 
[INFO] [stdout] error[E0433]: failed to resolve: use of undeclared type `DotsAndBoxesPlayer`
[INFO] [stdout]   --> examples/dots_and_boxes_maxn.rs:11:9
[INFO] [stdout]    |
[INFO] [stdout] 11 |         DotsAndBoxesPlayer::Green,
[INFO] [stdout]    |         ^^^^^^^^^^^^^^^^^^ use of undeclared type `DotsAndBoxesPlayer`
[INFO] [stdout] 
[INFO] [stdout] 
[INFO] [stdout] error[E0433]: failed to resolve: use of undeclared type `DotsAndBoxesState`
[INFO] [stdout]   --> examples/dots_and_boxes_maxn.rs:13:21
[INFO] [stdout]    |
[INFO] [stdout] 13 |     let mut state = DotsAndBoxesState::default();
[INFO] [stdout]    |                     ^^^^^^^^^^^^^^^^^ use of undeclared type `DotsAndBoxesState`
[INFO] [stdout] 
[INFO] [stdout] 
[INFO] [stdout] error[E0433]: failed to resolve: use of undeclared type `TicTacToePlayer`
[INFO] [stdout]   --> examples/tic_tac_toe_random.rs:14:20
[INFO] [stdout]    |
[INFO] [stdout] 14 |     if game.score(&TicTacToePlayer::X, &final_state)?
[INFO] [stdout]    |                    ^^^^^^^^^^^^^^^ use of undeclared type `TicTacToePlayer`
[INFO] [stdout] 
[INFO] [stdout] 
[INFO] [stdout] error[E0433]: failed to resolve: use of undeclared type `TicTacToePlayer`
[INFO] [stdout]   --> examples/tic_tac_toe_random.rs:15:24
[INFO] [stdout]    |
[INFO] [stdout] 15 |         == game.score(&TicTacToePlayer::O, &final_state)?
[INFO] [stdout]    |                        ^^^^^^^^^^^^^^^ use of undeclared type `TicTacToePlayer`
[INFO] [stdout] 
[INFO] [stdout] 
[INFO] [stdout] error[E0433]: failed to resolve: use of undeclared type `TicTacToePlayer`
[INFO] [stdout]   --> examples/tic_tac_toe_random.rs:18:27
[INFO] [stdout]    |
[INFO] [stdout] 18 |     } else if game.score(&TicTacToePlayer::X, &final_state)?
[INFO] [stdout]    |                           ^^^^^^^^^^^^^^^ use of undeclared type `TicTacToePlayer`
[INFO] [stdout] 
[INFO] [stdout] 
[INFO] [stdout] error[E0433]: failed to resolve: use of undeclared type `TicTacToePlayer`
[INFO] [stdout]   --> examples/tic_tac_toe_random.rs:19:24
[INFO] [stdout]    |
[INFO] [stdout] 19 |         >= game.score(&TicTacToePlayer::O, &final_state)?
[INFO] [stdout]    |                        ^^^^^^^^^^^^^^^ use of undeclared type `TicTacToePlayer`
[INFO] [stdout] 
[INFO] [stdout] 
[INFO] [stderr] error: could not compile `ncpig` (example "mcts_numberclaim") due to 4 previous errors
[INFO] [stderr] warning: build failed, waiting for other jobs to finish...
[INFO] [stdout] Some errors have detailed explanations: E0425, E0433.
[INFO] [stdout] 
[INFO] [stdout] For more information about an error, try `rustc --explain E0425`.
[INFO] [stdout] 
[INFO] [stdout] Some errors have detailed explanations: E0412, E0433.
[INFO] [stdout] 
[INFO] [stdout] For more information about an error, try `rustc --explain E0412`.
[INFO] [stdout] 
[INFO] [stderr] error: could not compile `ncpig` (example "tic_tac_toe_random") due to 7 previous errors
[INFO] [stderr] error: could not compile `ncpig` (example "dots_and_boxes_maxn") due to 7 previous errors
[INFO] [stdout] error[E0412]: cannot find type `NumberClaim` in this scope
[INFO] [stdout]   --> tests/mcts.rs:11:15
[INFO] [stdout]    |
[INFO] [stdout] 11 |     let game: NumberClaim<2, 4> = NumberClaim::new([7, 6, 5, 1])?;
[INFO] [stdout]    |               ^^^^^^^^^^^ not found in this scope
[INFO] [stdout] 
[INFO] [stdout] 
[INFO] [stdout] error[E0425]: cannot find value `TicTacToe` in this scope
[INFO] [stdout]   --> tests/mcts.rs:25:16
[INFO] [stdout]    |
[INFO] [stdout] 25 |     let game = TicTacToe;
[INFO] [stdout]    |                ^^^^^^^^^ not found in this scope
[INFO] [stdout] 
[INFO] [stdout] 
[INFO] [stdout] error[E0412]: cannot find type `NumberClaim` in this scope
[INFO] [stdout]   --> tests/mcts.rs:47:15
[INFO] [stdout]    |
[INFO] [stdout] 47 |     let game: NumberClaim<2, 10> = NumberClaim::new(pool)?;
[INFO] [stdout]    |               ^^^^^^^^^^^ not found in this scope
[INFO] [stdout] 
[INFO] [stdout] 
[INFO] [stdout] error[E0425]: cannot find value `TicTacToe` in this scope
[INFO] [stdout]   --> tests/mcts.rs:75:16
[INFO] [stdout]    |
[INFO] [stdout] 75 |     let game = TicTacToe;
[INFO] [stdout]    |                ^^^^^^^^^ not found in this scope
[INFO] [stdout] 
[INFO] [stdout] 
[INFO] [stdout] error[E0412]: cannot find type `DotsAndBoxes` in this scope
[INFO] [stdout]  --> examples/user_vs_machine.rs:8:15
[INFO] [stdout]   |
[INFO] [stdout] 8 |     let game: DotsAndBoxes<2, 8, 8> =
[INFO] [stdout]   |               ^^^^^^^^^^^^ not found in this scope
[INFO] [stdout] 
[INFO] [stdout] 
[INFO] [stdout] error[E0433]: failed to resolve: use of undeclared type `DotsAndBoxes`
[INFO] [stdout]  --> examples/user_vs_machine.rs:9:9
[INFO] [stdout]   |
[INFO] [stdout] 9 |         DotsAndBoxes::new([DotsAndBoxesPlayer::Red, DotsAndBoxesPlayer::Blue]);
[INFO] [stdout]   |         ^^^^^^^^^^^^ use of undeclared type `DotsAndBoxes`
[INFO] [stdout] 
[INFO] [stdout] 
[INFO] [stdout] error[E0433]: failed to resolve: use of undeclared type `DotsAndBoxesPlayer`
[INFO] [stdout]  --> examples/user_vs_machine.rs:9:28
[INFO] [stdout]   |
[INFO] [stdout] 9 |         DotsAndBoxes::new([DotsAndBoxesPlayer::Red, DotsAndBoxesPlayer::Blue]);
[INFO] [stdout]   |                            ^^^^^^^^^^^^^^^^^^ use of undeclared type `DotsAndBoxesPlayer`
[INFO] [stdout] 
[INFO] [stdout] 
[INFO] [stdout] error[E0433]: failed to resolve: use of undeclared type `DotsAndBoxesPlayer`
[INFO] [stdout]  --> examples/user_vs_machine.rs:9:53
[INFO] [stdout]   |
[INFO] [stdout] 9 |         DotsAndBoxes::new([DotsAndBoxesPlayer::Red, DotsAndBoxesPlayer::Blue]);
[INFO] [stdout]   |                                                     ^^^^^^^^^^^^^^^^^^ use of undeclared type `DotsAndBoxesPlayer`
[INFO] [stdout] 
[INFO] [stdout] 
[INFO] [stdout] error[E0433]: failed to resolve: use of undeclared type `DotsAndBoxesState`
[INFO] [stdout]   --> examples/user_vs_machine.rs:10:21
[INFO] [stdout]    |
[INFO] [stdout] 10 |     let mut state = DotsAndBoxesState::default();
[INFO] [stdout]    |                     ^^^^^^^^^^^^^^^^^ use of undeclared type `DotsAndBoxesState`
[INFO] [stdout] 
[INFO] [stdout] 
[INFO] [stdout] error[E0433]: failed to resolve: use of undeclared type `NumberClaim`
[INFO] [stdout]   --> tests/mcts.rs:11:35
[INFO] [stdout]    |
[INFO] [stdout] 11 |     let game: NumberClaim<2, 4> = NumberClaim::new([7, 6, 5, 1])?;
[INFO] [stdout]    |                                   ^^^^^^^^^^^ use of undeclared type `NumberClaim`
[INFO] [stdout] 
[INFO] [stdout] 
[INFO] [stdout] error[E0433]: failed to resolve: use of undeclared type `NumberClaimState`
[INFO] [stdout]   --> tests/mcts.rs:12:17
[INFO] [stdout]    |
[INFO] [stdout] 12 |     let state = NumberClaimState::new(
[INFO] [stdout]    |                 ^^^^^^^^^^^^^^^^ use of undeclared type `NumberClaimState`
[INFO] [stdout] 
[INFO] [stdout] 
[INFO] [stdout] error[E0412]: cannot find type `NumberClaim` in this scope
[INFO] [stdout]  --> tests/random.rs:8:15
[INFO] [stdout]   |
[INFO] [stdout] 8 |     let game: NumberClaim<2, 12> = NumberClaim::new(0..12)?;
[INFO] [stdout]   |               ^^^^^^^^^^^ not found in this scope
[INFO] [stdout] 
[INFO] [stdout] 
[INFO] [stdout] error[E0412]: cannot find type `NumberClaim` in this scope
[INFO] [stdout]   --> tests/random.rs:23:15
[INFO] [stdout]    |
[INFO] [stdout] 23 |     let game: NumberClaim<3, 12> = NumberClaim::new(0..12)?;
[INFO] [stdout]    |               ^^^^^^^^^^^ not found in this scope
[INFO] [stdout] 
[INFO] [stdout] 
[INFO] [stdout] error[E0425]: cannot find value `TicTacToe` in this scope
[INFO] [stdout]   --> tests/random.rs:38:16
[INFO] [stdout]    |
[INFO] [stdout] 38 |     let game = TicTacToe;
[INFO] [stdout]    |                ^^^^^^^^^ not found in this scope
[INFO] [stdout] 
[INFO] [stdout] 
[INFO] [stdout] error[E0412]: cannot find type `DotsAndBoxes` in this scope
[INFO] [stdout]   --> tests/random.rs:53:15
[INFO] [stdout]    |
[INFO] [stdout] 53 |     let game: DotsAndBoxes<2, 3, 2> =
[INFO] [stdout]    |               ^^^^^^^^^^^^ not found in this scope
[INFO] [stdout] 
[INFO] [stdout] 
[INFO] [stdout] error[E0412]: cannot find type `DotsAndBoxes` in this scope
[INFO] [stdout]   --> tests/random.rs:69:15
[INFO] [stdout]    |
[INFO] [stdout] 69 |     let game: DotsAndBoxes<3, 3, 2> = DotsAndBoxes::new([
[INFO] [stdout]    |               ^^^^^^^^^^^^ not found in this scope
[INFO] [stdout] 
[INFO] [stdout] 
[INFO] [stdout] error[E0433]: failed to resolve: use of undeclared type `NumberClaim`
[INFO] [stdout]  --> tests/random.rs:8:36
[INFO] [stdout]   |
[INFO] [stdout] 8 |     let game: NumberClaim<2, 12> = NumberClaim::new(0..12)?;
[INFO] [stdout]   |                                    ^^^^^^^^^^^ use of undeclared type `NumberClaim`
[INFO] [stdout] 
[INFO] [stdout] 
[INFO] [stdout] error[E0433]: failed to resolve: use of undeclared type `NumberClaimState`
[INFO] [stdout]  --> tests/random.rs:9:21
[INFO] [stdout]   |
[INFO] [stdout] 9 |     let mut state = NumberClaimState::default();
[INFO] [stdout]   |                     ^^^^^^^^^^^^^^^^ use of undeclared type `NumberClaimState`
[INFO] [stdout] 
[INFO] [stdout] 
[INFO] [stdout] error[E0433]: failed to resolve: use of undeclared type `TicTacToeState`
[INFO] [stdout]   --> tests/mcts.rs:26:17
[INFO] [stdout]    |
[INFO] [stdout] 26 |     let state = TicTacToeState::new(
[INFO] [stdout]    |                 ^^^^^^^^^^^^^^ use of undeclared type `TicTacToeState`
[INFO] [stdout] 
[INFO] [stdout] 
[INFO] [stdout] error[E0433]: failed to resolve: use of undeclared type `TicTacToePlayer`
[INFO] [stdout]   --> tests/mcts.rs:28:25
[INFO] [stdout]    |
[INFO] [stdout] 28 |             [None, Some(TicTacToePlayer::O), Some(TicTacToePlayer::O)],
[INFO] [stdout]    |                         ^^^^^^^^^^^^^^^ use of undeclared type `TicTacToePlayer`
[INFO] [stdout] 
[INFO] [stdout] 
[INFO] [stdout] error[E0433]: failed to resolve: use of undeclared type `TicTacToePlayer`
[INFO] [stdout]   --> tests/mcts.rs:28:51
[INFO] [stdout]    |
[INFO] [stdout] 28 |             [None, Some(TicTacToePlayer::O), Some(TicTacToePlayer::O)],
[INFO] [stdout]    |                                                   ^^^^^^^^^^^^^^^ use of undeclared type `TicTacToePlayer`
[INFO] [stdout] 
[INFO] [stdout] 
[INFO] [stdout] error[E0433]: failed to resolve: use of undeclared type `TicTacToePlayer`
[INFO] [stdout]   --> tests/mcts.rs:29:19
[INFO] [stdout]    |
[INFO] [stdout] 29 |             [Some(TicTacToePlayer::X), Some(TicTacToePlayer::X), None],
[INFO] [stdout]    |                   ^^^^^^^^^^^^^^^ use of undeclared type `TicTacToePlayer`
[INFO] [stdout] 
[INFO] [stdout] 
[INFO] [stdout] error[E0433]: failed to resolve: use of undeclared type `TicTacToePlayer`
[INFO] [stdout]   --> tests/mcts.rs:29:45
[INFO] [stdout]    |
[INFO] [stdout] 29 |             [Some(TicTacToePlayer::X), Some(TicTacToePlayer::X), None],
[INFO] [stdout]    |                                             ^^^^^^^^^^^^^^^ use of undeclared type `TicTacToePlayer`
[INFO] [stdout] 
[INFO] [stdout] 
[INFO] [stdout] error[E0433]: failed to resolve: use of undeclared type `TicTacToePlayer`
[INFO] [stdout]   --> tests/mcts.rs:32:9
[INFO] [stdout]    |
[INFO] [stdout] 32 |         TicTacToePlayer::X,
[INFO] [stdout]    |         ^^^^^^^^^^^^^^^ use of undeclared type `TicTacToePlayer`
[INFO] [stdout] 
[INFO] [stdout] 
[INFO] [stdout] Some errors have detailed explanations: E0412, E0433.
[INFO] [stdout] 
[INFO] [stdout] For more information about an error, try `rustc --explain E0412`.
[INFO] [stdout] 
[INFO] [stdout] error[E0433]: failed to resolve: use of undeclared type `NumberClaim`
[INFO] [stdout]   --> tests/random.rs:23:36
[INFO] [stdout]    |
[INFO] [stdout] 23 |     let game: NumberClaim<3, 12> = NumberClaim::new(0..12)?;
[INFO] [stdout]    |                                    ^^^^^^^^^^^ use of undeclared type `NumberClaim`
[INFO] [stdout] 
[INFO] [stdout] 
[INFO] [stdout] error[E0433]: failed to resolve: use of undeclared type `NumberClaimState`
[INFO] [stdout]   --> tests/random.rs:24:21
[INFO] [stdout]    |
[INFO] [stdout] 24 |     let mut state = NumberClaimState::default();
[INFO] [stdout]    |                     ^^^^^^^^^^^^^^^^ use of undeclared type `NumberClaimState`
[INFO] [stdout] 
[INFO] [stdout] 
[INFO] [stdout] error[E0433]: failed to resolve: use of undeclared type `TicTacToeState`
[INFO] [stdout]   --> tests/random.rs:39:21
[INFO] [stdout]    |
[INFO] [stdout] 39 |     let mut state = TicTacToeState::default();
[INFO] [stdout]    |                     ^^^^^^^^^^^^^^ use of undeclared type `TicTacToeState`
[INFO] [stdout] 
[INFO] [stdout] 
[INFO] [stdout] error[E0433]: failed to resolve: use of undeclared type `DotsAndBoxes`
[INFO] [stdout]   --> tests/random.rs:54:9
[INFO] [stdout]    |
[INFO] [stdout] 54 |         DotsAndBoxes::new([DotsAndBoxesPlayer::Red, DotsAndBoxesPlayer::Green]);
[INFO] [stdout]    |         ^^^^^^^^^^^^ use of undeclared type `DotsAndBoxes`
[INFO] [stdout] 
[INFO] [stdout] 
[INFO] [stdout] error[E0433]: failed to resolve: use of undeclared type `DotsAndBoxesPlayer`
[INFO] [stdout]   --> tests/random.rs:54:28
[INFO] [stdout]    |
[INFO] [stdout] 54 |         DotsAndBoxes::new([DotsAndBoxesPlayer::Red, DotsAndBoxesPlayer::Green]);
[INFO] [stdout]    |                            ^^^^^^^^^^^^^^^^^^ use of undeclared type `DotsAndBoxesPlayer`
[INFO] [stdout] 
[INFO] [stdout] 
[INFO] [stdout] error[E0433]: failed to resolve: use of undeclared type `DotsAndBoxesPlayer`
[INFO] [stdout]   --> tests/random.rs:54:53
[INFO] [stdout]    |
[INFO] [stdout] 54 |         DotsAndBoxes::new([DotsAndBoxesPlayer::Red, DotsAndBoxesPlayer::Green]);
[INFO] [stdout]    |                                                     ^^^^^^^^^^^^^^^^^^ use of undeclared type `DotsAndBoxesPlayer`
[INFO] [stdout] 
[INFO] [stdout] 
[INFO] [stdout] error[E0433]: failed to resolve: use of undeclared type `DotsAndBoxesState`
[INFO] [stdout]   --> tests/random.rs:55:21
[INFO] [stdout]    |
[INFO] [stdout] 55 |     let mut state = DotsAndBoxesState::default();
[INFO] [stdout]    |                     ^^^^^^^^^^^^^^^^^ use of undeclared type `DotsAndBoxesState`
[INFO] [stdout] 
[INFO] [stdout] 
[INFO] [stdout] error[E0433]: failed to resolve: use of undeclared type `DotsAndBoxes`
[INFO] [stdout]   --> tests/random.rs:69:39
[INFO] [stdout]    |
[INFO] [stdout] 69 |     let game: DotsAndBoxes<3, 3, 2> = DotsAndBoxes::new([
[INFO] [stdout]    |                                       ^^^^^^^^^^^^ use of undeclared type `DotsAndBoxes`
[INFO] [stdout] 
[INFO] [stdout] 
[INFO] [stdout] error[E0433]: failed to resolve: use of undeclared type `DotsAndBoxesPlayer`
[INFO] [stdout]   --> tests/random.rs:70:9
[INFO] [stdout]    |
[INFO] [stdout] 70 |         DotsAndBoxesPlayer::Red,
[INFO] [stdout]    |         ^^^^^^^^^^^^^^^^^^ use of undeclared type `DotsAndBoxesPlayer`
[INFO] [stdout] 
[INFO] [stdout] 
[INFO] [stdout] error[E0433]: failed to resolve: use of undeclared type `DotsAndBoxesPlayer`
[INFO] [stdout]   --> tests/random.rs:71:9
[INFO] [stdout]    |
[INFO] [stdout] 71 |         DotsAndBoxesPlayer::Green,
[INFO] [stdout]    |         ^^^^^^^^^^^^^^^^^^ use of undeclared type `DotsAndBoxesPlayer`
[INFO] [stdout] 
[INFO] [stdout] 
[INFO] [stdout] error[E0433]: failed to resolve: use of undeclared type `DotsAndBoxesPlayer`
[INFO] [stdout]   --> tests/random.rs:72:9
[INFO] [stdout]    |
[INFO] [stdout] 72 |         DotsAndBoxesPlayer::Blue,
[INFO] [stdout]    |         ^^^^^^^^^^^^^^^^^^ use of undeclared type `DotsAndBoxesPlayer`
[INFO] [stdout] 
[INFO] [stdout] 
[INFO] [stdout] error[E0433]: failed to resolve: use of undeclared type `DotsAndBoxesState`
[INFO] [stdout]   --> tests/random.rs:74:21
[INFO] [stdout]    |
[INFO] [stdout] 74 |     let mut state = DotsAndBoxesState::default();
[INFO] [stdout]    |                     ^^^^^^^^^^^^^^^^^ use of undeclared type `DotsAndBoxesState`
[INFO] [stdout] 
[INFO] [stdout] 
[INFO] [stdout] error[E0433]: failed to resolve: use of undeclared type `NumberClaim`
[INFO] [stdout]   --> tests/mcts.rs:47:36
[INFO] [stdout]    |
[INFO] [stdout] 47 |     let game: NumberClaim<2, 10> = NumberClaim::new(pool)?;
[INFO] [stdout]    |                                    ^^^^^^^^^^^ use of undeclared type `NumberClaim`
[INFO] [stdout] 
[INFO] [stdout] 
[INFO] [stdout] error[E0433]: failed to resolve: use of undeclared type `NumberClaimState`
[INFO] [stdout]   --> tests/mcts.rs:48:21
[INFO] [stdout]    |
[INFO] [stdout] 48 |     let mut state = NumberClaimState::default();
[INFO] [stdout]    |                     ^^^^^^^^^^^^^^^^ use of undeclared type `NumberClaimState`
[INFO] [stdout] 
[INFO] [stdout] 
[INFO] [stderr] error: could not compile `ncpig` (example "user_vs_machine") due to 6 previous errors
[INFO] [stdout] error[E0433]: failed to resolve: use of undeclared type `TicTacToeState`
[INFO] [stdout]   --> tests/mcts.rs:76:21
[INFO] [stdout]    |
[INFO] [stdout] 76 |     let mut state = TicTacToeState::default();
[INFO] [stdout]    |                     ^^^^^^^^^^^^^^ use of undeclared type `TicTacToeState`
[INFO] [stdout] 
[INFO] [stdout] 
[INFO] [stdout] Some errors have detailed explanations: E0412, E0425, E0432, E0433.
[INFO] [stdout] 
[INFO] [stdout] For more information about an error, try `rustc --explain E0412`.
[INFO] [stdout] 
[INFO] [stdout] Some errors have detailed explanations: E0412, E0425, E0432, E0433.
[INFO] [stdout] 
[INFO] [stdout] For more information about an error, try `rustc --explain E0412`.
[INFO] [stdout] 
[INFO] [stderr] error: could not compile `ncpig` (test "random") due to 23 previous errors
[INFO] [stderr] error: could not compile `ncpig` (test "mcts") due to 18 previous errors
[INFO] [stdout] error[E0412]: cannot find type `NumberClaim` in this scope
[INFO] [stdout]   --> tests/maxn.rs:10:15
[INFO] [stdout]    |
[INFO] [stdout] 10 |     let game: NumberClaim<2, 3> = NumberClaim::new([4, 7, 10])?;
[INFO] [stdout]    |               ^^^^^^^^^^^ not found in this scope
[INFO] [stdout] 
[INFO] [stdout] 
[INFO] [stdout] error[E0412]: cannot find type `NumberClaim` in this scope
[INFO] [stdout]   --> tests/maxn.rs:31:15
[INFO] [stdout]    |
[INFO] [stdout] 31 |     let game: NumberClaim<3, 6> = NumberClaim::new([4, 7, 10, 12, 13, 18])?;
[INFO] [stdout]    |               ^^^^^^^^^^^ not found in this scope
[INFO] [stdout] 
[INFO] [stdout] 
[INFO] [stdout] error[E0412]: cannot find type `NumberClaim` in this scope
[INFO] [stdout]   --> tests/maxn.rs:53:15
[INFO] [stdout]    |
[INFO] [stdout] 53 |     let game: NumberClaim<2, 3> = NumberClaim::new([4, 7, 10])?;
[INFO] [stdout]    |               ^^^^^^^^^^^ not found in this scope
[INFO] [stdout] 
[INFO] [stdout] 
[INFO] [stdout] error[E0412]: cannot find type `NumberClaim` in this scope
[INFO] [stdout]   --> tests/maxn.rs:74:15
[INFO] [stdout]    |
[INFO] [stdout] 74 |     let game: NumberClaim<3, 6> = NumberClaim::new([4, 7, 10, 12, 13, 18])?;
[INFO] [stdout]    |               ^^^^^^^^^^^ not found in this scope
[INFO] [stdout] 
[INFO] [stdout] 
[INFO] [stdout] error[E0412]: cannot find type `NumberClaim` in this scope
[INFO] [stdout]    --> tests/maxn.rs:100:15
[INFO] [stdout]     |
[INFO] [stdout] 100 |     let game: NumberClaim<2, 10> = NumberClaim::new(pool)?;
[INFO] [stdout]     |               ^^^^^^^^^^^ not found in this scope
[INFO] [stdout] 
[INFO] [stdout] 
[INFO] [stdout] error[E0412]: cannot find type `NumberClaim` in this scope
[INFO] [stdout]    --> tests/maxn.rs:123:15
[INFO] [stdout]     |
[INFO] [stdout] 123 |     let game: NumberClaim<2, 10> = NumberClaim::new(pool)?;
[INFO] [stdout]     |               ^^^^^^^^^^^ not found in this scope
[INFO] [stdout] 
[INFO] [stdout] 
[INFO] [stdout] error[E0412]: cannot find type `NumberClaim` in this scope
[INFO] [stdout]    --> tests/maxn.rs:148:15
[INFO] [stdout]     |
[INFO] [stdout] 148 |     let game: NumberClaim<2, 20> = NumberClaim::new(pool)?;
[INFO] [stdout]     |               ^^^^^^^^^^^ not found in this scope
[INFO] [stdout] 
[INFO] [stdout] 
[INFO] [stdout] error[E0412]: cannot find type `NumberClaim` in this scope
[INFO] [stdout]    --> tests/maxn.rs:173:15
[INFO] [stdout]     |
[INFO] [stdout] 173 |     let game: NumberClaim<2, 20> = NumberClaim::new(pool)?;
[INFO] [stdout]     |               ^^^^^^^^^^^ not found in this scope
[INFO] [stdout] 
[INFO] [stdout] 
[INFO] [stdout] error[E0433]: failed to resolve: use of undeclared type `NumberClaim`
[INFO] [stdout]   --> tests/maxn.rs:10:35
[INFO] [stdout]    |
[INFO] [stdout] 10 |     let game: NumberClaim<2, 3> = NumberClaim::new([4, 7, 10])?;
[INFO] [stdout]    |                                   ^^^^^^^^^^^ use of undeclared type `NumberClaim`
[INFO] [stdout] 
[INFO] [stdout] 
[INFO] [stdout] error[E0433]: failed to resolve: use of undeclared type `NumberClaimState`
[INFO] [stdout]   --> tests/maxn.rs:11:21
[INFO] [stdout]    |
[INFO] [stdout] 11 |     let mut state = NumberClaimState::default();
[INFO] [stdout]    |                     ^^^^^^^^^^^^^^^^ use of undeclared type `NumberClaimState`
[INFO] [stdout] 
[INFO] [stdout] 
[INFO] [stdout] error[E0433]: failed to resolve: use of undeclared type `NumberClaim`
[INFO] [stdout]   --> tests/maxn.rs:31:35
[INFO] [stdout]    |
[INFO] [stdout] 31 |     let game: NumberClaim<3, 6> = NumberClaim::new([4, 7, 10, 12, 13, 18])?;
[INFO] [stdout]    |                                   ^^^^^^^^^^^ use of undeclared type `NumberClaim`
[INFO] [stdout] 
[INFO] [stdout] 
[INFO] [stdout] error[E0433]: failed to resolve: use of undeclared type `NumberClaimState`
[INFO] [stdout]   --> tests/maxn.rs:32:21
[INFO] [stdout]    |
[INFO] [stdout] 32 |     let mut state = NumberClaimState::default();
[INFO] [stdout]    |                     ^^^^^^^^^^^^^^^^ use of undeclared type `NumberClaimState`
[INFO] [stdout] 
[INFO] [stdout] 
[INFO] [stdout] error[E0433]: failed to resolve: use of undeclared type `NumberClaim`
[INFO] [stdout]   --> tests/maxn.rs:53:35
[INFO] [stdout]    |
[INFO] [stdout] 53 |     let game: NumberClaim<2, 3> = NumberClaim::new([4, 7, 10])?;
[INFO] [stdout]    |                                   ^^^^^^^^^^^ use of undeclared type `NumberClaim`
[INFO] [stdout] 
[INFO] [stdout] 
[INFO] [stdout] error[E0433]: failed to resolve: use of undeclared type `NumberClaimState`
[INFO] [stdout]   --> tests/maxn.rs:54:21
[INFO] [stdout]    |
[INFO] [stdout] 54 |     let mut state = NumberClaimState::default();
[INFO] [stdout]    |                     ^^^^^^^^^^^^^^^^ use of undeclared type `NumberClaimState`
[INFO] [stdout] 
[INFO] [stdout] 
[INFO] [stdout] error[E0433]: failed to resolve: use of undeclared type `NumberClaim`
[INFO] [stdout]   --> tests/maxn.rs:74:35
[INFO] [stdout]    |
[INFO] [stdout] 74 |     let game: NumberClaim<3, 6> = NumberClaim::new([4, 7, 10, 12, 13, 18])?;
[INFO] [stdout]    |                                   ^^^^^^^^^^^ use of undeclared type `NumberClaim`
[INFO] [stdout] 
[INFO] [stdout] 
[INFO] [stdout] error[E0433]: failed to resolve: use of undeclared type `NumberClaimState`
[INFO] [stdout]   --> tests/maxn.rs:75:21
[INFO] [stdout]    |
[INFO] [stdout] 75 |     let mut state = NumberClaimState::default();
[INFO] [stdout]    |                     ^^^^^^^^^^^^^^^^ use of undeclared type `NumberClaimState`
[INFO] [stdout] 
[INFO] [stdout] 
[INFO] [stdout] error[E0433]: failed to resolve: use of undeclared type `NumberClaim`
[INFO] [stdout]    --> tests/maxn.rs:100:36
[INFO] [stdout]     |
[INFO] [stdout] 100 |     let game: NumberClaim<2, 10> = NumberClaim::new(pool)?;
[INFO] [stdout]     |                                    ^^^^^^^^^^^ use of undeclared type `NumberClaim`
[INFO] [stdout] 
[INFO] [stdout] 
[INFO] [stdout] error[E0433]: failed to resolve: use of undeclared type `NumberClaimState`
[INFO] [stdout]    --> tests/maxn.rs:101:21
[INFO] [stdout]     |
[INFO] [stdout] 101 |     let mut state = NumberClaimState::default();
[INFO] [stdout]     |                     ^^^^^^^^^^^^^^^^ use of undeclared type `NumberClaimState`
[INFO] [stdout] 
[INFO] [stdout] 
[INFO] [stdout] error[E0433]: failed to resolve: use of undeclared type `NumberClaim`
[INFO] [stdout]    --> tests/maxn.rs:123:36
[INFO] [stdout]     |
[INFO] [stdout] 123 |     let game: NumberClaim<2, 10> = NumberClaim::new(pool)?;
[INFO] [stdout]     |                                    ^^^^^^^^^^^ use of undeclared type `NumberClaim`
[INFO] [stdout] 
[INFO] [stdout] 
[INFO] [stdout] error[E0433]: failed to resolve: use of undeclared type `NumberClaimState`
[INFO] [stdout]    --> tests/maxn.rs:124:21
[INFO] [stdout]     |
[INFO] [stdout] 124 |     let mut state = NumberClaimState::default();
[INFO] [stdout]     |                     ^^^^^^^^^^^^^^^^ use of undeclared type `NumberClaimState`
[INFO] [stdout] 
[INFO] [stdout] 
[INFO] [stdout] error[E0433]: failed to resolve: use of undeclared type `NumberClaim`
[INFO] [stdout]    --> tests/maxn.rs:148:36
[INFO] [stdout]     |
[INFO] [stdout] 148 |     let game: NumberClaim<2, 20> = NumberClaim::new(pool)?;
[INFO] [stdout]     |                                    ^^^^^^^^^^^ use of undeclared type `NumberClaim`
[INFO] [stdout] 
[INFO] [stdout] 
[INFO] [stdout] error[E0433]: failed to resolve: use of undeclared type `NumberClaimState`
[INFO] [stdout]    --> tests/maxn.rs:149:21
[INFO] [stdout]     |
[INFO] [stdout] 149 |     let mut state = NumberClaimState::default();
[INFO] [stdout]     |                     ^^^^^^^^^^^^^^^^ use of undeclared type `NumberClaimState`
[INFO] [stdout] 
[INFO] [stdout] 
[INFO] [stdout] error[E0433]: failed to resolve: use of undeclared type `NumberClaim`
[INFO] [stdout]    --> tests/maxn.rs:173:36
[INFO] [stdout]     |
[INFO] [stdout] 173 |     let game: NumberClaim<2, 20> = NumberClaim::new(pool)?;
[INFO] [stdout]     |                                    ^^^^^^^^^^^ use of undeclared type `NumberClaim`
[INFO] [stdout] 
[INFO] [stdout] 
[INFO] [stdout] error[E0433]: failed to resolve: use of undeclared type `NumberClaimState`
[INFO] [stdout]    --> tests/maxn.rs:174:21
[INFO] [stdout]     |
[INFO] [stdout] 174 |     let mut state = NumberClaimState::default();
[INFO] [stdout]     |                     ^^^^^^^^^^^^^^^^ use of undeclared type `NumberClaimState`
[INFO] [stdout] 
[INFO] [stdout] 
[INFO] [stdout] Some errors have detailed explanations: E0412, E0433.
[INFO] [stdout] 
[INFO] [stdout] For more information about an error, try `rustc --explain E0412`.
[INFO] [stdout] 
[INFO] [stderr] error: could not compile `ncpig` (test "maxn") due to 25 previous errors
[INFO] running `Command { std: "docker" "inspect" "ee4318f0f96359734300de47b3e1923b2e1dc7f090cfa51c1a59644d8a3979ac", kill_on_drop: false }`
[INFO] running `Command { std: "docker" "rm" "-f" "ee4318f0f96359734300de47b3e1923b2e1dc7f090cfa51c1a59644d8a3979ac", kill_on_drop: false }`
[INFO] [stdout] ee4318f0f96359734300de47b3e1923b2e1dc7f090cfa51c1a59644d8a3979ac
