[INFO] fetching crate ncollide3d-updated 0.36.3...
[INFO] testing ncollide3d-updated-0.36.3 against nightly-2024-10-28 for randomize-layout
[INFO] extracting crate ncollide3d-updated 0.36.3 into /workspace/builds/worker-5-tc1/source
[INFO] validating manifest of crates.io crate ncollide3d-updated 0.36.3 on toolchain nightly-2024-10-28
[INFO] running `Command { std: CARGO_HOME="/workspace/cargo-home" RUSTUP_HOME="/workspace/rustup-home" "/workspace/cargo-home/bin/cargo" "+nightly-2024-10-28" "metadata" "--manifest-path" "Cargo.toml" "--no-deps", kill_on_drop: false }`
[INFO] started tweaking crates.io crate ncollide3d-updated 0.36.3
[INFO] removed 0 missing examples
[INFO] removed 0 missing tests
[INFO] finished tweaking crates.io crate ncollide3d-updated 0.36.3
[INFO] tweaked toml for crates.io crate ncollide3d-updated 0.36.3 written to /workspace/builds/worker-5-tc1/source/Cargo.toml
[INFO] crate crates.io crate ncollide3d-updated 0.36.3 already has a lockfile, it will not be regenerated
[INFO] running `Command { std: CARGO_HOME="/workspace/cargo-home" RUSTUP_HOME="/workspace/rustup-home" "/workspace/cargo-home/bin/cargo" "+nightly-2024-10-28" "fetch" "--manifest-path" "Cargo.toml", kill_on_drop: false }`
[INFO] [stderr]  Downloading crates ...
[INFO] [stderr]   Downloaded wide v0.7.26
[INFO] running `Command { std: "docker" "create" "-v" "/var/lib/crater-agent-workspace/builds/worker-5-tc1/target:/opt/rustwide/target:rw,Z" "-v" "/var/lib/crater-agent-workspace/builds/worker-5-tc1/source:/opt/rustwide/workdir:ro,Z" "-v" "/var/lib/crater-agent-workspace/cargo-home:/opt/rustwide/cargo-home:ro,Z" "-v" "/var/lib/crater-agent-workspace/rustup-home:/opt/rustwide/rustup-home:ro,Z" "-e" "SOURCE_DIR=/opt/rustwide/workdir" "-e" "CARGO_TARGET_DIR=/opt/rustwide/target" "-e" "CARGO_HOME=/opt/rustwide/cargo-home" "-e" "RUSTUP_HOME=/opt/rustwide/rustup-home" "-w" "/opt/rustwide/workdir" "-m" "1610612736" "--user" "0:0" "--network" "none" "ghcr.io/rust-lang/crates-build-env/linux@sha256:4a844ea9eb2546a2d2c7022eacef16ef2e8229c7fbb2c7d4d55a9ceca922f72d" "/opt/rustwide/cargo-home/bin/cargo" "+nightly-2024-10-28" "metadata" "--no-deps" "--format-version=1", kill_on_drop: false }`
[INFO] [stdout] 43e5a337eeb2208c813294292fd9fda682ce835b109e4d2354f357377fb58d5f
[INFO] running `Command { std: "docker" "start" "-a" "43e5a337eeb2208c813294292fd9fda682ce835b109e4d2354f357377fb58d5f", kill_on_drop: false }`
[INFO] running `Command { std: "docker" "inspect" "43e5a337eeb2208c813294292fd9fda682ce835b109e4d2354f357377fb58d5f", kill_on_drop: false }`
[INFO] running `Command { std: "docker" "rm" "-f" "43e5a337eeb2208c813294292fd9fda682ce835b109e4d2354f357377fb58d5f", kill_on_drop: false }`
[INFO] [stdout] 43e5a337eeb2208c813294292fd9fda682ce835b109e4d2354f357377fb58d5f
[INFO] running `Command { std: "docker" "create" "-v" "/var/lib/crater-agent-workspace/builds/worker-5-tc1/target:/opt/rustwide/target:rw,Z" "-v" "/var/lib/crater-agent-workspace/builds/worker-5-tc1/source:/opt/rustwide/workdir:ro,Z" "-v" "/var/lib/crater-agent-workspace/cargo-home:/opt/rustwide/cargo-home:ro,Z" "-v" "/var/lib/crater-agent-workspace/rustup-home:/opt/rustwide/rustup-home:ro,Z" "-e" "SOURCE_DIR=/opt/rustwide/workdir" "-e" "CARGO_TARGET_DIR=/opt/rustwide/target" "-e" "CARGO_INCREMENTAL=0" "-e" "RUST_BACKTRACE=full" "-e" "RUSTFLAGS=--cap-lints=forbid" "-e" "RUSTDOCFLAGS=--cap-lints=forbid" "-e" "CARGO_HOME=/opt/rustwide/cargo-home" "-e" "RUSTUP_HOME=/opt/rustwide/rustup-home" "-w" "/opt/rustwide/workdir" "-m" "1610612736" "--user" "0:0" "--network" "none" "ghcr.io/rust-lang/crates-build-env/linux@sha256:4a844ea9eb2546a2d2c7022eacef16ef2e8229c7fbb2c7d4d55a9ceca922f72d" "/opt/rustwide/cargo-home/bin/cargo" "+nightly-2024-10-28" "build" "--frozen" "--message-format=json", kill_on_drop: false }`
[INFO] [stdout] c03cc82f0ed6793c51cba16dcb6e59aa0654776e22ac108d99d32b89ebcf5f4f
[INFO] running `Command { std: "docker" "start" "-a" "c03cc82f0ed6793c51cba16dcb6e59aa0654776e22ac108d99d32b89ebcf5f4f", kill_on_drop: false }`
[INFO] [stderr]    Compiling autocfg v1.3.0
[INFO] [stderr]    Compiling proc-macro2 v1.0.86
[INFO] [stderr]    Compiling unicode-ident v1.0.12
[INFO] [stderr]    Compiling libm v0.2.8
[INFO] [stderr]    Compiling libc v0.2.155
[INFO] [stderr]    Compiling paste v1.0.15
[INFO] [stderr]    Compiling bytemuck v1.16.3
[INFO] [stderr]    Compiling rawpointer v0.2.1
[INFO] [stderr]    Compiling hashbrown v0.14.5
[INFO] [stderr]    Compiling fixedbitset v0.4.2
[INFO] [stderr]    Compiling downcast-rs v1.2.1
[INFO] [stderr]    Compiling slotmap v1.0.7
[INFO] [stderr]    Compiling either v1.13.0
[INFO] [stderr]    Compiling safe_arch v0.7.2
[INFO] [stderr]    Compiling num-traits v0.2.19
[INFO] [stderr]    Compiling matrixmultiply v0.3.9
[INFO] [stderr]    Compiling slab v0.4.9
[INFO] [stderr]    Compiling wide v0.7.26
[INFO] [stderr]    Compiling indexmap v2.3.0
[INFO] [stderr]    Compiling quote v1.0.36
[INFO] [stderr]    Compiling getrandom v0.2.15
[INFO] [stderr]    Compiling syn v2.0.72
[INFO] [stderr]    Compiling rand_core v0.6.4
[INFO] [stderr]    Compiling petgraph v0.6.5
[INFO] [stderr]    Compiling num-complex v0.4.6
[INFO] [stderr]    Compiling num-integer v0.1.46
[INFO] [stderr]    Compiling approx v0.5.1
[INFO] [stderr]    Compiling num-rational v0.4.2
[INFO] [stderr]    Compiling simba v0.9.0
[INFO] [stderr]    Compiling zerocopy-derive v0.7.35
[INFO] [stderr]    Compiling nalgebra-macros v0.2.2
[INFO] [stderr]    Compiling zerocopy v0.7.35
[INFO] [stderr]    Compiling ppv-lite86 v0.2.20
[INFO] [stderr]    Compiling rand_chacha v0.3.1
[INFO] [stderr]    Compiling rand v0.8.5
[INFO] [stderr]    Compiling rand_distr v0.4.3
[INFO] [stderr]    Compiling nalgebra v0.33.0
[INFO] [stderr]    Compiling ncollide3d-updated v0.36.3 (/opt/rustwide/workdir)
[INFO] [stderr]     Finished `dev` profile [unoptimized + debuginfo] target(s) in 10.21s
[INFO] running `Command { std: "docker" "inspect" "c03cc82f0ed6793c51cba16dcb6e59aa0654776e22ac108d99d32b89ebcf5f4f", kill_on_drop: false }`
[INFO] running `Command { std: "docker" "rm" "-f" "c03cc82f0ed6793c51cba16dcb6e59aa0654776e22ac108d99d32b89ebcf5f4f", kill_on_drop: false }`
[INFO] [stdout] c03cc82f0ed6793c51cba16dcb6e59aa0654776e22ac108d99d32b89ebcf5f4f
[INFO] running `Command { std: "docker" "create" "-v" "/var/lib/crater-agent-workspace/builds/worker-5-tc1/target:/opt/rustwide/target:rw,Z" "-v" "/var/lib/crater-agent-workspace/builds/worker-5-tc1/source:/opt/rustwide/workdir:ro,Z" "-v" "/var/lib/crater-agent-workspace/cargo-home:/opt/rustwide/cargo-home:ro,Z" "-v" "/var/lib/crater-agent-workspace/rustup-home:/opt/rustwide/rustup-home:ro,Z" "-e" "SOURCE_DIR=/opt/rustwide/workdir" "-e" "CARGO_TARGET_DIR=/opt/rustwide/target" "-e" "CARGO_INCREMENTAL=0" "-e" "RUST_BACKTRACE=full" "-e" "RUSTFLAGS=--cap-lints=forbid" "-e" "RUSTDOCFLAGS=--cap-lints=forbid" "-e" "CARGO_HOME=/opt/rustwide/cargo-home" "-e" "RUSTUP_HOME=/opt/rustwide/rustup-home" "-w" "/opt/rustwide/workdir" "-m" "1610612736" "--user" "0:0" "--network" "none" "ghcr.io/rust-lang/crates-build-env/linux@sha256:4a844ea9eb2546a2d2c7022eacef16ef2e8229c7fbb2c7d4d55a9ceca922f72d" "/opt/rustwide/cargo-home/bin/cargo" "+nightly-2024-10-28" "test" "--frozen" "--no-run" "--message-format=json", kill_on_drop: false }`
[INFO] [stdout] 9ca8150a13f586f7c987dc43749f05c8a9e4941f256f4b3d8de86a953aa92066
[INFO] running `Command { std: "docker" "start" "-a" "9ca8150a13f586f7c987dc43749f05c8a9e4941f256f4b3d8de86a953aa92066", kill_on_drop: false }`
[INFO] [stderr]    Compiling rand_isaac v0.3.0
[INFO] [stderr]    Compiling ncollide3d-updated v0.36.3 (/opt/rustwide/workdir)
[INFO] [stdout] error[E0433]: failed to resolve: use of undeclared crate or module `ncollide3d`
[INFO] [stdout]  --> examples/cuboid3d.rs:4:5
[INFO] [stdout]   |
[INFO] [stdout] 4 | use ncollide3d::shape::Cuboid;
[INFO] [stdout]   |     ^^^^^^^^^^ use of undeclared crate or module `ncollide3d`
[INFO] [stdout] 
[INFO] [stdout] 
[INFO] [stdout] error[E0433]: failed to resolve: use of undeclared crate or module `ncollide3d`
[INFO] [stdout]  --> examples/cone.rs:1:5
[INFO] [stdout]   |
[INFO] [stdout] 1 | use ncollide3d::shape::Cone;
[INFO] [stdout]   |     ^^^^^^^^^^ use of undeclared crate or module `ncollide3d`
[INFO] [stdout] 
[INFO] [stdout] 
[INFO] [stdout] error[E0433]: failed to resolve: use of undeclared crate or module `ncollide3d`
[INFO] [stdout]  --> examples/ball3d.rs:1:5
[INFO] [stdout]   |
[INFO] [stdout] 1 | use ncollide3d::shape::Ball;
[INFO] [stdout]   |     ^^^^^^^^^^ use of undeclared crate or module `ncollide3d`
[INFO] [stdout] 
[INFO] [stdout] 
[INFO] [stdout] For more information about this error, try `rustc --explain E0433`.
[INFO] [stdout] 
[INFO] [stdout] error[E0433]: failed to resolve: use of undeclared crate or module `ncollide3d`
[INFO] [stdout]  --> examples/polyline3d.rs:4:5
[INFO] [stdout]   |
[INFO] [stdout] 4 | use ncollide3d::shape::Polyline;
[INFO] [stdout]   |     ^^^^^^^^^^ use of undeclared crate or module `ncollide3d`
[INFO] [stdout] 
[INFO] [stdout] 
[INFO] [stdout] error[E0432]: unresolved import `ncollide3d`
[INFO] [stdout]  --> examples/convex_hull3d.rs:4:5
[INFO] [stdout]   |
[INFO] [stdout] 4 | use ncollide3d::transformation;
[INFO] [stdout]   |     ^^^^^^^^^^ use of undeclared crate or module `ncollide3d`
[INFO] [stdout] 
[INFO] [stdout] 
[INFO] [stdout] error[E0433]: failed to resolve: use of undeclared crate or module `ncollide3d`
[INFO] [stdout]  --> examples/mesh3d.rs:4:5
[INFO] [stdout]   |
[INFO] [stdout] 4 | use ncollide3d::shape::TriMesh;
[INFO] [stdout]   |     ^^^^^^^^^^ use of undeclared crate or module `ncollide3d`
[INFO] [stdout] 
[INFO] [stdout] 
[INFO] [stdout] error[E0433]: failed to resolve: use of undeclared crate or module `ncollide3d`
[INFO] [stdout]  --> examples/bounding_sphere3d.rs:4:5
[INFO] [stdout]   |
[INFO] [stdout] 4 | use ncollide3d::bounding_volume::{self, BoundingVolume};
[INFO] [stdout]   |     ^^^^^^^^^^ use of undeclared crate or module `ncollide3d`
[INFO] [stdout] 
[INFO] [stdout] 
[INFO] [stdout] error[E0433]: failed to resolve: use of undeclared crate or module `ncollide3d`
[INFO] [stdout]  --> examples/bounding_sphere3d.rs:5:5
[INFO] [stdout]   |
[INFO] [stdout] 5 | use ncollide3d::shape::Cuboid;
[INFO] [stdout]   |     ^^^^^^^^^^ use of undeclared crate or module `ncollide3d`
[INFO] [stdout] 
[INFO] [stdout] 
[INFO] [stdout] error[E0432]: unresolved import `ncollide3d`
[INFO] [stdout]  --> examples/bounding_sphere3d.rs:4:5
[INFO] [stdout]   |
[INFO] [stdout] 4 | use ncollide3d::bounding_volume::{self, BoundingVolume};
[INFO] [stdout]   |     ^^^^^^^^^^ use of undeclared crate or module `ncollide3d`
[INFO] [stdout] 
[INFO] [stdout] 
[INFO] [stdout] error[E0463]: can't find crate for `ncollide3d`
[INFO] [stdout]  --> tests/lib.rs:4:1
[INFO] [stdout]   |
[INFO] [stdout] 4 | extern crate ncollide3d;
[INFO] [stdout]   | ^^^^^^^^^^^^^^^^^^^^^^^^ can't find crate
[INFO] [stdout] 
[INFO] [stdout] 
[INFO] [stdout] For more information about this error, try `rustc --explain E0433`.
[INFO] [stdout] 
[INFO] [stderr] error: could not compile `ncollide3d-updated` (example "ball3d") due to 1 previous error
[INFO] [stderr] warning: build failed, waiting for other jobs to finish...
[INFO] [stderr] error: could not compile `ncollide3d-updated` (example "cone") due to 1 previous error
[INFO] [stdout] error[E0433]: failed to resolve: use of undeclared crate or module `ncollide3d`
[INFO] [stdout]  --> examples/time_of_impact_query3d.rs:5:5
[INFO] [stdout]   |
[INFO] [stdout] 5 | use ncollide3d::shape::{Ball, Cuboid};
[INFO] [stdout]   |     ^^^^^^^^^^ use of undeclared crate or module `ncollide3d`
[INFO] [stdout] 
[INFO] [stdout] 
[INFO] [stdout] For more information about this error, try `rustc --explain E0433`.
[INFO] [stdout] 
[INFO] [stdout] error[E0432]: unresolved import `ncollide3d`
[INFO] [stdout]  --> examples/time_of_impact_query3d.rs:4:5
[INFO] [stdout]   |
[INFO] [stdout] 4 | use ncollide3d::query;
[INFO] [stdout]   |     ^^^^^^^^^^ use of undeclared crate or module `ncollide3d`
[INFO] [stdout] 
[INFO] [stdout] 
[INFO] [stdout] error[E0433]: failed to resolve: use of undeclared crate or module `ncollide3d`
[INFO] [stdout]  --> examples/compound3d.rs:4:5
[INFO] [stdout]   |
[INFO] [stdout] 4 | use ncollide3d::shape::{Compound, Cuboid, ShapeHandle};
[INFO] [stdout]   |     ^^^^^^^^^^ use of undeclared crate or module `ncollide3d`
[INFO] [stdout] 
[INFO] [stdout] 
[INFO] [stdout] error[E0433]: failed to resolve: use of undeclared crate or module `ncollide3d`
[INFO] [stdout]  --> examples/plane3d.rs:4:5
[INFO] [stdout]   |
[INFO] [stdout] 4 | use ncollide3d::shape::Plane;
[INFO] [stdout]   |     ^^^^^^^^^^ use of undeclared crate or module `ncollide3d`
[INFO] [stdout] 
[INFO] [stdout] 
[INFO] [stdout] For more information about this error, try `rustc --explain E0432`.
[INFO] [stdout] 
[INFO] [stdout] error[E0433]: failed to resolve: use of undeclared crate or module `ncollide3d`
[INFO] [stdout]  --> examples/solid_ray_cast3d.rs:4:5
[INFO] [stdout]   |
[INFO] [stdout] 4 | use ncollide3d::query::{Ray, RayCast};
[INFO] [stdout]   |     ^^^^^^^^^^ use of undeclared crate or module `ncollide3d`
[INFO] [stdout] 
[INFO] [stdout] 
[INFO] [stderr] error: could not compile `ncollide3d-updated` (example "cuboid3d") due to 1 previous error
[INFO] [stdout] error[E0433]: failed to resolve: use of undeclared crate or module `ncollide3d`
[INFO] [stdout]  --> examples/solid_ray_cast3d.rs:5:5
[INFO] [stdout]   |
[INFO] [stdout] 5 | use ncollide3d::shape::Cuboid;
[INFO] [stdout]   |     ^^^^^^^^^^ use of undeclared crate or module `ncollide3d`
[INFO] [stdout] 
[INFO] [stdout] 
[INFO] [stdout] For more information about this error, try `rustc --explain E0433`.
[INFO] [stdout] 
[INFO] [stdout] For more information about this error, try `rustc --explain E0433`.
[INFO] [stdout] 
[INFO] [stdout] For more information about this error, try `rustc --explain E0433`.
[INFO] [stdout] 
[INFO] [stdout] Some errors have detailed explanations: E0432, E0433.
[INFO] [stdout] 
[INFO] [stdout] For more information about an error, try `rustc --explain E0432`.
[INFO] [stdout] 
[INFO] [stderr] error: could not compile `ncollide3d-updated` (example "plane3d") due to 1 previous error
[INFO] [stderr] error: could not compile `ncollide3d-updated` (example "convex_hull3d") due to 1 previous error
[INFO] [stdout] error[E0433]: failed to resolve: use of undeclared crate or module `ncollide3d`
[INFO] [stdout]  --> examples/proximity_query3d.rs:4:5
[INFO] [stdout]   |
[INFO] [stdout] 4 | use ncollide3d::query::{self, Proximity};
[INFO] [stdout]   |     ^^^^^^^^^^ use of undeclared crate or module `ncollide3d`
[INFO] [stdout] 
[INFO] [stdout] 
[INFO] [stdout] error[E0433]: failed to resolve: use of undeclared crate or module `ncollide3d`
[INFO] [stdout]  --> examples/proximity_query3d.rs:5:5
[INFO] [stdout]   |
[INFO] [stdout] 5 | use ncollide3d::shape::{Ball, Cuboid};
[INFO] [stdout]   |     ^^^^^^^^^^ use of undeclared crate or module `ncollide3d`
[INFO] [stdout] 
[INFO] [stdout] 
[INFO] [stdout] error[E0432]: unresolved import `ncollide3d`
[INFO] [stdout]  --> examples/proximity_query3d.rs:4:5
[INFO] [stdout]   |
[INFO] [stdout] 4 | use ncollide3d::query::{self, Proximity};
[INFO] [stdout]   |     ^^^^^^^^^^ use of undeclared crate or module `ncollide3d`
[INFO] [stdout] 
[INFO] [stdout] 
[INFO] [stderr] error: could not compile `ncollide3d-updated` (example "mesh3d") due to 1 previous error
[INFO] [stdout] Some errors have detailed explanations: E0432, E0433.
[INFO] [stdout] 
[INFO] [stdout] For more information about an error, try `rustc --explain E0432`.
[INFO] [stdout] 
[INFO] [stderr] error: could not compile `ncollide3d-updated` (example "polyline3d") due to 1 previous error
[INFO] [stderr] error: could not compile `ncollide3d-updated` (example "bounding_sphere3d") due to 3 previous errors
[INFO] [stdout] For more information about this error, try `rustc --explain E0433`.
[INFO] [stdout] 
[INFO] [stderr] error: could not compile `ncollide3d-updated` (example "time_of_impact_query3d") due to 2 previous errors
[INFO] [stdout] For more information about this error, try `rustc --explain E0433`.
[INFO] [stdout] 
[INFO] [stderr] error: could not compile `ncollide3d-updated` (example "solid_ray_cast3d") due to 2 previous errors
[INFO] [stderr] error: could not compile `ncollide3d-updated` (example "compound3d") due to 1 previous error
[INFO] [stdout] Some errors have detailed explanations: E0432, E0433.
[INFO] [stdout] 
[INFO] [stdout] For more information about an error, try `rustc --explain E0432`.
[INFO] [stdout] 
[INFO] [stderr] error: could not compile `ncollide3d-updated` (example "proximity_query3d") due to 3 previous errors
[INFO] [stdout] error[E0433]: failed to resolve: use of undeclared type `AABB`
[INFO] [stdout]   --> tests/geometry/contact.rs:15:20
[INFO] [stdout]    |
[INFO] [stdout] 15 |     let bounding = AABB::new(min, max);
[INFO] [stdout]    |                    ^^^^ use of undeclared type `AABB`
[INFO] [stdout]    |
[INFO] [stdout] help: consider importing this struct
[INFO] [stdout]    |
[INFO] [stdout] 1  + use ncollide3d_updated::bounding_volume::AABB;
[INFO] [stdout]    |
[INFO] [stdout] 
[INFO] [stdout] 
[INFO] [stdout] error[E0433]: failed to resolve: use of undeclared type `Cuboid`
[INFO] [stdout]   --> tests/geometry/contact.rs:16:18
[INFO] [stdout]    |
[INFO] [stdout] 16 |     let cuboid = Cuboid::new(bounding.half_extents());
[INFO] [stdout]    |                  ^^^^^^ use of undeclared type `Cuboid`
[INFO] [stdout]    |
[INFO] [stdout] help: consider importing this struct
[INFO] [stdout]    |
[INFO] [stdout] 1  + use ncollide3d_updated::shape::Cuboid;
[INFO] [stdout]    |
[INFO] [stdout] 
[INFO] [stdout] 
[INFO] [stdout] error[E0433]: failed to resolve: use of undeclared type `ShapeHandle`
[INFO] [stdout]   --> tests/geometry/contact.rs:17:17
[INFO] [stdout]    |
[INFO] [stdout] 17 |     let shape = ShapeHandle::new(cuboid);
[INFO] [stdout]    |                 ^^^^^^^^^^^ use of undeclared type `ShapeHandle`
[INFO] [stdout]    |
[INFO] [stdout] help: consider importing this struct
[INFO] [stdout]    |
[INFO] [stdout] 1  + use ncollide3d_updated::shape::ShapeHandle;
[INFO] [stdout]    |
[INFO] [stdout] 
[INFO] [stdout] 
[INFO] [stdout] error[E0433]: failed to resolve: use of undeclared type `TriMesh`
[INFO] [stdout]   --> tests/pipeline/duplicate_trimesh_on_world.rs:66:16
[INFO] [stdout]    |
[INFO] [stdout] 66 |     let mesh = TriMesh::new(vertices, indices, None);
[INFO] [stdout]    |                ^^^^^^^ use of undeclared type `TriMesh`
[INFO] [stdout]    |
[INFO] [stdout] help: consider importing one of these structs
[INFO] [stdout]    |
[INFO] [stdout] 1  + use ncollide3d_updated::procedural::TriMesh;
[INFO] [stdout]    |
[INFO] [stdout] 1  + use ncollide3d_updated::shape::TriMesh;
[INFO] [stdout]    |
[INFO] [stdout] 
[INFO] [stdout] 
[INFO] [stdout] error[E0433]: failed to resolve: use of undeclared type `ShapeHandle`
[INFO] [stdout]   --> tests/pipeline/duplicate_trimesh_on_world.rs:69:17
[INFO] [stdout]    |
[INFO] [stdout] 69 |     let shape = ShapeHandle::new(mesh.clone());
[INFO] [stdout]    |                 ^^^^^^^^^^^ use of undeclared type `ShapeHandle`
[INFO] [stdout]    |
[INFO] [stdout] help: consider importing this struct
[INFO] [stdout]    |
[INFO] [stdout] 1  + use ncollide3d_updated::shape::ShapeHandle;
[INFO] [stdout]    |
[INFO] [stdout] 
[INFO] [stdout] 
[INFO] [stdout] error[E0433]: failed to resolve: use of undeclared type `ShapeHandle`
[INFO] [stdout]   --> tests/pipeline/duplicate_trimesh_on_world.rs:73:17
[INFO] [stdout]    |
[INFO] [stdout] 73 |     let shape = ShapeHandle::new(mesh);
[INFO] [stdout]    |                 ^^^^^^^^^^^ use of undeclared type `ShapeHandle`
[INFO] [stdout]    |
[INFO] [stdout] help: consider importing this struct
[INFO] [stdout]    |
[INFO] [stdout] 1  + use ncollide3d_updated::shape::ShapeHandle;
[INFO] [stdout]    |
[INFO] [stdout] 
[INFO] [stdout] 
[INFO] [stdout] Some errors have detailed explanations: E0433, E0463.
[INFO] [stdout] 
[INFO] [stdout] For more information about an error, try `rustc --explain E0433`.
[INFO] [stdout] 
[INFO] [stderr] error: could not compile `ncollide3d-updated` (test "lib") due to 7 previous errors
[INFO] running `Command { std: "docker" "inspect" "9ca8150a13f586f7c987dc43749f05c8a9e4941f256f4b3d8de86a953aa92066", kill_on_drop: false }`
[INFO] running `Command { std: "docker" "rm" "-f" "9ca8150a13f586f7c987dc43749f05c8a9e4941f256f4b3d8de86a953aa92066", kill_on_drop: false }`
[INFO] [stdout] 9ca8150a13f586f7c987dc43749f05c8a9e4941f256f4b3d8de86a953aa92066
