[INFO] fetching crate ncollide2d-updated 0.36.3...
[INFO] testing ncollide2d-updated-0.36.3 against nightly-2024-10-28+rustflags=-Zrandomize-layout for randomize-layout
[INFO] extracting crate ncollide2d-updated 0.36.3 into /workspace/builds/worker-7-tc2/source
[INFO] validating manifest of crates.io crate ncollide2d-updated 0.36.3 on toolchain nightly-2024-10-28
[INFO] running `Command { std: CARGO_HOME="/workspace/cargo-home" RUSTUP_HOME="/workspace/rustup-home" "/workspace/cargo-home/bin/cargo" "+nightly-2024-10-28" "metadata" "--manifest-path" "Cargo.toml" "--no-deps", kill_on_drop: false }`
[INFO] started tweaking crates.io crate ncollide2d-updated 0.36.3
[INFO] removed 0 missing examples
[INFO] removed 0 missing tests
[INFO] finished tweaking crates.io crate ncollide2d-updated 0.36.3
[INFO] tweaked toml for crates.io crate ncollide2d-updated 0.36.3 written to /workspace/builds/worker-7-tc2/source/Cargo.toml
[INFO] crate crates.io crate ncollide2d-updated 0.36.3 already has a lockfile, it will not be regenerated
[INFO] running `Command { std: CARGO_HOME="/workspace/cargo-home" RUSTUP_HOME="/workspace/rustup-home" "/workspace/cargo-home/bin/cargo" "+nightly-2024-10-28" "fetch" "--manifest-path" "Cargo.toml", kill_on_drop: false }`
[INFO] running `Command { std: "docker" "create" "-v" "/var/lib/crater-agent-workspace/builds/worker-7-tc2/target:/opt/rustwide/target:rw,Z" "-v" "/var/lib/crater-agent-workspace/builds/worker-7-tc2/source:/opt/rustwide/workdir:ro,Z" "-v" "/var/lib/crater-agent-workspace/cargo-home:/opt/rustwide/cargo-home:ro,Z" "-v" "/var/lib/crater-agent-workspace/rustup-home:/opt/rustwide/rustup-home:ro,Z" "-e" "SOURCE_DIR=/opt/rustwide/workdir" "-e" "CARGO_TARGET_DIR=/opt/rustwide/target" "-e" "CARGO_HOME=/opt/rustwide/cargo-home" "-e" "RUSTUP_HOME=/opt/rustwide/rustup-home" "-w" "/opt/rustwide/workdir" "-m" "1610612736" "--user" "0:0" "--network" "none" "ghcr.io/rust-lang/crates-build-env/linux@sha256:4a844ea9eb2546a2d2c7022eacef16ef2e8229c7fbb2c7d4d55a9ceca922f72d" "/opt/rustwide/cargo-home/bin/cargo" "+nightly-2024-10-28" "metadata" "--no-deps" "--format-version=1", kill_on_drop: false }`
[INFO] [stdout] ceaea66e415ea66b4e8f8ee6f9839dbf516738800913a13835f3d0bc2c03afaa
[INFO] running `Command { std: "docker" "start" "-a" "ceaea66e415ea66b4e8f8ee6f9839dbf516738800913a13835f3d0bc2c03afaa", kill_on_drop: false }`
[INFO] running `Command { std: "docker" "inspect" "ceaea66e415ea66b4e8f8ee6f9839dbf516738800913a13835f3d0bc2c03afaa", kill_on_drop: false }`
[INFO] running `Command { std: "docker" "rm" "-f" "ceaea66e415ea66b4e8f8ee6f9839dbf516738800913a13835f3d0bc2c03afaa", kill_on_drop: false }`
[INFO] [stdout] ceaea66e415ea66b4e8f8ee6f9839dbf516738800913a13835f3d0bc2c03afaa
[INFO] running `Command { std: "docker" "create" "-v" "/var/lib/crater-agent-workspace/builds/worker-7-tc2/target:/opt/rustwide/target:rw,Z" "-v" "/var/lib/crater-agent-workspace/builds/worker-7-tc2/source:/opt/rustwide/workdir:ro,Z" "-v" "/var/lib/crater-agent-workspace/cargo-home:/opt/rustwide/cargo-home:ro,Z" "-v" "/var/lib/crater-agent-workspace/rustup-home:/opt/rustwide/rustup-home:ro,Z" "-e" "SOURCE_DIR=/opt/rustwide/workdir" "-e" "CARGO_TARGET_DIR=/opt/rustwide/target" "-e" "CARGO_INCREMENTAL=0" "-e" "RUST_BACKTRACE=full" "-e" "RUSTFLAGS=--cap-lints=forbid -Zrandomize-layout" "-e" "RUSTDOCFLAGS=--cap-lints=forbid" "-e" "CARGO_HOME=/opt/rustwide/cargo-home" "-e" "RUSTUP_HOME=/opt/rustwide/rustup-home" "-w" "/opt/rustwide/workdir" "-m" "1610612736" "--user" "0:0" "--network" "none" "ghcr.io/rust-lang/crates-build-env/linux@sha256:4a844ea9eb2546a2d2c7022eacef16ef2e8229c7fbb2c7d4d55a9ceca922f72d" "/opt/rustwide/cargo-home/bin/cargo" "+nightly-2024-10-28" "build" "--frozen" "--message-format=json", kill_on_drop: false }`
[INFO] [stdout] 5f475149506a9b4e8b083dd336d2177dde92a385208d5b67b54ae45412d1aa00
[INFO] running `Command { std: "docker" "start" "-a" "5f475149506a9b4e8b083dd336d2177dde92a385208d5b67b54ae45412d1aa00", kill_on_drop: false }`
[INFO] [stderr]    Compiling libm v0.2.8
[INFO] [stderr]    Compiling num-traits v0.2.19
[INFO] [stderr]    Compiling libc v0.2.155
[INFO] [stderr]    Compiling az v1.2.1
[INFO] [stderr]    Compiling bytemuck v1.16.3
[INFO] [stderr]    Compiling byteorder v1.5.0
[INFO] [stderr]    Compiling fixed v1.28.0
[INFO] [stderr]    Compiling matrixmultiply v0.3.9
[INFO] [stderr]    Compiling slab v0.4.9
[INFO] [stderr]    Compiling rawpointer v0.2.1
[INFO] [stderr]    Compiling half v2.4.1
[INFO] [stderr]    Compiling slotmap v1.0.7
[INFO] [stderr]    Compiling syn v2.0.72
[INFO] [stderr]    Compiling indexmap v2.3.0
[INFO] [stderr]    Compiling fixedbitset v0.4.2
[INFO] [stderr]    Compiling downcast-rs v1.2.1
[INFO] [stderr]    Compiling safe_arch v0.7.2
[INFO] [stderr]    Compiling wide v0.7.26
[INFO] [stderr]    Compiling petgraph v0.6.5
[INFO] [stderr]    Compiling getrandom v0.2.15
[INFO] [stderr]    Compiling rand_core v0.6.4
[INFO] [stderr]    Compiling num-complex v0.4.6
[INFO] [stderr]    Compiling num-integer v0.1.46
[INFO] [stderr]    Compiling approx v0.5.1
[INFO] [stderr]    Compiling num-rational v0.4.2
[INFO] [stderr]    Compiling zerocopy-derive v0.7.35
[INFO] [stderr]    Compiling nalgebra-macros v0.2.2
[INFO] [stderr]    Compiling zerocopy v0.7.35
[INFO] [stderr]    Compiling ppv-lite86 v0.2.20
[INFO] [stderr]    Compiling rand_chacha v0.3.1
[INFO] [stderr]    Compiling rand v0.8.5
[INFO] [stderr]    Compiling rand_distr v0.4.3
[INFO] [stderr]    Compiling cordic v0.1.5
[INFO] [stderr]    Compiling simba v0.9.0
[INFO] [stderr]    Compiling nalgebra v0.33.0
[INFO] [stderr]    Compiling ncollide2d-updated v0.36.3 (/opt/rustwide/workdir)
[INFO] [stderr]     Finished `dev` profile [unoptimized + debuginfo] target(s) in 17.31s
[INFO] running `Command { std: "docker" "inspect" "5f475149506a9b4e8b083dd336d2177dde92a385208d5b67b54ae45412d1aa00", kill_on_drop: false }`
[INFO] running `Command { std: "docker" "rm" "-f" "5f475149506a9b4e8b083dd336d2177dde92a385208d5b67b54ae45412d1aa00", kill_on_drop: false }`
[INFO] [stdout] 5f475149506a9b4e8b083dd336d2177dde92a385208d5b67b54ae45412d1aa00
[INFO] running `Command { std: "docker" "create" "-v" "/var/lib/crater-agent-workspace/builds/worker-7-tc2/target:/opt/rustwide/target:rw,Z" "-v" "/var/lib/crater-agent-workspace/builds/worker-7-tc2/source:/opt/rustwide/workdir:ro,Z" "-v" "/var/lib/crater-agent-workspace/cargo-home:/opt/rustwide/cargo-home:ro,Z" "-v" "/var/lib/crater-agent-workspace/rustup-home:/opt/rustwide/rustup-home:ro,Z" "-e" "SOURCE_DIR=/opt/rustwide/workdir" "-e" "CARGO_TARGET_DIR=/opt/rustwide/target" "-e" "CARGO_INCREMENTAL=0" "-e" "RUST_BACKTRACE=full" "-e" "RUSTFLAGS=--cap-lints=forbid -Zrandomize-layout" "-e" "RUSTDOCFLAGS=--cap-lints=forbid" "-e" "CARGO_HOME=/opt/rustwide/cargo-home" "-e" "RUSTUP_HOME=/opt/rustwide/rustup-home" "-w" "/opt/rustwide/workdir" "-m" "1610612736" "--user" "0:0" "--network" "none" "ghcr.io/rust-lang/crates-build-env/linux@sha256:4a844ea9eb2546a2d2c7022eacef16ef2e8229c7fbb2c7d4d55a9ceca922f72d" "/opt/rustwide/cargo-home/bin/cargo" "+nightly-2024-10-28" "test" "--frozen" "--no-run" "--message-format=json", kill_on_drop: false }`
[INFO] [stdout] 9bd1d2ddd18d3c1276834d171204a2c08ccaec4f362dffaef8431eafd69cf623
[INFO] running `Command { std: "docker" "start" "-a" "9bd1d2ddd18d3c1276834d171204a2c08ccaec4f362dffaef8431eafd69cf623", kill_on_drop: false }`
[INFO] [stderr]    Compiling ncollide2d-updated v0.36.3 (/opt/rustwide/workdir)
[INFO] [stdout] error[E0433]: failed to resolve: use of undeclared crate or module `ncollide2d`
[INFO] [stdout]  --> examples/ball2d.rs:1:5
[INFO] [stdout]   |
[INFO] [stdout] 1 | use ncollide2d::shape::Ball;
[INFO] [stdout]   |     ^^^^^^^^^^ use of undeclared crate or module `ncollide2d`
[INFO] [stdout] 
[INFO] [stdout] 
[INFO] [stdout] For more information about this error, try `rustc --explain E0433`.
[INFO] [stdout] 
[INFO] [stderr] error: could not compile `ncollide2d-updated` (example "ball2d") due to 1 previous error
[INFO] [stderr] warning: build failed, waiting for other jobs to finish...
[INFO] [stdout] error[E0433]: failed to resolve: use of undeclared crate or module `ncollide2d`
[INFO] [stdout]  --> examples/first_ray_intersect.rs:4:5
[INFO] [stdout]   |
[INFO] [stdout] 4 | use ncollide2d::pipeline::{CollisionGroups, GeometricQueryType};
[INFO] [stdout]   |     ^^^^^^^^^^ use of undeclared crate or module `ncollide2d`
[INFO] [stdout] 
[INFO] [stdout] 
[INFO] [stdout] error[E0433]: failed to resolve: use of undeclared crate or module `ncollide2d`
[INFO] [stdout]  --> examples/first_ray_intersect.rs:5:5
[INFO] [stdout]   |
[INFO] [stdout] 5 | use ncollide2d::query::Ray;
[INFO] [stdout]   |     ^^^^^^^^^^ use of undeclared crate or module `ncollide2d`
[INFO] [stdout] 
[INFO] [stdout] 
[INFO] [stdout] error[E0433]: failed to resolve: use of undeclared crate or module `ncollide2d`
[INFO] [stdout]  --> examples/first_ray_intersect.rs:6:5
[INFO] [stdout]   |
[INFO] [stdout] 6 | use ncollide2d::shape::{Ball, Cuboid, ShapeHandle};
[INFO] [stdout]   |     ^^^^^^^^^^ use of undeclared crate or module `ncollide2d`
[INFO] [stdout] 
[INFO] [stdout] 
[INFO] [stdout] error[E0433]: failed to resolve: use of undeclared crate or module `ncollide2d`
[INFO] [stdout]  --> examples/first_ray_intersect.rs:7:5
[INFO] [stdout]   |
[INFO] [stdout] 7 | use ncollide2d::world::CollisionWorld;
[INFO] [stdout]   |     ^^^^^^^^^^ use of undeclared crate or module `ncollide2d`
[INFO] [stdout] 
[INFO] [stdout] 
[INFO] [stdout] error[E0433]: failed to resolve: use of undeclared crate or module `ncollide2d`
[INFO] [stdout]  --> examples/cuboid2d.rs:4:5
[INFO] [stdout]   |
[INFO] [stdout] 4 | use ncollide2d::shape::Cuboid;
[INFO] [stdout]   |     ^^^^^^^^^^ use of undeclared crate or module `ncollide2d`
[INFO] [stdout] 
[INFO] [stdout] 
[INFO] [stdout] error[E0433]: failed to resolve: use of undeclared crate or module `ncollide2d`
[INFO] [stdout]  --> examples/polyline2d.rs:4:5
[INFO] [stdout]   |
[INFO] [stdout] 4 | use ncollide2d::shape::Polyline;
[INFO] [stdout]   |     ^^^^^^^^^^ use of undeclared crate or module `ncollide2d`
[INFO] [stdout] 
[INFO] [stdout] 
[INFO] [stdout] For more information about this error, try `rustc --explain E0433`.
[INFO] [stdout] 
[INFO] [stdout] error[E0433]: failed to resolve: use of undeclared crate or module `ncollide2d`
[INFO] [stdout]  --> examples/convex2d.rs:5:5
[INFO] [stdout]   |
[INFO] [stdout] 5 | use ncollide2d::shape::ConvexPolygon;
[INFO] [stdout]   |     ^^^^^^^^^^ use of undeclared crate or module `ncollide2d`
[INFO] [stdout] 
[INFO] [stdout] 
[INFO] [stdout] error[E0433]: failed to resolve: use of undeclared crate or module `ncollide2d`
[INFO] [stdout]  --> examples/distance_query2d.rs:7:5
[INFO] [stdout]   |
[INFO] [stdout] 7 | use ncollide2d::shape::{Ball, Cuboid};
[INFO] [stdout]   |     ^^^^^^^^^^ use of undeclared crate or module `ncollide2d`
[INFO] [stdout] 
[INFO] [stdout] 
[INFO] [stdout] error[E0432]: unresolved import `ncollide2d`
[INFO] [stdout]  --> examples/distance_query2d.rs:6:5
[INFO] [stdout]   |
[INFO] [stdout] 6 | use ncollide2d::query;
[INFO] [stdout]   |     ^^^^^^^^^^ use of undeclared crate or module `ncollide2d`
[INFO] [stdout] 
[INFO] [stdout] 
[INFO] [stdout] error[E0433]: failed to resolve: use of undeclared crate or module `ncollide2d`
[INFO] [stdout]  --> examples/contact_query2d.rs:5:5
[INFO] [stdout]   |
[INFO] [stdout] 5 | use ncollide2d::shape::{Ball, Cuboid};
[INFO] [stdout]   |     ^^^^^^^^^^ use of undeclared crate or module `ncollide2d`
[INFO] [stdout] 
[INFO] [stdout] 
[INFO] [stdout] error[E0432]: unresolved import `ncollide2d`
[INFO] [stdout]  --> examples/contact_query2d.rs:4:5
[INFO] [stdout]   |
[INFO] [stdout] 4 | use ncollide2d::query;
[INFO] [stdout]   |     ^^^^^^^^^^ use of undeclared crate or module `ncollide2d`
[INFO] [stdout] 
[INFO] [stdout] 
[INFO] [stdout] error[E0433]: failed to resolve: use of undeclared crate or module `ncollide2d`
[INFO] [stdout]  --> examples/ray_bvt2d.rs:4:5
[INFO] [stdout]   |
[INFO] [stdout] 4 | use ncollide2d::bounding_volume::{self, BoundingSphere, HasBoundingVolume};
[INFO] [stdout]   |     ^^^^^^^^^^ use of undeclared crate or module `ncollide2d`
[INFO] [stdout] 
[INFO] [stdout] 
[INFO] [stdout] error[E0433]: failed to resolve: use of undeclared crate or module `ncollide2d`
[INFO] [stdout]  --> examples/aabb2d.rs:4:5
[INFO] [stdout]   |
[INFO] [stdout] 4 | use ncollide2d::bounding_volume::{self, BoundingVolume};
[INFO] [stdout]   |     ^^^^^^^^^^ use of undeclared crate or module `ncollide2d`
[INFO] [stdout] 
[INFO] [stdout] 
[INFO] [stdout] error[E0433]: failed to resolve: use of undeclared crate or module `ncollide2d`
[INFO] [stdout]  --> examples/bounding_sphere2d.rs:4:5
[INFO] [stdout]   |
[INFO] [stdout] 4 | use ncollide2d::bounding_volume::{self, BoundingVolume};
[INFO] [stdout]   |     ^^^^^^^^^^ use of undeclared crate or module `ncollide2d`
[INFO] [stdout] 
[INFO] [stdout] 
[INFO] [stdout] error[E0433]: failed to resolve: use of undeclared crate or module `ncollide2d`
[INFO] [stdout]  --> examples/ray_bvt2d.rs:5:5
[INFO] [stdout]   |
[INFO] [stdout] 5 | use ncollide2d::partitioning::{BVH, BVT};
[INFO] [stdout]   |     ^^^^^^^^^^ use of undeclared crate or module `ncollide2d`
[INFO] [stdout] 
[INFO] [stdout] 
[INFO] [stdout] error[E0433]: failed to resolve: use of undeclared crate or module `ncollide2d`
[INFO] [stdout]  --> examples/ray_bvt2d.rs:6:5
[INFO] [stdout]   |
[INFO] [stdout] 6 | use ncollide2d::query::{visitors::RayInterferencesCollector, Ray, RayCast};
[INFO] [stdout]   |     ^^^^^^^^^^ use of undeclared crate or module `ncollide2d`
[INFO] [stdout] 
[INFO] [stdout] 
[INFO] [stdout] error[E0433]: failed to resolve: use of undeclared crate or module `ncollide2d`
[INFO] [stdout]  --> examples/bounding_sphere2d.rs:5:5
[INFO] [stdout]   |
[INFO] [stdout] 5 | use ncollide2d::shape::Cuboid;
[INFO] [stdout]   |     ^^^^^^^^^^ use of undeclared crate or module `ncollide2d`
[INFO] [stdout] 
[INFO] [stdout] 
[INFO] [stdout] error[E0433]: failed to resolve: use of undeclared crate or module `ncollide2d`
[INFO] [stdout]  --> examples/ray_bvt2d.rs:7:5
[INFO] [stdout]   |
[INFO] [stdout] 7 | use ncollide2d::shape::{Ball, Cuboid};
[INFO] [stdout]   |     ^^^^^^^^^^ use of undeclared crate or module `ncollide2d`
[INFO] [stdout] 
[INFO] [stdout] 
[INFO] [stdout] error[E0432]: unresolved import `ncollide2d`
[INFO] [stdout]  --> examples/bounding_sphere2d.rs:4:5
[INFO] [stdout]   |
[INFO] [stdout] 4 | use ncollide2d::bounding_volume::{self, BoundingVolume};
[INFO] [stdout]   |     ^^^^^^^^^^ use of undeclared crate or module `ncollide2d`
[INFO] [stdout] 
[INFO] [stdout] 
[INFO] [stdout] error[E0432]: unresolved import `ncollide2d`
[INFO] [stdout]  --> examples/convex_hull2d.rs:4:5
[INFO] [stdout]   |
[INFO] [stdout] 4 | use ncollide2d::transformation;
[INFO] [stdout]   |     ^^^^^^^^^^ use of undeclared crate or module `ncollide2d`
[INFO] [stdout] 
[INFO] [stdout] 
[INFO] [stdout] error[E0433]: failed to resolve: use of undeclared crate or module `ncollide2d`
[INFO] [stdout]  --> examples/aabb2d.rs:5:5
[INFO] [stdout]   |
[INFO] [stdout] 5 | use ncollide2d::shape::Ball;
[INFO] [stdout]   |     ^^^^^^^^^^ use of undeclared crate or module `ncollide2d`
[INFO] [stdout] 
[INFO] [stdout] 
[INFO] [stdout] error[E0432]: unresolved import `ncollide2d`
[INFO] [stdout]  --> examples/ray_bvt2d.rs:4:5
[INFO] [stdout]   |
[INFO] [stdout] 4 | use ncollide2d::bounding_volume::{self, BoundingSphere, HasBoundingVolume};
[INFO] [stdout]   |     ^^^^^^^^^^ use of undeclared crate or module `ncollide2d`
[INFO] [stdout] 
[INFO] [stdout] 
[INFO] [stdout] error[E0432]: unresolved import `ncollide2d`
[INFO] [stdout]  --> examples/aabb2d.rs:4:5
[INFO] [stdout]   |
[INFO] [stdout] 4 | use ncollide2d::bounding_volume::{self, BoundingVolume};
[INFO] [stdout]   |     ^^^^^^^^^^ use of undeclared crate or module `ncollide2d`
[INFO] [stdout] 
[INFO] [stdout] 
[INFO] [stdout] error[E0433]: failed to resolve: use of undeclared crate or module `ncollide2d`
[INFO] [stdout]  --> examples/dbvt_broad_phase2d.rs:5:5
[INFO] [stdout]   |
[INFO] [stdout] 5 | use ncollide2d::broad_phase::{BroadPhase, BroadPhaseInterferenceHandler, DBVTBroadPhase};
[INFO] [stdout]   |     ^^^^^^^^^^ use of undeclared crate or module `ncollide2d`
[INFO] [stdout] 
[INFO] [stdout] 
[INFO] [stdout] error[E0433]: failed to resolve: use of undeclared crate or module `ncollide2d`
[INFO] [stdout]  --> examples/dbvt_broad_phase2d.rs:6:5
[INFO] [stdout]   |
[INFO] [stdout] 6 | use ncollide2d::shape::Ball;
[INFO] [stdout]   |     ^^^^^^^^^^ use of undeclared crate or module `ncollide2d`
[INFO] [stdout] 
[INFO] [stdout] 
[INFO] [stdout] error[E0432]: unresolved import `ncollide2d`
[INFO] [stdout]  --> examples/dbvt_broad_phase2d.rs:4:5
[INFO] [stdout]   |
[INFO] [stdout] 4 | use ncollide2d::bounding_volume;
[INFO] [stdout]   |     ^^^^^^^^^^ use of undeclared crate or module `ncollide2d`
[INFO] [stdout] 
[INFO] [stdout] 
[INFO] [stderr] error: could not compile `ncollide2d-updated` (example "cuboid2d") due to 1 previous error
[INFO] [stdout] For more information about this error, try `rustc --explain E0433`.
[INFO] [stdout] 
[INFO] [stdout] error[E0433]: failed to resolve: use of undeclared crate or module `ncollide2d`
[INFO] [stdout]  --> examples/proximity_query2d.rs:4:5
[INFO] [stdout]   |
[INFO] [stdout] 4 | use ncollide2d::query::{self, Proximity};
[INFO] [stdout]   |     ^^^^^^^^^^ use of undeclared crate or module `ncollide2d`
[INFO] [stdout] 
[INFO] [stdout] 
[INFO] [stdout] error[E0433]: failed to resolve: use of undeclared crate or module `ncollide2d`
[INFO] [stdout]  --> examples/proximity_query2d.rs:5:5
[INFO] [stdout]   |
[INFO] [stdout] 5 | use ncollide2d::shape::{Ball, Cuboid};
[INFO] [stdout]   |     ^^^^^^^^^^ use of undeclared crate or module `ncollide2d`
[INFO] [stdout] 
[INFO] [stdout] 
[INFO] [stdout] error[E0432]: unresolved import `ncollide2d`
[INFO] [stdout]  --> examples/proximity_query2d.rs:4:5
[INFO] [stdout]   |
[INFO] [stdout] 4 | use ncollide2d::query::{self, Proximity};
[INFO] [stdout]   |     ^^^^^^^^^^ use of undeclared crate or module `ncollide2d`
[INFO] [stdout] 
[INFO] [stdout] 
[INFO] [stdout] error[E0463]: can't find crate for `ncollide2d`
[INFO] [stdout]  --> tests/lib.rs:4:1
[INFO] [stdout]   |
[INFO] [stdout] 4 | extern crate ncollide2d;
[INFO] [stdout]   | ^^^^^^^^^^^^^^^^^^^^^^^^ can't find crate
[INFO] [stdout] 
[INFO] [stdout] 
[INFO] [stdout] Some errors have detailed explanations: E0432, E0433.
[INFO] [stdout] 
[INFO] [stdout] For more information about an error, try `rustc --explain E0432`.
[INFO] [stdout] 
[INFO] [stdout] Some errors have detailed explanations: E0432, E0433.
[INFO] [stdout] 
[INFO] [stdout] For more information about an error, try `rustc --explain E0432`.
[INFO] [stdout] 
[INFO] [stdout] For more information about this error, try `rustc --explain E0433`.
[INFO] [stdout] 
[INFO] [stderr] error: could not compile `ncollide2d-updated` (example "first_ray_intersect") due to 4 previous errors
[INFO] [stdout] For more information about this error, try `rustc --explain E0433`.
[INFO] [stdout] 
[INFO] [stdout] For more information about this error, try `rustc --explain E0432`.
[INFO] [stdout] 
[INFO] [stdout] Some errors have detailed explanations: E0432, E0433.
[INFO] [stdout] 
[INFO] [stdout] For more information about an error, try `rustc --explain E0432`.
[INFO] [stdout] 
[INFO] [stderr] error: could not compile `ncollide2d-updated` (example "ray_bvt2d") due to 5 previous errors
[INFO] [stderr] error: could not compile `ncollide2d-updated` (example "convex2d") due to 1 previous error
[INFO] [stderr] error: could not compile `ncollide2d-updated` (example "polyline2d") due to 1 previous error
[INFO] [stdout] Some errors have detailed explanations: E0432, E0433.
[INFO] [stdout] 
[INFO] [stdout] For more information about an error, try `rustc --explain E0432`.
[INFO] [stdout] 
[INFO] [stderr] error: could not compile `ncollide2d-updated` (example "aabb2d") due to 3 previous errors
[INFO] [stderr] error: could not compile `ncollide2d-updated` (example "convex_hull2d") due to 1 previous error
[INFO] [stdout] Some errors have detailed explanations: E0432, E0433.
[INFO] [stdout] 
[INFO] [stdout] For more information about an error, try `rustc --explain E0432`.
[INFO] [stdout] 
[INFO] [stderr] error: could not compile `ncollide2d-updated` (example "dbvt_broad_phase2d") due to 3 previous errors
[INFO] [stderr] error: could not compile `ncollide2d-updated` (example "contact_query2d") due to 2 previous errors
[INFO] [stderr] error: could not compile `ncollide2d-updated` (example "proximity_query2d") due to 3 previous errors
[INFO] [stdout] Some errors have detailed explanations: E0432, E0433.
[INFO] [stdout] 
[INFO] [stdout] For more information about an error, try `rustc --explain E0432`.
[INFO] [stdout] 
[INFO] [stdout] Some errors have detailed explanations: E0432, E0433.
[INFO] [stdout] 
[INFO] [stdout] For more information about an error, try `rustc --explain E0432`.
[INFO] [stdout] 
[INFO] [stderr] error: could not compile `ncollide2d-updated` (example "bounding_sphere2d") due to 3 previous errors
[INFO] [stderr] error: could not compile `ncollide2d-updated` (example "distance_query2d") due to 2 previous errors
[INFO] [stdout] For more information about this error, try `rustc --explain E0463`.
[INFO] [stdout] 
[INFO] [stderr] error: could not compile `ncollide2d-updated` (test "lib") due to 1 previous error
[INFO] running `Command { std: "docker" "inspect" "9bd1d2ddd18d3c1276834d171204a2c08ccaec4f362dffaef8431eafd69cf623", kill_on_drop: false }`
[INFO] running `Command { std: "docker" "rm" "-f" "9bd1d2ddd18d3c1276834d171204a2c08ccaec4f362dffaef8431eafd69cf623", kill_on_drop: false }`
[INFO] [stdout] 9bd1d2ddd18d3c1276834d171204a2c08ccaec4f362dffaef8431eafd69cf623
