[INFO] fetching crate naty_nativefy 0.3.8...
[INFO] testing naty_nativefy-0.3.8 against nightly-2024-10-28+rustflags=-Zrandomize-layout for randomize-layout
[INFO] extracting crate naty_nativefy 0.3.8 into /workspace/builds/worker-3-tc2/source
[INFO] validating manifest of crates.io crate naty_nativefy 0.3.8 on toolchain nightly-2024-10-28
[INFO] running `Command { std: CARGO_HOME="/workspace/cargo-home" RUSTUP_HOME="/workspace/rustup-home" "/workspace/cargo-home/bin/cargo" "+nightly-2024-10-28" "metadata" "--manifest-path" "Cargo.toml" "--no-deps", kill_on_drop: false }`
[INFO] started tweaking crates.io crate naty_nativefy 0.3.8
[INFO] finished tweaking crates.io crate naty_nativefy 0.3.8
[INFO] tweaked toml for crates.io crate naty_nativefy 0.3.8 written to /workspace/builds/worker-3-tc2/source/Cargo.toml
[INFO] running `Command { std: CARGO_HOME="/workspace/cargo-home" RUSTUP_HOME="/workspace/rustup-home" "/workspace/cargo-home/bin/cargo" "+nightly-2024-10-28" "generate-lockfile" "--manifest-path" "Cargo.toml", kill_on_drop: false }`
[INFO] [stderr]     Updating crates.io index
[INFO] [stderr]      Locking 264 packages to latest compatible versions
[INFO] [stderr]       Adding site_icons v0.1.13 (available: v0.6.4)
[INFO] [stderr]       Adding toml v0.5.11 (available: v0.8.19)
[INFO] running `Command { std: CARGO_HOME="/workspace/cargo-home" RUSTUP_HOME="/workspace/rustup-home" "/workspace/cargo-home/bin/cargo" "+nightly-2024-10-28" "fetch" "--manifest-path" "Cargo.toml", kill_on_drop: false }`
[INFO] running `Command { std: "docker" "create" "-v" "/var/lib/crater-agent-workspace/builds/worker-3-tc2/target:/opt/rustwide/target:rw,Z" "-v" "/var/lib/crater-agent-workspace/builds/worker-3-tc2/source:/opt/rustwide/workdir:ro,Z" "-v" "/var/lib/crater-agent-workspace/cargo-home:/opt/rustwide/cargo-home:ro,Z" "-v" "/var/lib/crater-agent-workspace/rustup-home:/opt/rustwide/rustup-home:ro,Z" "-e" "SOURCE_DIR=/opt/rustwide/workdir" "-e" "CARGO_TARGET_DIR=/opt/rustwide/target" "-e" "CARGO_HOME=/opt/rustwide/cargo-home" "-e" "RUSTUP_HOME=/opt/rustwide/rustup-home" "-w" "/opt/rustwide/workdir" "-m" "1610612736" "--user" "0:0" "--network" "none" "ghcr.io/rust-lang/crates-build-env/linux@sha256:4a844ea9eb2546a2d2c7022eacef16ef2e8229c7fbb2c7d4d55a9ceca922f72d" "/opt/rustwide/cargo-home/bin/cargo" "+nightly-2024-10-28" "metadata" "--no-deps" "--format-version=1", kill_on_drop: false }`
[INFO] [stdout] 01f921b71086ef0398fda841b8e33059f372c3c011d193aea8774b0e8c0647a3
[INFO] running `Command { std: "docker" "start" "-a" "01f921b71086ef0398fda841b8e33059f372c3c011d193aea8774b0e8c0647a3", kill_on_drop: false }`
[INFO] running `Command { std: "docker" "inspect" "01f921b71086ef0398fda841b8e33059f372c3c011d193aea8774b0e8c0647a3", kill_on_drop: false }`
[INFO] running `Command { std: "docker" "rm" "-f" "01f921b71086ef0398fda841b8e33059f372c3c011d193aea8774b0e8c0647a3", kill_on_drop: false }`
[INFO] [stdout] 01f921b71086ef0398fda841b8e33059f372c3c011d193aea8774b0e8c0647a3
[INFO] running `Command { std: "docker" "create" "-v" "/var/lib/crater-agent-workspace/builds/worker-3-tc2/target:/opt/rustwide/target:rw,Z" "-v" "/var/lib/crater-agent-workspace/builds/worker-3-tc2/source:/opt/rustwide/workdir:ro,Z" "-v" "/var/lib/crater-agent-workspace/cargo-home:/opt/rustwide/cargo-home:ro,Z" "-v" "/var/lib/crater-agent-workspace/rustup-home:/opt/rustwide/rustup-home:ro,Z" "-e" "SOURCE_DIR=/opt/rustwide/workdir" "-e" "CARGO_TARGET_DIR=/opt/rustwide/target" "-e" "CARGO_INCREMENTAL=0" "-e" "RUST_BACKTRACE=full" "-e" "RUSTFLAGS=--cap-lints=forbid -Zrandomize-layout" "-e" "RUSTDOCFLAGS=--cap-lints=forbid" "-e" "CARGO_HOME=/opt/rustwide/cargo-home" "-e" "RUSTUP_HOME=/opt/rustwide/rustup-home" "-w" "/opt/rustwide/workdir" "-m" "1610612736" "--user" "0:0" "--network" "none" "ghcr.io/rust-lang/crates-build-env/linux@sha256:4a844ea9eb2546a2d2c7022eacef16ef2e8229c7fbb2c7d4d55a9ceca922f72d" "/opt/rustwide/cargo-home/bin/cargo" "+nightly-2024-10-28" "build" "--frozen" "--message-format=json", kill_on_drop: false }`
[INFO] [stdout] 3b1eb30971c1c61e117929a13617397cde3990d34cd14422f94cdef44c779ab7
[INFO] running `Command { std: "docker" "start" "-a" "3b1eb30971c1c61e117929a13617397cde3990d34cd14422f94cdef44c779ab7", kill_on_drop: false }`
[INFO] [stderr]    Compiling libc v0.2.161
[INFO] [stderr]    Compiling byteorder v1.5.0
[INFO] [stderr]    Compiling syn v1.0.109
[INFO] [stderr]    Compiling smallvec v1.13.2
[INFO] [stderr]    Compiling siphasher v0.3.11
[INFO] [stderr]    Compiling serde v1.0.214
[INFO] [stderr]    Compiling getrandom v0.1.16
[INFO] [stderr]    Compiling futures-io v0.3.31
[INFO] [stderr]    Compiling syn v2.0.86
[INFO] [stderr]    Compiling log v0.4.22
[INFO] [stderr]    Compiling unicode-bidi v0.3.17
[INFO] [stderr]    Compiling unicode-normalization v0.1.24
[INFO] [stderr]    Compiling matches v0.1.10
[INFO] [stderr]    Compiling strsim v0.10.0
[INFO] [stderr]    Compiling proc-macro-error-attr v1.0.4
[INFO] [stderr]    Compiling http v1.1.0
[INFO] [stderr]    Compiling phf_shared v0.10.0
[INFO] [stderr]    Compiling phf_shared v0.8.0
[INFO] [stderr]    Compiling new_debug_unreachable v1.0.6
[INFO] [stderr]    Compiling parking_lot_core v0.9.10
[INFO] [stderr]    Compiling proc-macro-error v1.0.4
[INFO] [stderr]    Compiling ident_case v1.0.1
[INFO] [stderr]    Compiling time-core v0.1.2
[INFO] [stderr]    Compiling precomputed-hash v0.1.1
[INFO] [stderr]    Compiling num-conv v0.1.0
[INFO] [stderr]    Compiling mac v0.1.1
[INFO] [stderr]    Compiling powerfmt v0.2.0
[INFO] [stderr]    Compiling cookie v0.16.2
[INFO] [stderr]    Compiling indexmap v1.9.3
[INFO] [stderr]    Compiling futf v0.1.5
[INFO] [stderr]    Compiling parking_lot v0.12.3
[INFO] [stderr]    Compiling time-macros v0.2.18
[INFO] [stderr]    Compiling dtoa v1.0.9
[INFO] [stderr]    Compiling utf-8 v0.7.6
[INFO] [stderr]    Compiling deranged v0.3.11
[INFO] [stderr]    Compiling phf v0.10.1
[INFO] [stderr]    Compiling atty v0.2.14
[INFO] [stderr]    Compiling heck v0.4.1
[INFO] [stderr]    Compiling tendril v0.4.3
[INFO] [stderr]    Compiling dtoa-short v0.3.5
[INFO] [stderr]    Compiling stable_deref_trait v1.2.0
[INFO] [stderr]    Compiling termcolor v1.4.1
[INFO] [stderr]    Compiling convert_case v0.4.0
[INFO] [stderr]    Compiling portable-atomic v1.9.0
[INFO] [stderr]    Compiling os_str_bytes v6.6.1
[INFO] [stderr]    Compiling idna v0.5.0
[INFO] [stderr]    Compiling idna v0.3.0
[INFO] [stderr]    Compiling psl-types v2.0.11
[INFO] [stderr]    Compiling nodrop v0.1.14
[INFO] [stderr]    Compiling idna v0.2.3
[INFO] [stderr]    Compiling servo_arc v0.1.1
[INFO] [stderr]    Compiling fxhash v0.2.1
[INFO] [stderr]    Compiling clap_lex v0.2.4
[INFO] [stderr]    Compiling textwrap v0.16.1
[INFO] [stderr]    Compiling http-body v1.0.1
[INFO] [stderr]    Compiling thin-slice v0.1.1
[INFO] [stderr]    Compiling quick-error v1.2.3
[INFO] [stderr]    Compiling rustls-pki-types v1.10.0
[INFO] [stderr]    Compiling publicsuffix v2.2.3
[INFO] [stderr]    Compiling quoted-string v0.2.2
[INFO] [stderr]    Compiling rand_core v0.5.1
[INFO] [stderr]    Compiling getrandom v0.2.15
[INFO] [stderr]    Compiling tokio v0.2.25
[INFO] [stderr]    Compiling console v0.15.8
[INFO] [stderr]    Compiling thiserror v1.0.66
[INFO] [stderr]    Compiling sync_wrapper v1.0.1
[INFO] [stderr]    Compiling rand_core v0.6.4
[INFO] [stderr]    Compiling rand_pcg v0.2.1
[INFO] [stderr]    Compiling rustls-pemfile v2.2.0
[INFO] [stderr]    Compiling mime-parse-4 v0.0.0
[INFO] [stderr]    Compiling either v1.13.0
[INFO] [stderr]    Compiling base64 v0.22.1
[INFO] [stderr]    Compiling number_prefix v0.4.0
[INFO] [stderr]    Compiling ego-tree v0.6.3
[INFO] [stderr]    Compiling itertools v0.10.5
[INFO] [stderr]    Compiling mime_4 v0.4.0-a.0
[INFO] [stderr]    Compiling env_logger v0.9.3
[INFO] [stderr]    Compiling data-url v0.1.1
[INFO] [stderr]    Compiling indicatif v0.17.8
[INFO] [stderr]    Compiling time v0.3.36
[INFO] [stderr]    Compiling tokio-futures-byteorder v0.2.0
[INFO] [stderr]    Compiling zerocopy-derive v0.7.35
[INFO] [stderr]    Compiling serde_derive v1.0.214
[INFO] [stderr]    Compiling futures-macro v0.3.31
[INFO] [stderr]    Compiling tokio-macros v2.4.0
[INFO] [stderr]    Compiling openssl-macros v0.1.1
[INFO] [stderr]    Compiling cssparser-macros v0.6.1
[INFO] [stderr]    Compiling derive_more v0.99.18
[INFO] [stderr]    Compiling thiserror-impl v1.0.66
[INFO] [stderr]    Compiling darling_core v0.13.4
[INFO] [stderr]    Compiling openssl v0.10.68
[INFO] [stderr]    Compiling zerocopy v0.7.35
[INFO] [stderr]    Compiling futures-util v0.3.31
[INFO] [stderr]    Compiling tokio v1.41.0
[INFO] [stderr]    Compiling cssparser v0.27.2
[INFO] [stderr]    Compiling html5ever v0.26.0
[INFO] [stderr]    Compiling clap_derive v3.2.25
[INFO] [stderr]    Compiling ppv-lite86 v0.2.20
[INFO] [stderr]    Compiling rand_chacha v0.2.2
[INFO] [stderr]    Compiling rand_chacha v0.3.1
[INFO] [stderr]    Compiling rand v0.7.3
[INFO] [stderr]    Compiling darling_macro v0.13.4
[INFO] [stderr]    Compiling rand v0.8.5
[INFO] [stderr]    Compiling darling v0.13.4
[INFO] [stderr]    Compiling serde_with_macros v1.5.2
[INFO] [stderr]    Compiling clap v3.2.25
[INFO] [stderr]    Compiling phf_generator v0.8.0
[INFO] [stderr]    Compiling phf_codegen v0.8.0
[INFO] [stderr]    Compiling phf_macros v0.8.0
[INFO] [stderr]    Compiling selectors v0.22.0
[INFO] [stderr]    Compiling phf_generator v0.10.0
[INFO] [stderr]    Compiling phf_codegen v0.10.0
[INFO] [stderr]    Compiling string_cache_codegen v0.5.2
[INFO] [stderr]    Compiling markup5ever v0.11.0
[INFO] [stderr]    Compiling phf v0.8.0
[INFO] [stderr]    Compiling futures-executor v0.3.31
[INFO] [stderr]    Compiling http-body-util v0.1.2
[INFO] [stderr]    Compiling futures v0.3.31
[INFO] [stderr]    Compiling native-tls v0.2.12
[INFO] [stderr]    Compiling tokio-native-tls v0.3.1
[INFO] [stderr]    Compiling tokio-util v0.7.12
[INFO] [stderr]    Compiling hyper v1.5.0
[INFO] [stderr]    Compiling url v2.5.2
[INFO] [stderr]    Compiling serde_urlencoded v0.7.1
[INFO] [stderr]    Compiling string_cache v0.8.7
[INFO] [stderr]    Compiling serde_json v1.0.132
[INFO] [stderr]    Compiling serde_with v1.14.0
[INFO] [stderr]    Compiling vec1 v1.12.1
[INFO] [stderr]    Compiling toml v0.5.11
[INFO] [stderr]    Compiling h2 v0.3.26
[INFO] [stderr]    Compiling hyper-util v0.1.10
[INFO] [stderr]    Compiling naty_common v0.3.9
[INFO] [stderr]    Compiling cookie_store v0.16.2
[INFO] [stderr]    Compiling hyper-tls v0.6.0
[INFO] [stderr]    Compiling reqwest v0.12.9
[INFO] [stderr]    Compiling scraper v0.13.0
[INFO] [stderr]    Compiling downloader v0.2.8
[INFO] [stdout] error[E0599]: no method named `join` found for struct `MultiProgress` in the current scope
[INFO] [stdout]    --> /opt/rustwide/cargo-home/registry/src/index.crates.io-6f17d22bba15001f/downloader-0.2.8/src/progress.rs:107:18
[INFO] [stdout]     |
[INFO] [stdout] 106 | /             self.progress_group
[INFO] [stdout] 107 | |                 .join()
[INFO] [stdout]     | |                 -^^^^ method not found in `MultiProgress`
[INFO] [stdout]     | |_________________|
[INFO] [stdout]     |
[INFO] [stdout]     |
[INFO] [stdout]     = help: items from traits can only be used if the trait is implemented and in scope
[INFO] [stdout] note: `Factory` defines an item `join`, perhaps you need to implement it
[INFO] [stdout]    --> /opt/rustwide/cargo-home/registry/src/index.crates.io-6f17d22bba15001f/downloader-0.2.8/src/progress.rs:31:1
[INFO] [stdout]     |
[INFO] [stdout] 31  | pub trait Factory {
[INFO] [stdout]     | ^^^^^^^^^^^^^^^^^
[INFO] [stdout] 
[INFO] [stdout] 
[INFO] [stdout] error[E0599]: no method named `progress_chars` found for enum `std::result::Result` in the current scope
[INFO] [stdout]    --> /opt/rustwide/cargo-home/registry/src/index.crates.io-6f17d22bba15001f/downloader-0.2.8/src/progress.rs:123:18
[INFO] [stdout]     |
[INFO] [stdout] 121 |                   lock.set_style(indicatif::ProgressStyle::default_bar()
[INFO] [stdout]     |                                  ---------------------------------------
[INFO] [stdout]     |                                  |
[INFO] [stdout]     |  ________________________________method `progress_chars` is available on `ProgressStyle`
[INFO] [stdout]     | |
[INFO] [stdout] 122 | |                 .template("[{bar:20.cyan/blue}] {bytes}/{total_bytes} ({bytes_per_sec}, {eta}) - {msg}")
[INFO] [stdout] 123 | |                 .progress_chars("#- "));
[INFO] [stdout]     | |                 -^^^^^^^^^^^^^^ method not found in `Result<ProgressStyle, TemplateError>`
[INFO] [stdout]     | |_________________|
[INFO] [stdout]     |
[INFO] [stdout]     |
[INFO] [stdout] note: the method `progress_chars` exists on the type `ProgressStyle`
[INFO] [stdout]    --> /opt/rustwide/cargo-home/registry/src/index.crates.io-6f17d22bba15001f/indicatif-0.17.8/src/style.rs:140:5
[INFO] [stdout]     |
[INFO] [stdout] 140 |     pub fn progress_chars(mut self, s: &str) -> Self {
[INFO] [stdout]     |     ^^^^^^^^^^^^^^^^^^^^^^^^^^^^^^^^^^^^^^^^^^^^^^^^
[INFO] [stdout] help: consider using `Result::expect` to unwrap the `ProgressStyle` value, panicking if the value is a `Result::Err`
[INFO] [stdout]     |
[INFO] [stdout] 122 |                 .template("[{bar:20.cyan/blue}] {bytes}/{total_bytes} ({bytes_per_sec}, {eta}) - {msg}").expect("REASON")
[INFO] [stdout]     |                                                                                                         +++++++++++++++++
[INFO] [stdout] 
[INFO] [stdout] 
[INFO] [stdout] error[E0308]: mismatched types
[INFO] [stdout]    --> /opt/rustwide/cargo-home/registry/src/index.crates.io-6f17d22bba15001f/downloader-0.2.8/src/progress.rs:128:21
[INFO] [stdout]     |
[INFO] [stdout] 127 |                   lock.set_style(
[INFO] [stdout]     |                        --------- arguments to this method are incorrect
[INFO] [stdout] 128 | /                     indicatif::ProgressStyle::default_spinner()
[INFO] [stdout] 129 | |                         // For more spinners check out the cli-spinners project:
[INFO] [stdout] 130 | |                         // https://github.com/sindresorhus/cli-spinners/blob/master/spinners.json
[INFO] [stdout] 131 | |                         .tick_strings(&[
[INFO] [stdout] ...   |
[INFO] [stdout] 139 | |                         ])
[INFO] [stdout] 140 | |                         .template("{spinner:.blue} {msg}"),
[INFO] [stdout]     | |__________________________________________________________^ expected `ProgressStyle`, found `Result<ProgressStyle, ...>`
[INFO] [stdout]     |
[INFO] [stdout]     = note: expected struct `ProgressStyle`
[INFO] [stdout]                  found enum `std::result::Result<ProgressStyle, TemplateError>`
[INFO] [stdout] note: method defined here
[INFO] [stdout]    --> /opt/rustwide/cargo-home/registry/src/index.crates.io-6f17d22bba15001f/indicatif-0.17.8/src/progress_bar.rs:147:12
[INFO] [stdout]     |
[INFO] [stdout] 147 |     pub fn set_style(&self, style: ProgressStyle) {
[INFO] [stdout]     |            ^^^^^^^^^
[INFO] [stdout] help: consider using `Result::expect` to unwrap the `std::result::Result<ProgressStyle, TemplateError>` value, panicking if the value is a `Result::Err`
[INFO] [stdout]     |
[INFO] [stdout] 140 |                         .template("{spinner:.blue} {msg}").expect("REASON"),
[INFO] [stdout]     |                                                           +++++++++++++++++
[INFO] [stdout] 
[INFO] [stdout] 
[INFO] [stdout] error[E0521]: borrowed data escapes outside of method
[INFO] [stdout]    --> /opt/rustwide/cargo-home/registry/src/index.crates.io-6f17d22bba15001f/downloader-0.2.8/src/progress.rs:153:13
[INFO] [stdout]     |
[INFO] [stdout] 151 |         fn set_message(&self, message: &str) {
[INFO] [stdout]     |                               -------  - let's call the lifetime of this reference `'1`
[INFO] [stdout]     |                               |
[INFO] [stdout]     |                               `message` is a reference that is only valid in the method body
[INFO] [stdout] 152 |             let lock = self.progress_bar.lock().unwrap();
[INFO] [stdout] 153 |             lock.set_message(message);
[INFO] [stdout]     |             ^^^^^^^^^^^^^^^^^^^^^^^^^
[INFO] [stdout]     |             |
[INFO] [stdout]     |             `message` escapes the method body here
[INFO] [stdout]     |             argument requires that `'1` must outlive `'static`
[INFO] [stdout] 
[INFO] [stdout] 
[INFO] [stdout] Some errors have detailed explanations: E0308, E0521, E0599.
[INFO] [stdout] 
[INFO] [stdout] For more information about an error, try `rustc --explain E0308`.
[INFO] [stdout] 
[INFO] [stderr] error: could not compile `downloader` (lib) due to 4 previous errors
[INFO] [stderr] warning: build failed, waiting for other jobs to finish...
[INFO] running `Command { std: "docker" "inspect" "3b1eb30971c1c61e117929a13617397cde3990d34cd14422f94cdef44c779ab7", kill_on_drop: false }`
[INFO] running `Command { std: "docker" "rm" "-f" "3b1eb30971c1c61e117929a13617397cde3990d34cd14422f94cdef44c779ab7", kill_on_drop: false }`
[INFO] [stdout] 3b1eb30971c1c61e117929a13617397cde3990d34cd14422f94cdef44c779ab7
