[INFO] fetching crate mysql_async_wasi 0.33.0...
[INFO] testing mysql_async_wasi-0.33.0 against nightly-2024-10-28+rustflags=-Zrandomize-layout for randomize-layout
[INFO] extracting crate mysql_async_wasi 0.33.0 into /workspace/builds/worker-2-tc2/source
[INFO] validating manifest of crates.io crate mysql_async_wasi 0.33.0 on toolchain nightly-2024-10-28
[INFO] running `Command { std: CARGO_HOME="/workspace/cargo-home" RUSTUP_HOME="/workspace/rustup-home" "/workspace/cargo-home/bin/cargo" "+nightly-2024-10-28" "metadata" "--manifest-path" "Cargo.toml" "--no-deps", kill_on_drop: false }`
[INFO] removed /workspace/builds/worker-2-tc2/source/.cargo/config.toml
[INFO] started tweaking crates.io crate mysql_async_wasi 0.33.0
[INFO] finished tweaking crates.io crate mysql_async_wasi 0.33.0
[INFO] tweaked toml for crates.io crate mysql_async_wasi 0.33.0 written to /workspace/builds/worker-2-tc2/source/Cargo.toml
[INFO] running `Command { std: CARGO_HOME="/workspace/cargo-home" RUSTUP_HOME="/workspace/rustup-home" "/workspace/cargo-home/bin/cargo" "+nightly-2024-10-28" "generate-lockfile" "--manifest-path" "Cargo.toml", kill_on_drop: false }`
[INFO] [stderr]     Updating crates.io index
[INFO] [stderr]      Locking 250 packages to latest compatible versions
[INFO] [stderr]       Adding mysql_common v0.31.0 (available: v0.32.4)
[INFO] [stderr]       Adding rustls v0.21.12 (available: v0.23.16)
[INFO] [stderr]       Adding rustls-pemfile v1.0.4 (available: v2.2.0)
[INFO] [stderr]       Adding tokio-rustls v0.24.1 (available: v0.26.0)
[INFO] [stderr]       Adding twox-hash v1.6.3 (available: v2.0.0)
[INFO] [stderr]       Adding webpki-roots v0.25.4 (available: v0.26.6)
[INFO] running `Command { std: CARGO_HOME="/workspace/cargo-home" RUSTUP_HOME="/workspace/rustup-home" "/workspace/cargo-home/bin/cargo" "+nightly-2024-10-28" "fetch" "--manifest-path" "Cargo.toml", kill_on_drop: false }`
[INFO] running `Command { std: "docker" "create" "-v" "/var/lib/crater-agent-workspace/builds/worker-2-tc2/target:/opt/rustwide/target:rw,Z" "-v" "/var/lib/crater-agent-workspace/builds/worker-2-tc2/source:/opt/rustwide/workdir:ro,Z" "-v" "/var/lib/crater-agent-workspace/cargo-home:/opt/rustwide/cargo-home:ro,Z" "-v" "/var/lib/crater-agent-workspace/rustup-home:/opt/rustwide/rustup-home:ro,Z" "-e" "SOURCE_DIR=/opt/rustwide/workdir" "-e" "CARGO_TARGET_DIR=/opt/rustwide/target" "-e" "CARGO_HOME=/opt/rustwide/cargo-home" "-e" "RUSTUP_HOME=/opt/rustwide/rustup-home" "-w" "/opt/rustwide/workdir" "-m" "1610612736" "--user" "0:0" "--network" "none" "ghcr.io/rust-lang/crates-build-env/linux@sha256:4a844ea9eb2546a2d2c7022eacef16ef2e8229c7fbb2c7d4d55a9ceca922f72d" "/opt/rustwide/cargo-home/bin/cargo" "+nightly-2024-10-28" "metadata" "--no-deps" "--format-version=1", kill_on_drop: false }`
[INFO] [stdout] e995676c3867116ba93a7a4481227630e960db137e966177b89bafcf849fc872
[INFO] running `Command { std: "docker" "start" "-a" "e995676c3867116ba93a7a4481227630e960db137e966177b89bafcf849fc872", kill_on_drop: false }`
[INFO] running `Command { std: "docker" "inspect" "e995676c3867116ba93a7a4481227630e960db137e966177b89bafcf849fc872", kill_on_drop: false }`
[INFO] running `Command { std: "docker" "rm" "-f" "e995676c3867116ba93a7a4481227630e960db137e966177b89bafcf849fc872", kill_on_drop: false }`
[INFO] [stdout] e995676c3867116ba93a7a4481227630e960db137e966177b89bafcf849fc872
[INFO] running `Command { std: "docker" "create" "-v" "/var/lib/crater-agent-workspace/builds/worker-2-tc2/target:/opt/rustwide/target:rw,Z" "-v" "/var/lib/crater-agent-workspace/builds/worker-2-tc2/source:/opt/rustwide/workdir:ro,Z" "-v" "/var/lib/crater-agent-workspace/cargo-home:/opt/rustwide/cargo-home:ro,Z" "-v" "/var/lib/crater-agent-workspace/rustup-home:/opt/rustwide/rustup-home:ro,Z" "-e" "SOURCE_DIR=/opt/rustwide/workdir" "-e" "CARGO_TARGET_DIR=/opt/rustwide/target" "-e" "CARGO_INCREMENTAL=0" "-e" "RUST_BACKTRACE=full" "-e" "RUSTFLAGS=--cap-lints=forbid -Zrandomize-layout" "-e" "RUSTDOCFLAGS=--cap-lints=forbid" "-e" "CARGO_HOME=/opt/rustwide/cargo-home" "-e" "RUSTUP_HOME=/opt/rustwide/rustup-home" "-w" "/opt/rustwide/workdir" "-m" "1610612736" "--user" "0:0" "--network" "none" "ghcr.io/rust-lang/crates-build-env/linux@sha256:4a844ea9eb2546a2d2c7022eacef16ef2e8229c7fbb2c7d4d55a9ceca922f72d" "/opt/rustwide/cargo-home/bin/cargo" "+nightly-2024-10-28" "build" "--frozen" "--message-format=json", kill_on_drop: false }`
[INFO] [stdout] b93fbac8be4f436ac5a60f07ad33908bda2d2da380968cc3dc0e38750ceb3d4c
[INFO] running `Command { std: "docker" "start" "-a" "b93fbac8be4f436ac5a60f07ad33908bda2d2da380968cc3dc0e38750ceb3d4c", kill_on_drop: false }`
[INFO] [stderr]    Compiling libc v0.2.161
[INFO] [stderr]    Compiling pkg-config v0.3.31
[INFO] [stderr]    Compiling memchr v2.7.4
[INFO] [stderr]    Compiling allocator-api2 v0.2.18
[INFO] [stderr]    Compiling foldhash v0.1.3
[INFO] [stderr]    Compiling syn v2.0.86
[INFO] [stderr]    Compiling glob v0.3.1
[INFO] [stderr]    Compiling crossbeam-utils v0.8.20
[INFO] [stderr]    Compiling minimal-lexical v0.2.1
[INFO] [stderr]    Compiling hashbrown v0.15.0
[INFO] [stderr]    Compiling regex-syntax v0.8.5
[INFO] [stderr]    Compiling clang-sys v1.8.1
[INFO] [stderr]    Compiling aho-corasick v1.1.3
[INFO] [stderr]    Compiling indexmap v2.6.0
[INFO] [stderr]    Compiling nom v7.1.3
[INFO] [stderr]    Compiling libloading v0.8.5
[INFO] [stderr]    Compiling proc-macro-error-attr v1.0.4
[INFO] [stderr]    Compiling serde v1.0.214
[INFO] [stderr]    Compiling frunk_core v0.4.3
[INFO] [stderr]    Compiling syn v1.0.109
[INFO] [stderr]    Compiling bindgen v0.70.1
[INFO] [stderr]    Compiling ident_case v1.0.1
[INFO] [stderr]    Compiling either v1.13.0
[INFO] [stderr]    Compiling fnv v1.0.7
[INFO] [stderr]    Compiling strsim v0.11.1
[INFO] [stderr]    Compiling jobserver v0.1.32
[INFO] [stderr]    Compiling getrandom v0.2.15
[INFO] [stderr]    Compiling rand_core v0.6.4
[INFO] [stderr]    Compiling itertools v0.13.0
[INFO] [stderr]    Compiling cc v1.1.31
[INFO] [stderr]    Compiling cexpr v0.6.0
[INFO] [stderr]    Compiling regex-automata v0.4.8
[INFO] [stderr]    Compiling num-integer v0.1.46
[INFO] [stderr]    Compiling proc-macro-error v1.0.4
[INFO] [stderr]    Compiling toml_datetime v0.6.8
[INFO] [stderr]    Compiling frunk_proc_macro_helpers v0.1.3
[INFO] [stderr]    Compiling darling_core v0.20.10
[INFO] [stderr]    Compiling zstd-safe v6.0.6
[INFO] [stderr]    Compiling winnow v0.5.40
[INFO] [stderr]    Compiling bitflags v2.6.0
[INFO] [stderr]    Compiling zstd-sys v2.0.13+zstd.1.5.6
[INFO] [stderr]    Compiling libz-sys v1.1.20
[INFO] [stderr]    Compiling rustc-hash v1.1.0
[INFO] [stderr]    Compiling tinyvec_macros v0.1.1
[INFO] [stderr]    Compiling libm v0.2.11
[INFO] [stderr]    Compiling tinyvec v1.8.0
[INFO] [stderr]    Compiling regex v1.11.1
[INFO] [stderr]    Compiling num-bigint v0.4.6
[INFO] [stderr]    Compiling toml_edit v0.19.15
[INFO] [stderr]    Compiling zerocopy-derive v0.7.35
[INFO] [stderr]    Compiling serde_derive v1.0.214
[INFO] [stderr]    Compiling zerocopy v0.7.35
[INFO] [stderr]    Compiling darling_macro v0.20.10
[INFO] [stderr]    Compiling thiserror-impl v1.0.66
[INFO] [stderr]    Compiling ppv-lite86 v0.2.20
[INFO] [stderr]    Compiling rand_chacha v0.3.1
[INFO] [stderr]    Compiling cmake v0.1.51
[INFO] [stderr]    Compiling subprocess v0.2.9
[INFO] [stderr]    Compiling bigdecimal v0.4.6
[INFO] [stderr]    Compiling slab v0.4.9
[INFO] [stderr]    Compiling powerfmt v0.2.0
[INFO] [stderr]    Compiling once_cell v1.20.2
[INFO] [stderr]    Compiling bytes v1.8.0
[INFO] [stderr]    Compiling rust_decimal v1.36.0
[INFO] [stderr]    Compiling pin-project-lite v0.2.15
[INFO] [stderr]    Compiling serde_json v1.0.132
[INFO] [stderr]    Compiling proc-macro-crate v1.3.1
[INFO] [stderr]    Compiling deranged v0.3.11
[INFO] [stderr]    Compiling thiserror v1.0.66
[INFO] [stderr]    Compiling rand v0.8.5
[INFO] [stderr]    Compiling darling v0.20.10
[INFO] [stderr]    Compiling tokio-macros v2.4.0
[INFO] [stderr]    Compiling frunk_derives v0.4.3
[INFO] [stderr]    Compiling frunk_proc_macros v0.1.3
[INFO] [stderr]    Compiling unicode-normalization v0.1.24
[INFO] [stderr]    Compiling mio v1.0.2
[INFO] [stderr]    Compiling socket2 v0.5.7
[INFO] [stderr]    Compiling crossbeam-epoch v0.9.18
[INFO] [stderr]    Compiling crc32fast v1.4.2
[INFO] [stderr]    Compiling unicode-bidi v0.3.17
[INFO] [stderr]    Compiling ryu v1.0.18
[INFO] [stderr]    Compiling futures-core v0.3.31
[INFO] [stderr]    Compiling termcolor v1.4.1
[INFO] [stderr]    Compiling time-core v0.1.2
[INFO] [stderr]    Compiling num-conv v0.1.0
[INFO] [stderr]    Compiling percent-encoding v2.3.1
[INFO] [stderr]    Compiling itoa v1.0.11
[INFO] [stderr]    Compiling arrayvec v0.7.6
[INFO] [stderr]    Compiling form_urlencoded v1.2.1
[INFO] [stderr]    Compiling time v0.3.36
[INFO] [stderr]    Compiling idna v0.5.0
[INFO] [stderr]    Compiling flate2 v1.0.34
[INFO] [stderr]    Compiling tokio v1.41.0
[INFO] [stderr]    Compiling mysql-common-derive v0.30.2
[INFO] [stderr]    Compiling crossbeam-deque v0.8.5
[INFO] [stderr]    Compiling bitvec v1.0.1
[INFO] [stderr]    Compiling mysql_common v0.31.0
[INFO] [stderr]    Compiling frunk v0.4.3
[INFO] [stderr]    Compiling sha1 v0.10.6
[INFO] [stderr]    Compiling sha2 v0.10.8
[INFO] [stderr]    Compiling futures-macro v0.3.31
[INFO] [stderr]    Compiling pin-project-internal v1.1.7
[INFO] [stderr]    Compiling crossbeam-queue v0.3.11
[INFO] [stderr]    Compiling crossbeam-channel v0.5.13
[INFO] [stderr]    Compiling btoi v0.4.3
[INFO] [stderr]    Compiling base64 v0.22.1
[INFO] [stderr]    Compiling futures-task v0.3.31
[INFO] [stderr]    Compiling static_assertions v1.1.0
[INFO] [stderr]    Compiling saturating v0.1.0
[INFO] [stderr]    Compiling uuid v1.11.0
[INFO] [stderr]    Compiling futures-sink v0.3.31
[INFO] [stderr]    Compiling smallvec v1.13.2
[INFO] [stderr]    Compiling base64 v0.21.7
[INFO] [stderr]    Compiling crossbeam v0.8.4
[INFO] [stderr]    Compiling twox-hash v1.6.3
[INFO] [stderr]    Compiling futures-util v0.3.31
[INFO] [stderr]    Compiling pem v3.0.4
[INFO] [stderr]    Compiling url v2.5.2
[INFO] [stderr]    Compiling keyed_priority_queue v0.4.2
[INFO] [stderr]    Compiling pin-project v1.1.7
[INFO] [stderr]    Compiling lru v0.12.5
[INFO] [stderr]    Compiling tokio-util v0.7.12
[INFO] [stderr]    Compiling zstd v0.12.4
[INFO] [stderr]    Compiling mysql_async_wasi v0.33.0 (/opt/rustwide/workdir)
[INFO] [stdout] error[E0425]: cannot find value `DEFAULT_PORT` in this scope
[INFO] [stdout]    --> src/io/mod.rs:392:58
[INFO] [stdout]     |
[INFO] [stdout] 392 |                     let addrs = url.socket_addrs(|| Some(DEFAULT_PORT))?;
[INFO] [stdout]     |                                                          ^^^^^^^^^^^^ not found in this scope
[INFO] [stdout]     |
[INFO] [stdout] help: consider importing this constant
[INFO] [stdout]     |
[INFO] [stdout] 9   + use crate::opts::DEFAULT_PORT;
[INFO] [stdout]     |
[INFO] [stdout] 
[INFO] [stdout] 
[INFO] [stdout] error[E0425]: cannot find value `keepalive` in this scope
[INFO] [stdout]    --> src/io/mod.rs:407:33
[INFO] [stdout]     |
[INFO] [stdout] 383 |         _keepalive: Option<Duration>,
[INFO] [stdout]     |         ---------- `_keepalive` defined here
[INFO] [stdout] ...
[INFO] [stdout] 407 |         if let Some(duration) = keepalive {
[INFO] [stdout]     |                                 ^^^^^^^^^
[INFO] [stdout]     |
[INFO] [stdout] help: the leading underscore in `_keepalive` marks it as unused, consider renaming it to `keepalive`
[INFO] [stdout]     |
[INFO] [stdout] 383 |         keepalive: Option<Duration>,
[INFO] [stdout]     |         ~~~~~~~~~
[INFO] [stdout] 
[INFO] [stdout] 
[INFO] [stdout] warning: unused import: `mysql_common::named_params`
[INFO] [stdout]   --> src/conn/mod.rs:10:9
[INFO] [stdout]    |
[INFO] [stdout] 10 | pub use mysql_common::named_params;
[INFO] [stdout]    |         ^^^^^^^^^^^^^^^^^^^^^^^^^^
[INFO] [stdout]    |
[INFO] [stdout]    = note: `#[warn(unused_imports)]` on by default
[INFO] [stdout] 
[INFO] [stdout] 
[INFO] [stdout] error[E0277]: the trait bound `Vec<std::net::SocketAddr>: tokio::net::ToSocketAddrs` is not satisfied
[INFO] [stdout]    --> src/io/mod.rs:393:40
[INFO] [stdout]     |
[INFO] [stdout] 393 |                     TcpStream::connect(addrs).await?
[INFO] [stdout]     |                     ------------------ ^^^^^ the trait `tokio::net::ToSocketAddrs` is not implemented for `Vec<std::net::SocketAddr>`
[INFO] [stdout]     |                     |
[INFO] [stdout]     |                     required by a bound introduced by this call
[INFO] [stdout]     |
[INFO] [stdout]     = help: the following other types implement trait `tokio::net::ToSocketAddrs`:
[INFO] [stdout]               &T
[INFO] [stdout]               &[std::net::SocketAddr]
[INFO] [stdout]               (&str, u16)
[INFO] [stdout]               (IpAddr, u16)
[INFO] [stdout]               (Ipv4Addr, u16)
[INFO] [stdout]               (Ipv6Addr, u16)
[INFO] [stdout]               (std::string::String, u16)
[INFO] [stdout]               SocketAddrV4
[INFO] [stdout]             and 4 others
[INFO] [stdout] note: required by a bound in `tokio::net::TcpStream::connect`
[INFO] [stdout]    --> /opt/rustwide/cargo-home/registry/src/index.crates.io-6f17d22bba15001f/tokio-1.41.0/src/net/tcp/stream.rs:114:33
[INFO] [stdout]     |
[INFO] [stdout] 114 |         pub async fn connect<A: ToSocketAddrs>(addr: A) -> io::Result<TcpStream> {
[INFO] [stdout]     |                                 ^^^^^^^^^^^^^ required by this bound in `TcpStream::connect`
[INFO] [stdout] 
[INFO] [stdout] 
[INFO] [stdout] error[E0277]: the trait bound `Vec<std::net::SocketAddr>: tokio::net::ToSocketAddrs` is not satisfied
[INFO] [stdout]    --> src/io/mod.rs:393:21
[INFO] [stdout]     |
[INFO] [stdout] 393 |                     TcpStream::connect(addrs).await?
[INFO] [stdout]     |                     ^^^^^^^^^^^^^^^^^^^^^^^^^ the trait `tokio::net::ToSocketAddrs` is not implemented for `Vec<std::net::SocketAddr>`
[INFO] [stdout]     |
[INFO] [stdout]     = help: the following other types implement trait `tokio::net::ToSocketAddrs`:
[INFO] [stdout]               &T
[INFO] [stdout]               &[std::net::SocketAddr]
[INFO] [stdout]               (&str, u16)
[INFO] [stdout]               (IpAddr, u16)
[INFO] [stdout]               (Ipv4Addr, u16)
[INFO] [stdout]               (Ipv6Addr, u16)
[INFO] [stdout]               (std::string::String, u16)
[INFO] [stdout]               SocketAddrV4
[INFO] [stdout]             and 4 others
[INFO] [stdout] note: required by a bound in `tokio::net::TcpStream::connect`
[INFO] [stdout]    --> /opt/rustwide/cargo-home/registry/src/index.crates.io-6f17d22bba15001f/tokio-1.41.0/src/net/tcp/stream.rs:114:33
[INFO] [stdout]     |
[INFO] [stdout] 114 |         pub async fn connect<A: ToSocketAddrs>(addr: A) -> io::Result<TcpStream> {
[INFO] [stdout]     |                                 ^^^^^^^^^^^^^ required by this bound in `TcpStream::connect`
[INFO] [stdout] 
[INFO] [stdout] 
[INFO] [stdout] error[E0277]: the trait bound `Vec<std::net::SocketAddr>: tokio::net::ToSocketAddrs` is not satisfied
[INFO] [stdout]    --> src/io/mod.rs:393:47
[INFO] [stdout]     |
[INFO] [stdout] 393 |                     TcpStream::connect(addrs).await?
[INFO] [stdout]     |                                               ^^^^^ the trait `tokio::net::ToSocketAddrs` is not implemented for `Vec<std::net::SocketAddr>`
[INFO] [stdout]     |
[INFO] [stdout]     = help: the following other types implement trait `tokio::net::ToSocketAddrs`:
[INFO] [stdout]               &T
[INFO] [stdout]               &[std::net::SocketAddr]
[INFO] [stdout]               (&str, u16)
[INFO] [stdout]               (IpAddr, u16)
[INFO] [stdout]               (Ipv4Addr, u16)
[INFO] [stdout]               (Ipv6Addr, u16)
[INFO] [stdout]               (std::string::String, u16)
[INFO] [stdout]               SocketAddrV4
[INFO] [stdout]             and 4 others
[INFO] [stdout] note: required by a bound in `tokio::net::TcpStream::connect`
[INFO] [stdout]    --> /opt/rustwide/cargo-home/registry/src/index.crates.io-6f17d22bba15001f/tokio-1.41.0/src/net/tcp/stream.rs:114:33
[INFO] [stdout]     |
[INFO] [stdout] 114 |         pub async fn connect<A: ToSocketAddrs>(addr: A) -> io::Result<TcpStream> {
[INFO] [stdout]     |                                 ^^^^^^^^^^^^^ required by this bound in `TcpStream::connect`
[INFO] [stdout] 
[INFO] [stdout] 
[INFO] [stdout] Some errors have detailed explanations: E0277, E0425.
[INFO] [stdout] 
[INFO] [stdout] For more information about an error, try `rustc --explain E0277`.
[INFO] [stdout] 
[INFO] [stderr] error: could not compile `mysql_async_wasi` (lib) due to 5 previous errors; 1 warning emitted
[INFO] running `Command { std: "docker" "inspect" "b93fbac8be4f436ac5a60f07ad33908bda2d2da380968cc3dc0e38750ceb3d4c", kill_on_drop: false }`
[INFO] running `Command { std: "docker" "rm" "-f" "b93fbac8be4f436ac5a60f07ad33908bda2d2da380968cc3dc0e38750ceb3d4c", kill_on_drop: false }`
[INFO] [stdout] b93fbac8be4f436ac5a60f07ad33908bda2d2da380968cc3dc0e38750ceb3d4c
