[INFO] fetching crate mwmr 0.1.0...
[INFO] testing mwmr-0.1.0 against nightly-2024-10-28+rustflags=-Zrandomize-layout for randomize-layout
[INFO] extracting crate mwmr 0.1.0 into /workspace/builds/worker-3-tc2/source
[INFO] validating manifest of crates.io crate mwmr 0.1.0 on toolchain nightly-2024-10-28
[INFO] running `Command { std: CARGO_HOME="/workspace/cargo-home" RUSTUP_HOME="/workspace/rustup-home" "/workspace/cargo-home/bin/cargo" "+nightly-2024-10-28" "metadata" "--manifest-path" "Cargo.toml" "--no-deps", kill_on_drop: false }`
[INFO] started tweaking crates.io crate mwmr 0.1.0
[INFO] removed 0 missing tests
[INFO] finished tweaking crates.io crate mwmr 0.1.0
[INFO] tweaked toml for crates.io crate mwmr 0.1.0 written to /workspace/builds/worker-3-tc2/source/Cargo.toml
[INFO] running `Command { std: CARGO_HOME="/workspace/cargo-home" RUSTUP_HOME="/workspace/rustup-home" "/workspace/cargo-home/bin/cargo" "+nightly-2024-10-28" "generate-lockfile" "--manifest-path" "Cargo.toml", kill_on_drop: false }`
[INFO] [stderr]     Updating crates.io index
[INFO] [stderr]      Locking 77 packages to latest compatible versions
[INFO] running `Command { std: CARGO_HOME="/workspace/cargo-home" RUSTUP_HOME="/workspace/rustup-home" "/workspace/cargo-home/bin/cargo" "+nightly-2024-10-28" "fetch" "--manifest-path" "Cargo.toml", kill_on_drop: false }`
[INFO] running `Command { std: "docker" "create" "-v" "/var/lib/crater-agent-workspace/builds/worker-3-tc2/target:/opt/rustwide/target:rw,Z" "-v" "/var/lib/crater-agent-workspace/builds/worker-3-tc2/source:/opt/rustwide/workdir:ro,Z" "-v" "/var/lib/crater-agent-workspace/cargo-home:/opt/rustwide/cargo-home:ro,Z" "-v" "/var/lib/crater-agent-workspace/rustup-home:/opt/rustwide/rustup-home:ro,Z" "-e" "SOURCE_DIR=/opt/rustwide/workdir" "-e" "CARGO_TARGET_DIR=/opt/rustwide/target" "-e" "CARGO_HOME=/opt/rustwide/cargo-home" "-e" "RUSTUP_HOME=/opt/rustwide/rustup-home" "-w" "/opt/rustwide/workdir" "-m" "1610612736" "--user" "0:0" "--network" "none" "ghcr.io/rust-lang/crates-build-env/linux@sha256:4a844ea9eb2546a2d2c7022eacef16ef2e8229c7fbb2c7d4d55a9ceca922f72d" "/opt/rustwide/cargo-home/bin/cargo" "+nightly-2024-10-28" "metadata" "--no-deps" "--format-version=1", kill_on_drop: false }`
[INFO] [stdout] 994a59e8f979fa94fd1181b24732dab8f2c652daa99022290eaea8590d48cfef
[INFO] running `Command { std: "docker" "start" "-a" "994a59e8f979fa94fd1181b24732dab8f2c652daa99022290eaea8590d48cfef", kill_on_drop: false }`
[INFO] running `Command { std: "docker" "inspect" "994a59e8f979fa94fd1181b24732dab8f2c652daa99022290eaea8590d48cfef", kill_on_drop: false }`
[INFO] running `Command { std: "docker" "rm" "-f" "994a59e8f979fa94fd1181b24732dab8f2c652daa99022290eaea8590d48cfef", kill_on_drop: false }`
[INFO] [stdout] 994a59e8f979fa94fd1181b24732dab8f2c652daa99022290eaea8590d48cfef
[INFO] running `Command { std: "docker" "create" "-v" "/var/lib/crater-agent-workspace/builds/worker-3-tc2/target:/opt/rustwide/target:rw,Z" "-v" "/var/lib/crater-agent-workspace/builds/worker-3-tc2/source:/opt/rustwide/workdir:ro,Z" "-v" "/var/lib/crater-agent-workspace/cargo-home:/opt/rustwide/cargo-home:ro,Z" "-v" "/var/lib/crater-agent-workspace/rustup-home:/opt/rustwide/rustup-home:ro,Z" "-e" "SOURCE_DIR=/opt/rustwide/workdir" "-e" "CARGO_TARGET_DIR=/opt/rustwide/target" "-e" "CARGO_INCREMENTAL=0" "-e" "RUST_BACKTRACE=full" "-e" "RUSTFLAGS=--cap-lints=forbid -Zrandomize-layout" "-e" "RUSTDOCFLAGS=--cap-lints=forbid" "-e" "CARGO_HOME=/opt/rustwide/cargo-home" "-e" "RUSTUP_HOME=/opt/rustwide/rustup-home" "-w" "/opt/rustwide/workdir" "-m" "1610612736" "--user" "0:0" "--network" "none" "ghcr.io/rust-lang/crates-build-env/linux@sha256:4a844ea9eb2546a2d2c7022eacef16ef2e8229c7fbb2c7d4d55a9ceca922f72d" "/opt/rustwide/cargo-home/bin/cargo" "+nightly-2024-10-28" "build" "--frozen" "--message-format=json", kill_on_drop: false }`
[INFO] [stdout] f60105f42907c97e4927117532d1a8248c255c5f8f3d5622060835c86e6f9c3f
[INFO] running `Command { std: "docker" "start" "-a" "f60105f42907c97e4927117532d1a8248c255c5f8f3d5622060835c86e6f9c3f", kill_on_drop: false }`
[INFO] [stderr]    Compiling smallvec v1.13.2
[INFO] [stderr]    Compiling autocfg v1.4.0
[INFO] [stderr]    Compiling serde v1.0.214
[INFO] [stderr]    Compiling parking_lot_core v0.9.10
[INFO] [stderr]    Compiling crossbeam-utils v0.8.20
[INFO] [stderr]    Compiling scopeguard v1.2.0
[INFO] [stderr]    Compiling paste v1.0.15
[INFO] [stderr]    Compiling hashbrown v0.15.0
[INFO] [stderr]    Compiling atomic_refcell v0.1.13
[INFO] [stderr]    Compiling either v1.13.0
[INFO] [stderr]    Compiling syn v2.0.86
[INFO] [stderr]    Compiling smallvec-wrapper v0.1.2
[INFO] [stderr]    Compiling lock_api v0.4.12
[INFO] [stderr]    Compiling cheap-clone v0.1.7
[INFO] [stderr]    Compiling crossbeam-channel v0.5.13
[INFO] [stderr]    Compiling parking_lot v0.12.3
[INFO] [stderr]    Compiling indexmap v2.6.0
[INFO] [stderr]    Compiling mwmr-core v0.1.0
[INFO] [stderr]    Compiling thiserror-impl v1.0.66
[INFO] [stderr]    Compiling triomphe v0.1.14
[INFO] [stderr]    Compiling wg v0.9.2
[INFO] [stderr]    Compiling thiserror v1.0.66
[INFO] [stderr]    Compiling wmark v0.1.4
[INFO] [stderr]    Compiling mwmr v0.1.0 (/opt/rustwide/workdir)
[INFO] [stdout] error[E0599]: no method named `done_unchecked` found for struct `WaterMark` in the current scope
[INFO] [stdout]    --> src/oracle.rs:104:24
[INFO] [stdout]     |
[INFO] [stdout] 104 |         self.read_mark.done_unchecked(read_ts);
[INFO] [stdout]     |                        ^^^^^^^^^^^^^^ method not found in `WaterMark`
[INFO] [stdout] 
[INFO] [stdout] 
[INFO] [stdout] error[E0599]: no method named `begin_unchecked` found for struct `WaterMark` in the current scope
[INFO] [stdout]    --> src/oracle.rs:113:21
[INFO] [stdout]     |
[INFO] [stdout] 113 |       self.txn_mark.begin_unchecked(ts);
[INFO] [stdout]     |                     ^^^^^^^^^^^^^^^ method not found in `WaterMark`
[INFO] [stdout] 
[INFO] [stdout] 
[INFO] [stdout] error[E0599]: no method named `done_until_unchecked` found for struct `WaterMark` in the current scope
[INFO] [stdout]    --> src/oracle.rs:138:38
[INFO] [stdout]     |
[INFO] [stdout] 138 |     let max_read_ts = self.read_mark.done_until_unchecked();
[INFO] [stdout]     |                                      ^^^^^^^^^^^^^^^^^^^^
[INFO] [stdout]     |
[INFO] [stdout] help: there is a method `done_until` with a similar name
[INFO] [stdout]     |
[INFO] [stdout] 138 |     let max_read_ts = self.read_mark.done_until();
[INFO] [stdout]     |                                      ~~~~~~~~~~
[INFO] [stdout] 
[INFO] [stdout] 
[INFO] [stdout] error[E0599]: no method named `begin_unchecked` found for struct `WaterMark` in the current scope
[INFO] [stdout]    --> src/oracle.rs:187:22
[INFO] [stdout]     |
[INFO] [stdout] 187 |       self.read_mark.begin_unchecked(read_ts);
[INFO] [stdout]     |                      ^^^^^^^^^^^^^^^ method not found in `WaterMark`
[INFO] [stdout] 
[INFO] [stdout] 
[INFO] [stdout] error[E0599]: no method named `wait_for_mark_unchecked` found for struct `WaterMark` in the current scope
[INFO] [stdout]    --> src/oracle.rs:195:35
[INFO] [stdout]     |
[INFO] [stdout] 195 |     if let Err(e) = self.txn_mark.wait_for_mark_unchecked(read_ts) {
[INFO] [stdout]     |                                   ^^^^^^^^^^^^^^^^^^^^^^^
[INFO] [stdout]     |
[INFO] [stdout] help: there is a method `wait_for_mark` with a similar name
[INFO] [stdout]     |
[INFO] [stdout] 195 |     if let Err(e) = self.txn_mark.wait_for_mark(read_ts) {
[INFO] [stdout]     |                                   ~~~~~~~~~~~~~
[INFO] [stdout] 
[INFO] [stdout] 
[INFO] [stdout] error[E0599]: no method named `done_until_unchecked` found for struct `WaterMark` in the current scope
[INFO] [stdout]    --> src/oracle.rs:209:20
[INFO] [stdout]     |
[INFO] [stdout] 209 |     self.read_mark.done_until_unchecked()
[INFO] [stdout]     |                    ^^^^^^^^^^^^^^^^^^^^
[INFO] [stdout]     |
[INFO] [stdout] help: there is a method `done_until` with a similar name
[INFO] [stdout]     |
[INFO] [stdout] 209 |     self.read_mark.done_until()
[INFO] [stdout]     |                    ~~~~~~~~~~
[INFO] [stdout] 
[INFO] [stdout] 
[INFO] [stdout] error[E0599]: no method named `done_unchecked` found for struct `WaterMark` in the current scope
[INFO] [stdout]    --> src/oracle.rs:214:20
[INFO] [stdout]     |
[INFO] [stdout] 214 |     self.read_mark.done_unchecked(read_ts);
[INFO] [stdout]     |                    ^^^^^^^^^^^^^^ method not found in `WaterMark`
[INFO] [stdout] 
[INFO] [stdout] 
[INFO] [stdout] error[E0599]: no method named `done_unchecked` found for struct `WaterMark` in the current scope
[INFO] [stdout]    --> src/oracle.rs:219:19
[INFO] [stdout]     |
[INFO] [stdout] 219 |     self.txn_mark.done_unchecked(cts);
[INFO] [stdout]     |                   ^^^^^^^^^^^^^^ method not found in `WaterMark`
[INFO] [stdout] 
[INFO] [stdout] 
[INFO] [stdout] error[E0599]: no method named `done_unchecked` found for struct `WaterMark` in the current scope
[INFO] [stdout]    --> src/write.rs:498:28
[INFO] [stdout]     |
[INFO] [stdout] 498 |       self.orc().read_mark.done_unchecked(self.read_ts);
[INFO] [stdout]     |                            ^^^^^^^^^^^^^^ method not found in `WaterMark`
[INFO] [stdout] 
[INFO] [stdout] 
[INFO] [stdout] error[E0599]: no method named `done_unchecked` found for struct `WaterMark` in the current scope
[INFO] [stdout]    --> src/lib.rs:173:25
[INFO] [stdout]     |
[INFO] [stdout] 173 |           orc.read_mark.done_unchecked(next_ts);
[INFO] [stdout]     |                         ^^^^^^^^^^^^^^ method not found in `WaterMark`
[INFO] [stdout] 
[INFO] [stdout] 
[INFO] [stdout] error[E0599]: no method named `done_unchecked` found for struct `WaterMark` in the current scope
[INFO] [stdout]    --> src/lib.rs:174:24
[INFO] [stdout]     |
[INFO] [stdout] 174 |           orc.txn_mark.done_unchecked(next_ts);
[INFO] [stdout]     |                        ^^^^^^^^^^^^^^ method not found in `WaterMark`
[INFO] [stdout] 
[INFO] [stdout] 
[INFO] [stdout] error[E0596]: cannot borrow `orc.read_mark` as mutable, as `orc` is not declared as mutable
[INFO] [stdout]    --> src/oracle.rs:163:9
[INFO] [stdout]     |
[INFO] [stdout] 163 |     let orc = Self {
[INFO] [stdout]     |         ^^^ not mutable
[INFO] [stdout] ...
[INFO] [stdout] 176 |     orc.read_mark.init(orc.closer.clone());
[INFO] [stdout]     |     ------------- cannot borrow as mutable
[INFO] [stdout] 177 |     orc.txn_mark.init(orc.closer.clone());
[INFO] [stdout]     |     ------------ cannot borrow as mutable
[INFO] [stdout]     |
[INFO] [stdout] help: consider changing this to be mutable
[INFO] [stdout]     |
[INFO] [stdout] 163 |     let mut orc = Self {
[INFO] [stdout]     |         +++
[INFO] [stdout] 
[INFO] [stdout] 
[INFO] [stdout] Some errors have detailed explanations: E0596, E0599.
[INFO] [stdout] 
[INFO] [stdout] For more information about an error, try `rustc --explain E0596`.
[INFO] [stdout] 
[INFO] [stderr] error: could not compile `mwmr` (lib) due to 12 previous errors
[INFO] running `Command { std: "docker" "inspect" "f60105f42907c97e4927117532d1a8248c255c5f8f3d5622060835c86e6f9c3f", kill_on_drop: false }`
[INFO] running `Command { std: "docker" "rm" "-f" "f60105f42907c97e4927117532d1a8248c255c5f8f3d5622060835c86e6f9c3f", kill_on_drop: false }`
[INFO] [stdout] f60105f42907c97e4927117532d1a8248c255c5f8f3d5622060835c86e6f9c3f
