[INFO] fetching crate musli 0.0.124...
[INFO] testing musli-0.0.124 against nightly-2024-10-28+rustflags=-Zrandomize-layout for randomize-layout
[INFO] extracting crate musli 0.0.124 into /workspace/builds/worker-3-tc2/source
[INFO] validating manifest of crates.io crate musli 0.0.124 on toolchain nightly-2024-10-28
[INFO] running `Command { std: CARGO_HOME="/workspace/cargo-home" RUSTUP_HOME="/workspace/rustup-home" "/workspace/cargo-home/bin/cargo" "+nightly-2024-10-28" "metadata" "--manifest-path" "Cargo.toml" "--no-deps", kill_on_drop: false }`
[INFO] started tweaking crates.io crate musli 0.0.124
[INFO] removed 0 missing tests
[INFO] finished tweaking crates.io crate musli 0.0.124
[INFO] tweaked toml for crates.io crate musli 0.0.124 written to /workspace/builds/worker-3-tc2/source/Cargo.toml
[INFO] running `Command { std: CARGO_HOME="/workspace/cargo-home" RUSTUP_HOME="/workspace/rustup-home" "/workspace/cargo-home/bin/cargo" "+nightly-2024-10-28" "generate-lockfile" "--manifest-path" "Cargo.toml", kill_on_drop: false }`
[INFO] [stderr]     Updating crates.io index
[INFO] [stderr]      Locking 90 packages to latest compatible versions
[INFO] running `Command { std: CARGO_HOME="/workspace/cargo-home" RUSTUP_HOME="/workspace/rustup-home" "/workspace/cargo-home/bin/cargo" "+nightly-2024-10-28" "fetch" "--manifest-path" "Cargo.toml", kill_on_drop: false }`
[INFO] running `Command { std: "docker" "create" "-v" "/var/lib/crater-agent-workspace/builds/worker-3-tc2/target:/opt/rustwide/target:rw,Z" "-v" "/var/lib/crater-agent-workspace/builds/worker-3-tc2/source:/opt/rustwide/workdir:ro,Z" "-v" "/var/lib/crater-agent-workspace/cargo-home:/opt/rustwide/cargo-home:ro,Z" "-v" "/var/lib/crater-agent-workspace/rustup-home:/opt/rustwide/rustup-home:ro,Z" "-e" "SOURCE_DIR=/opt/rustwide/workdir" "-e" "CARGO_TARGET_DIR=/opt/rustwide/target" "-e" "CARGO_HOME=/opt/rustwide/cargo-home" "-e" "RUSTUP_HOME=/opt/rustwide/rustup-home" "-w" "/opt/rustwide/workdir" "-m" "1610612736" "--user" "0:0" "--network" "none" "ghcr.io/rust-lang/crates-build-env/linux@sha256:4a844ea9eb2546a2d2c7022eacef16ef2e8229c7fbb2c7d4d55a9ceca922f72d" "/opt/rustwide/cargo-home/bin/cargo" "+nightly-2024-10-28" "metadata" "--no-deps" "--format-version=1", kill_on_drop: false }`
[INFO] [stdout] 8c49ca2adfdf29b28727e45df377f338b1834423c00fb671f7638859276d199f
[INFO] running `Command { std: "docker" "start" "-a" "8c49ca2adfdf29b28727e45df377f338b1834423c00fb671f7638859276d199f", kill_on_drop: false }`
[INFO] running `Command { std: "docker" "inspect" "8c49ca2adfdf29b28727e45df377f338b1834423c00fb671f7638859276d199f", kill_on_drop: false }`
[INFO] running `Command { std: "docker" "rm" "-f" "8c49ca2adfdf29b28727e45df377f338b1834423c00fb671f7638859276d199f", kill_on_drop: false }`
[INFO] [stdout] 8c49ca2adfdf29b28727e45df377f338b1834423c00fb671f7638859276d199f
[INFO] running `Command { std: "docker" "create" "-v" "/var/lib/crater-agent-workspace/builds/worker-3-tc2/target:/opt/rustwide/target:rw,Z" "-v" "/var/lib/crater-agent-workspace/builds/worker-3-tc2/source:/opt/rustwide/workdir:ro,Z" "-v" "/var/lib/crater-agent-workspace/cargo-home:/opt/rustwide/cargo-home:ro,Z" "-v" "/var/lib/crater-agent-workspace/rustup-home:/opt/rustwide/rustup-home:ro,Z" "-e" "SOURCE_DIR=/opt/rustwide/workdir" "-e" "CARGO_TARGET_DIR=/opt/rustwide/target" "-e" "CARGO_INCREMENTAL=0" "-e" "RUST_BACKTRACE=full" "-e" "RUSTFLAGS=--cap-lints=forbid -Zrandomize-layout" "-e" "RUSTDOCFLAGS=--cap-lints=forbid" "-e" "CARGO_HOME=/opt/rustwide/cargo-home" "-e" "RUSTUP_HOME=/opt/rustwide/rustup-home" "-w" "/opt/rustwide/workdir" "-m" "1610612736" "--user" "0:0" "--network" "none" "ghcr.io/rust-lang/crates-build-env/linux@sha256:4a844ea9eb2546a2d2c7022eacef16ef2e8229c7fbb2c7d4d55a9ceca922f72d" "/opt/rustwide/cargo-home/bin/cargo" "+nightly-2024-10-28" "build" "--frozen" "--message-format=json", kill_on_drop: false }`
[INFO] [stdout] 2f691e0755cf12687ce441db2b47a173d3c348d0b1c56cbaef3f112eab5f0079
[INFO] running `Command { std: "docker" "start" "-a" "2f691e0755cf12687ce441db2b47a173d3c348d0b1c56cbaef3f112eab5f0079", kill_on_drop: false }`
[INFO] [stderr]    Compiling syn v2.0.86
[INFO] [stderr]    Compiling musli-macros v0.0.124
[INFO] [stderr]    Compiling musli-core v0.0.124
[INFO] [stderr]    Compiling musli v0.0.124 (/opt/rustwide/workdir)
[INFO] [stderr]     Finished `dev` profile [unoptimized + debuginfo] target(s) in 6.13s
[INFO] running `Command { std: "docker" "inspect" "2f691e0755cf12687ce441db2b47a173d3c348d0b1c56cbaef3f112eab5f0079", kill_on_drop: false }`
[INFO] running `Command { std: "docker" "rm" "-f" "2f691e0755cf12687ce441db2b47a173d3c348d0b1c56cbaef3f112eab5f0079", kill_on_drop: false }`
[INFO] [stdout] 2f691e0755cf12687ce441db2b47a173d3c348d0b1c56cbaef3f112eab5f0079
[INFO] running `Command { std: "docker" "create" "-v" "/var/lib/crater-agent-workspace/builds/worker-3-tc2/target:/opt/rustwide/target:rw,Z" "-v" "/var/lib/crater-agent-workspace/builds/worker-3-tc2/source:/opt/rustwide/workdir:ro,Z" "-v" "/var/lib/crater-agent-workspace/cargo-home:/opt/rustwide/cargo-home:ro,Z" "-v" "/var/lib/crater-agent-workspace/rustup-home:/opt/rustwide/rustup-home:ro,Z" "-e" "SOURCE_DIR=/opt/rustwide/workdir" "-e" "CARGO_TARGET_DIR=/opt/rustwide/target" "-e" "CARGO_INCREMENTAL=0" "-e" "RUST_BACKTRACE=full" "-e" "RUSTFLAGS=--cap-lints=forbid -Zrandomize-layout" "-e" "RUSTDOCFLAGS=--cap-lints=forbid" "-e" "CARGO_HOME=/opt/rustwide/cargo-home" "-e" "RUSTUP_HOME=/opt/rustwide/rustup-home" "-w" "/opt/rustwide/workdir" "-m" "1610612736" "--user" "0:0" "--network" "none" "ghcr.io/rust-lang/crates-build-env/linux@sha256:4a844ea9eb2546a2d2c7022eacef16ef2e8229c7fbb2c7d4d55a9ceca922f72d" "/opt/rustwide/cargo-home/bin/cargo" "+nightly-2024-10-28" "test" "--frozen" "--no-run" "--message-format=json", kill_on_drop: false }`
[INFO] [stdout] df73440ea4aeb25bca11a7c536514c65c230dbd55e280d349c21e8cd2368ae09
[INFO] running `Command { std: "docker" "start" "-a" "df73440ea4aeb25bca11a7c536514c65c230dbd55e280d349c21e8cd2368ae09", kill_on_drop: false }`
[INFO] [stderr]    Compiling libc v0.2.161
[INFO] [stderr]    Compiling byteorder v1.5.0
[INFO] [stderr]    Compiling hashbrown v0.15.0
[INFO] [stderr]    Compiling memchr v2.7.4
[INFO] [stderr]    Compiling target-triple v0.1.3
[INFO] [stderr]    Compiling winnow v0.6.20
[INFO] [stderr]    Compiling serde_derive v1.0.214
[INFO] [stderr]    Compiling zerocopy-derive v0.7.35
[INFO] [stderr]    Compiling regex-automata v0.4.8
[INFO] [stderr]    Compiling glob v0.3.1
[INFO] [stderr]    Compiling indexmap v2.6.0
[INFO] [stderr]    Compiling zerocopy v0.7.35
[INFO] [stderr]    Compiling termcolor v1.4.1
[INFO] [stderr]    Compiling bstr v1.10.0
[INFO] [stderr]    Compiling getrandom v0.2.15
[INFO] [stderr]    Compiling rand_core v0.6.4
[INFO] [stderr]    Compiling ppv-lite86 v0.2.20
[INFO] [stderr]    Compiling rand_chacha v0.3.1
[INFO] [stderr]    Compiling rand v0.8.5
[INFO] [stderr]    Compiling serde v1.0.214
[INFO] [stderr]    Compiling serde_spanned v0.6.8
[INFO] [stderr]    Compiling toml_datetime v0.6.8
[INFO] [stderr]    Compiling serde_json v1.0.132
[INFO] [stderr]    Compiling url v2.5.2
[INFO] [stderr]    Compiling toml_edit v0.22.22
[INFO] [stderr]    Compiling toml v0.8.19
[INFO] [stderr]    Compiling trybuild v1.0.101
[INFO] [stderr]    Compiling musli v0.0.124 (/opt/rustwide/workdir)
[INFO] [stdout] error[E0433]: failed to resolve: could not find `json` in `musli`
[INFO] [stdout]    --> tests/test_bug_28_29.rs:14:27
[INFO] [stdout]     |
[INFO] [stdout] 14  |         assert_eq!(musli::json::from_str::<T>(input).unwrap().a, 42, "{input}");
[INFO] [stdout]     |                           ^^^^ could not find `json` in `musli`
[INFO] [stdout]     |
[INFO] [stdout] note: found an item that was configured out
[INFO] [stdout]    --> /opt/rustwide/workdir/src/lib.rs:565:9
[INFO] [stdout]     |
[INFO] [stdout] 565 | pub mod json;
[INFO] [stdout]     |         ^^^^
[INFO] [stdout] note: the item is gated behind the `json` feature
[INFO] [stdout]    --> /opt/rustwide/workdir/src/json/mod.rs:40:8
[INFO] [stdout]     |
[INFO] [stdout] 40  | #![cfg(feature = "json")]
[INFO] [stdout]     |        ^^^^^^^^^^^^^^^^
[INFO] [stdout] 
[INFO] [stdout] 
[INFO] [stdout] error[E0433]: failed to resolve: could not find `value` in `musli`
[INFO] [stdout]    --> tests/visitors.rs:44:24
[INFO] [stdout]     |
[INFO] [stdout] 44  |     let value = musli::value::Value::Bytes(vec![0, 1, 2, 3]);
[INFO] [stdout]     |                        ^^^^^ could not find `value` in `musli`
[INFO] [stdout]     |
[INFO] [stdout] note: found an item that was configured out
[INFO] [stdout]    --> /opt/rustwide/workdir/src/lib.rs:568:9
[INFO] [stdout]     |
[INFO] [stdout] 568 | pub mod value;
[INFO] [stdout]     |         ^^^^^
[INFO] [stdout] note: the item is gated behind the `value` feature
[INFO] [stdout]    --> /opt/rustwide/workdir/src/value/mod.rs:8:8
[INFO] [stdout]     |
[INFO] [stdout] 8   | #![cfg(feature = "value")]
[INFO] [stdout]     |        ^^^^^^^^^^^^^^^^^
[INFO] [stdout] 
[INFO] [stdout] 
[INFO] [stdout] error[E0433]: failed to resolve: could not find `value` in `musli`
[INFO] [stdout]    --> tests/visitors.rs:47:16
[INFO] [stdout]     |
[INFO] [stdout] 47  |         musli::value::decode::<BytesReference>(&value).unwrap(),
[INFO] [stdout]     |                ^^^^^ could not find `value` in `musli`
[INFO] [stdout]     |
[INFO] [stdout] note: found an item that was configured out
[INFO] [stdout]    --> /opt/rustwide/workdir/src/lib.rs:568:9
[INFO] [stdout]     |
[INFO] [stdout] 568 | pub mod value;
[INFO] [stdout]     |         ^^^^^
[INFO] [stdout] note: the item is gated behind the `value` feature
[INFO] [stdout]    --> /opt/rustwide/workdir/src/value/mod.rs:8:8
[INFO] [stdout]     |
[INFO] [stdout] 8   | #![cfg(feature = "value")]
[INFO] [stdout]     |        ^^^^^^^^^^^^^^^^^
[INFO] [stdout] 
[INFO] [stdout] 
[INFO] [stdout] error[E0433]: failed to resolve: could not find `json` in `musli`
[INFO] [stdout]    --> tests/test_bug_28_29.rs:37:28
[INFO] [stdout]     |
[INFO] [stdout] 37  |         let value = musli::json::from_str::<T>(input).unwrap();
[INFO] [stdout]     |                            ^^^^ could not find `json` in `musli`
[INFO] [stdout]     |
[INFO] [stdout] note: found an item that was configured out
[INFO] [stdout]    --> /opt/rustwide/workdir/src/lib.rs:565:9
[INFO] [stdout]     |
[INFO] [stdout] 565 | pub mod json;
[INFO] [stdout]     |         ^^^^
[INFO] [stdout] note: the item is gated behind the `json` feature
[INFO] [stdout]    --> /opt/rustwide/workdir/src/json/mod.rs:40:8
[INFO] [stdout]     |
[INFO] [stdout] 40  | #![cfg(feature = "json")]
[INFO] [stdout]     |        ^^^^^^^^^^^^^^^^
[INFO] [stdout] 
[INFO] [stdout] 
[INFO] [stdout] error[E0433]: failed to resolve: could not find `value` in `musli`
[INFO] [stdout]    --> tests/visitors.rs:53:24
[INFO] [stdout]     |
[INFO] [stdout] 53  |     let value = musli::value::Value::Number(42u32.into());
[INFO] [stdout]     |                        ^^^^^ could not find `value` in `musli`
[INFO] [stdout]     |
[INFO] [stdout] note: found an item that was configured out
[INFO] [stdout]    --> /opt/rustwide/workdir/src/lib.rs:568:9
[INFO] [stdout]     |
[INFO] [stdout] 568 | pub mod value;
[INFO] [stdout]     |         ^^^^^
[INFO] [stdout] note: the item is gated behind the `value` feature
[INFO] [stdout]    --> /opt/rustwide/workdir/src/value/mod.rs:8:8
[INFO] [stdout]     |
[INFO] [stdout] 8   | #![cfg(feature = "value")]
[INFO] [stdout]     |        ^^^^^^^^^^^^^^^^^
[INFO] [stdout] 
[INFO] [stdout] 
[INFO] [stdout] error[E0433]: failed to resolve: could not find `value` in `musli`
[INFO] [stdout]    --> tests/visitors.rs:56:16
[INFO] [stdout]     |
[INFO] [stdout] 56  |         musli::value::decode::<BytesReference>(&value)
[INFO] [stdout]     |                ^^^^^ could not find `value` in `musli`
[INFO] [stdout]     |
[INFO] [stdout] note: found an item that was configured out
[INFO] [stdout]    --> /opt/rustwide/workdir/src/lib.rs:568:9
[INFO] [stdout]     |
[INFO] [stdout] 568 | pub mod value;
[INFO] [stdout]     |         ^^^^^
[INFO] [stdout] note: the item is gated behind the `value` feature
[INFO] [stdout]    --> /opt/rustwide/workdir/src/value/mod.rs:8:8
[INFO] [stdout]     |
[INFO] [stdout] 8   | #![cfg(feature = "value")]
[INFO] [stdout]     |        ^^^^^^^^^^^^^^^^^
[INFO] [stdout] 
[INFO] [stdout] 
[INFO] [stdout] error[E0433]: failed to resolve: could not find `value` in `musli`
[INFO] [stdout]    --> tests/visitors.rs:101:24
[INFO] [stdout]     |
[INFO] [stdout] 101 |     let value = musli::value::Value::String(String::from("Hello!"));
[INFO] [stdout]     |                        ^^^^^ could not find `value` in `musli`
[INFO] [stdout]     |
[INFO] [stdout] note: found an item that was configured out
[INFO] [stdout]    --> /opt/rustwide/workdir/src/lib.rs:568:9
[INFO] [stdout]     |
[INFO] [stdout] 568 | pub mod value;
[INFO] [stdout]     |         ^^^^^
[INFO] [stdout] note: the item is gated behind the `value` feature
[INFO] [stdout]    --> /opt/rustwide/workdir/src/value/mod.rs:8:8
[INFO] [stdout]     |
[INFO] [stdout] 8   | #![cfg(feature = "value")]
[INFO] [stdout]     |        ^^^^^^^^^^^^^^^^^
[INFO] [stdout] 
[INFO] [stdout] 
[INFO] [stdout] error[E0433]: failed to resolve: could not find `assert_roundtrip_eq` in `macros`
[INFO] [stdout]   --> tests/name_types.rs:16:28
[INFO] [stdout]    |
[INFO] [stdout] 16 |             musli::macros::assert_roundtrip_eq!(
[INFO] [stdout]    |                            ^^^^^^^^^^^^^^^^^^^ could not find `assert_roundtrip_eq` in `macros`
[INFO] [stdout] ...
[INFO] [stdout] 24 |     test_case!(u8);
[INFO] [stdout]    |     -------------- in this macro invocation
[INFO] [stdout]    |
[INFO] [stdout] note: found an item that was configured out
[INFO] [stdout]   --> /opt/rustwide/workdir/src/macros/mod.rs:29:69
[INFO] [stdout]    |
[INFO] [stdout] 29 | pub use self::test::{__test_extra, __test_matrix, assert_decode_eq, assert_roundtrip_eq, support};
[INFO] [stdout]    |                                                                     ^^^^^^^^^^^^^^^^^^^
[INFO] [stdout] note: the item is gated behind the `test` feature
[INFO] [stdout]   --> /opt/rustwide/workdir/src/macros/mod.rs:28:7
[INFO] [stdout]    |
[INFO] [stdout] 28 | #[cfg(feature = "test")]
[INFO] [stdout]    |       ^^^^^^^^^^^^^^^^
[INFO] [stdout]    = note: this error originates in the macro `test_case` (in Nightly builds, run with -Z macro-backtrace for more info)
[INFO] [stdout] 
[INFO] [stdout] 
[INFO] [stdout] error[E0433]: failed to resolve: could not find `assert_roundtrip_eq` in `macros`
[INFO] [stdout]   --> tests/name_types.rs:16:28
[INFO] [stdout]    |
[INFO] [stdout] 16 |             musli::macros::assert_roundtrip_eq!(
[INFO] [stdout]    |                            ^^^^^^^^^^^^^^^^^^^ could not find `assert_roundtrip_eq` in `macros`
[INFO] [stdout] ...
[INFO] [stdout] 25 |     test_case!(u16);
[INFO] [stdout]    |     --------------- in this macro invocation
[INFO] [stdout]    |
[INFO] [stdout] note: found an item that was configured out
[INFO] [stdout]   --> /opt/rustwide/workdir/src/macros/mod.rs:29:69
[INFO] [stdout]    |
[INFO] [stdout] 29 | pub use self::test::{__test_extra, __test_matrix, assert_decode_eq, assert_roundtrip_eq, support};
[INFO] [stdout]    |                                                                     ^^^^^^^^^^^^^^^^^^^
[INFO] [stdout] note: the item is gated behind the `test` feature
[INFO] [stdout]   --> /opt/rustwide/workdir/src/macros/mod.rs:28:7
[INFO] [stdout]    |
[INFO] [stdout] 28 | #[cfg(feature = "test")]
[INFO] [stdout]    |       ^^^^^^^^^^^^^^^^
[INFO] [stdout]    = note: this error originates in the macro `test_case` (in Nightly builds, run with -Z macro-backtrace for more info)
[INFO] [stdout] 
[INFO] [stdout] 
[INFO] [stdout] error[E0433]: failed to resolve: could not find `assert_roundtrip_eq` in `macros`
[INFO] [stdout]   --> tests/name_types.rs:16:28
[INFO] [stdout]    |
[INFO] [stdout] 16 |             musli::macros::assert_roundtrip_eq!(
[INFO] [stdout]    |                            ^^^^^^^^^^^^^^^^^^^ could not find `assert_roundtrip_eq` in `macros`
[INFO] [stdout] ...
[INFO] [stdout] 26 |     test_case!(u32);
[INFO] [stdout]    |     --------------- in this macro invocation
[INFO] [stdout]    |
[INFO] [stdout] note: found an item that was configured out
[INFO] [stdout]   --> /opt/rustwide/workdir/src/macros/mod.rs:29:69
[INFO] [stdout]    |
[INFO] [stdout] 29 | pub use self::test::{__test_extra, __test_matrix, assert_decode_eq, assert_roundtrip_eq, support};
[INFO] [stdout]    |                                                                     ^^^^^^^^^^^^^^^^^^^
[INFO] [stdout] note: the item is gated behind the `test` feature
[INFO] [stdout]   --> /opt/rustwide/workdir/src/macros/mod.rs:28:7
[INFO] [stdout]    |
[INFO] [stdout] 28 | #[cfg(feature = "test")]
[INFO] [stdout]    |       ^^^^^^^^^^^^^^^^
[INFO] [stdout]    = note: this error originates in the macro `test_case` (in Nightly builds, run with -Z macro-backtrace for more info)
[INFO] [stdout] 
[INFO] [stdout] 
[INFO] [stdout] error[E0433]: failed to resolve: could not find `assert_roundtrip_eq` in `macros`
[INFO] [stdout]   --> tests/name_types.rs:16:28
[INFO] [stdout]    |
[INFO] [stdout] 16 |             musli::macros::assert_roundtrip_eq!(
[INFO] [stdout]    |                            ^^^^^^^^^^^^^^^^^^^ could not find `assert_roundtrip_eq` in `macros`
[INFO] [stdout] ...
[INFO] [stdout] 27 |     test_case!(u64);
[INFO] [stdout]    |     --------------- in this macro invocation
[INFO] [stdout]    |
[INFO] [stdout] note: found an item that was configured out
[INFO] [stdout]   --> /opt/rustwide/workdir/src/macros/mod.rs:29:69
[INFO] [stdout]    |
[INFO] [stdout] 29 | pub use self::test::{__test_extra, __test_matrix, assert_decode_eq, assert_roundtrip_eq, support};
[INFO] [stdout]    |                                                                     ^^^^^^^^^^^^^^^^^^^
[INFO] [stdout] note: the item is gated behind the `test` feature
[INFO] [stdout]   --> /opt/rustwide/workdir/src/macros/mod.rs:28:7
[INFO] [stdout]    |
[INFO] [stdout] 28 | #[cfg(feature = "test")]
[INFO] [stdout]    |       ^^^^^^^^^^^^^^^^
[INFO] [stdout]    = note: this error originates in the macro `test_case` (in Nightly builds, run with -Z macro-backtrace for more info)
[INFO] [stdout] 
[INFO] [stdout] 
[INFO] [stdout] error[E0433]: failed to resolve: could not find `assert_roundtrip_eq` in `macros`
[INFO] [stdout]   --> tests/name_types.rs:16:28
[INFO] [stdout]    |
[INFO] [stdout] 16 |             musli::macros::assert_roundtrip_eq!(
[INFO] [stdout]    |                            ^^^^^^^^^^^^^^^^^^^ could not find `assert_roundtrip_eq` in `macros`
[INFO] [stdout] ...
[INFO] [stdout] 28 |     test_case!(u128);
[INFO] [stdout]    |     ---------------- in this macro invocation
[INFO] [stdout]    |
[INFO] [stdout] note: found an item that was configured out
[INFO] [stdout]   --> /opt/rustwide/workdir/src/macros/mod.rs:29:69
[INFO] [stdout]    |
[INFO] [stdout] 29 | pub use self::test::{__test_extra, __test_matrix, assert_decode_eq, assert_roundtrip_eq, support};
[INFO] [stdout]    |                                                                     ^^^^^^^^^^^^^^^^^^^
[INFO] [stdout] note: the item is gated behind the `test` feature
[INFO] [stdout]   --> /opt/rustwide/workdir/src/macros/mod.rs:28:7
[INFO] [stdout]    |
[INFO] [stdout] 28 | #[cfg(feature = "test")]
[INFO] [stdout]    |       ^^^^^^^^^^^^^^^^
[INFO] [stdout]    = note: this error originates in the macro `test_case` (in Nightly builds, run with -Z macro-backtrace for more info)
[INFO] [stdout] 
[INFO] [stdout] 
[INFO] [stdout] error[E0433]: failed to resolve: could not find `assert_roundtrip_eq` in `macros`
[INFO] [stdout]   --> tests/name_types.rs:16:28
[INFO] [stdout]    |
[INFO] [stdout] 16 |             musli::macros::assert_roundtrip_eq!(
[INFO] [stdout]    |                            ^^^^^^^^^^^^^^^^^^^ could not find `assert_roundtrip_eq` in `macros`
[INFO] [stdout] ...
[INFO] [stdout] 29 |     test_case!(i8);
[INFO] [stdout]    |     -------------- in this macro invocation
[INFO] [stdout]    |
[INFO] [stdout] note: found an item that was configured out
[INFO] [stdout]   --> /opt/rustwide/workdir/src/macros/mod.rs:29:69
[INFO] [stdout]    |
[INFO] [stdout] 29 | pub use self::test::{__test_extra, __test_matrix, assert_decode_eq, assert_roundtrip_eq, support};
[INFO] [stdout]    |                                                                     ^^^^^^^^^^^^^^^^^^^
[INFO] [stdout] note: the item is gated behind the `test` feature
[INFO] [stdout]   --> /opt/rustwide/workdir/src/macros/mod.rs:28:7
[INFO] [stdout]    |
[INFO] [stdout] 28 | #[cfg(feature = "test")]
[INFO] [stdout]    |       ^^^^^^^^^^^^^^^^
[INFO] [stdout]    = note: this error originates in the macro `test_case` (in Nightly builds, run with -Z macro-backtrace for more info)
[INFO] [stdout] 
[INFO] [stdout] 
[INFO] [stdout] error[E0433]: failed to resolve: could not find `assert_roundtrip_eq` in `macros`
[INFO] [stdout]   --> tests/name_types.rs:16:28
[INFO] [stdout]    |
[INFO] [stdout] 16 |             musli::macros::assert_roundtrip_eq!(
[INFO] [stdout]    |                            ^^^^^^^^^^^^^^^^^^^ could not find `assert_roundtrip_eq` in `macros`
[INFO] [stdout] ...
[INFO] [stdout] 30 |     test_case!(i16);
[INFO] [stdout]    |     --------------- in this macro invocation
[INFO] [stdout]    |
[INFO] [stdout] note: found an item that was configured out
[INFO] [stdout]   --> /opt/rustwide/workdir/src/macros/mod.rs:29:69
[INFO] [stdout]    |
[INFO] [stdout] 29 | pub use self::test::{__test_extra, __test_matrix, assert_decode_eq, assert_roundtrip_eq, support};
[INFO] [stdout]    |                                                                     ^^^^^^^^^^^^^^^^^^^
[INFO] [stdout] note: the item is gated behind the `test` feature
[INFO] [stdout]   --> /opt/rustwide/workdir/src/macros/mod.rs:28:7
[INFO] [stdout]    |
[INFO] [stdout] 28 | #[cfg(feature = "test")]
[INFO] [stdout]    |       ^^^^^^^^^^^^^^^^
[INFO] [stdout]    = note: this error originates in the macro `test_case` (in Nightly builds, run with -Z macro-backtrace for more info)
[INFO] [stdout] 
[INFO] [stdout] 
[INFO] [stdout] error[E0433]: failed to resolve: could not find `assert_roundtrip_eq` in `macros`
[INFO] [stdout]   --> tests/name_types.rs:16:28
[INFO] [stdout]    |
[INFO] [stdout] 16 |             musli::macros::assert_roundtrip_eq!(
[INFO] [stdout]    |                            ^^^^^^^^^^^^^^^^^^^ could not find `assert_roundtrip_eq` in `macros`
[INFO] [stdout] ...
[INFO] [stdout] 31 |     test_case!(i32);
[INFO] [stdout]    |     --------------- in this macro invocation
[INFO] [stdout]    |
[INFO] [stdout] note: found an item that was configured out
[INFO] [stdout]   --> /opt/rustwide/workdir/src/macros/mod.rs:29:69
[INFO] [stdout]    |
[INFO] [stdout] 29 | pub use self::test::{__test_extra, __test_matrix, assert_decode_eq, assert_roundtrip_eq, support};
[INFO] [stdout]    |                                                                     ^^^^^^^^^^^^^^^^^^^
[INFO] [stdout] note: the item is gated behind the `test` feature
[INFO] [stdout]   --> /opt/rustwide/workdir/src/macros/mod.rs:28:7
[INFO] [stdout]    |
[INFO] [stdout] 28 | #[cfg(feature = "test")]
[INFO] [stdout]    |       ^^^^^^^^^^^^^^^^
[INFO] [stdout]    = note: this error originates in the macro `test_case` (in Nightly builds, run with -Z macro-backtrace for more info)
[INFO] [stdout] 
[INFO] [stdout] 
[INFO] [stdout] error[E0433]: failed to resolve: could not find `assert_roundtrip_eq` in `macros`
[INFO] [stdout]   --> tests/name_types.rs:16:28
[INFO] [stdout]    |
[INFO] [stdout] 16 |             musli::macros::assert_roundtrip_eq!(
[INFO] [stdout]    |                            ^^^^^^^^^^^^^^^^^^^ could not find `assert_roundtrip_eq` in `macros`
[INFO] [stdout] ...
[INFO] [stdout] 32 |     test_case!(i64);
[INFO] [stdout]    |     --------------- in this macro invocation
[INFO] [stdout]    |
[INFO] [stdout] note: found an item that was configured out
[INFO] [stdout]   --> /opt/rustwide/workdir/src/macros/mod.rs:29:69
[INFO] [stdout]    |
[INFO] [stdout] 29 | pub use self::test::{__test_extra, __test_matrix, assert_decode_eq, assert_roundtrip_eq, support};
[INFO] [stdout]    |                                                                     ^^^^^^^^^^^^^^^^^^^
[INFO] [stdout] note: the item is gated behind the `test` feature
[INFO] [stdout]   --> /opt/rustwide/workdir/src/macros/mod.rs:28:7
[INFO] [stdout]    |
[INFO] [stdout] 28 | #[cfg(feature = "test")]
[INFO] [stdout]    |       ^^^^^^^^^^^^^^^^
[INFO] [stdout]    = note: this error originates in the macro `test_case` (in Nightly builds, run with -Z macro-backtrace for more info)
[INFO] [stdout] 
[INFO] [stdout] 
[INFO] [stdout] error[E0433]: failed to resolve: could not find `assert_roundtrip_eq` in `macros`
[INFO] [stdout]   --> tests/name_types.rs:16:28
[INFO] [stdout]    |
[INFO] [stdout] 16 |             musli::macros::assert_roundtrip_eq!(
[INFO] [stdout]    |                            ^^^^^^^^^^^^^^^^^^^ could not find `assert_roundtrip_eq` in `macros`
[INFO] [stdout] ...
[INFO] [stdout] 33 |     test_case!(i128);
[INFO] [stdout]    |     ---------------- in this macro invocation
[INFO] [stdout]    |
[INFO] [stdout] note: found an item that was configured out
[INFO] [stdout]   --> /opt/rustwide/workdir/src/macros/mod.rs:29:69
[INFO] [stdout]    |
[INFO] [stdout] 29 | pub use self::test::{__test_extra, __test_matrix, assert_decode_eq, assert_roundtrip_eq, support};
[INFO] [stdout]    |                                                                     ^^^^^^^^^^^^^^^^^^^
[INFO] [stdout] note: the item is gated behind the `test` feature
[INFO] [stdout]   --> /opt/rustwide/workdir/src/macros/mod.rs:28:7
[INFO] [stdout]    |
[INFO] [stdout] 28 | #[cfg(feature = "test")]
[INFO] [stdout]    |       ^^^^^^^^^^^^^^^^
[INFO] [stdout]    = note: this error originates in the macro `test_case` (in Nightly builds, run with -Z macro-backtrace for more info)
[INFO] [stdout] 
[INFO] [stdout] 
[INFO] [stdout] error[E0433]: failed to resolve: could not find `value` in `musli`
[INFO] [stdout]    --> tests/visitors.rs:104:16
[INFO] [stdout]     |
[INFO] [stdout] 104 |         musli::value::decode::<StringReference>(&value).unwrap(),
[INFO] [stdout]     |                ^^^^^ could not find `value` in `musli`
[INFO] [stdout]     |
[INFO] [stdout] note: found an item that was configured out
[INFO] [stdout]    --> /opt/rustwide/workdir/src/lib.rs:568:9
[INFO] [stdout]     |
[INFO] [stdout] 568 | pub mod value;
[INFO] [stdout]     |         ^^^^^
[INFO] [stdout] note: the item is gated behind the `value` feature
[INFO] [stdout]    --> /opt/rustwide/workdir/src/value/mod.rs:8:8
[INFO] [stdout]     |
[INFO] [stdout] 8   | #![cfg(feature = "value")]
[INFO] [stdout]     |        ^^^^^^^^^^^^^^^^^
[INFO] [stdout] 
[INFO] [stdout] 
[INFO] [stdout] error[E0433]: failed to resolve: could not find `value` in `musli`
[INFO] [stdout]    --> tests/visitors.rs:108:24
[INFO] [stdout]     |
[INFO] [stdout] 108 |     let value = musli::value::Value::Number(42u32.into());
[INFO] [stdout]     |                        ^^^^^ could not find `value` in `musli`
[INFO] [stdout]     |
[INFO] [stdout] note: found an item that was configured out
[INFO] [stdout]    --> /opt/rustwide/workdir/src/lib.rs:568:9
[INFO] [stdout]     |
[INFO] [stdout] 568 | pub mod value;
[INFO] [stdout]     |         ^^^^^
[INFO] [stdout] note: the item is gated behind the `value` feature
[INFO] [stdout]    --> /opt/rustwide/workdir/src/value/mod.rs:8:8
[INFO] [stdout]     |
[INFO] [stdout] 8   | #![cfg(feature = "value")]
[INFO] [stdout]     |        ^^^^^^^^^^^^^^^^^
[INFO] [stdout] 
[INFO] [stdout] 
[INFO] [stdout] error[E0433]: failed to resolve: could not find `assert_roundtrip_eq` in `macros`
[INFO] [stdout]   --> tests/name_types.rs:16:28
[INFO] [stdout]    |
[INFO] [stdout] 16 |             musli::macros::assert_roundtrip_eq!(
[INFO] [stdout]    |                            ^^^^^^^^^^^^^^^^^^^ could not find `assert_roundtrip_eq` in `macros`
[INFO] [stdout] ...
[INFO] [stdout] 34 |     test_case!(isize);
[INFO] [stdout]    |     ----------------- in this macro invocation
[INFO] [stdout]    |
[INFO] [stdout] note: found an item that was configured out
[INFO] [stdout]   --> /opt/rustwide/workdir/src/macros/mod.rs:29:69
[INFO] [stdout]    |
[INFO] [stdout] 29 | pub use self::test::{__test_extra, __test_matrix, assert_decode_eq, assert_roundtrip_eq, support};
[INFO] [stdout]    |                                                                     ^^^^^^^^^^^^^^^^^^^
[INFO] [stdout] note: the item is gated behind the `test` feature
[INFO] [stdout]   --> /opt/rustwide/workdir/src/macros/mod.rs:28:7
[INFO] [stdout]    |
[INFO] [stdout] 28 | #[cfg(feature = "test")]
[INFO] [stdout]    |       ^^^^^^^^^^^^^^^^
[INFO] [stdout]    = note: this error originates in the macro `test_case` (in Nightly builds, run with -Z macro-backtrace for more info)
[INFO] [stdout] 
[INFO] [stdout] 
[INFO] [stdout] error[E0433]: failed to resolve: could not find `assert_roundtrip_eq` in `macros`
[INFO] [stdout]   --> tests/name_types.rs:16:28
[INFO] [stdout]    |
[INFO] [stdout] 16 |             musli::macros::assert_roundtrip_eq!(
[INFO] [stdout]    |                            ^^^^^^^^^^^^^^^^^^^ could not find `assert_roundtrip_eq` in `macros`
[INFO] [stdout] ...
[INFO] [stdout] 35 |     test_case!(usize);
[INFO] [stdout]    |     ----------------- in this macro invocation
[INFO] [stdout]    |
[INFO] [stdout] note: found an item that was configured out
[INFO] [stdout]   --> /opt/rustwide/workdir/src/macros/mod.rs:29:69
[INFO] [stdout]    |
[INFO] [stdout] 29 | pub use self::test::{__test_extra, __test_matrix, assert_decode_eq, assert_roundtrip_eq, support};
[INFO] [stdout]    |                                                                     ^^^^^^^^^^^^^^^^^^^
[INFO] [stdout] note: the item is gated behind the `test` feature
[INFO] [stdout]   --> /opt/rustwide/workdir/src/macros/mod.rs:28:7
[INFO] [stdout]    |
[INFO] [stdout] 28 | #[cfg(feature = "test")]
[INFO] [stdout]    |       ^^^^^^^^^^^^^^^^
[INFO] [stdout]    = note: this error originates in the macro `test_case` (in Nightly builds, run with -Z macro-backtrace for more info)
[INFO] [stdout] 
[INFO] [stdout] 
[INFO] [stdout] error[E0433]: failed to resolve: could not find `assert_roundtrip_eq` in `macros`
[INFO] [stdout]   --> tests/name_types.rs:51:28
[INFO] [stdout]    |
[INFO] [stdout] 51 |             musli::macros::assert_roundtrip_eq!(
[INFO] [stdout]    |                            ^^^^^^^^^^^^^^^^^^^ could not find `assert_roundtrip_eq` in `macros`
[INFO] [stdout] ...
[INFO] [stdout] 65 |     test_case!(u8);
[INFO] [stdout]    |     -------------- in this macro invocation
[INFO] [stdout]    |
[INFO] [stdout] note: found an item that was configured out
[INFO] [stdout]   --> /opt/rustwide/workdir/src/macros/mod.rs:29:69
[INFO] [stdout]    |
[INFO] [stdout] 29 | pub use self::test::{__test_extra, __test_matrix, assert_decode_eq, assert_roundtrip_eq, support};
[INFO] [stdout]    |                                                                     ^^^^^^^^^^^^^^^^^^^
[INFO] [stdout] note: the item is gated behind the `test` feature
[INFO] [stdout]   --> /opt/rustwide/workdir/src/macros/mod.rs:28:7
[INFO] [stdout]    |
[INFO] [stdout] 28 | #[cfg(feature = "test")]
[INFO] [stdout]    |       ^^^^^^^^^^^^^^^^
[INFO] [stdout]    = note: this error originates in the macro `test_case` (in Nightly builds, run with -Z macro-backtrace for more info)
[INFO] [stdout] 
[INFO] [stdout] 
[INFO] [stdout] error[E0433]: failed to resolve: could not find `assert_roundtrip_eq` in `macros`
[INFO] [stdout]   --> tests/name_types.rs:57:28
[INFO] [stdout]    |
[INFO] [stdout] 57 |             musli::macros::assert_roundtrip_eq!(
[INFO] [stdout]    |                            ^^^^^^^^^^^^^^^^^^^ could not find `assert_roundtrip_eq` in `macros`
[INFO] [stdout] ...
[INFO] [stdout] 65 |     test_case!(u8);
[INFO] [stdout]    |     -------------- in this macro invocation
[INFO] [stdout]    |
[INFO] [stdout] note: found an item that was configured out
[INFO] [stdout]   --> /opt/rustwide/workdir/src/macros/mod.rs:29:69
[INFO] [stdout]    |
[INFO] [stdout] 29 | pub use self::test::{__test_extra, __test_matrix, assert_decode_eq, assert_roundtrip_eq, support};
[INFO] [stdout]    |                                                                     ^^^^^^^^^^^^^^^^^^^
[INFO] [stdout] note: the item is gated behind the `test` feature
[INFO] [stdout]   --> /opt/rustwide/workdir/src/macros/mod.rs:28:7
[INFO] [stdout]    |
[INFO] [stdout] 28 | #[cfg(feature = "test")]
[INFO] [stdout]    |       ^^^^^^^^^^^^^^^^
[INFO] [stdout]    = note: this error originates in the macro `test_case` (in Nightly builds, run with -Z macro-backtrace for more info)
[INFO] [stdout] 
[INFO] [stdout] 
[INFO] [stdout] error[E0433]: failed to resolve: could not find `assert_roundtrip_eq` in `macros`
[INFO] [stdout]   --> tests/name_types.rs:51:28
[INFO] [stdout]    |
[INFO] [stdout] 51 |             musli::macros::assert_roundtrip_eq!(
[INFO] [stdout]    |                            ^^^^^^^^^^^^^^^^^^^ could not find `assert_roundtrip_eq` in `macros`
[INFO] [stdout] ...
[INFO] [stdout] 66 |     test_case!(u16);
[INFO] [stdout]    |     --------------- in this macro invocation
[INFO] [stdout]    |
[INFO] [stdout] note: found an item that was configured out
[INFO] [stdout]   --> /opt/rustwide/workdir/src/macros/mod.rs:29:69
[INFO] [stdout]    |
[INFO] [stdout] 29 | pub use self::test::{__test_extra, __test_matrix, assert_decode_eq, assert_roundtrip_eq, support};
[INFO] [stdout]    |                                                                     ^^^^^^^^^^^^^^^^^^^
[INFO] [stdout] note: the item is gated behind the `test` feature
[INFO] [stdout]   --> /opt/rustwide/workdir/src/macros/mod.rs:28:7
[INFO] [stdout]    |
[INFO] [stdout] 28 | #[cfg(feature = "test")]
[INFO] [stdout]    |       ^^^^^^^^^^^^^^^^
[INFO] [stdout]    = note: this error originates in the macro `test_case` (in Nightly builds, run with -Z macro-backtrace for more info)
[INFO] [stdout] 
[INFO] [stdout] 
[INFO] [stdout] error[E0433]: failed to resolve: could not find `assert_roundtrip_eq` in `macros`
[INFO] [stdout]   --> tests/name_types.rs:57:28
[INFO] [stdout]    |
[INFO] [stdout] 57 |             musli::macros::assert_roundtrip_eq!(
[INFO] [stdout]    |                            ^^^^^^^^^^^^^^^^^^^ could not find `assert_roundtrip_eq` in `macros`
[INFO] [stdout] ...
[INFO] [stdout] 66 |     test_case!(u16);
[INFO] [stdout]    |     --------------- in this macro invocation
[INFO] [stdout]    |
[INFO] [stdout] note: found an item that was configured out
[INFO] [stdout]   --> /opt/rustwide/workdir/src/macros/mod.rs:29:69
[INFO] [stdout]    |
[INFO] [stdout] 29 | pub use self::test::{__test_extra, __test_matrix, assert_decode_eq, assert_roundtrip_eq, support};
[INFO] [stdout]    |                                                                     ^^^^^^^^^^^^^^^^^^^
[INFO] [stdout] note: the item is gated behind the `test` feature
[INFO] [stdout]   --> /opt/rustwide/workdir/src/macros/mod.rs:28:7
[INFO] [stdout]    |
[INFO] [stdout] 28 | #[cfg(feature = "test")]
[INFO] [stdout]    |       ^^^^^^^^^^^^^^^^
[INFO] [stdout]    = note: this error originates in the macro `test_case` (in Nightly builds, run with -Z macro-backtrace for more info)
[INFO] [stdout] 
[INFO] [stdout] 
[INFO] [stdout] error[E0433]: failed to resolve: could not find `assert_roundtrip_eq` in `macros`
[INFO] [stdout]   --> tests/name_types.rs:51:28
[INFO] [stdout]    |
[INFO] [stdout] 51 |             musli::macros::assert_roundtrip_eq!(
[INFO] [stdout]    |                            ^^^^^^^^^^^^^^^^^^^ could not find `assert_roundtrip_eq` in `macros`
[INFO] [stdout] ...
[INFO] [stdout] 67 |     test_case!(u32);
[INFO] [stdout]    |     --------------- in this macro invocation
[INFO] [stdout]    |
[INFO] [stdout] note: found an item that was configured out
[INFO] [stdout]   --> /opt/rustwide/workdir/src/macros/mod.rs:29:69
[INFO] [stdout]    |
[INFO] [stdout] 29 | pub use self::test::{__test_extra, __test_matrix, assert_decode_eq, assert_roundtrip_eq, support};
[INFO] [stdout]    |                                                                     ^^^^^^^^^^^^^^^^^^^
[INFO] [stdout] note: the item is gated behind the `test` feature
[INFO] [stdout]   --> /opt/rustwide/workdir/src/macros/mod.rs:28:7
[INFO] [stdout]    |
[INFO] [stdout] 28 | #[cfg(feature = "test")]
[INFO] [stdout]    |       ^^^^^^^^^^^^^^^^
[INFO] [stdout]    = note: this error originates in the macro `test_case` (in Nightly builds, run with -Z macro-backtrace for more info)
[INFO] [stdout] 
[INFO] [stdout] 
[INFO] [stdout] error[E0433]: failed to resolve: could not find `assert_roundtrip_eq` in `macros`
[INFO] [stdout]   --> tests/name_types.rs:57:28
[INFO] [stdout]    |
[INFO] [stdout] 57 |             musli::macros::assert_roundtrip_eq!(
[INFO] [stdout]    |                            ^^^^^^^^^^^^^^^^^^^ could not find `assert_roundtrip_eq` in `macros`
[INFO] [stdout] ...
[INFO] [stdout] 67 |     test_case!(u32);
[INFO] [stdout]    |     --------------- in this macro invocation
[INFO] [stdout]    |
[INFO] [stdout] note: found an item that was configured out
[INFO] [stdout]   --> /opt/rustwide/workdir/src/macros/mod.rs:29:69
[INFO] [stdout]    |
[INFO] [stdout] 29 | pub use self::test::{__test_extra, __test_matrix, assert_decode_eq, assert_roundtrip_eq, support};
[INFO] [stdout]    |                                                                     ^^^^^^^^^^^^^^^^^^^
[INFO] [stdout] note: the item is gated behind the `test` feature
[INFO] [stdout]   --> /opt/rustwide/workdir/src/macros/mod.rs:28:7
[INFO] [stdout]    |
[INFO] [stdout] 28 | #[cfg(feature = "test")]
[INFO] [stdout]    |       ^^^^^^^^^^^^^^^^
[INFO] [stdout]    = note: this error originates in the macro `test_case` (in Nightly builds, run with -Z macro-backtrace for more info)
[INFO] [stdout] 
[INFO] [stdout] 
[INFO] [stdout] error[E0433]: failed to resolve: could not find `assert_roundtrip_eq` in `macros`
[INFO] [stdout]   --> tests/name_types.rs:51:28
[INFO] [stdout]    |
[INFO] [stdout] 51 |             musli::macros::assert_roundtrip_eq!(
[INFO] [stdout]    |                            ^^^^^^^^^^^^^^^^^^^ could not find `assert_roundtrip_eq` in `macros`
[INFO] [stdout] ...
[INFO] [stdout] 68 |     test_case!(u64);
[INFO] [stdout]    |     --------------- in this macro invocation
[INFO] [stdout]    |
[INFO] [stdout] note: found an item that was configured out
[INFO] [stdout]   --> /opt/rustwide/workdir/src/macros/mod.rs:29:69
[INFO] [stdout]    |
[INFO] [stdout] 29 | pub use self::test::{__test_extra, __test_matrix, assert_decode_eq, assert_roundtrip_eq, support};
[INFO] [stdout]    |                                                                     ^^^^^^^^^^^^^^^^^^^
[INFO] [stdout] note: the item is gated behind the `test` feature
[INFO] [stdout]   --> /opt/rustwide/workdir/src/macros/mod.rs:28:7
[INFO] [stdout]    |
[INFO] [stdout] 28 | #[cfg(feature = "test")]
[INFO] [stdout]    |       ^^^^^^^^^^^^^^^^
[INFO] [stdout]    = note: this error originates in the macro `test_case` (in Nightly builds, run with -Z macro-backtrace for more info)
[INFO] [stdout] 
[INFO] [stdout] 
[INFO] [stdout] error[E0433]: failed to resolve: could not find `assert_roundtrip_eq` in `macros`
[INFO] [stdout]   --> tests/name_types.rs:57:28
[INFO] [stdout]    |
[INFO] [stdout] 57 |             musli::macros::assert_roundtrip_eq!(
[INFO] [stdout]    |                            ^^^^^^^^^^^^^^^^^^^ could not find `assert_roundtrip_eq` in `macros`
[INFO] [stdout] ...
[INFO] [stdout] 68 |     test_case!(u64);
[INFO] [stdout]    |     --------------- in this macro invocation
[INFO] [stdout]    |
[INFO] [stdout] note: found an item that was configured out
[INFO] [stdout]   --> /opt/rustwide/workdir/src/macros/mod.rs:29:69
[INFO] [stdout]    |
[INFO] [stdout] 29 | pub use self::test::{__test_extra, __test_matrix, assert_decode_eq, assert_roundtrip_eq, support};
[INFO] [stdout]    |                                                                     ^^^^^^^^^^^^^^^^^^^
[INFO] [stdout] note: the item is gated behind the `test` feature
[INFO] [stdout]   --> /opt/rustwide/workdir/src/macros/mod.rs:28:7
[INFO] [stdout]    |
[INFO] [stdout] 28 | #[cfg(feature = "test")]
[INFO] [stdout]    |       ^^^^^^^^^^^^^^^^
[INFO] [stdout]    = note: this error originates in the macro `test_case` (in Nightly builds, run with -Z macro-backtrace for more info)
[INFO] [stdout] 
[INFO] [stdout] 
[INFO] [stdout] error[E0433]: failed to resolve: could not find `assert_roundtrip_eq` in `macros`
[INFO] [stdout]   --> tests/name_types.rs:51:28
[INFO] [stdout]    |
[INFO] [stdout] 51 |             musli::macros::assert_roundtrip_eq!(
[INFO] [stdout]    |                            ^^^^^^^^^^^^^^^^^^^ could not find `assert_roundtrip_eq` in `macros`
[INFO] [stdout] ...
[INFO] [stdout] 69 |     test_case!(u128);
[INFO] [stdout]    |     ---------------- in this macro invocation
[INFO] [stdout]    |
[INFO] [stdout] note: found an item that was configured out
[INFO] [stdout]   --> /opt/rustwide/workdir/src/macros/mod.rs:29:69
[INFO] [stdout]    |
[INFO] [stdout] 29 | pub use self::test::{__test_extra, __test_matrix, assert_decode_eq, assert_roundtrip_eq, support};
[INFO] [stdout]    |                                                                     ^^^^^^^^^^^^^^^^^^^
[INFO] [stdout] note: the item is gated behind the `test` feature
[INFO] [stdout]   --> /opt/rustwide/workdir/src/macros/mod.rs:28:7
[INFO] [stdout]    |
[INFO] [stdout] 28 | #[cfg(feature = "test")]
[INFO] [stdout]    |       ^^^^^^^^^^^^^^^^
[INFO] [stdout]    = note: this error originates in the macro `test_case` (in Nightly builds, run with -Z macro-backtrace for more info)
[INFO] [stdout] 
[INFO] [stdout] 
[INFO] [stdout] error[E0433]: failed to resolve: could not find `assert_roundtrip_eq` in `macros`
[INFO] [stdout]   --> tests/name_types.rs:57:28
[INFO] [stdout]    |
[INFO] [stdout] 57 |             musli::macros::assert_roundtrip_eq!(
[INFO] [stdout]    |                            ^^^^^^^^^^^^^^^^^^^ could not find `assert_roundtrip_eq` in `macros`
[INFO] [stdout] ...
[INFO] [stdout] 69 |     test_case!(u128);
[INFO] [stdout]    |     ---------------- in this macro invocation
[INFO] [stdout]    |
[INFO] [stdout] note: found an item that was configured out
[INFO] [stdout]   --> /opt/rustwide/workdir/src/macros/mod.rs:29:69
[INFO] [stdout]    |
[INFO] [stdout] 29 | pub use self::test::{__test_extra, __test_matrix, assert_decode_eq, assert_roundtrip_eq, support};
[INFO] [stdout]    |                                                                     ^^^^^^^^^^^^^^^^^^^
[INFO] [stdout] note: the item is gated behind the `test` feature
[INFO] [stdout]   --> /opt/rustwide/workdir/src/macros/mod.rs:28:7
[INFO] [stdout]    |
[INFO] [stdout] 28 | #[cfg(feature = "test")]
[INFO] [stdout]    |       ^^^^^^^^^^^^^^^^
[INFO] [stdout]    = note: this error originates in the macro `test_case` (in Nightly builds, run with -Z macro-backtrace for more info)
[INFO] [stdout] 
[INFO] [stdout] 
[INFO] [stdout] error[E0433]: failed to resolve: could not find `assert_roundtrip_eq` in `macros`
[INFO] [stdout]   --> tests/name_types.rs:51:28
[INFO] [stdout]    |
[INFO] [stdout] 51 |             musli::macros::assert_roundtrip_eq!(
[INFO] [stdout]    |                            ^^^^^^^^^^^^^^^^^^^ could not find `assert_roundtrip_eq` in `macros`
[INFO] [stdout] ...
[INFO] [stdout] 70 |     test_case!(i8);
[INFO] [stdout]    |     -------------- in this macro invocation
[INFO] [stdout]    |
[INFO] [stdout] note: found an item that was configured out
[INFO] [stdout]   --> /opt/rustwide/workdir/src/macros/mod.rs:29:69
[INFO] [stdout]    |
[INFO] [stdout] 29 | pub use self::test::{__test_extra, __test_matrix, assert_decode_eq, assert_roundtrip_eq, support};
[INFO] [stdout]    |                                                                     ^^^^^^^^^^^^^^^^^^^
[INFO] [stdout] note: the item is gated behind the `test` feature
[INFO] [stdout]   --> /opt/rustwide/workdir/src/macros/mod.rs:28:7
[INFO] [stdout]    |
[INFO] [stdout] 28 | #[cfg(feature = "test")]
[INFO] [stdout]    |       ^^^^^^^^^^^^^^^^
[INFO] [stdout]    = note: this error originates in the macro `test_case` (in Nightly builds, run with -Z macro-backtrace for more info)
[INFO] [stdout] 
[INFO] [stdout] 
[INFO] [stdout] error[E0433]: failed to resolve: could not find `assert_roundtrip_eq` in `macros`
[INFO] [stdout]   --> tests/name_types.rs:57:28
[INFO] [stdout]    |
[INFO] [stdout] 57 |             musli::macros::assert_roundtrip_eq!(
[INFO] [stdout]    |                            ^^^^^^^^^^^^^^^^^^^ could not find `assert_roundtrip_eq` in `macros`
[INFO] [stdout] ...
[INFO] [stdout] 70 |     test_case!(i8);
[INFO] [stdout]    |     -------------- in this macro invocation
[INFO] [stdout]    |
[INFO] [stdout] note: found an item that was configured out
[INFO] [stdout]   --> /opt/rustwide/workdir/src/macros/mod.rs:29:69
[INFO] [stdout]    |
[INFO] [stdout] 29 | pub use self::test::{__test_extra, __test_matrix, assert_decode_eq, assert_roundtrip_eq, support};
[INFO] [stdout]    |                                                                     ^^^^^^^^^^^^^^^^^^^
[INFO] [stdout] note: the item is gated behind the `test` feature
[INFO] [stdout]   --> /opt/rustwide/workdir/src/macros/mod.rs:28:7
[INFO] [stdout]    |
[INFO] [stdout] 28 | #[cfg(feature = "test")]
[INFO] [stdout]    |       ^^^^^^^^^^^^^^^^
[INFO] [stdout]    = note: this error originates in the macro `test_case` (in Nightly builds, run with -Z macro-backtrace for more info)
[INFO] [stdout] 
[INFO] [stdout] 
[INFO] [stdout] error[E0433]: failed to resolve: could not find `assert_roundtrip_eq` in `macros`
[INFO] [stdout]   --> tests/name_types.rs:51:28
[INFO] [stdout]    |
[INFO] [stdout] 51 |             musli::macros::assert_roundtrip_eq!(
[INFO] [stdout]    |                            ^^^^^^^^^^^^^^^^^^^ could not find `assert_roundtrip_eq` in `macros`
[INFO] [stdout] ...
[INFO] [stdout] 71 |     test_case!(i16);
[INFO] [stdout]    |     --------------- in this macro invocation
[INFO] [stdout]    |
[INFO] [stdout] note: found an item that was configured out
[INFO] [stdout]   --> /opt/rustwide/workdir/src/macros/mod.rs:29:69
[INFO] [stdout]    |
[INFO] [stdout] 29 | pub use self::test::{__test_extra, __test_matrix, assert_decode_eq, assert_roundtrip_eq, support};
[INFO] [stdout]    |                                                                     ^^^^^^^^^^^^^^^^^^^
[INFO] [stdout] note: the item is gated behind the `test` feature
[INFO] [stdout]   --> /opt/rustwide/workdir/src/macros/mod.rs:28:7
[INFO] [stdout]    |
[INFO] [stdout] 28 | #[cfg(feature = "test")]
[INFO] [stdout]    |       ^^^^^^^^^^^^^^^^
[INFO] [stdout]    = note: this error originates in the macro `test_case` (in Nightly builds, run with -Z macro-backtrace for more info)
[INFO] [stdout] 
[INFO] [stdout] 
[INFO] [stdout] error[E0433]: failed to resolve: could not find `assert_roundtrip_eq` in `macros`
[INFO] [stdout]   --> tests/name_types.rs:57:28
[INFO] [stdout]    |
[INFO] [stdout] 57 |             musli::macros::assert_roundtrip_eq!(
[INFO] [stdout]    |                            ^^^^^^^^^^^^^^^^^^^ could not find `assert_roundtrip_eq` in `macros`
[INFO] [stdout] ...
[INFO] [stdout] 71 |     test_case!(i16);
[INFO] [stdout]    |     --------------- in this macro invocation
[INFO] [stdout]    |
[INFO] [stdout] note: found an item that was configured out
[INFO] [stdout]   --> /opt/rustwide/workdir/src/macros/mod.rs:29:69
[INFO] [stdout]    |
[INFO] [stdout] 29 | pub use self::test::{__test_extra, __test_matrix, assert_decode_eq, assert_roundtrip_eq, support};
[INFO] [stdout]    |                                                                     ^^^^^^^^^^^^^^^^^^^
[INFO] [stdout] note: the item is gated behind the `test` feature
[INFO] [stdout]   --> /opt/rustwide/workdir/src/macros/mod.rs:28:7
[INFO] [stdout]    |
[INFO] [stdout] 28 | #[cfg(feature = "test")]
[INFO] [stdout]    |       ^^^^^^^^^^^^^^^^
[INFO] [stdout]    = note: this error originates in the macro `test_case` (in Nightly builds, run with -Z macro-backtrace for more info)
[INFO] [stdout] 
[INFO] [stdout] 
[INFO] [stdout] error[E0433]: failed to resolve: could not find `assert_roundtrip_eq` in `macros`
[INFO] [stdout]   --> tests/name_types.rs:51:28
[INFO] [stdout]    |
[INFO] [stdout] 51 |             musli::macros::assert_roundtrip_eq!(
[INFO] [stdout]    |                            ^^^^^^^^^^^^^^^^^^^ could not find `assert_roundtrip_eq` in `macros`
[INFO] [stdout] ...
[INFO] [stdout] 72 |     test_case!(i32);
[INFO] [stdout]    |     --------------- in this macro invocation
[INFO] [stdout]    |
[INFO] [stdout] note: found an item that was configured out
[INFO] [stdout]   --> /opt/rustwide/workdir/src/macros/mod.rs:29:69
[INFO] [stdout]    |
[INFO] [stdout] 29 | pub use self::test::{__test_extra, __test_matrix, assert_decode_eq, assert_roundtrip_eq, support};
[INFO] [stdout]    |                                                                     ^^^^^^^^^^^^^^^^^^^
[INFO] [stdout] note: the item is gated behind the `test` feature
[INFO] [stdout]   --> /opt/rustwide/workdir/src/macros/mod.rs:28:7
[INFO] [stdout]    |
[INFO] [stdout] 28 | #[cfg(feature = "test")]
[INFO] [stdout]    |       ^^^^^^^^^^^^^^^^
[INFO] [stdout]    = note: this error originates in the macro `test_case` (in Nightly builds, run with -Z macro-backtrace for more info)
[INFO] [stdout] 
[INFO] [stdout] 
[INFO] [stdout] error[E0433]: failed to resolve: could not find `assert_roundtrip_eq` in `macros`
[INFO] [stdout]   --> tests/name_types.rs:57:28
[INFO] [stdout]    |
[INFO] [stdout] 57 |             musli::macros::assert_roundtrip_eq!(
[INFO] [stdout]    |                            ^^^^^^^^^^^^^^^^^^^ could not find `assert_roundtrip_eq` in `macros`
[INFO] [stdout] ...
[INFO] [stdout] 72 |     test_case!(i32);
[INFO] [stdout]    |     --------------- in this macro invocation
[INFO] [stdout]    |
[INFO] [stdout] note: found an item that was configured out
[INFO] [stdout]   --> /opt/rustwide/workdir/src/macros/mod.rs:29:69
[INFO] [stdout]    |
[INFO] [stdout] 29 | pub use self::test::{__test_extra, __test_matrix, assert_decode_eq, assert_roundtrip_eq, support};
[INFO] [stdout]    |                                                                     ^^^^^^^^^^^^^^^^^^^
[INFO] [stdout] note: the item is gated behind the `test` feature
[INFO] [stdout]   --> /opt/rustwide/workdir/src/macros/mod.rs:28:7
[INFO] [stdout]    |
[INFO] [stdout] 28 | #[cfg(feature = "test")]
[INFO] [stdout]    |       ^^^^^^^^^^^^^^^^
[INFO] [stdout]    = note: this error originates in the macro `test_case` (in Nightly builds, run with -Z macro-backtrace for more info)
[INFO] [stdout] 
[INFO] [stdout] 
[INFO] [stdout] error[E0433]: failed to resolve: could not find `assert_roundtrip_eq` in `macros`
[INFO] [stdout]   --> tests/name_types.rs:51:28
[INFO] [stdout]    |
[INFO] [stdout] 51 |             musli::macros::assert_roundtrip_eq!(
[INFO] [stdout]    |                            ^^^^^^^^^^^^^^^^^^^ could not find `assert_roundtrip_eq` in `macros`
[INFO] [stdout] ...
[INFO] [stdout] 73 |     test_case!(i64);
[INFO] [stdout]    |     --------------- in this macro invocation
[INFO] [stdout]    |
[INFO] [stdout] note: found an item that was configured out
[INFO] [stdout]   --> /opt/rustwide/workdir/src/macros/mod.rs:29:69
[INFO] [stdout]    |
[INFO] [stdout] 29 | pub use self::test::{__test_extra, __test_matrix, assert_decode_eq, assert_roundtrip_eq, support};
[INFO] [stdout]    |                                                                     ^^^^^^^^^^^^^^^^^^^
[INFO] [stdout] note: the item is gated behind the `test` feature
[INFO] [stdout]   --> /opt/rustwide/workdir/src/macros/mod.rs:28:7
[INFO] [stdout]    |
[INFO] [stdout] 28 | #[cfg(feature = "test")]
[INFO] [stdout]    |       ^^^^^^^^^^^^^^^^
[INFO] [stdout]    = note: this error originates in the macro `test_case` (in Nightly builds, run with -Z macro-backtrace for more info)
[INFO] [stdout] 
[INFO] [stdout] 
[INFO] [stdout] error[E0433]: failed to resolve: could not find `assert_roundtrip_eq` in `macros`
[INFO] [stdout]   --> tests/name_types.rs:57:28
[INFO] [stdout]    |
[INFO] [stdout] 57 |             musli::macros::assert_roundtrip_eq!(
[INFO] [stdout]    |                            ^^^^^^^^^^^^^^^^^^^ could not find `assert_roundtrip_eq` in `macros`
[INFO] [stdout] ...
[INFO] [stdout] 73 |     test_case!(i64);
[INFO] [stdout]    |     --------------- in this macro invocation
[INFO] [stdout]    |
[INFO] [stdout] note: found an item that was configured out
[INFO] [stdout]   --> /opt/rustwide/workdir/src/macros/mod.rs:29:69
[INFO] [stdout]    |
[INFO] [stdout] 29 | pub use self::test::{__test_extra, __test_matrix, assert_decode_eq, assert_roundtrip_eq, support};
[INFO] [stdout]    |                                                                     ^^^^^^^^^^^^^^^^^^^
[INFO] [stdout] note: the item is gated behind the `test` feature
[INFO] [stdout]   --> /opt/rustwide/workdir/src/macros/mod.rs:28:7
[INFO] [stdout]    |
[INFO] [stdout] 28 | #[cfg(feature = "test")]
[INFO] [stdout]    |       ^^^^^^^^^^^^^^^^
[INFO] [stdout]    = note: this error originates in the macro `test_case` (in Nightly builds, run with -Z macro-backtrace for more info)
[INFO] [stdout] 
[INFO] [stdout] 
[INFO] [stdout] error[E0433]: failed to resolve: could not find `assert_roundtrip_eq` in `macros`
[INFO] [stdout]   --> tests/name_types.rs:51:28
[INFO] [stdout]    |
[INFO] [stdout] 51 |             musli::macros::assert_roundtrip_eq!(
[INFO] [stdout]    |                            ^^^^^^^^^^^^^^^^^^^ could not find `assert_roundtrip_eq` in `macros`
[INFO] [stdout] ...
[INFO] [stdout] 74 |     test_case!(i128);
[INFO] [stdout]    |     ---------------- in this macro invocation
[INFO] [stdout]    |
[INFO] [stdout] note: found an item that was configured out
[INFO] [stdout]   --> /opt/rustwide/workdir/src/macros/mod.rs:29:69
[INFO] [stdout]    |
[INFO] [stdout] 29 | pub use self::test::{__test_extra, __test_matrix, assert_decode_eq, assert_roundtrip_eq, support};
[INFO] [stdout]    |                                                                     ^^^^^^^^^^^^^^^^^^^
[INFO] [stdout] note: the item is gated behind the `test` feature
[INFO] [stdout]   --> /opt/rustwide/workdir/src/macros/mod.rs:28:7
[INFO] [stdout]    |
[INFO] [stdout] 28 | #[cfg(feature = "test")]
[INFO] [stdout]    |       ^^^^^^^^^^^^^^^^
[INFO] [stdout]    = note: this error originates in the macro `test_case` (in Nightly builds, run with -Z macro-backtrace for more info)
[INFO] [stdout] 
[INFO] [stdout] 
[INFO] [stdout] error[E0433]: failed to resolve: could not find `assert_roundtrip_eq` in `macros`
[INFO] [stdout]   --> tests/name_types.rs:57:28
[INFO] [stdout]    |
[INFO] [stdout] 57 |             musli::macros::assert_roundtrip_eq!(
[INFO] [stdout]    |                            ^^^^^^^^^^^^^^^^^^^ could not find `assert_roundtrip_eq` in `macros`
[INFO] [stdout] ...
[INFO] [stdout] 74 |     test_case!(i128);
[INFO] [stdout]    |     ---------------- in this macro invocation
[INFO] [stdout]    |
[INFO] [stdout] note: found an item that was configured out
[INFO] [stdout]   --> /opt/rustwide/workdir/src/macros/mod.rs:29:69
[INFO] [stdout]    |
[INFO] [stdout] 29 | pub use self::test::{__test_extra, __test_matrix, assert_decode_eq, assert_roundtrip_eq, support};
[INFO] [stdout]    |                                                                     ^^^^^^^^^^^^^^^^^^^
[INFO] [stdout] note: the item is gated behind the `test` feature
[INFO] [stdout]   --> /opt/rustwide/workdir/src/macros/mod.rs:28:7
[INFO] [stdout]    |
[INFO] [stdout] 28 | #[cfg(feature = "test")]
[INFO] [stdout]    |       ^^^^^^^^^^^^^^^^
[INFO] [stdout]    = note: this error originates in the macro `test_case` (in Nightly builds, run with -Z macro-backtrace for more info)
[INFO] [stdout] 
[INFO] [stdout] 
[INFO] [stdout] error[E0433]: failed to resolve: could not find `assert_roundtrip_eq` in `macros`
[INFO] [stdout]   --> tests/name_types.rs:51:28
[INFO] [stdout]    |
[INFO] [stdout] 51 |             musli::macros::assert_roundtrip_eq!(
[INFO] [stdout]    |                            ^^^^^^^^^^^^^^^^^^^ could not find `assert_roundtrip_eq` in `macros`
[INFO] [stdout] ...
[INFO] [stdout] 75 |     test_case!(isize);
[INFO] [stdout]    |     ----------------- in this macro invocation
[INFO] [stdout]    |
[INFO] [stdout] note: found an item that was configured out
[INFO] [stdout]   --> /opt/rustwide/workdir/src/macros/mod.rs:29:69
[INFO] [stdout]    |
[INFO] [stdout] 29 | pub use self::test::{__test_extra, __test_matrix, assert_decode_eq, assert_roundtrip_eq, support};
[INFO] [stdout]    |                                                                     ^^^^^^^^^^^^^^^^^^^
[INFO] [stdout] note: the item is gated behind the `test` feature
[INFO] [stdout]   --> /opt/rustwide/workdir/src/macros/mod.rs:28:7
[INFO] [stdout]    |
[INFO] [stdout] 28 | #[cfg(feature = "test")]
[INFO] [stdout]    |       ^^^^^^^^^^^^^^^^
[INFO] [stdout]    = note: this error originates in the macro `test_case` (in Nightly builds, run with -Z macro-backtrace for more info)
[INFO] [stdout] 
[INFO] [stdout] 
[INFO] [stdout] error[E0433]: failed to resolve: could not find `assert_roundtrip_eq` in `macros`
[INFO] [stdout]   --> tests/name_types.rs:57:28
[INFO] [stdout]    |
[INFO] [stdout] 57 |             musli::macros::assert_roundtrip_eq!(
[INFO] [stdout]    |                            ^^^^^^^^^^^^^^^^^^^ could not find `assert_roundtrip_eq` in `macros`
[INFO] [stdout] ...
[INFO] [stdout] 75 |     test_case!(isize);
[INFO] [stdout]    |     ----------------- in this macro invocation
[INFO] [stdout]    |
[INFO] [stdout] note: found an item that was configured out
[INFO] [stdout]   --> /opt/rustwide/workdir/src/macros/mod.rs:29:69
[INFO] [stdout]    |
[INFO] [stdout] 29 | pub use self::test::{__test_extra, __test_matrix, assert_decode_eq, assert_roundtrip_eq, support};
[INFO] [stdout]    |                                                                     ^^^^^^^^^^^^^^^^^^^
[INFO] [stdout] note: the item is gated behind the `test` feature
[INFO] [stdout]   --> /opt/rustwide/workdir/src/macros/mod.rs:28:7
[INFO] [stdout]    |
[INFO] [stdout] 28 | #[cfg(feature = "test")]
[INFO] [stdout]    |       ^^^^^^^^^^^^^^^^
[INFO] [stdout]    = note: this error originates in the macro `test_case` (in Nightly builds, run with -Z macro-backtrace for more info)
[INFO] [stdout] 
[INFO] [stdout] 
[INFO] [stdout] error[E0433]: failed to resolve: could not find `assert_roundtrip_eq` in `macros`
[INFO] [stdout]   --> tests/name_types.rs:51:28
[INFO] [stdout]    |
[INFO] [stdout] 51 |             musli::macros::assert_roundtrip_eq!(
[INFO] [stdout]    |                            ^^^^^^^^^^^^^^^^^^^ could not find `assert_roundtrip_eq` in `macros`
[INFO] [stdout] ...
[INFO] [stdout] 76 |     test_case!(usize);
[INFO] [stdout]    |     ----------------- in this macro invocation
[INFO] [stdout]    |
[INFO] [stdout] note: found an item that was configured out
[INFO] [stdout]   --> /opt/rustwide/workdir/src/macros/mod.rs:29:69
[INFO] [stdout]    |
[INFO] [stdout] 29 | pub use self::test::{__test_extra, __test_matrix, assert_decode_eq, assert_roundtrip_eq, support};
[INFO] [stdout]    |                                                                     ^^^^^^^^^^^^^^^^^^^
[INFO] [stdout] note: the item is gated behind the `test` feature
[INFO] [stdout]   --> /opt/rustwide/workdir/src/macros/mod.rs:28:7
[INFO] [stdout]    |
[INFO] [stdout] 28 | #[cfg(feature = "test")]
[INFO] [stdout]    |       ^^^^^^^^^^^^^^^^
[INFO] [stdout]    = note: this error originates in the macro `test_case` (in Nightly builds, run with -Z macro-backtrace for more info)
[INFO] [stdout] 
[INFO] [stdout] 
[INFO] [stdout] error[E0433]: failed to resolve: could not find `assert_roundtrip_eq` in `macros`
[INFO] [stdout]   --> tests/name_types.rs:57:28
[INFO] [stdout]    |
[INFO] [stdout] 57 |             musli::macros::assert_roundtrip_eq!(
[INFO] [stdout]    |                            ^^^^^^^^^^^^^^^^^^^ could not find `assert_roundtrip_eq` in `macros`
[INFO] [stdout] ...
[INFO] [stdout] 76 |     test_case!(usize);
[INFO] [stdout]    |     ----------------- in this macro invocation
[INFO] [stdout]    |
[INFO] [stdout] note: found an item that was configured out
[INFO] [stdout]   --> /opt/rustwide/workdir/src/macros/mod.rs:29:69
[INFO] [stdout]    |
[INFO] [stdout] 29 | pub use self::test::{__test_extra, __test_matrix, assert_decode_eq, assert_roundtrip_eq, support};
[INFO] [stdout]    |                                                                     ^^^^^^^^^^^^^^^^^^^
[INFO] [stdout] note: the item is gated behind the `test` feature
[INFO] [stdout]   --> /opt/rustwide/workdir/src/macros/mod.rs:28:7
[INFO] [stdout]    |
[INFO] [stdout] 28 | #[cfg(feature = "test")]
[INFO] [stdout]    |       ^^^^^^^^^^^^^^^^
[INFO] [stdout]    = note: this error originates in the macro `test_case` (in Nightly builds, run with -Z macro-backtrace for more info)
[INFO] [stdout] 
[INFO] [stdout] 
[INFO] [stdout] error[E0433]: failed to resolve: could not find `value` in `musli`
[INFO] [stdout]    --> tests/visitors.rs:111:16
[INFO] [stdout]     |
[INFO] [stdout] 111 |         musli::value::decode::<StringReference>(&value)
[INFO] [stdout]     |                ^^^^^ could not find `value` in `musli`
[INFO] [stdout]     |
[INFO] [stdout] note: found an item that was configured out
[INFO] [stdout]    --> /opt/rustwide/workdir/src/lib.rs:568:9
[INFO] [stdout]     |
[INFO] [stdout] 568 | pub mod value;
[INFO] [stdout]     |         ^^^^^
[INFO] [stdout] note: the item is gated behind the `value` feature
[INFO] [stdout]    --> /opt/rustwide/workdir/src/value/mod.rs:8:8
[INFO] [stdout]     |
[INFO] [stdout] 8   | #![cfg(feature = "value")]
[INFO] [stdout]     |        ^^^^^^^^^^^^^^^^^
[INFO] [stdout] 
[INFO] [stdout] 
[INFO] [stdout] error[E0433]: failed to resolve: could not find `value` in `musli`
[INFO] [stdout]    --> tests/visitors.rs:139:24
[INFO] [stdout]     |
[INFO] [stdout] 139 |     let value = musli::value::Value::String("A".to_string());
[INFO] [stdout]     |                        ^^^^^ could not find `value` in `musli`
[INFO] [stdout]     |
[INFO] [stdout] note: found an item that was configured out
[INFO] [stdout]    --> /opt/rustwide/workdir/src/lib.rs:568:9
[INFO] [stdout]     |
[INFO] [stdout] 568 | pub mod value;
[INFO] [stdout]     |         ^^^^^
[INFO] [stdout] note: the item is gated behind the `value` feature
[INFO] [stdout]    --> /opt/rustwide/workdir/src/value/mod.rs:8:8
[INFO] [stdout]     |
[INFO] [stdout] 8   | #![cfg(feature = "value")]
[INFO] [stdout]     |        ^^^^^^^^^^^^^^^^^
[INFO] [stdout] 
[INFO] [stdout] 
[INFO] [stdout] error[E0433]: failed to resolve: could not find `value` in `musli`
[INFO] [stdout]    --> tests/visitors.rs:140:23
[INFO] [stdout]     |
[INFO] [stdout] 140 |     assert_eq!(musli::value::decode::<OwnedFn>(&value).unwrap(), OwnedFn::A);
[INFO] [stdout]     |                       ^^^^^ could not find `value` in `musli`
[INFO] [stdout]     |
[INFO] [stdout] note: found an item that was configured out
[INFO] [stdout]    --> /opt/rustwide/workdir/src/lib.rs:568:9
[INFO] [stdout]     |
[INFO] [stdout] 568 | pub mod value;
[INFO] [stdout]     |         ^^^^^
[INFO] [stdout] note: the item is gated behind the `value` feature
[INFO] [stdout]    --> /opt/rustwide/workdir/src/value/mod.rs:8:8
[INFO] [stdout]     |
[INFO] [stdout] 8   | #![cfg(feature = "value")]
[INFO] [stdout]     |        ^^^^^^^^^^^^^^^^^
[INFO] [stdout] 
[INFO] [stdout] 
[INFO] [stdout] error[E0432]: unresolved import `musli::json`
[INFO] [stdout]    --> tests/test_simple_json_encoding.rs:3:12
[INFO] [stdout]     |
[INFO] [stdout] 3   | use musli::json::Encoding;
[INFO] [stdout]     |            ^^^^ could not find `json` in `musli`
[INFO] [stdout]     |
[INFO] [stdout] note: found an item that was configured out
[INFO] [stdout]    --> /opt/rustwide/workdir/src/lib.rs:565:9
[INFO] [stdout]     |
[INFO] [stdout] 565 | pub mod json;
[INFO] [stdout]     |         ^^^^
[INFO] [stdout] note: the item is gated behind the `json` feature
[INFO] [stdout]    --> /opt/rustwide/workdir/src/json/mod.rs:40:8
[INFO] [stdout]     |
[INFO] [stdout] 40  | #![cfg(feature = "json")]
[INFO] [stdout]     |        ^^^^^^^^^^^^^^^^
[INFO] [stdout] 
[INFO] [stdout] 
[INFO] [stdout] error[E0433]: failed to resolve: could not find `json` in `musli`
[INFO] [stdout]    --> tests/test_simple_json_encoding.rs:34:22
[INFO] [stdout]     |
[INFO] [stdout] 34  |     let out = musli::json::to_string(&expected).unwrap();
[INFO] [stdout]     |                      ^^^^ could not find `json` in `musli`
[INFO] [stdout]     |
[INFO] [stdout] note: found an item that was configured out
[INFO] [stdout]    --> /opt/rustwide/workdir/src/lib.rs:565:9
[INFO] [stdout]     |
[INFO] [stdout] 565 | pub mod json;
[INFO] [stdout]     |         ^^^^
[INFO] [stdout] note: the item is gated behind the `json` feature
[INFO] [stdout]    --> /opt/rustwide/workdir/src/json/mod.rs:40:8
[INFO] [stdout]     |
[INFO] [stdout] 40  | #![cfg(feature = "json")]
[INFO] [stdout]     |        ^^^^^^^^^^^^^^^^
[INFO] [stdout] 
[INFO] [stdout] 
[INFO] [stdout] error[E0433]: failed to resolve: could not find `json` in `musli`
[INFO] [stdout]    --> tests/test_simple_json_encoding.rs:36:52
[INFO] [stdout]     |
[INFO] [stdout] 36  |     let actual: Vec<SimpleJsonStruct<'_>> = musli::json::from_slice(out.as_bytes()).unwrap();
[INFO] [stdout]     |                                                    ^^^^ could not find `json` in `musli`
[INFO] [stdout]     |
[INFO] [stdout] note: found an item that was configured out
[INFO] [stdout]    --> /opt/rustwide/workdir/src/lib.rs:565:9
[INFO] [stdout]     |
[INFO] [stdout] 565 | pub mod json;
[INFO] [stdout]     |         ^^^^
[INFO] [stdout] note: the item is gated behind the `json` feature
[INFO] [stdout]    --> /opt/rustwide/workdir/src/json/mod.rs:40:8
[INFO] [stdout]     |
[INFO] [stdout] 40  | #![cfg(feature = "json")]
[INFO] [stdout]     |        ^^^^^^^^^^^^^^^^
[INFO] [stdout] 
[INFO] [stdout] 
[INFO] [stdout] error[E0433]: failed to resolve: could not find `value` in `musli`
[INFO] [stdout]    --> tests/test_simple_json_encoding.rs:39:23
[INFO] [stdout]     |
[INFO] [stdout] 39  |     let value: musli::value::Value = musli::json::from_slice(b"10.00001e-121").unwrap();
[INFO] [stdout]     |                       ^^^^^ could not find `value` in `musli`
[INFO] [stdout]     |
[INFO] [stdout] note: found an item that was configured out
[INFO] [stdout]    --> /opt/rustwide/workdir/src/lib.rs:568:9
[INFO] [stdout]     |
[INFO] [stdout] 568 | pub mod value;
[INFO] [stdout]     |         ^^^^^
[INFO] [stdout] note: the item is gated behind the `value` feature
[INFO] [stdout]    --> /opt/rustwide/workdir/src/value/mod.rs:8:8
[INFO] [stdout]     |
[INFO] [stdout] 8   | #![cfg(feature = "value")]
[INFO] [stdout]     |        ^^^^^^^^^^^^^^^^^
[INFO] [stdout] 
[INFO] [stdout] 
[INFO] [stdout] error[E0433]: failed to resolve: could not find `json` in `musli`
[INFO] [stdout]    --> tests/test_simple_json_encoding.rs:39:45
[INFO] [stdout]     |
[INFO] [stdout] 39  |     let value: musli::value::Value = musli::json::from_slice(b"10.00001e-121").unwrap();
[INFO] [stdout]     |                                             ^^^^ could not find `json` in `musli`
[INFO] [stdout]     |
[INFO] [stdout] note: found an item that was configured out
[INFO] [stdout]    --> /opt/rustwide/workdir/src/lib.rs:565:9
[INFO] [stdout]     |
[INFO] [stdout] 565 | pub mod json;
[INFO] [stdout]     |         ^^^^
[INFO] [stdout] note: the item is gated behind the `json` feature
[INFO] [stdout]    --> /opt/rustwide/workdir/src/json/mod.rs:40:8
[INFO] [stdout]     |
[INFO] [stdout] 40  | #![cfg(feature = "json")]
[INFO] [stdout]     |        ^^^^^^^^^^^^^^^^
[INFO] [stdout] 
[INFO] [stdout] 
[INFO] [stdout] error[E0433]: failed to resolve: could not find `assert_roundtrip_eq` in `macros`
[INFO] [stdout]   --> tests/bytes.rs:18:20
[INFO] [stdout]    |
[INFO] [stdout] 18 |     musli::macros::assert_roundtrip_eq!(
[INFO] [stdout]    |                    ^^^^^^^^^^^^^^^^^^^ could not find `assert_roundtrip_eq` in `macros`
[INFO] [stdout]    |
[INFO] [stdout] note: found an item that was configured out
[INFO] [stdout]   --> /opt/rustwide/workdir/src/macros/mod.rs:29:69
[INFO] [stdout]    |
[INFO] [stdout] 29 | pub use self::test::{__test_extra, __test_matrix, assert_decode_eq, assert_roundtrip_eq, support};
[INFO] [stdout]    |                                                                     ^^^^^^^^^^^^^^^^^^^
[INFO] [stdout] note: the item is gated behind the `test` feature
[INFO] [stdout]   --> /opt/rustwide/workdir/src/macros/mod.rs:28:7
[INFO] [stdout]    |
[INFO] [stdout] 28 | #[cfg(feature = "test")]
[INFO] [stdout]    |       ^^^^^^^^^^^^^^^^
[INFO] [stdout] 
[INFO] [stdout] 
[INFO] [stdout] error[E0433]: failed to resolve: could not find `assert_roundtrip_eq` in `macros`
[INFO] [stdout]   --> tests/bytes.rs:43:20
[INFO] [stdout]    |
[INFO] [stdout] 43 |     musli::macros::assert_roundtrip_eq!(
[INFO] [stdout]    |                    ^^^^^^^^^^^^^^^^^^^ could not find `assert_roundtrip_eq` in `macros`
[INFO] [stdout]    |
[INFO] [stdout] note: found an item that was configured out
[INFO] [stdout]   --> /opt/rustwide/workdir/src/macros/mod.rs:29:69
[INFO] [stdout]    |
[INFO] [stdout] 29 | pub use self::test::{__test_extra, __test_matrix, assert_decode_eq, assert_roundtrip_eq, support};
[INFO] [stdout]    |                                                                     ^^^^^^^^^^^^^^^^^^^
[INFO] [stdout] note: the item is gated behind the `test` feature
[INFO] [stdout]   --> /opt/rustwide/workdir/src/macros/mod.rs:28:7
[INFO] [stdout]    |
[INFO] [stdout] 28 | #[cfg(feature = "test")]
[INFO] [stdout]    |       ^^^^^^^^^^^^^^^^
[INFO] [stdout] 
[INFO] [stdout] 
[INFO] [stdout] For more information about this error, try `rustc --explain E0433`.
[INFO] [stdout] 
[INFO] [stderr] error: could not compile `musli` (test "visitors") due to 10 previous errors
[INFO] [stderr] warning: build failed, waiting for other jobs to finish...
[INFO] [stdout] error[E0433]: failed to resolve: could not find `json` in `musli`
[INFO] [stdout]    --> tests/trace_complex.rs:51:31
[INFO] [stdout]     |
[INFO] [stdout] 51  |         let encoding = musli::json::Encoding::new();
[INFO] [stdout]     |                               ^^^^ could not find `json` in `musli`
[INFO] [stdout]     |
[INFO] [stdout] note: found an item that was configured out
[INFO] [stdout]    --> /opt/rustwide/workdir/src/lib.rs:565:9
[INFO] [stdout]     |
[INFO] [stdout] 565 | pub mod json;
[INFO] [stdout]     |         ^^^^
[INFO] [stdout] note: the item is gated behind the `json` feature
[INFO] [stdout]    --> /opt/rustwide/workdir/src/json/mod.rs:40:8
[INFO] [stdout]     |
[INFO] [stdout] 40  | #![cfg(feature = "json")]
[INFO] [stdout]     |        ^^^^^^^^^^^^^^^^
[INFO] [stdout] 
[INFO] [stdout] 
[INFO] [stdout] For more information about this error, try `rustc --explain E0433`.
[INFO] [stdout] 
[INFO] [stderr] error: could not compile `musli` (test "test_bug_28_29") due to 2 previous errors
[INFO] [stdout] Some errors have detailed explanations: E0432, E0433.
[INFO] [stdout] 
[INFO] [stdout] For more information about an error, try `rustc --explain E0432`.
[INFO] [stdout] 
[INFO] [stderr] error: could not compile `musli` (test "test_simple_json_encoding") due to 5 previous errors
[INFO] [stdout] For more information about this error, try `rustc --explain E0433`.
[INFO] [stdout] 
[INFO] [stderr] error: could not compile `musli` (test "bytes") due to 2 previous errors
[INFO] [stdout] For more information about this error, try `rustc --explain E0433`.
[INFO] [stdout] 
[INFO] [stderr] error: could not compile `musli` (test "trace_complex") due to 1 previous error
[INFO] [stdout] For more information about this error, try `rustc --explain E0433`.
[INFO] [stdout] 
[INFO] [stderr] error: could not compile `musli` (test "name_types") due to 36 previous errors
[INFO] running `Command { std: "docker" "inspect" "df73440ea4aeb25bca11a7c536514c65c230dbd55e280d349c21e8cd2368ae09", kill_on_drop: false }`
[INFO] running `Command { std: "docker" "rm" "-f" "df73440ea4aeb25bca11a7c536514c65c230dbd55e280d349c21e8cd2368ae09", kill_on_drop: false }`
[INFO] [stdout] df73440ea4aeb25bca11a7c536514c65c230dbd55e280d349c21e8cd2368ae09
