[INFO] fetching crate musix 0.2.1...
[INFO] testing musix-0.2.1 against nightly-2024-10-28+rustflags=-Zrandomize-layout for randomize-layout
[INFO] extracting crate musix 0.2.1 into /workspace/builds/worker-5-tc2/source
[INFO] validating manifest of crates.io crate musix 0.2.1 on toolchain nightly-2024-10-28
[INFO] running `Command { std: CARGO_HOME="/workspace/cargo-home" RUSTUP_HOME="/workspace/rustup-home" "/workspace/cargo-home/bin/cargo" "+nightly-2024-10-28" "metadata" "--manifest-path" "Cargo.toml" "--no-deps", kill_on_drop: false }`
[INFO] started tweaking crates.io crate musix 0.2.1
[INFO] finished tweaking crates.io crate musix 0.2.1
[INFO] tweaked toml for crates.io crate musix 0.2.1 written to /workspace/builds/worker-5-tc2/source/Cargo.toml
[INFO] running `Command { std: CARGO_HOME="/workspace/cargo-home" RUSTUP_HOME="/workspace/rustup-home" "/workspace/cargo-home/bin/cargo" "+nightly-2024-10-28" "generate-lockfile" "--manifest-path" "Cargo.toml", kill_on_drop: false }`
[INFO] [stderr]     Updating crates.io index
[INFO] [stderr]      Locking 3 packages to latest compatible versions
[INFO] running `Command { std: CARGO_HOME="/workspace/cargo-home" RUSTUP_HOME="/workspace/rustup-home" "/workspace/cargo-home/bin/cargo" "+nightly-2024-10-28" "fetch" "--manifest-path" "Cargo.toml", kill_on_drop: false }`
[INFO] running `Command { std: "docker" "create" "-v" "/var/lib/crater-agent-workspace/builds/worker-5-tc2/target:/opt/rustwide/target:rw,Z" "-v" "/var/lib/crater-agent-workspace/builds/worker-5-tc2/source:/opt/rustwide/workdir:ro,Z" "-v" "/var/lib/crater-agent-workspace/cargo-home:/opt/rustwide/cargo-home:ro,Z" "-v" "/var/lib/crater-agent-workspace/rustup-home:/opt/rustwide/rustup-home:ro,Z" "-e" "SOURCE_DIR=/opt/rustwide/workdir" "-e" "CARGO_TARGET_DIR=/opt/rustwide/target" "-e" "CARGO_HOME=/opt/rustwide/cargo-home" "-e" "RUSTUP_HOME=/opt/rustwide/rustup-home" "-w" "/opt/rustwide/workdir" "-m" "1610612736" "--user" "0:0" "--network" "none" "ghcr.io/rust-lang/crates-build-env/linux@sha256:4a844ea9eb2546a2d2c7022eacef16ef2e8229c7fbb2c7d4d55a9ceca922f72d" "/opt/rustwide/cargo-home/bin/cargo" "+nightly-2024-10-28" "metadata" "--no-deps" "--format-version=1", kill_on_drop: false }`
[INFO] [stdout] ba1940055ec5f3236ec3c27ca8b9d536226cb5f797e73046d1de8a40ee85e980
[INFO] running `Command { std: "docker" "start" "-a" "ba1940055ec5f3236ec3c27ca8b9d536226cb5f797e73046d1de8a40ee85e980", kill_on_drop: false }`
[INFO] running `Command { std: "docker" "inspect" "ba1940055ec5f3236ec3c27ca8b9d536226cb5f797e73046d1de8a40ee85e980", kill_on_drop: false }`
[INFO] running `Command { std: "docker" "rm" "-f" "ba1940055ec5f3236ec3c27ca8b9d536226cb5f797e73046d1de8a40ee85e980", kill_on_drop: false }`
[INFO] [stdout] ba1940055ec5f3236ec3c27ca8b9d536226cb5f797e73046d1de8a40ee85e980
[INFO] running `Command { std: "docker" "create" "-v" "/var/lib/crater-agent-workspace/builds/worker-5-tc2/target:/opt/rustwide/target:rw,Z" "-v" "/var/lib/crater-agent-workspace/builds/worker-5-tc2/source:/opt/rustwide/workdir:ro,Z" "-v" "/var/lib/crater-agent-workspace/cargo-home:/opt/rustwide/cargo-home:ro,Z" "-v" "/var/lib/crater-agent-workspace/rustup-home:/opt/rustwide/rustup-home:ro,Z" "-e" "SOURCE_DIR=/opt/rustwide/workdir" "-e" "CARGO_TARGET_DIR=/opt/rustwide/target" "-e" "CARGO_INCREMENTAL=0" "-e" "RUST_BACKTRACE=full" "-e" "RUSTFLAGS=--cap-lints=forbid -Zrandomize-layout" "-e" "RUSTDOCFLAGS=--cap-lints=forbid" "-e" "CARGO_HOME=/opt/rustwide/cargo-home" "-e" "RUSTUP_HOME=/opt/rustwide/rustup-home" "-w" "/opt/rustwide/workdir" "-m" "1610612736" "--user" "0:0" "--network" "none" "ghcr.io/rust-lang/crates-build-env/linux@sha256:4a844ea9eb2546a2d2c7022eacef16ef2e8229c7fbb2c7d4d55a9ceca922f72d" "/opt/rustwide/cargo-home/bin/cargo" "+nightly-2024-10-28" "build" "--frozen" "--message-format=json", kill_on_drop: false }`
[INFO] [stdout] 5f83074b00381fbaceb234ce0125d8191b5291d3742eeb56007df9bf4da9cd4b
[INFO] running `Command { std: "docker" "start" "-a" "5f83074b00381fbaceb234ce0125d8191b5291d3742eeb56007df9bf4da9cd4b", kill_on_drop: false }`
[INFO] [stderr]    Compiling shlex v1.3.0
[INFO] [stderr]    Compiling cc v1.1.31
[INFO] [stderr]    Compiling cmake v0.1.51
[INFO] [stderr]    Compiling musix v0.2.1 (/opt/rustwide/workdir)
[INFO] [stderr] error: failed to run custom build command for `musix v0.2.1 (/opt/rustwide/workdir)`
[INFO] [stderr] note: To improve backtraces for build dependencies, set the CARGO_PROFILE_DEV_BUILD_OVERRIDE_DEBUG=true environment variable to enable debug information generation.
[INFO] [stderr] 
[INFO] [stderr] Caused by:
[INFO] [stderr]   process didn't exit successfully: `/opt/rustwide/target/debug/build/musix-76db8274b0792811/build-script-build` (exit status: 101)
[INFO] [stderr]   --- stdout
[INFO] [stderr]   CMAKE_TOOLCHAIN_FILE_x86_64-unknown-linux-gnu = None
[INFO] [stderr]   CMAKE_TOOLCHAIN_FILE_x86_64_unknown_linux_gnu = None
[INFO] [stderr]   HOST_CMAKE_TOOLCHAIN_FILE = None
[INFO] [stderr]   CMAKE_TOOLCHAIN_FILE = None
[INFO] [stderr]   CMAKE_GENERATOR_x86_64-unknown-linux-gnu = None
[INFO] [stderr]   CMAKE_GENERATOR_x86_64_unknown_linux_gnu = None
[INFO] [stderr]   HOST_CMAKE_GENERATOR = None
[INFO] [stderr]   CMAKE_GENERATOR = None
[INFO] [stderr]   CMAKE_PREFIX_PATH_x86_64-unknown-linux-gnu = None
[INFO] [stderr]   CMAKE_PREFIX_PATH_x86_64_unknown_linux_gnu = None
[INFO] [stderr]   HOST_CMAKE_PREFIX_PATH = None
[INFO] [stderr]   CMAKE_PREFIX_PATH = None
[INFO] [stderr]   CMAKE_x86_64-unknown-linux-gnu = None
[INFO] [stderr]   CMAKE_x86_64_unknown_linux_gnu = None
[INFO] [stderr]   HOST_CMAKE = None
[INFO] [stderr]   CMAKE = None
[INFO] [stderr]   running: cd "/opt/rustwide/target/debug/build/musix-b29b66f6058f827e/out/build" && CMAKE_PREFIX_PATH="" "cmake" "/opt/rustwide/workdir/." "-DRUST_BUILD=ON" "-DCMAKE_INSTALL_PREFIX=/opt/rustwide/target/debug/build/musix-b29b66f6058f827e/out" "-DCMAKE_C_FLAGS= -ffunction-sections -fdata-sections -fPIC -m64" "-DCMAKE_C_COMPILER=/usr/bin/cc" "-DCMAKE_CXX_FLAGS= -ffunction-sections -fdata-sections -fPIC -m64" "-DCMAKE_CXX_COMPILER=/usr/bin/c++" "-DCMAKE_ASM_FLAGS= -ffunction-sections -fdata-sections -fPIC -m64" "-DCMAKE_ASM_COMPILER=/usr/bin/cc" "-DCMAKE_BUILD_TYPE=Debug"
[INFO] [stderr]   -- The C compiler identification is GNU 11.4.0
[INFO] [stderr]   -- The CXX compiler identification is GNU 11.4.0
[INFO] [stderr]   -- Detecting C compiler ABI info
[INFO] [stderr]   -- Detecting C compiler ABI info - done
[INFO] [stderr]   -- Check for working C compiler: /usr/bin/cc - skipped
[INFO] [stderr]   -- Detecting C compile features
[INFO] [stderr]   -- Detecting C compile features - done
[INFO] [stderr]   -- Detecting CXX compiler ABI info
[INFO] [stderr]   -- Detecting CXX compiler ABI info - done
[INFO] [stderr]   -- Check for working CXX compiler: /usr/bin/c++ - skipped
[INFO] [stderr]   -- Detecting CXX compile features
[INFO] [stderr]   -- Detecting CXX compile features - done
[INFO] [stderr]   -- Looking for pthread.h
[INFO] [stderr]   -- Looking for pthread.h - found
[INFO] [stderr]   -- Performing Test CMAKE_HAVE_LIBC_PTHREAD
[INFO] [stderr]   -- Performing Test CMAKE_HAVE_LIBC_PTHREAD - Success
[INFO] [stderr]   -- Found Threads: TRUE  
[INFO] [stderr]   -- Looking for sys/types.h
[INFO] [stderr]   -- Looking for sys/types.h - found
[INFO] [stderr]   -- Looking for stdint.h
[INFO] [stderr]   -- Looking for stdint.h - found
[INFO] [stderr]   -- Looking for stddef.h
[INFO] [stderr]   -- Looking for stddef.h - found
[INFO] [stderr]   -- Check size of off64_t
[INFO] [stderr]   -- Check size of off64_t - done
[INFO] [stderr]   -- Looking for fseeko
[INFO] [stderr]   -- Looking for fseeko - found
[INFO] [stderr]   -- Looking for unistd.h
[INFO] [stderr]   -- Looking for unistd.h - found
[INFO] [stderr]   -- {fmt} version: 10.2.2
[INFO] [stderr]   -- Build type: Debug
[INFO] [stderr]   -- Configuring done
[INFO] [stderr]   -- Generating done
[INFO] [stderr]   -- Build files have been written to: /opt/rustwide/target/debug/build/musix-b29b66f6058f827e/out/build
[INFO] [stderr]   running: cd "/opt/rustwide/target/debug/build/musix-b29b66f6058f827e/out/build" && MAKEFLAGS="-j --jobserver-fds=8,9 --jobserver-auth=8,9" "cmake" "--build" "." "--target" "musix_static" "--config" "Debug"
[INFO] [stderr]   [  0%] Building CXX object crypto/CMakeFiles/crypto.dir/src/crypto/sha256.cpp.o
[INFO] [stderr]   [  0%] Building CXX object coreutils/CMakeFiles/coreutils.dir/src/coreutils/log.cpp.o
[INFO] [stderr]   [  1%] Building CXX object external/fmt/CMakeFiles/fmt.dir/src/format.cc.o
[INFO] [stderr]   [  1%] Building CXX object external/fmt/CMakeFiles/fmt.dir/src/os.cc.o
[INFO] [stderr]   [  1%] Building C object archive/miniz/CMakeFiles/miniz.dir/miniz.c.o
[INFO] [stderr]   [  2%] Building CXX object archive/unrar/CMakeFiles/unrar.dir/filestr.cpp.o
[INFO] [stderr]   [  2%] Building CXX object crypto/CMakeFiles/crypto.dir/src/crypto/md5.cpp.o
[INFO] [stderr]   [  2%] Building C object crypto/CMakeFiles/crypto.dir/src/crypto/solar-md5.c.o
[INFO] [stderr]   [  2%] Building C object external/zlib/CMakeFiles/zlibstatic.dir/adler32.c.o
[INFO] [stderr]   [  2%] Building CXX object archive/unrar/CMakeFiles/unrar.dir/dll.cpp.o
[INFO] [stderr]   [  2%] Building CXX object archive/unrar/CMakeFiles/unrar.dir/scantree.cpp.o
[INFO] [stderr]   [  2%] Building CXX object archive/unrar/CMakeFiles/unrar.dir/strlist.cpp.o
[INFO] [stderr]   [  2%] Building CXX object archive/unrar/CMakeFiles/unrar.dir/strfn.cpp.o
[INFO] [stderr]   [  2%] Building C object external/zlib/CMakeFiles/zlibstatic.dir/compress.c.o
[INFO] [stderr]   [  2%] Building C object external/zlib/CMakeFiles/zlibstatic.dir/deflate.c.o
[INFO] [stderr]   [  3%] Building C object external/zlib/CMakeFiles/zlibstatic.dir/crc32.c.o
[INFO] [stderr]   [  3%] Building C object external/zlib/CMakeFiles/zlibstatic.dir/gzclose.c.o
[INFO] [stderr]   [  3%] Building C object external/zlib/CMakeFiles/zlibstatic.dir/gzlib.c.o
[INFO] [stderr]   [  3%] Building C object external/zlib/CMakeFiles/zlibstatic.dir/gzread.c.o
[INFO] [stderr]   [  3%] Building CXX object archive/unrar/CMakeFiles/unrar.dir/pathfn.cpp.o
[INFO] [stderr]   [  3%] Building C object external/zlib/CMakeFiles/zlibstatic.dir/gzwrite.c.o
[INFO] [stderr]   [  4%] Building CXX object archive/unrar/CMakeFiles/unrar.dir/smallfn.cpp.o
[INFO] [stderr]   [  4%] Building CXX object archive/unrar/CMakeFiles/unrar.dir/savepos.cpp.o
[INFO] [stderr]   [  4%] Building CXX object archive/unrar/CMakeFiles/unrar.dir/global.cpp.o
[INFO] [stderr]   [  4%] Building C object external/zlib/CMakeFiles/zlibstatic.dir/inflate.c.o
[INFO] [stderr]   [  5%] Building C object external/zlib/CMakeFiles/zlibstatic.dir/infback.c.o
[INFO] [stderr]   [  5%] Building CXX object archive/unrar/CMakeFiles/unrar.dir/file.cpp.o
[INFO] [stderr]   [  5%] Building C object external/zlib/CMakeFiles/zlibstatic.dir/inftrees.c.o
[INFO] [stderr]   [  5%] Building C object external/zlib/CMakeFiles/zlibstatic.dir/inffast.c.o
[INFO] [stderr]   [  5%] Building CXX object archive/unrar/CMakeFiles/unrar.dir/filefn.cpp.o
[INFO] [stderr]   [  5%] Building C object external/zlib/CMakeFiles/zlibstatic.dir/uncompr.c.o
[INFO] [stderr]   [  5%] Building CXX object archive/unrar/CMakeFiles/unrar.dir/archive.cpp.o
[INFO] [stderr]   [  5%] Building C object external/zlib/CMakeFiles/zlibstatic.dir/trees.c.o
[INFO] [stderr]   [  5%] Building CXX object archive/unrar/CMakeFiles/unrar.dir/filcreat.cpp.o
[INFO] [stderr]   [  6%] Building CXX object archive/unrar/CMakeFiles/unrar.dir/arcread.cpp.o
[INFO] [stderr]   [  6%] Building C object external/zlib/CMakeFiles/zlibstatic.dir/zutil.c.o
[INFO] [stderr]   [  6%] Building CXX object archive/unrar/CMakeFiles/unrar.dir/unicode.cpp.o
[INFO] [stderr]   [  6%] Building CXX object archive/unrar/CMakeFiles/unrar.dir/system.cpp.o
[INFO] [stderr]   [  6%] Building CXX object archive/unrar/CMakeFiles/unrar.dir/crypt.cpp.o
[INFO] [stderr]   [  6%] Building CXX object archive/unrar/CMakeFiles/unrar.dir/crc.cpp.o
[INFO] [stderr]   [  6%] Linking CXX static library libcoreutils.a
[INFO] [stderr]   [  6%] Building CXX object archive/unrar/CMakeFiles/unrar.dir/rawread.cpp.o
[INFO] [stderr]   [  6%] Building CXX object archive/unrar/CMakeFiles/unrar.dir/encname.cpp.o
[INFO] [stderr]   [  7%] Linking C static library libz.a
[INFO] [stderr]   [  8%] Building CXX object archive/unrar/CMakeFiles/unrar.dir/match.cpp.o
[INFO] [stderr]   [  8%] Building CXX object archive/unrar/CMakeFiles/unrar.dir/timefn.cpp.o
[INFO] [stderr]   [  8%] Building CXX object archive/unrar/CMakeFiles/unrar.dir/rdwrfn.cpp.o
[INFO] [stderr]   [  8%] Building CXX object archive/unrar/CMakeFiles/unrar.dir/options.cpp.o
[INFO] [stderr]   [  8%] Building CXX object archive/unrar/CMakeFiles/unrar.dir/consio.cpp.o
[INFO] [stderr]   [  8%] Building CXX object archive/unrar/CMakeFiles/unrar.dir/ulinks.cpp.o
[INFO] [stderr]   [  8%] Building CXX object archive/unrar/CMakeFiles/unrar.dir/errhnd.cpp.o
[INFO] [stderr]   [  8%] Linking CXX static library libcrypto.a
[INFO] [stderr]   [  9%] Building CXX object archive/unrar/CMakeFiles/unrar.dir/rarvm.cpp.o
[INFO] [stderr]   [  9%] Building CXX object archive/unrar/CMakeFiles/unrar.dir/rijndael.cpp.o
[INFO] [stderr]   [  9%] Building CXX object archive/unrar/CMakeFiles/unrar.dir/getbits.cpp.o
[INFO] [stderr]   [  9%] Linking C static library libminiz.a
[INFO] [stderr]   [  9%] Built target coreutils
[INFO] [stderr]   [  9%] Building CXX object archive/unrar/CMakeFiles/unrar.dir/sha1.cpp.o
[INFO] [stderr]   [  9%] Building CXX object archive/unrar/CMakeFiles/unrar.dir/extinfo.cpp.o
[INFO] [stderr]   [  9%] Building CXX object archive/unrar/CMakeFiles/unrar.dir/extract.cpp.o
[INFO] [stderr]   [  9%] Built target crypto
[INFO] [stderr]   [  9%] Building CXX object src/plugins/hivelyplugin/CMakeFiles/hivelyplugin.dir/HivelyPlugin.cpp.o
[INFO] [stderr]   [ 10%] Building CXX object archive/unrar/CMakeFiles/unrar.dir/volume.cpp.o
[INFO] [stderr]   [ 10%] Building CXX object src/plugins/adplugin/CMakeFiles/adplugin.dir/AdPlugin.cpp.o
[INFO] [stderr]   [ 10%] Building CXX object src/plugins/mdxplugin/CMakeFiles/mdxplugin.dir/MDXPlugin.cpp.o
[INFO] [stderr]   [ 10%] Built target zlibstatic
[INFO] [stderr]   [ 11%] Building CXX object src/plugins/stsoundplugin/CMakeFiles/stsoundplugin.dir/StSoundPlugin.cpp.o
[INFO] [stderr]   [ 11%] Building CXX object src/plugins/uadeplugin/CMakeFiles/uadeplugin.dir/UADEPlugin.cpp.o
[INFO] [stderr]   [ 11%] Building CXX object src/plugins/tedplugin/CMakeFiles/tedplugin.dir/TEDPlugin.cpp.o
[INFO] [stderr]   [ 11%] Built target miniz
[INFO] [stderr]   [ 11%] Building C object src/plugins/mdxplugin/CMakeFiles/mdxplugin.dir/mdxmini/src/mdxmini.c.o
[INFO] [stderr]   [ 11%] Building CXX object src/plugins/tedplugin/CMakeFiles/tedplugin.dir/tedplay/Audio.cpp.o
[INFO] [stderr]   [ 11%] Building C object src/plugins/mdxplugin/CMakeFiles/mdxplugin.dir/mdxmini/src/mdx2151.c.o
[INFO] [stderr]   [ 11%] Building CXX object src/plugins/tedplugin/CMakeFiles/tedplugin.dir/tedplay/CbmTune.cpp.o
[INFO] [stderr]   [ 11%] Building CXX object src/plugins/stsoundplugin/CMakeFiles/stsoundplugin.dir/StSoundLibrary/Ym2149Ex.cpp.o
[INFO] [stderr]   [ 11%] Building C object src/plugins/uadeplugin/CMakeFiles/uadeplugin.dir/uade/src/frontends/common/unixatomic.c.o
[INFO] [stderr]   [ 11%] Building CXX object src/plugins/tedplugin/CMakeFiles/tedplugin.dir/tedplay/Filter.cpp.o
[INFO] [stderr]   [ 11%] Building C object src/plugins/mdxplugin/CMakeFiles/mdxplugin.dir/mdxmini/src/mdxmml_ym2151.c.o
[INFO] [stderr]   [ 11%] Building CXX object src/plugins/adplugin/CMakeFiles/adplugin.dir/opl/dbopl.cpp.o
[INFO] [stderr]   [ 11%] Building CXX object src/plugins/adplugin/CMakeFiles/adplugin.dir/libbinio/binfile.cpp.o
[INFO] [stderr]   [ 11%] Building CXX object src/plugins/adplugin/CMakeFiles/adplugin.dir/libbinio/binio.cpp.o
[INFO] [stderr]   [ 11%] Building CXX object src/plugins/v2plugin/CMakeFiles/v2plugin.dir/V2Plugin.cpp.o
[INFO] [stderr]   [ 11%] Building CXX object archive/unrar/CMakeFiles/unrar.dir/list.cpp.o
[INFO] [stderr]   [ 11%] Building CXX object src/plugins/stsoundplugin/CMakeFiles/stsoundplugin.dir/StSoundLibrary/YmMusic.cpp.o
[INFO] [stderr]   [ 11%] Building C object src/plugins/hivelyplugin/CMakeFiles/hivelyplugin.dir/hvl_replay.c.o
[INFO] [stderr]   [ 12%] Building C object src/plugins/uadeplugin/CMakeFiles/uadeplugin.dir/uade/src/frontends/common/uadeipc.c.o
[INFO] [stderr]   [ 12%] Building CXX object archive/unrar/CMakeFiles/unrar.dir/find.cpp.o
[INFO] [stderr]   [ 12%] Building CXX object src/plugins/adplugin/CMakeFiles/adplugin.dir/libbinio/binstr.cpp.o
[INFO] [stderr]   [ 12%] Building CXX object src/plugins/v2plugin/CMakeFiles/v2plugin.dir/ronan.cpp.o
[INFO] [stderr]   [ 12%] Building CXX object archive/unrar/CMakeFiles/unrar.dir/unpack.cpp.o
[INFO] [stderr]   [ 13%] Building CXX object src/plugins/s98plugin/CMakeFiles/s98plugin.dir/S98Plugin.cpp.o
[INFO] [stderr]   [ 13%] Building C object src/plugins/uadeplugin/CMakeFiles/uadeplugin.dir/uade/src/frontends/common/amifilemagic.c.o
[INFO] [stderr]   [ 13%] Building CXX object src/plugins/s98plugin/CMakeFiles/s98plugin.dir/m_s98/device/s98fmgen.cpp.o
[INFO] [stderr]   [ 14%] Building CXX object src/plugins/v2plugin/CMakeFiles/v2plugin.dir/v2mplayer.cpp.o
[INFO] [stderr]   [ 14%] Building CXX object src/plugins/stsoundplugin/CMakeFiles/stsoundplugin.dir/StSoundLibrary/YmUserInterface.cpp.o
[INFO] [stderr]   [ 14%] Building C object src/plugins/uadeplugin/CMakeFiles/uadeplugin.dir/uade/src/frontends/common/eagleplayer.c.o
[INFO] [stderr]   [ 14%] Building CXX object archive/unrar/CMakeFiles/unrar.dir/cmddata.cpp.o
[INFO] [stderr]   [ 14%] Building C object src/plugins/uadeplugin/CMakeFiles/uadeplugin.dir/uade/src/frontends/common/effects.c.o
[INFO] [stderr]   [ 14%] Building CXX object src/plugins/tedplugin/CMakeFiles/tedplugin.dir/tedplay/Tedmem.cpp.o
[INFO] [stderr]   [ 14%] Building CXX object src/plugins/adplugin/CMakeFiles/adplugin.dir/libbinio/binwrap.cpp.o
[INFO] [stderr]   [ 14%] Building CXX object src/plugins/stsoundplugin/CMakeFiles/stsoundplugin.dir/StSoundLibrary/Ymload.cpp.o
[INFO] [stderr]   [ 14%] Building CXX object src/plugins/s98plugin/CMakeFiles/s98plugin.dir/m_s98/device/s98mame.cpp.o
[INFO] [stderr]   [ 15%] Building CXX object src/plugins/tedplugin/CMakeFiles/tedplugin.dir/tedplay/Cpu.cpp.o
[INFO] [stderr]   [ 16%] Building CXX object src/plugins/adplugin/CMakeFiles/adplugin.dir/adplug/a2m.cpp.o
[INFO] [stderr]   [ 16%] Building CXX object src/plugins/adplugin/CMakeFiles/adplugin.dir/adplug/adl.cpp.o
[INFO] [stderr]   [ 16%] Building C object src/plugins/adplugin/CMakeFiles/adplugin.dir/adplug/adlibemu.c.o
[INFO] [stderr]   [ 16%] Linking CXX static library libunrar.a
[INFO] [stderr]   [ 16%] Building CXX object src/plugins/v2plugin/CMakeFiles/v2plugin.dir/v2mconv.cpp.o
[INFO] [stderr]   [ 16%] Building C object src/plugins/mdxplugin/CMakeFiles/mdxplugin.dir/mdxmini/src/pdxfile.c.o
[INFO] [stderr]   [ 16%] Building C object src/plugins/uadeplugin/CMakeFiles/uadeplugin.dir/uade/src/frontends/common/uadecontrol.c.o
[INFO] [stderr]   [ 16%] Building CXX object src/plugins/stsoundplugin/CMakeFiles/stsoundplugin.dir/StSoundLibrary/digidrum.cpp.o
[INFO] [stderr]   [ 16%] Building CXX object src/plugins/stsoundplugin/CMakeFiles/stsoundplugin.dir/StSoundLibrary/LZH/LzhLib.cpp.o
[INFO] [stderr]   [ 16%] Built target unrar
[INFO] [stderr]   [ 16%] Building CXX object src/plugins/tedplugin/CMakeFiles/tedplugin.dir/tedplay/Sid.cpp.o
[INFO] [stderr]   [ 16%] Building CXX object src/plugins/v2plugin/CMakeFiles/v2plugin.dir/synth_core.cpp.o
[INFO] [stderr]   [ 16%] Building CXX object src/plugins/adplugin/CMakeFiles/adplugin.dir/adplug/adplug.cpp.o
[INFO] [stderr]   [ 16%] Building C object src/plugins/mdxplugin/CMakeFiles/mdxplugin.dir/mdxmini/src/mdxfile.c.o
[INFO] [stderr]   [ 16%] Building CXX object src/plugins/s98plugin/CMakeFiles/s98plugin.dir/m_s98/device/s98opll.cpp.o
[INFO] [stderr]   [ 16%] Building CXX object src/stil/CMakeFiles/stil.dir/STIL.cpp.o
[INFO] [stderr]   [ 16%] Building C object src/plugins/uadeplugin/CMakeFiles/uadeplugin.dir/uade/src/frontends/common/uadeconf.c.o
[INFO] [stderr]   [ 16%] Building CXX object src/plugins/adplugin/CMakeFiles/adplugin.dir/adplug/adlib.cpp.o
[INFO] [stderr]   [ 16%] Building CXX object src/plugins/adplugin/CMakeFiles/adplugin.dir/adplug/adtrack.cpp.o
[INFO] [stderr]   [ 16%] Building CXX object src/plugins/v2plugin/CMakeFiles/v2plugin.dir/sounddef.cpp.o
[INFO] [stderr]   [ 17%] Building C object src/plugins/mdxplugin/CMakeFiles/mdxplugin.dir/mdxmini/src/pcm8.c.o
[INFO] [stderr]   [ 17%] Building CXX object src/plugins/s98plugin/CMakeFiles/s98plugin.dir/m_s98/device/s98sng.cpp.o
[INFO] [stderr]   [ 17%] Building C object src/plugins/uadeplugin/CMakeFiles/uadeplugin.dir/uade/src/frontends/common/uadestate.c.o
[INFO] [stderr]   [ 17%] Building C object src/plugins/mdxplugin/CMakeFiles/mdxplugin.dir/mdxmini/src/ym2151.c.o
[INFO] [stderr]   [ 17%] Building C object src/plugins/s98plugin/CMakeFiles/s98plugin.dir/m_s98/device/emu2413/emu2413.c.o
[INFO] [stderr]   [ 18%] Building C object src/plugins/uadeplugin/CMakeFiles/uadeplugin.dir/uade/src/frontends/common/uadeutils.c.o
[INFO] [stderr]   [ 18%] Building CXX object src/plugins/tedplugin/CMakeFiles/tedplugin.dir/tedplay/Tedsound.cpp.o
[INFO] [stderr]   [ 18%] Building CXX object src/plugins/tedplugin/CMakeFiles/tedplugin.dir/tedplay/tedplay.cpp.o
[INFO] [stderr]   [ 18%] Building C object src/plugins/uadeplugin/CMakeFiles/uadeplugin.dir/uade/src/frontends/common/md5.c.o
[INFO] [stderr]   [ 18%] Building C object src/plugins/uadeplugin/CMakeFiles/uadeplugin.dir/uade/src/frontends/common/ossupport.c.o
[INFO] [stderr]   [ 18%] Building C object src/plugins/uadeplugin/CMakeFiles/uadeplugin.dir/uade/src/frontends/common/rmc.c.o
[INFO] [stderr]   [ 18%] Building C object src/plugins/uadeplugin/CMakeFiles/uadeplugin.dir/uade/src/frontends/common/songdb.c.o
[INFO] [stderr]   [ 19%] Building CXX object src/plugins/s98plugin/CMakeFiles/s98plugin.dir/m_s98/device/mame/fmopl.cpp.o
[INFO] [stderr]   [ 19%] Building CXX object src/plugins/s98plugin/CMakeFiles/s98plugin.dir/m_s98/device/mame/ymf262.cpp.o
[INFO] [stderr]   [ 19%] Linking CXX static library libfmtd.a
[INFO] [stderr]   [ 19%] Building C object src/plugins/s98plugin/CMakeFiles/s98plugin.dir/m_s98/device/s_logtbl.c.o
[INFO] [stderr]   [ 19%] Building C object src/plugins/uadeplugin/CMakeFiles/uadeplugin.dir/uade/src/frontends/common/songinfo.c.o
[INFO] [stderr]   [ 20%] Building C object src/plugins/uadeplugin/CMakeFiles/uadeplugin.dir/uade/src/frontends/common/vparray.c.o
[INFO] [stderr]   [ 20%] Building C object src/plugins/s98plugin/CMakeFiles/s98plugin.dir/m_s98/device/s_sng.c.o
[INFO] [stderr]   [ 20%] Building CXX object src/plugins/s98plugin/CMakeFiles/s98plugin.dir/m_s98/m_s98.cpp.o
[INFO] [stderr]   [ 20%] Building CXX object src/plugins/s98plugin/CMakeFiles/s98plugin.dir/m_s98/device/fmgen/fmgen.cpp.o
[INFO] [stderr]   [ 20%] Building CXX object src/plugins/s98plugin/CMakeFiles/s98plugin.dir/m_s98/device/fmgen/file.cpp.o
[INFO] [stderr]   [ 20%] Building C object src/plugins/uadeplugin/CMakeFiles/uadeplugin.dir/uade/src/frontends/common/support.c.o
[INFO] [stderr]   [ 20%] Building C object src/plugins/uadeplugin/CMakeFiles/uadeplugin.dir/uade/src/frontends/common/fifo.c.o
[INFO] [stderr]   [ 20%] Building C object src/plugins/uadeplugin/CMakeFiles/uadeplugin.dir/uade/src/newcpu.c.o
[INFO] [stderr]   [ 20%] Built target fmt
[INFO] [stderr]   [ 20%] Building C object src/plugins/uadeplugin/CMakeFiles/uadeplugin.dir/uade/src/memory.c.o
[INFO] [stderr]   [ 21%] Building CXX object src/plugins/s98plugin/CMakeFiles/s98plugin.dir/m_s98/device/fmgen/fmtimer.cpp.o
[INFO] [stderr]   [ 21%] Building C object src/plugins/uadeplugin/CMakeFiles/uadeplugin.dir/uade/src/custom.c.o
[INFO] [stderr]   [ 21%] Building C object src/plugins/uadeplugin/CMakeFiles/uadeplugin.dir/uade/src/cia.c.o
[INFO] [stderr]   [ 21%] Linking CXX static library libtedplugin.a
[INFO] [stderr]   [ 22%] Building C object src/plugins/uadeplugin/CMakeFiles/uadeplugin.dir/uade/src/audio.c.o
[INFO] [stderr]   [ 22%] Building CXX object src/plugins/s98plugin/CMakeFiles/s98plugin.dir/m_s98/device/fmgen/opm.cpp.o
[INFO] [stderr]   [ 22%] Building CXX object src/plugins/s98plugin/CMakeFiles/s98plugin.dir/m_s98/device/fmgen/opna.cpp.o
[INFO] [stderr]   [ 22%] Building C object src/plugins/uadeplugin/CMakeFiles/uadeplugin.dir/uade/src/compiler.c.o
[INFO] [stderr]   [ 22%] Building C object src/plugins/uadeplugin/CMakeFiles/uadeplugin.dir/uade/src/missing.c.o
[INFO] [stderr]   [ 22%] Building C object src/plugins/uadeplugin/CMakeFiles/uadeplugin.dir/uade/src/sd-sound.c.o
[INFO] [stderr]   [ 22%] Building CXX object src/plugins/s98plugin/CMakeFiles/s98plugin.dir/m_s98/device/fmgen/psg.cpp.o
[INFO] [stderr]   [ 22%] Building C object src/plugins/uadeplugin/CMakeFiles/uadeplugin.dir/uade/src/cfgfile.c.o
[INFO] [stderr]   [ 22%] Building C object src/plugins/uadeplugin/CMakeFiles/uadeplugin.dir/uade/src/md-support.c.o
[INFO] [stderr]   [ 23%] Building C object src/plugins/uadeplugin/CMakeFiles/uadeplugin.dir/uade/src/debug.c.o
[INFO] [stderr]   [ 23%] Building C object src/plugins/uadeplugin/CMakeFiles/uadeplugin.dir/uade/src/fpp.c.o
[INFO] [stderr]   [ 23%] Building C object src/plugins/uadeplugin/CMakeFiles/uadeplugin.dir/uade/src/readcpu.c.o
[INFO] [stderr]   [ 23%] Built target tedplugin
[INFO] [stderr]   [ 23%] Building C object src/plugins/uadeplugin/CMakeFiles/uadeplugin.dir/uade/src/uade.c.o
[INFO] [stderr]   [ 23%] Building C object src/plugins/uadeplugin/CMakeFiles/uadeplugin.dir/uade/src/sinctable.c.o
[INFO] [stderr]   [ 23%] Building C object src/plugins/uadeplugin/CMakeFiles/uadeplugin.dir/uade/src/uademain.c.o
[INFO] [stderr]   [ 23%] Linking CXX static library libhivelyplugin.a
[INFO] [stderr]   [ 23%] Building C object src/plugins/uadeplugin/CMakeFiles/uadeplugin.dir/uade/src/text_scope.c.o
[INFO] [stderr]   [ 23%] Linking CXX static library libv2plugin.a
[INFO] [stderr]   [ 24%] Linking CXX static library libstsoundplugin.a
[INFO] [stderr]   [ 25%] Building C object src/plugins/uadeplugin/CMakeFiles/uadeplugin.dir/uade/src/socketpair.c.o
[INFO] [stderr]   [ 25%] Building C object src/plugins/uadeplugin/CMakeFiles/uadeplugin.dir/bencode/bencode.c.o
[INFO] [stderr]   [ 25%] Building C object src/plugins/uadeplugin/CMakeFiles/uadeplugin.dir/generated/cpudefs.c.o
[INFO] [stderr]   [ 25%] Building C object src/plugins/uadeplugin/CMakeFiles/uadeplugin.dir/generated/cpuemu.c.o
[INFO] [stderr]   [ 25%] Building C object src/plugins/uadeplugin/CMakeFiles/uadeplugin.dir/generated/cpustbl.c.o
[INFO] [stderr]   [ 25%] Building C object src/plugins/uadeplugin/CMakeFiles/uadeplugin.dir/uade/compat/strlrep.c.o
[INFO] [stderr]   [ 25%] Built target hivelyplugin
[INFO] [stderr]   [ 25%] Built target v2plugin
[INFO] [stderr]   [ 25%] Built target stsoundplugin
[INFO] [stderr]   [ 25%] Linking CXX static library libs98plugin.a
[INFO] [stderr]   [ 25%] Linking CXX static library libstil.a
[INFO] [stderr]   [ 25%] Built target s98plugin
[INFO] [stderr]   [ 25%] Built target stil
[INFO] [stderr]   [ 25%] Linking CXX static library libuadeplugin.a
[INFO] [stderr]   [ 25%] Built target uadeplugin
[INFO] [stderr] 
[INFO] [stderr]   --- stderr
[INFO] [stderr]   CMake Warning:
[INFO] [stderr]     Manually-specified variables were not used by the project:
[INFO] [stderr] 
[INFO] [stderr]       CMAKE_ASM_COMPILER
[INFO] [stderr]       CMAKE_ASM_FLAGS
[INFO] [stderr] 
[INFO] [stderr] 
[INFO] [stderr]   /opt/rustwide/workdir/src/plugins/mdxplugin/mdxmini/src/mdxmini.c: In function 'mdx_open':
[INFO] [stderr]   /opt/rustwide/workdir/src/plugins/mdxplugin/mdxmini/src/mdxmini.c:182:38: warning: passing argument 2 of '_get_pdx' discards 'const' qualifier from pointer target type [-Wdiscarded-qualifiers]
[INFO] [stderr]     182 |     pdx = data->pdx = _get_pdx( mdx, filename );
[INFO] [stderr]         |                                      ^~~~~~~~
[INFO] [stderr]   /opt/rustwide/workdir/src/plugins/mdxplugin/mdxmini/src/mdxmini.c:44:48: note: expected 'char *' but argument is of type 'const char *'
[INFO] [stderr]      44 | static PDX_DATA* _get_pdx(MDX_DATA* mdx, char* mdxpath);
[INFO] [stderr]         |                                          ~~~~~~^~~~~~~
[INFO] [stderr]   /opt/rustwide/workdir/src/plugins/uadeplugin/uade/src/frontends/common/uadeipc.c: In function 'uade_receive_file':
[INFO] [stderr]   /opt/rustwide/workdir/src/plugins/uadeplugin/uade/src/frontends/common/uadeipc.c:139:20: warning: implicit declaration of function 'htonl' [-Wimplicit-function-declaration]
[INFO] [stderr]     139 |         filesize = htonl(meta->filesize);
[INFO] [stderr]         |                    ^~~~~
[INFO] [stderr]   /opt/rustwide/workdir/src/plugins/uadeplugin/uade/src/frontends/common/uadeipc.c: In function 'uade_receive_message':
[INFO] [stderr]   /opt/rustwide/workdir/src/plugins/uadeplugin/uade/src/frontends/common/uadeipc.c:208:23: warning: implicit declaration of function 'ntohl' [-Wimplicit-function-declaration]
[INFO] [stderr]     208 |         um->msgtype = ntohl(um->msgtype);
[INFO] [stderr]         |                       ^~~~~
[INFO] [stderr]   /opt/rustwide/workdir/src/plugins/uadeplugin/uade/src/frontends/common/uadeipc.c: In function 'uade_receive_string':
[INFO] [stderr]   /opt/rustwide/workdir/src/plugins/uadeplugin/uade/src/frontends/common/uadeipc.c:267:9: warning: implicit declaration of function 'strlcpy'; did you mean 'strncpy'? [-Wimplicit-function-declaration]
[INFO] [stderr]     267 |         strlcpy(s, (char *) um->data, maxlen);
[INFO] [stderr]         |         ^~~~~~~
[INFO] [stderr]         |         strncpy
[INFO] [stderr]   /opt/rustwide/workdir/src/plugins/uadeplugin/uade/src/frontends/common/eagleplayer.c: In function 'try_extension':
[INFO] [stderr]   /opt/rustwide/workdir/src/plugins/uadeplugin/uade/src/frontends/common/eagleplayer.c:149:17: warning: implicit declaration of function 'strlcpy'; did you mean 'strncpy'? [-Wimplicit-function-declaration]
[INFO] [stderr]     149 |                 strlcpy(detectioninfo->ext, ext, sizeof detectioninfo->ext);
[INFO] [stderr]         |                 ^~~~~~~
[INFO] [stderr]         |                 strncpy
[INFO] [stderr]   cc1: warning: command-line option '-Wno-register' is valid for C++/ObjC++ but not for C
[INFO] [stderr]   /opt/rustwide/workdir/src/plugins/mdxplugin/mdxmini/src/mdxfile.c: In function 'mdx_open_mdx':
[INFO] [stderr]   /opt/rustwide/workdir/src/plugins/mdxplugin/mdxmini/src/mdxfile.c:91:25: warning: passing argument 2 of '__load_file' discards 'const' qualifier from pointer target type [-Wdiscarded-qualifiers]
[INFO] [stderr]      91 |   if (!__load_file(mdx, name)) {
[INFO] [stderr]         |                         ^~~~
[INFO] [stderr]   /opt/rustwide/workdir/src/plugins/mdxplugin/mdxmini/src/mdxfile.c:37:34: note: expected 'char *' but argument is of type 'const char *'
[INFO] [stderr]      37 | __load_file(MDX_DATA* mdx, char* fnam)
[INFO] [stderr]         |                            ~~~~~~^~~~
[INFO] [stderr]   /opt/rustwide/workdir/src/plugins/uadeplugin/uade/src/frontends/common/uadeconf.c: In function 'uade_config_set_defaults':
[INFO] [stderr]   /opt/rustwide/workdir/src/plugins/uadeplugin/uade/src/frontends/common/uadeconf.c:131:9: warning: implicit declaration of function 'strlcpy'; did you mean 'strncpy'? [-Wimplicit-function-declaration]
[INFO] [stderr]     131 |         strlcpy(uc->basedir.name, UADE_CONFIG_BASE_DIR, sizeof uc->basedir.name);
[INFO] [stderr]         |         ^~~~~~~
[INFO] [stderr]         |         strncpy
[INFO] [stderr]   /opt/rustwide/workdir/src/plugins/uadeplugin/uade/src/frontends/common/uadeconf.c: In function 'uade_load_initial_config':
[INFO] [stderr]   /opt/rustwide/workdir/src/plugins/uadeplugin/uade/src/frontends/common/uadeconf.c:331:55: warning: '/uade.conf' directive output may be truncated writing 10 bytes into a region of size between 1 and 4096 [-Wformat-truncation=]
[INFO] [stderr]     331 |                 snprintf(tmpname, sizeof(tmpname), "%s/uade.conf", state->permconfig.basedir.name);
[INFO] [stderr]         |                                                       ^~~~~~~~~~
[INFO] [stderr]   /opt/rustwide/workdir/src/plugins/uadeplugin/uade/src/frontends/common/uadeconf.c:331:17: note: 'snprintf' output between 11 and 4106 bytes into a destination of size 4096
[INFO] [stderr]     331 |                 snprintf(tmpname, sizeof(tmpname), "%s/uade.conf", state->permconfig.basedir.name);
[INFO] [stderr]         |                 ^~~~~~~~~~~~~~~~~~~~~~~~~~~~~~~~~~~~~~~~~~~~~~~~~~~~~~~~~~~~~~~~~~~~~~~~~~~~~~~~~~
[INFO] [stderr]   /opt/rustwide/workdir/src/plugins/uadeplugin/uade/src/frontends/common/uadeconf.c: In function 'uade_load_initial_song_conf':
[INFO] [stderr]   /opt/rustwide/workdir/src/plugins/uadeplugin/uade/src/frontends/common/uadeconf.c:349:54: warning: '/song.conf' directive output may be truncated writing 10 bytes into a region of size between 1 and 4096 [-Wformat-truncation=]
[INFO] [stderr]     349 |                 snprintf(tmpname, sizeof tmpname, "%s/song.conf",
[INFO] [stderr]         |                                                      ^~~~~~~~~~
[INFO] [stderr]   /opt/rustwide/workdir/src/plugins/uadeplugin/uade/src/frontends/common/uadeconf.c:349:17: note: 'snprintf' output between 11 and 4106 bytes into a destination of size 4096
[INFO] [stderr]     349 |                 snprintf(tmpname, sizeof tmpname, "%s/song.conf",
[INFO] [stderr]         |                 ^~~~~~~~~~~~~~~~~~~~~~~~~~~~~~~~~~~~~~~~~~~~~~~~~
[INFO] [stderr]     350 |                          uc->basedir.name);
[INFO] [stderr]         |                          ~~~~~~~~~~~~~~~~~
[INFO] [stderr]   /opt/rustwide/workdir/src/plugins/uadeplugin/uade/src/frontends/common/uadeconf.c:368:55: warning: '/song.conf' directive output may be truncated writing 10 bytes into a region of size between 1 and 4096 [-Wformat-truncation=]
[INFO] [stderr]     368 |                 snprintf(tmpname, sizeof(tmpname), "%s/song.conf", state->permconfig.basedir.name);
[INFO] [stderr]         |                                                       ^~~~~~~~~~
[INFO] [stderr]   /opt/rustwide/workdir/src/plugins/uadeplugin/uade/src/frontends/common/uadeconf.c:368:17: note: 'snprintf' output between 11 and 4106 bytes into a destination of size 4096
[INFO] [stderr]     368 |                 snprintf(tmpname, sizeof(tmpname), "%s/song.conf", state->permconfig.basedir.name);
[INFO] [stderr]         |                 ^~~~~~~~~~~~~~~~~~~~~~~~~~~~~~~~~~~~~~~~~~~~~~~~~~~~~~~~~~~~~~~~~~~~~~~~~~~~~~~~~~
[INFO] [stderr]   c++: fatal error: Killed signal terminated program cc1plus
[INFO] [stderr]   compilation terminated.
[INFO] [stderr]   gmake[3]: *** [src/plugins/adplugin/CMakeFiles/adplugin.dir/build.make:76: src/plugins/adplugin/CMakeFiles/adplugin.dir/AdPlugin.cpp.o] Error 1
[INFO] [stderr]   gmake[3]: *** Waiting for unfinished jobs....
[INFO] [stderr]   /opt/rustwide/workdir/src/plugins/uadeplugin/uade/src/frontends/common/uadestate.c: In function 'get_string':
[INFO] [stderr]   /opt/rustwide/workdir/src/plugins/uadeplugin/uade/src/frontends/common/uadestate.c:136:9: warning: implicit declaration of function 'strlcpy'; did you mean 'strncpy'? [-Wimplicit-function-declaration]
[INFO] [stderr]     136 |         strlcpy(event->msg, (char *) um->data, sizeof event->msg);
[INFO] [stderr]         |         ^~~~~~~
[INFO] [stderr]         |         strncpy
[INFO] [stderr]   /opt/rustwide/workdir/src/plugins/uadeplugin/uade/src/frontends/common/uadestate.c: In function 'load_content_db':
[INFO] [stderr]   /opt/rustwide/workdir/src/plugins/uadeplugin/uade/src/frontends/common/uadestate.c:61:40: warning: '/contentdb' directive output may be truncated writing 10 bytes into a region of size between 1 and 4096 [-Wformat-truncation=]
[INFO] [stderr]      61 |         snprintf(name, sizeof name, "%s/contentdb", state->config.basedir.name);
[INFO] [stderr]         |                                        ^~~~~~~~~~
[INFO] [stderr]   /opt/rustwide/workdir/src/plugins/uadeplugin/uade/src/frontends/common/uadestate.c:61:9: note: 'snprintf' output between 11 and 4106 bytes into a destination of size 4096
[INFO] [stderr]      61 |         snprintf(name, sizeof name, "%s/contentdb", state->config.basedir.name);
[INFO] [stderr]         |         ^~~~~~~~~~~~~~~~~~~~~~~~~~~~~~~~~~~~~~~~~~~~~~~~~~~~~~~~~~~~~~~~~~~~~~~
[INFO] [stderr]   /opt/rustwide/workdir/src/plugins/uadeplugin/uade/src/frontends/common/uadestate.c: In function 'uade_new_state':
[INFO] [stderr]   /opt/rustwide/workdir/src/plugins/uadeplugin/uade/src/frontends/common/uadestate.c:1147:40: warning: '/uaerc' directive output may be truncated writing 6 bytes into a region of size between 1 and 4096 [-Wformat-truncation=]
[INFO] [stderr]    1147 |         snprintf(path, sizeof path, "%s/uaerc", state->config.basedir.name);
[INFO] [stderr]         |                                        ^~~~~~
[INFO] [stderr]   /opt/rustwide/workdir/src/plugins/uadeplugin/uade/src/frontends/common/uadestate.c:1147:9: note: 'snprintf' output between 7 and 4102 bytes into a destination of size 4096
[INFO] [stderr]    1147 |         snprintf(path, sizeof path, "%s/uaerc", state->config.basedir.name);
[INFO] [stderr]         |         ^~~~~~~~~~~~~~~~~~~~~~~~~~~~~~~~~~~~~~~~~~~~~~~~~~~~~~~~~~~~~~~~~~~
[INFO] [stderr]   /opt/rustwide/workdir/src/plugins/uadeplugin/uade/src/frontends/common/uadestate.c: In function 'uade_play_internal':
[INFO] [stderr]   /opt/rustwide/workdir/src/plugins/uadeplugin/uade/src/frontends/common/uadestate.c:1319:60: warning: '/players/' directive output may be truncated writing 9 bytes into a region of size between 1 and 4096 [-Wformat-truncation=]
[INFO] [stderr]    1319 |                 snprintf(playername, sizeof playername, "%s/players/%s",
[INFO] [stderr]         |                                                            ^~~~~~~~~
[INFO] [stderr]   /opt/rustwide/workdir/src/plugins/uadeplugin/uade/src/frontends/common/uadestate.c:1319:17: note: 'snprintf' output 10 or more bytes (assuming 4105) into a destination of size 4096
[INFO] [stderr]    1319 |                 snprintf(playername, sizeof playername, "%s/players/%s",
[INFO] [stderr]         |                 ^~~~~~~~~~~~~~~~~~~~~~~~~~~~~~~~~~~~~~~~~~~~~~~~~~~~~~~~
[INFO] [stderr]    1320 |                          state->config.basedir.name, ep->playername);
[INFO] [stderr]         |                          ~~~~~~~~~~~~~~~~~~~~~~~~~~~~~~~~~~~~~~~~~~~
[INFO] [stderr]   /opt/rustwide/workdir/src/plugins/uadeplugin/uade/src/frontends/common/uadestate.c:1349:40: warning: '/score' directive output may be truncated writing 6 bytes into a region of size between 1 and 4096 [-Wformat-truncation=]
[INFO] [stderr]    1349 |         snprintf(path, sizeof path, "%s/score", state->config.basedir.name);
[INFO] [stderr]         |                                        ^~~~~~
[INFO] [stderr]   /opt/rustwide/workdir/src/plugins/uadeplugin/uade/src/frontends/common/uadestate.c:1349:9: note: 'snprintf' output between 7 and 4102 bytes into a destination of size 4096
[INFO] [stderr]    1349 |         snprintf(path, sizeof path, "%s/score", state->config.basedir.name);
[INFO] [stderr]         |         ^~~~~~~~~~~~~~~~~~~~~~~~~~~~~~~~~~~~~~~~~~~~~~~~~~~~~~~~~~~~~~~~~~~
[INFO] [stderr]   c++: fatal error: Killed signal terminated program cc1plus
[INFO] [stderr]   compilation terminated.
[INFO] [stderr]   gmake[3]: *** [src/plugins/mdxplugin/CMakeFiles/mdxplugin.dir/build.make:76: src/plugins/mdxplugin/CMakeFiles/mdxplugin.dir/MDXPlugin.cpp.o] Error 1
[INFO] [stderr]   gmake[3]: *** Waiting for unfinished jobs....
[INFO] [stderr]   gmake[2]: *** [CMakeFiles/Makefile2:1184: src/plugins/mdxplugin/CMakeFiles/mdxplugin.dir/all] Error 2
[INFO] [stderr]   gmake[2]: *** Waiting for unfinished jobs....
[INFO] [stderr]   /opt/rustwide/workdir/src/plugins/uadeplugin/uade/src/frontends/common/ossupport.c: In function 'uade_amiga_scandir':
[INFO] [stderr]   /opt/rustwide/workdir/src/plugins/uadeplugin/uade/src/frontends/common/ossupport.c:57:36: warning: implicit declaration of function 'strlcpy'; did you mean 'strncpy'? [-Wimplicit-function-declaration]
[INFO] [stderr]      57 |                         if (((int) strlcpy(real, direntry->d_name, ml)) >= ml) {
[INFO] [stderr]         |                                    ^~~~~~~
[INFO] [stderr]         |                                    strncpy
[INFO] [stderr]   /opt/rustwide/workdir/src/plugins/uadeplugin/uade/src/frontends/common/ossupport.c: In function 'uade_find_amiga_file':
[INFO] [stderr]   /opt/rustwide/workdir/src/plugins/uadeplugin/uade/src/frontends/common/ossupport.c:182:29: warning: implicit declaration of function 'strlcat'; did you mean 'strncat'? [-Wimplicit-function-declaration]
[INFO] [stderr]     182 |                         if (strlcat(dirname, real, sizeof(dirname)) >= sizeof(dirname)) {
[INFO] [stderr]         |                             ^~~~~~~
[INFO] [stderr]         |                             strncat
[INFO] [stderr]   /opt/rustwide/workdir/src/plugins/uadeplugin/uade/src/frontends/common/rmc.c: In function 'uade_rmc_get_file':
[INFO] [stderr]   /opt/rustwide/workdir/src/plugins/uadeplugin/uade/src/frontends/common/rmc.c:199:9: warning: implicit declaration of function 'strlcpy'; did you mean 'strncpy'? [-Wimplicit-function-declaration]
[INFO] [stderr]     199 |         strlcpy(path, name, sizeof path);
[INFO] [stderr]         |         ^~~~~~~
[INFO] [stderr]         |         strncpy
[INFO] [stderr]   /opt/rustwide/workdir/src/plugins/uadeplugin/uade/src/frontends/common/songdb.c: In function 'get_content':
[INFO] [stderr]   /opt/rustwide/workdir/src/plugins/uadeplugin/uade/src/frontends/common/songdb.c:73:9: warning: implicit declaration of function 'strlcpy'; did you mean 'strncpy'? [-Wimplicit-function-declaration]
[INFO] [stderr]      73 |         strlcpy(key.md5, md5, sizeof key.md5);
[INFO] [stderr]         |         ^~~~~~~
[INFO] [stderr]         |         strncpy
[INFO] [stderr]   /opt/rustwide/workdir/src/plugins/uadeplugin/uade/src/frontends/common/songinfo.c: In function 'process_WTWT_mod':
[INFO] [stderr]   /opt/rustwide/workdir/src/plugins/uadeplugin/uade/src/frontends/common/songinfo.c:214:25: warning: implicit declaration of function 'strlcat'; did you mean 'strncat'? [-Wimplicit-function-declaration]
[INFO] [stderr]     214 |                         strlcat(credits, tmpstr, credits_len);
[INFO] [stderr]         |                         ^~~~~~~
[INFO] [stderr]         |                         strncat
[INFO] [stderr]   /opt/rustwide/workdir/src/plugins/uadeplugin/uade/src/frontends/common/songinfo.c: In function 'process_module':
[INFO] [stderr]   /opt/rustwide/workdir/src/plugins/uadeplugin/uade/src/frontends/common/songinfo.c:482:9: warning: implicit declaration of function 'strlcpy'; did you mean 'strncpy'? [-Wimplicit-function-declaration]
[INFO] [stderr]     482 |         strlcpy(credits, tmpstr, credits_len);
[INFO] [stderr]         |         ^~~~~~~
[INFO] [stderr]         |         strncpy
[INFO] [stderr]   /opt/rustwide/workdir/src/plugins/uadeplugin/uade/src/frontends/common/songinfo.c: In function 'process_ptk_mod':
[INFO] [stderr]   /opt/rustwide/workdir/src/plugins/uadeplugin/uade/src/frontends/common/songinfo.c:305:52: warning: 'snprintf' output truncated before the last format character [-Wformat-truncation=]
[INFO] [stderr]     305 |                         snprintf(tmpstr, 23, "%-23s", buf + 0x14 + (i * 0x1e));
[INFO] [stderr]         |                                                    ^
[INFO] [stderr]   /opt/rustwide/workdir/src/plugins/uadeplugin/uade/src/frontends/common/songinfo.c:305:25: note: 'snprintf' output 24 or more bytes into a destination of size 23
[INFO] [stderr]     305 |                         snprintf(tmpstr, 23, "%-23s", buf + 0x14 + (i * 0x1e));
[INFO] [stderr]         |                         ^~~~~~~~~~~~~~~~~~~~~~~~~~~~~~~~~~~~~~~~~~~~~~~~~~~~~~
[INFO] [stderr]   /opt/rustwide/workdir/src/plugins/uadeplugin/uade/src/frontends/common/songinfo.c: In function 'process_digi_mod':
[INFO] [stderr]   /opt/rustwide/workdir/src/plugins/uadeplugin/uade/src/frontends/common/songinfo.c:345:52: warning: 'snprintf' output truncated before the last format character [-Wformat-truncation=]
[INFO] [stderr]     345 |                         snprintf(tmpstr, 30, "%-30s", buf + 642 + (i * 0x1e));
[INFO] [stderr]         |                                                    ^
[INFO] [stderr]   /opt/rustwide/workdir/src/plugins/uadeplugin/uade/src/frontends/common/songinfo.c:345:25: note: 'snprintf' output 31 or more bytes into a destination of size 30
[INFO] [stderr]     345 |                         snprintf(tmpstr, 30, "%-30s", buf + 642 + (i * 0x1e));
[INFO] [stderr]         |                         ^~~~~~~~~~~~~~~~~~~~~~~~~~~~~~~~~~~~~~~~~~~~~~~~~~~~~
[INFO] [stderr]   /opt/rustwide/workdir/src/plugins/s98plugin/m_s98/device/s_sng.c: In function 'SNGSoundAlloc':
[INFO] [stderr]   /opt/rustwide/workdir/src/plugins/s98plugin/m_s98/device/s_sng.c:198:28: warning: assignment to 'void (*)(void *)' from incompatible pointer type 'void (*)(SNGSOUND *)' [-Wincompatible-pointer-types]
[INFO] [stderr]     198 |         sndp->kmif.release = sndrelease;
[INFO] [stderr]         |                            ^
[INFO] [stderr]   /opt/rustwide/workdir/src/plugins/s98plugin/m_s98/device/s_sng.c:199:26: warning: assignment to 'void (*)(void *, Uint32,  Uint32)' {aka 'void (*)(void *, unsigned int,  unsigned int)'} from incompatible pointer type 'void (*)(SNGSOUND *, Uint32,  Uint32)' {aka 'void (*)(SNGSOUND *, unsigned int,  unsigned int)'} [-Wincompatible-pointer-types]
[INFO] [stderr]     199 |         sndp->kmif.reset = sndreset;
[INFO] [stderr]         |                          ^
[INFO] [stderr]   /opt/rustwide/workdir/src/plugins/s98plugin/m_s98/device/s_sng.c:200:26: warning: assignment to 'void (*)(void *, Int32 *)' {aka 'void (*)(void *, int *)'} from incompatible pointer type 'void (*)(SNGSOUND *, Int32 *)' {aka 'void (*)(SNGSOUND *, int *)'} [-Wincompatible-pointer-types]
[INFO] [stderr]     200 |         sndp->kmif.synth = sndsynth;
[INFO] [stderr]         |                          ^
[INFO] [stderr]   /opt/rustwide/workdir/src/plugins/s98plugin/m_s98/device/s_sng.c:201:27: warning: assignment to 'void (*)(void *, Int32)' {aka 'void (*)(void *, int)'} from incompatible pointer type 'void (*)(SNGSOUND *, Int32)' {aka 'void (*)(SNGSOUND *, int)'} [-Wincompatible-pointer-types]
[INFO] [stderr]     201 |         sndp->kmif.volume = sndvolume;
[INFO] [stderr]         |                           ^
[INFO] [stderr]   /opt/rustwide/workdir/src/plugins/s98plugin/m_s98/device/s_sng.c:202:26: warning: assignment to 'void (*)(void *, Uint32,  Uint32)' {aka 'void (*)(void *, unsigned int,  unsigned int)'} from incompatible pointer type 'void (*)(SNGSOUND *, Uint32,  Uint32)' {aka 'void (*)(SNGSOUND *, unsigned int,  unsigned int)'} [-Wincompatible-pointer-types]
[INFO] [stderr]     202 |         sndp->kmif.write = sndwrite;
[INFO] [stderr]         |                          ^
[INFO] [stderr]   /opt/rustwide/workdir/src/plugins/s98plugin/m_s98/device/s_sng.c:203:25: warning: assignment to 'Uint32 (*)(void *, Uint32)' {aka 'unsigned int (*)(void *, unsigned int)'} from incompatible pointer type 'Uint32 (*)(SNGSOUND *, Uint32)' {aka 'unsigned int (*)(SNGSOUND *, unsigned int)'} [-Wincompatible-pointer-types]
[INFO] [stderr]     203 |         sndp->kmif.read = sndread;
[INFO] [stderr]         |                         ^
[INFO] [stderr]   /opt/rustwide/workdir/src/plugins/s98plugin/m_s98/device/s_sng.c: At top level:
[INFO] [stderr]   cc1: note: unrecognized command-line option '-Wno-incompatible-function-pointer-types' may have been intended to silence earlier diagnostics
[INFO] [stderr]   gmake[2]: *** [CMakeFiles/Makefile2:967: src/plugins/adplugin/CMakeFiles/adplugin.dir/all] Error 2
[INFO] [stderr]   /opt/rustwide/workdir/src/plugins/uadeplugin/uade/src/frontends/common/support.c: In function 'uade_read_and_split_lines':
[INFO] [stderr]   /opt/rustwide/workdir/src/plugins/uadeplugin/uade/src/frontends/common/support.c:139:17: warning: implicit declaration of function 'strlcpy'; did you mean 'strncpy'? [-Wimplicit-function-declaration]
[INFO] [stderr]     139 |                 strlcpy(templine, line, sizeof(templine));
[INFO] [stderr]         |                 ^~~~~~~
[INFO] [stderr]         |                 strncpy
[INFO] [stderr]   /opt/rustwide/workdir/src/plugins/uadeplugin/uade/src/newcpu.c: In function 'ShowEA':
[INFO] [stderr]   /opt/rustwide/workdir/src/plugins/uadeplugin/uade/src/newcpu.c:308:46: warning: format '%ld' expects argument of type 'long int', but argument 8 has type 'uae_s32' {aka 'int'} [-Wformat=]
[INFO] [stderr]     308 |             sprintf (buffer,"(%s%c%d.%c*%d+%ld)+%ld == $%08lx", name,
[INFO] [stderr]         |                                            ~~^
[INFO] [stderr]         |                                              |
[INFO] [stderr]         |                                              long int
[INFO] [stderr]         |                                            %d
[INFO] [stderr]   ......
[INFO] [stderr]     311 |                     disp,outer,
[INFO] [stderr]         |                     ~~~~                      
[INFO] [stderr]         |                     |
[INFO] [stderr]         |                     uae_s32 {aka int}
[INFO] [stderr]   /opt/rustwide/workdir/src/plugins/uadeplugin/uade/src/newcpu.c:308:51: warning: format '%ld' expects argument of type 'long int', but argument 9 has type 'uae_s32' {aka 'int'} [-Wformat=]
[INFO] [stderr]     308 |             sprintf (buffer,"(%s%c%d.%c*%d+%ld)+%ld == $%08lx", name,
[INFO] [stderr]         |                                                 ~~^
[INFO] [stderr]         |                                                   |
[INFO] [stderr]         |                                                   long int
[INFO] [stderr]         |                                                 %d
[INFO] [stderr]   ......
[INFO] [stderr]     311 |                     disp,outer,
[INFO] [stderr]         |                          ~~~~~                     
[INFO] [stderr]         |                          |
[INFO] [stderr]         |                          uae_s32 {aka int}
[INFO] [stderr]   /opt/rustwide/workdir/src/plugins/uadeplugin/uade/src/newcpu.c:355:46: warning: format '%ld' expects argument of type 'long int', but argument 8 has type 'uae_s32' {aka 'int'} [-Wformat=]
[INFO] [stderr]     355 |             sprintf (buffer,"(%s%c%d.%c*%d+%ld)+%ld == $%08lx", name,
[INFO] [stderr]         |                                            ~~^
[INFO] [stderr]         |                                              |
[INFO] [stderr]         |                                              long int
[INFO] [stderr]         |                                            %d
[INFO] [stderr]   ......
[INFO] [stderr]     358 |                     disp,outer,
[INFO] [stderr]         |                     ~~~~                      
[INFO] [stderr]         |                     |
[INFO] [stderr]         |                     uae_s32 {aka int}
[INFO] [stderr]   /opt/rustwide/workdir/src/plugins/uadeplugin/uade/src/newcpu.c:355:51: warning: format '%ld' expects argument of type 'long int', but argument 9 has type 'uae_s32' {aka 'int'} [-Wformat=]
[INFO] [stderr]     355 |             sprintf (buffer,"(%s%c%d.%c*%d+%ld)+%ld == $%08lx", name,
[INFO] [stderr]         |                                                 ~~^
[INFO] [stderr]         |                                                   |
[INFO] [stderr]         |                                                   long int
[INFO] [stderr]         |                                                 %d
[INFO] [stderr]   ......
[INFO] [stderr]     358 |                     disp,outer,
[INFO] [stderr]         |                          ~~~~~                     
[INFO] [stderr]         |                          |
[INFO] [stderr]         |                          uae_s32 {aka int}
[INFO] [stderr]   /opt/rustwide/workdir/src/plugins/uadeplugin/uade/src/newcpu.c: In function 'op_illg':
[INFO] [stderr]   /opt/rustwide/workdir/src/plugins/uadeplugin/uade/src/newcpu.c:1149:50: warning: format '%lx' expects argument of type 'long unsigned int', but argument 3 has type 'uaecptr' {aka 'unsigned int'} [-Wformat=]
[INFO] [stderr]    1149 |     write_log ("Illegal instruction: %04x at %08lx\n", opcode, pc);
[INFO] [stderr]         |                                              ~~~~^             ~~
[INFO] [stderr]         |                                                  |             |
[INFO] [stderr]         |                                                  |             uaecptr {aka unsigned int}
[INFO] [stderr]         |                                                  long unsigned int
[INFO] [stderr]         |                                              %08x
[INFO] [stderr]   /opt/rustwide/workdir/src/plugins/uadeplugin/uade/src/newcpu.c: In function 'm68k_disasm':
[INFO] [stderr]   /opt/rustwide/workdir/src/plugins/uadeplugin/uade/src/newcpu.c:1412:34: warning: format '%lx' expects argument of type 'long unsigned int', but argument 2 has type 'uaecptr' {aka 'unsigned int'} [-Wformat=]
[INFO] [stderr]    1412 |                 printf (" == %08lx (TRUE)", newpc);
[INFO] [stderr]         |                              ~~~~^          ~~~~~
[INFO] [stderr]         |                                  |          |
[INFO] [stderr]         |                                  |          uaecptr {aka unsigned int}
[INFO] [stderr]         |                                  long unsigned int
[INFO] [stderr]         |                              %08x
[INFO] [stderr]   /opt/rustwide/workdir/src/plugins/uadeplugin/uade/src/newcpu.c:1414:34: warning: format '%lx' expects argument of type 'long unsigned int', but argument 2 has type 'uaecptr' {aka 'unsigned int'} [-Wformat=]
[INFO] [stderr]    1414 |                 printf (" == %08lx (FALSE)", newpc);
[INFO] [stderr]         |                              ~~~~^           ~~~~~
[INFO] [stderr]         |                                  |           |
[INFO] [stderr]         |                                  |           uaecptr {aka unsigned int}
[INFO] [stderr]         |                                  long unsigned int
[INFO] [stderr]         |                              %08x
[INFO] [stderr]   /opt/rustwide/workdir/src/plugins/uadeplugin/uade/src/newcpu.c:1416:30: warning: format '%lx' expects argument of type 'long unsigned int', but argument 2 has type 'uaecptr' {aka 'unsigned int'} [-Wformat=]
[INFO] [stderr]    1416 |             printf (" == %08lx", newpc);
[INFO] [stderr]         |                          ~~~~^   ~~~~~
[INFO] [stderr]         |                              |   |
[INFO] [stderr]         |                              |   uaecptr {aka unsigned int}
[INFO] [stderr]         |                              long unsigned int
[INFO] [stderr]         |                          %08x
[INFO] [stderr]   /opt/rustwide/workdir/src/plugins/uadeplugin/uade/src/newcpu.c: In function 'm68k_dumpstate':
[INFO] [stderr]   /opt/rustwide/workdir/src/plugins/uadeplugin/uade/src/newcpu.c:1427:27: warning: format '%lx' expects argument of type 'long unsigned int', but argument 3 has type 'uae_u32' {aka 'unsigned int'} [-Wformat=]
[INFO] [stderr]    1427 |         printf ("D%d: %08lx ", i, m68k_dreg(regs, i));
[INFO] [stderr]         |                       ~~~~^
[INFO] [stderr]         |                           |
[INFO] [stderr]         |                           long unsigned int
[INFO] [stderr]         |                       %08x
[INFO] [stderr]   /opt/rustwide/workdir/src/plugins/uadeplugin/uade/src/newcpu.c:1431:27: warning: format '%lx' expects argument of type 'long unsigned int', but argument 3 has type 'uae_u32' {aka 'unsigned int'} [-Wformat=]
[INFO] [stderr]    1431 |         printf ("A%d: %08lx ", i, m68k_areg(regs, i));
[INFO] [stderr]         |                       ~~~~^
[INFO] [stderr]         |                           |
[INFO] [stderr]         |                           long unsigned int
[INFO] [stderr]         |                       %08x
[INFO] [stderr]   /opt/rustwide/workdir/src/plugins/uadeplugin/uade/src/newcpu.c:1437:22: warning: format '%lx' expects argument of type 'long unsigned int', but argument 2 has type 'uaecptr' {aka 'unsigned int'} [-Wformat=]
[INFO] [stderr]    1437 |     printf ("USP=%08lx ISP=%08lx MSP=%08lx VBR=%08lx\n",
[INFO] [stderr]         |                  ~~~~^
[INFO] [stderr]         |                      |
[INFO] [stderr]         |                      long unsigned int
[INFO] [stderr]         |                  %08x
[INFO] [stderr]    1438 |             regs.usp,regs.isp,regs.msp,regs.vbr);
[INFO] [stderr]         |             ~~~~~~~~  
[INFO] [stderr]         |                 |
[INFO] [stderr]         |                 uaecptr {aka unsigned int}
[INFO] [stderr]   /opt/rustwide/workdir/src/plugins/uadeplugin/uade/src/newcpu.c:1437:32: warning: format '%lx' expects argument of type 'long unsigned int', but argument 3 has type 'uaecptr' {aka 'unsigned int'} [-Wformat=]
[INFO] [stderr]    1437 |     printf ("USP=%08lx ISP=%08lx MSP=%08lx VBR=%08lx\n",
[INFO] [stderr]         |                            ~~~~^
[INFO] [stderr]         |                                |
[INFO] [stderr]         |                                long unsigned int
[INFO] [stderr]         |                            %08x
[INFO] [stderr]    1438 |             regs.usp,regs.isp,regs.msp,regs.vbr);
[INFO] [stderr]         |                      ~~~~~~~~   
[INFO] [stderr]         |                          |
[INFO] [stderr]         |                          uaecptr {aka unsigned int}
[INFO] [stderr]   /opt/rustwide/workdir/src/plugins/uadeplugin/uade/src/newcpu.c:1437:42: warning: format '%lx' expects argument of type 'long unsigned int', but argument 4 has type 'uaecptr' {aka 'unsigned int'} [-Wformat=]
[INFO] [stderr]    1437 |     printf ("USP=%08lx ISP=%08lx MSP=%08lx VBR=%08lx\n",
[INFO] [stderr]         |                                      ~~~~^
[INFO] [stderr]         |                                          |
[INFO] [stderr]         |                                          long unsigned int
[INFO] [stderr]         |                                      %08x
[INFO] [stderr]    1438 |             regs.usp,regs.isp,regs.msp,regs.vbr);
[INFO] [stderr]         |                               ~~~~~~~~    
[INFO] [stderr]         |                                   |
[INFO] [stderr]         |                                   uaecptr {aka unsigned int}
[INFO] [stderr]   /opt/rustwide/workdir/src/plugins/uadeplugin/uade/src/newcpu.c:1437:52: warning: format '%lx' expects argument of type 'long unsigned int', but argument 5 has type 'uae_u32' {aka 'unsigned int'} [-Wformat=]
[INFO] [stderr]    1437 |     printf ("USP=%08lx ISP=%08lx MSP=%08lx VBR=%08lx\n",
[INFO] [stderr]         |                                                ~~~~^
[INFO] [stderr]         |                                                    |
[INFO] [stderr]         |                                                    long unsigned int
[INFO] [stderr]         |                                                %08x
[INFO] [stderr]    1438 |             regs.usp,regs.isp,regs.msp,regs.vbr);
[INFO] [stderr]         |                                        ~~~~~~~~     
[INFO] [stderr]         |                                            |
[INFO] [stderr]         |                                            uae_u32 {aka unsigned int}
[INFO] [stderr]   /opt/rustwide/workdir/src/plugins/uadeplugin/uade/src/newcpu.c:1456:31: warning: format '%lx' expects argument of type 'long unsigned int', but argument 2 has type 'uaecptr' {aka 'unsigned int'} [-Wformat=]
[INFO] [stderr]    1456 |         printf ("next PC: %08lx\n", *nextpc);
[INFO] [stderr]         |                           ~~~~^     ~~~~~~~
[INFO] [stderr]         |                               |     |
[INFO] [stderr]         |                               |     uaecptr {aka unsigned int}
[INFO] [stderr]         |                               long unsigned int
[INFO] [stderr]         |                           %08x
[INFO] [stderr]   /opt/rustwide/workdir/src/plugins/uadeplugin/uade/src/memory.c: In function 'dummy_lget':
[INFO] [stderr]   /opt/rustwide/workdir/src/plugins/uadeplugin/uade/src/memory.c:79:41: warning: format '%lx' expects argument of type 'long unsigned int', but argument 2 has type 'uaecptr' {aka 'unsigned int'} [-Wformat=]
[INFO] [stderr]      79 |         write_log ("Illegal lget at %08lx\n", addr);
[INFO] [stderr]         |                                     ~~~~^     ~~~~
[INFO] [stderr]         |                                         |     |
[INFO] [stderr]         |                                         |     uaecptr {aka unsigned int}
[INFO] [stderr]         |                                         long unsigned int
[INFO] [stderr]         |                                     %08x
[INFO] [stderr]   /opt/rustwide/workdir/src/plugins/uadeplugin/uade/src/memory.c: In function 'dummy_wget':
[INFO] [stderr]   /opt/rustwide/workdir/src/plugins/uadeplugin/uade/src/memory.c:87:41: warning: format '%lx' expects argument of type 'long unsigned int', but argument 2 has type 'uaecptr' {aka 'unsigned int'} [-Wformat=]
[INFO] [stderr]      87 |         write_log ("Illegal wget at %08lx\n", addr);
[INFO] [stderr]         |                                     ~~~~^     ~~~~
[INFO] [stderr]         |                                         |     |
[INFO] [stderr]         |                                         |     uaecptr {aka unsigned int}
[INFO] [stderr]         |                                         long unsigned int
[INFO] [stderr]         |                                     %08x
[INFO] [stderr]   /opt/rustwide/workdir/src/plugins/uadeplugin/uade/src/memory.c: In function 'dummy_bget':
[INFO] [stderr]   /opt/rustwide/workdir/src/plugins/uadeplugin/uade/src/memory.c:95:41: warning: format '%lx' expects argument of type 'long unsigned int', but argument 2 has type 'uaecptr' {aka 'unsigned int'} [-Wformat=]
[INFO] [stderr]      95 |         write_log ("Illegal bget at %08lx\n", addr);
[INFO] [stderr]         |                                     ~~~~^     ~~~~
[INFO] [stderr]         |                                         |     |
[INFO] [stderr]         |                                         |     uaecptr {aka unsigned int}
[INFO] [stderr]         |                                         long unsigned int
[INFO] [stderr]         |                                     %08x
[INFO] [stderr]   /opt/rustwide/workdir/src/plugins/uadeplugin/uade/src/memory.c: In function 'dummy_lput':
[INFO] [stderr]   /opt/rustwide/workdir/src/plugins/uadeplugin/uade/src/memory.c:103:41: warning: format '%lx' expects argument of type 'long unsigned int', but argument 2 has type 'uaecptr' {aka 'unsigned int'} [-Wformat=]
[INFO] [stderr]     103 |         write_log ("Illegal lput at %08lx\n", addr);
[INFO] [stderr]         |                                     ~~~~^     ~~~~
[INFO] [stderr]         |                                         |     |
[INFO] [stderr]         |                                         |     uaecptr {aka unsigned int}
[INFO] [stderr]         |                                         long unsigned int
[INFO] [stderr]         |                                     %08x
[INFO] [stderr]   /opt/rustwide/workdir/src/plugins/uadeplugin/uade/src/memory.c: In function 'dummy_wput':
[INFO] [stderr]   /opt/rustwide/workdir/src/plugins/uadeplugin/uade/src/memory.c:108:41: warning: format '%lx' expects argument of type 'long unsigned int', but argument 2 has type 'uaecptr' {aka 'unsigned int'} [-Wformat=]
[INFO] [stderr]     108 |         write_log ("Illegal wput at %08lx\n", addr);
[INFO] [stderr]         |                                     ~~~~^     ~~~~
[INFO] [stderr]         |                                         |     |
[INFO] [stderr]         |                                         |     uaecptr {aka unsigned int}
[INFO] [stderr]         |                                         long unsigned int
[INFO] [stderr]         |                                     %08x
[INFO] [stderr]   /opt/rustwide/workdir/src/plugins/uadeplugin/uade/src/memory.c: In function 'dummy_bput':
[INFO] [stderr]   /opt/rustwide/workdir/src/plugins/uadeplugin/uade/src/memory.c:113:41: warning: format '%lx' expects argument of type 'long unsigned int', but argument 2 has type 'uaecptr' {aka 'unsigned int'} [-Wformat=]
[INFO] [stderr]     113 |         write_log ("Illegal bput at %08lx\n", addr);
[INFO] [stderr]         |                                     ~~~~^     ~~~~
[INFO] [stderr]         |                                         |     |
[INFO] [stderr]         |                                         |     uaecptr {aka unsigned int}
[INFO] [stderr]         |                                         long unsigned int
[INFO] [stderr]         |                                     %08x
[INFO] [stderr]   /opt/rustwide/workdir/src/plugins/uadeplugin/uade/src/memory.c: In function 'dummy_check':
[INFO] [stderr]   /opt/rustwide/workdir/src/plugins/uadeplugin/uade/src/memory.c:119:42: warning: format '%lx' expects argument of type 'long unsigned int', but argument 2 has type 'uaecptr' {aka 'unsigned int'} [-Wformat=]
[INFO] [stderr]     119 |         write_log ("Illegal check at %08lx\n", addr);
[INFO] [stderr]         |                                      ~~~~^     ~~~~
[INFO] [stderr]         |                                          |     |
[INFO] [stderr]         |                                          |     uaecptr {aka unsigned int}
[INFO] [stderr]         |                                          long unsigned int
[INFO] [stderr]         |                                      %08x
[INFO] [stderr]   /opt/rustwide/workdir/src/plugins/uadeplugin/uade/src/memory.c: In function 'mbres_lget':
[INFO] [stderr]   /opt/rustwide/workdir/src/plugins/uadeplugin/uade/src/memory.c:138:41: warning: format '%lx' expects argument of type 'long unsigned int', but argument 2 has type 'uaecptr' {aka 'unsigned int'} [-Wformat=]
[INFO] [stderr]     138 |         write_log ("Illegal lget at %08lx\n", addr);
[INFO] [stderr]         |                                     ~~~~^     ~~~~
[INFO] [stderr]         |                                         |     |
[INFO] [stderr]         |                                         |     uaecptr {aka unsigned int}
[INFO] [stderr]         |                                         long unsigned int
[INFO] [stderr]         |                                     %08x
[INFO] [stderr]   /opt/rustwide/workdir/src/plugins/uadeplugin/uade/src/memory.c: In function 'mbres_wget':
[INFO] [stderr]   /opt/rustwide/workdir/src/plugins/uadeplugin/uade/src/memory.c:146:41: warning: format '%lx' expects argument of type 'long unsigned int', but argument 2 has type 'uaecptr' {aka 'unsigned int'} [-Wformat=]
[INFO] [stderr]     146 |         write_log ("Illegal wget at %08lx\n", addr);
[INFO] [stderr]         |                                     ~~~~^     ~~~~
[INFO] [stderr]         |                                         |     |
[INFO] [stderr]         |                                         |     uaecptr {aka unsigned int}
[INFO] [stderr]         |                                         long unsigned int
[INFO] [stderr]         |                                     %08x
[INFO] [stderr]   /opt/rustwide/workdir/src/plugins/uadeplugin/uade/src/memory.c: In function 'mbres_bget':
[INFO] [stderr]   /opt/rustwide/workdir/src/plugins/uadeplugin/uade/src/memory.c:154:41: warning: format '%lx' expects argument of type 'long unsigned int', but argument 2 has type 'uaecptr' {aka 'unsigned int'} [-Wformat=]
[INFO] [stderr]     154 |         write_log ("Illegal bget at %08lx\n", addr);
[INFO] [stderr]         |                                     ~~~~^     ~~~~
[INFO] [stderr]         |                                         |     |
[INFO] [stderr]         |                                         |     uaecptr {aka unsigned int}
[INFO] [stderr]         |                                         long unsigned int
[INFO] [stderr]         |                                     %08x
[INFO] [stderr]   /opt/rustwide/workdir/src/plugins/uadeplugin/uade/src/memory.c: In function 'mbres_lput':
[INFO] [stderr]   /opt/rustwide/workdir/src/plugins/uadeplugin/uade/src/memory.c:162:41: warning: format '%lx' expects argument of type 'long unsigned int', but argument 2 has type 'uaecptr' {aka 'unsigned int'} [-Wformat=]
[INFO] [stderr]     162 |         write_log ("Illegal lput at %08lx\n", addr);
[INFO] [stderr]         |                                     ~~~~^     ~~~~
[INFO] [stderr]         |                                         |     |
[INFO] [stderr]         |                                         |     uaecptr {aka unsigned int}
[INFO] [stderr]         |                                         long unsigned int
[INFO] [stderr]         |                                     %08x
[INFO] [stderr]   /opt/rustwide/workdir/src/plugins/uadeplugin/uade/src/memory.c: In function 'mbres_wput':
[INFO] [stderr]   /opt/rustwide/workdir/src/plugins/uadeplugin/uade/src/memory.c:167:41: warning: format '%lx' expects argument of type 'long unsigned int', but argument 2 has type 'uaecptr' {aka 'unsigned int'} [-Wformat=]
[INFO] [stderr]     167 |         write_log ("Illegal wput at %08lx\n", addr);
[INFO] [stderr]         |                                     ~~~~^     ~~~~
[INFO] [stderr]         |                                         |     |
[INFO] [stderr]         |                                         |     uaecptr {aka unsigned int}
[INFO] [stderr]         |                                         long unsigned int
[INFO] [stderr]         |                                     %08x
[INFO] [stderr]   /opt/rustwide/workdir/src/plugins/uadeplugin/uade/src/memory.c: In function 'mbres_bput':
[INFO] [stderr]   /opt/rustwide/workdir/src/plugins/uadeplugin/uade/src/memory.c:172:41: warning: format '%lx' expects argument of type 'long unsigned int', but argument 2 has type 'uaecptr' {aka 'unsigned int'} [-Wformat=]
[INFO] [stderr]     172 |         write_log ("Illegal bput at %08lx\n", addr);
[INFO] [stderr]         |                                     ~~~~^     ~~~~
[INFO] [stderr]         |                                         |     |
[INFO] [stderr]         |                                         |     uaecptr {aka unsigned int}
[INFO] [stderr]         |                                         long unsigned int
[INFO] [stderr]         |                                     %08x
[INFO] [stderr]   /opt/rustwide/workdir/src/plugins/uadeplugin/uade/src/memory.c: In function 'mbres_check':
[INFO] [stderr]   /opt/rustwide/workdir/src/plugins/uadeplugin/uade/src/memory.c:181:42: warning: format '%lx' expects argument of type 'long unsigned int', but argument 2 has type 'uaecptr' {aka 'unsigned int'} [-Wformat=]
[INFO] [stderr]     181 |         write_log ("Illegal check at %08lx\n", addr);
[INFO] [stderr]         |                                      ~~~~^     ~~~~
[INFO] [stderr]         |                                          |     |
[INFO] [stderr]         |                                          |     uaecptr {aka unsigned int}
[INFO] [stderr]         |                                          long unsigned int
[INFO] [stderr]         |                                      %08x
[INFO] [stderr]   /opt/rustwide/workdir/src/plugins/uadeplugin/uade/src/memory.c: In function 'kickmem_lput':
[INFO] [stderr]   /opt/rustwide/workdir/src/plugins/uadeplugin/uade/src/memory.c:458:49: warning: format '%lx' expects argument of type 'long unsigned int', but argument 2 has type 'uaecptr' {aka 'unsigned int'} [-Wformat=]
[INFO] [stderr]     458 |         write_log ("Illegal kickmem lput at %08lx\n", addr);
[INFO] [stderr]         |                                             ~~~~^     ~~~~
[INFO] [stderr]         |                                                 |     |
[INFO] [stderr]         |                                                 |     uaecptr {aka unsigned int}
[INFO] [stderr]         |                                                 long unsigned int
[INFO] [stderr]         |                                             %08x
[INFO] [stderr]   /opt/rustwide/workdir/src/plugins/uadeplugin/uade/src/memory.c: In function 'kickmem_wput':
[INFO] [stderr]   /opt/rustwide/workdir/src/plugins/uadeplugin/uade/src/memory.c:464:49: warning: format '%lx' expects argument of type 'long unsigned int', but argument 2 has type 'uaecptr' {aka 'unsigned int'} [-Wformat=]
[INFO] [stderr]     464 |         write_log ("Illegal kickmem wput at %08lx\n", addr);
[INFO] [stderr]         |                                             ~~~~^     ~~~~
[INFO] [stderr]         |                                                 |     |
[INFO] [stderr]         |                                                 |     uaecptr {aka unsigned int}
[INFO] [stderr]         |                                                 long unsigned int
[INFO] [stderr]         |                                             %08x
[INFO] [stderr]   /opt/rustwide/workdir/src/plugins/uadeplugin/uade/src/memory.c: In function 'kickmem_bput':
[INFO] [stderr]   /opt/rustwide/workdir/src/plugins/uadeplugin/uade/src/memory.c:470:49: warning: format '%lx' expects argument of type 'long unsigned int', but argument 2 has type 'uaecptr' {aka 'unsigned int'} [-Wformat=]
[INFO] [stderr]     470 |         write_log ("Illegal kickmem lput at %08lx\n", addr);
[INFO] [stderr]         |                                             ~~~~^     ~~~~
[INFO] [stderr]         |                                                 |     |
[INFO] [stderr]         |                                                 |     uaecptr {aka unsigned int}
[INFO] [stderr]         |                                                 long unsigned int
[INFO] [stderr]         |                                             %08x
[INFO] [stderr]   /opt/rustwide/workdir/src/plugins/uadeplugin/uade/src/custom.c: In function 'dumpcustom':
[INFO] [stderr]   /opt/rustwide/workdir/src/plugins/uadeplugin/uade/src/custom.c:1365:42: warning: format '%d' expects argument of type 'int', but argument 2 has type 'long unsigned int' [-Wformat=]
[INFO] [stderr]    1365 |         write_log ("Average frame time: %d ms [frames: %d time: %d]\n",
[INFO] [stderr]         |                                         ~^
[INFO] [stderr]         |                                          |
[INFO] [stderr]         |                                          int
[INFO] [stderr]         |                                         %ld
[INFO] [stderr]    1366 |                    frametime / timeframes, timeframes, frametime);
[INFO] [stderr]         |                    ~~~~~~~~~~~~~~~~~~~~~~ 
[INFO] [stderr]         |                              |
[INFO] [stderr]         |                              long unsigned int
[INFO] [stderr]   /opt/rustwide/workdir/src/plugins/uadeplugin/uade/src/custom.c:1365:57: warning: format '%d' expects argument of type 'int', but argument 3 has type 'long unsigned int' [-Wformat=]
[INFO] [stderr]    1365 |         write_log ("Average frame time: %d ms [frames: %d time: %d]\n",
[INFO] [stderr]         |                                                        ~^
[INFO] [stderr]         |                                                         |
[INFO] [stderr]         |                                                         int
[INFO] [stderr]         |                                                        %ld
[INFO] [stderr]    1366 |                    frametime / timeframes, timeframes, frametime);
[INFO] [stderr]         |                                            ~~~~~~~~~~    
[INFO] [stderr]         |                                            |
[INFO] [stderr]         |                                            long unsigned int
[INFO] [stderr]   /opt/rustwide/workdir/src/plugins/uadeplugin/uade/src/custom.c:1365:66: warning: format '%d' expects argument of type 'int', but argument 4 has type 'long unsigned int' [-Wformat=]
[INFO] [stderr]    1365 |         write_log ("Average frame time: %d ms [frames: %d time: %d]\n",
[INFO] [stderr]         |                                                                 ~^
[INFO] [stderr]         |                                                                  |
[INFO] [stderr]         |                                                                  int
[INFO] [stderr]         |                                                                 %ld
[INFO] [stderr]    1366 |                    frametime / timeframes, timeframes, frametime);
[INFO] [stderr]         |                                                        ~~~~~~~~~  
[INFO] [stderr]         |                                                        |
[INFO] [stderr]         |                                                        long unsigned int
[INFO] [stderr]   /opt/rustwide/workdir/src/plugins/uadeplugin/uade/src/debug.c: In function 'dumpmem':
[INFO] [stderr]   /opt/rustwide/workdir/src/plugins/uadeplugin/uade/src/debug.c:133:22: warning: format '%lx' expects argument of type 'long unsigned int', but argument 2 has type 'uaecptr' {aka 'unsigned int'} [-Wformat=]
[INFO] [stderr]     133 |         printf ("%08lx ", addr);
[INFO] [stderr]         |                  ~~~~^    ~~~~
[INFO] [stderr]         |                      |    |
[INFO] [stderr]         |                      |    uaecptr {aka unsigned int}
[INFO] [stderr]         |                      long unsigned int
[INFO] [stderr]         |                  %08x
[INFO] [stderr]   /opt/rustwide/workdir/src/plugins/uadeplugin/uade/src/debug.c: In function 'foundmod':
[INFO] [stderr]   /opt/rustwide/workdir/src/plugins/uadeplugin/uade/src/debug.c:206:46: warning: format '%lx' expects argument of type 'long unsigned int', but argument 3 has type 'uae_u32' {aka 'unsigned int'} [-Wformat=]
[INFO] [stderr]     206 |     printf ("Found possible %s module at 0x%lx.\n", type, ptr);
[INFO] [stderr]         |                                            ~~^            ~~~
[INFO] [stderr]         |                                              |            |
[INFO] [stderr]         |                                              |            uae_u32 {aka unsigned int}
[INFO] [stderr]         |                                              long unsigned int
[INFO] [stderr]         |                                            %x
[INFO] [stderr]   /opt/rustwide/workdir/src/plugins/uadeplugin/uade/src/debug.c:223:38: warning: format '%lx' expects argument of type 'long unsigned int', but argument 3 has type 'int' [-Wformat=]
[INFO] [stderr]     223 |     printf ("Name \"%s\", Length 0x%lx bytes.\n", name, length);
[INFO] [stderr]         |                                    ~~^                  ~~~~~~
[INFO] [stderr]         |                                      |                  |
[INFO] [stderr]         |                                      long unsigned int  int
[INFO] [stderr]         |                                    %x
[INFO] [stderr]   /opt/rustwide/workdir/src/plugins/uadeplugin/uade/src/debug.c: In function 'modulesearch':
[INFO] [stderr]   /opt/rustwide/workdir/src/plugins/uadeplugin/uade/src/debug.c:241:70: warning: format '%lx' expects argument of type 'long unsigned int', but argument 2 has type 'uae_u32' {aka 'unsigned int'} [-Wformat=]
[INFO] [stderr]     241 |             printf ("Found possible FutureComposer 1.3 module at 0x%lx, length unknown.\n", ptr);
[INFO] [stderr]         |                                                                    ~~^                      ~~~
[INFO] [stderr]         |                                                                      |                      |
[INFO] [stderr]         |                                                                      long unsigned int      uae_u32 {aka unsigned int}
[INFO] [stderr]         |                                                                    %x
[INFO] [stderr]   /opt/rustwide/workdir/src/plugins/uadeplugin/uade/src/debug.c:244:70: warning: format '%lx' expects argument of type 'long unsigned int', but argument 2 has type 'uae_u32' {aka 'unsigned int'} [-Wformat=]
[INFO] [stderr]     244 |             printf ("Found possible FutureComposer 1.4 module at 0x%lx, length unknown.\n", ptr);
[INFO] [stderr]         |                                                                    ~~^                      ~~~
[INFO] [stderr]         |                                                                      |                      |
[INFO] [stderr]         |                                                                      long unsigned int      uae_u32 {aka unsigned int}
[INFO] [stderr]         |                                                                    %x
[INFO] [stderr]   /opt/rustwide/workdir/src/plugins/uadeplugin/uade/src/debug.c:250:61: warning: format '%lx' expects argument of type 'long unsigned int', but argument 2 has type 'uae_u32' {aka 'unsigned int'} [-Wformat=]
[INFO] [stderr]     250 |             printf ("Found possible Whittaker module at 0x%lx, length unknown.\n", ptr);
[INFO] [stderr]         |                                                           ~~^                      ~~~
[INFO] [stderr]         |                                                             |                      |
[INFO] [stderr]         |                                                             long unsigned int      uae_u32 {aka unsigned int}
[INFO] [stderr]         |                                                           %x
[INFO] [stderr]   /opt/rustwide/workdir/src/plugins/uadeplugin/uade/src/debug.c:262:68: warning: format '%lx' expects argument of type 'long unsigned int', but argument 2 has type 'uae_u32' {aka 'unsigned int'} [-Wformat=]
[INFO] [stderr]     262 |                         printf ("Found possible MarkII module at %lx, length unknown.\n", ptr);
[INFO] [stderr]         |                                                                  ~~^                      ~~~
[INFO] [stderr]         |                                                                    |                      |
[INFO] [stderr]         |                                                                    long unsigned int      uae_u32 {aka unsigned int}
[INFO] [stderr]         |                                                                  %x
[INFO] [stderr]   /opt/rustwide/workdir/src/plugins/uadeplugin/uade/src/uade.c: In function 'add_ep_option':
[INFO] [stderr]   /opt/rustwide/workdir/src/plugins/uadeplugin/uade/src/uade.c:123:7: warning: implicit declaration of function 'strlcpy'; did you mean 'strncpy'? [-Wimplicit-function-declaration]
[INFO] [stderr]     123 |   if (strlcpy(&epoptions[i], s, bufsize - i) >= (bufsize - i)) {
[INFO] [stderr]         |       ^~~~~~~
[INFO] [stderr]         |       strncpy
[INFO] [stderr]   /opt/rustwide/workdir/src/plugins/uadeplugin/uade/src/uade.c: In function 'amiga_get_u32':
[INFO] [stderr]   /opt/rustwide/workdir/src/plugins/uadeplugin/uade/src/uade.c:165:10: warning: implicit declaration of function 'ntohl' [-Wimplicit-function-declaration]
[INFO] [stderr]     165 |   return ntohl(*ptr);
[INFO] [stderr]         |          ^~~~~
[INFO] [stderr]   /opt/rustwide/workdir/src/plugins/uadeplugin/uade/src/uade.c: In function 'uadecore_get_amiga_message':
[INFO] [stderr]   /opt/rustwide/workdir/src/plugins/uadeplugin/uade/src/uade.c:350:17: warning: implicit declaration of function 'htonl' [-Wimplicit-function-declaration]
[INFO] [stderr]     350 |     u32ptr[0] = htonl(mins);
[INFO] [stderr]         |                 ^~~~~
[INFO] [stderr]   gmake[1]: *** [CMakeFiles/Makefile2:709: CMakeFiles/musix_static.dir/rule] Error 2
[INFO] [stderr]   gmake: *** [Makefile:183: musix_static] Error 2
[INFO] [stderr]   thread 'main' panicked at /opt/rustwide/cargo-home/registry/src/index.crates.io-6f17d22bba15001f/cmake-0.1.51/src/lib.rs:1100:5:
[INFO] [stderr] 
[INFO] [stderr]   command did not execute successfully, got: exit status: 2
[INFO] [stderr] 
[INFO] [stderr]   build script failed, must exit now
[INFO] [stderr]   stack backtrace:
[INFO] [stderr]      0:     0x62146a51505a - std::backtrace_rs::backtrace::libunwind::trace::h207520d6e9873551
[INFO] [stderr]                                  at /rustc/df4ca44d3fbc9301ee17f30f4d474e6ae4b05252/library/std/src/../../backtrace/src/backtrace/libunwind.rs:116:5
[INFO] [stderr]      1:     0x62146a51505a - std::backtrace_rs::backtrace::trace_unsynchronized::h2ed7433f370e3eca
[INFO] [stderr]                                  at /rustc/df4ca44d3fbc9301ee17f30f4d474e6ae4b05252/library/std/src/../../backtrace/src/backtrace/mod.rs:66:5
[INFO] [stderr]      2:     0x62146a51505a - std::sys::backtrace::_print_fmt::h916fac51166b18d7
[INFO] [stderr]                                  at /rustc/df4ca44d3fbc9301ee17f30f4d474e6ae4b05252/library/std/src/sys/backtrace.rs:66:9
[INFO] [stderr]      3:     0x62146a51505a - <std::sys::backtrace::BacktraceLock::print::DisplayBacktrace as core::fmt::Display>::fmt::ha0a4c9b8ce3802e6
[INFO] [stderr]                                  at /rustc/df4ca44d3fbc9301ee17f30f4d474e6ae4b05252/library/std/src/sys/backtrace.rs:39:26
[INFO] [stderr]      4:     0x62146a5385d3 - core::fmt::rt::Argument::fmt::h4cfc8587d52b3eb5
[INFO] [stderr]                                  at /rustc/df4ca44d3fbc9301ee17f30f4d474e6ae4b05252/library/core/src/fmt/rt.rs:177:76
[INFO] [stderr]      5:     0x62146a5385d3 - core::fmt::write::h522cc39e5b36ae9f
[INFO] [stderr]                                  at /rustc/df4ca44d3fbc9301ee17f30f4d474e6ae4b05252/library/core/src/fmt/mod.rs:1190:21
[INFO] [stderr]      6:     0x62146a511a93 - std::io::Write::write_fmt::hf1c1dcc8cc1287f0
[INFO] [stderr]                                  at /rustc/df4ca44d3fbc9301ee17f30f4d474e6ae4b05252/library/std/src/io/mod.rs:1839:15
[INFO] [stderr]      7:     0x62146a514ea2 - std::sys::backtrace::BacktraceLock::print::h4b9e00b29e9c0942
[INFO] [stderr]                                  at /rustc/df4ca44d3fbc9301ee17f30f4d474e6ae4b05252/library/std/src/sys/backtrace.rs:42:9
[INFO] [stderr]      8:     0x62146a51609c - std::panicking::default_hook::{{closure}}::hb59b88280d0324d9
[INFO] [stderr]                                  at /rustc/df4ca44d3fbc9301ee17f30f4d474e6ae4b05252/library/std/src/panicking.rs:268:22
[INFO] [stderr]      9:     0x62146a515ee2 - std::panicking::default_hook::he1dd496665be4a29
[INFO] [stderr]                                  at /rustc/df4ca44d3fbc9301ee17f30f4d474e6ae4b05252/library/std/src/panicking.rs:295:9
[INFO] [stderr]     10:     0x62146a516697 - std::panicking::rust_panic_with_hook::h2ff17fe8f26dfcf8
[INFO] [stderr]                                  at /rustc/df4ca44d3fbc9301ee17f30f4d474e6ae4b05252/library/std/src/panicking.rs:801:13
[INFO] [stderr]     11:     0x62146a51652a - std::panicking::begin_panic_handler::{{closure}}::h4fad77951c07e101
[INFO] [stderr]                                  at /rustc/df4ca44d3fbc9301ee17f30f4d474e6ae4b05252/library/std/src/panicking.rs:674:13
[INFO] [stderr]     12:     0x62146a515539 - std::sys::backtrace::__rust_end_short_backtrace::hb1a25b3da5d0ea08
[INFO] [stderr]                                  at /rustc/df4ca44d3fbc9301ee17f30f4d474e6ae4b05252/library/std/src/sys/backtrace.rs:170:18
[INFO] [stderr]     13:     0x62146a5161bc - rust_begin_unwind
[INFO] [stderr]                                  at /rustc/df4ca44d3fbc9301ee17f30f4d474e6ae4b05252/library/std/src/panicking.rs:665:5
[INFO] [stderr]     14:     0x62146a537380 - core::panicking::panic_fmt::ha9db07b529f9b256
[INFO] [stderr]                                  at /rustc/df4ca44d3fbc9301ee17f30f4d474e6ae4b05252/library/core/src/panicking.rs:75:14
[INFO] [stderr]     15:     0x62146a495062 - cmake::fail::he59086db93cdb6d9
[INFO] [stderr]     16:     0x62146a494839 - cmake::run::h4c7f681d6e25b67d
[INFO] [stderr]     17:     0x62146a49123d - cmake::Config::build::ha0dc2bc1b6025006
[INFO] [stderr]     18:     0x62146a485789 - build_script_build::main::h409190d9fdb84ae9
[INFO] [stderr]     19:     0x62146a483223 - core::ops::function::FnOnce::call_once::h90c80ad0ffcf1231
[INFO] [stderr]     20:     0x62146a483126 - std::sys::backtrace::__rust_begin_short_backtrace::h41a3609d6f8576fe
[INFO] [stderr]     21:     0x62146a483029 - std::rt::lang_start::{{closure}}::h406d14992a8208b2
[INFO] [stderr]     22:     0x62146a50dcf7 - core::ops::function::impls::<impl core::ops::function::FnOnce<A> for &F>::call_once::hd87d66b906e0ccaf
[INFO] [stderr]                                  at /rustc/df4ca44d3fbc9301ee17f30f4d474e6ae4b05252/library/core/src/ops/function.rs:284:13
[INFO] [stderr]     23:     0x62146a50dcf7 - std::panicking::try::do_call::hae3703de71fc9e3a
[INFO] [stderr]                                  at /rustc/df4ca44d3fbc9301ee17f30f4d474e6ae4b05252/library/std/src/panicking.rs:557:40
[INFO] [stderr]     24:     0x62146a50dcf7 - std::panicking::try::h1178330e9a2b2645
[INFO] [stderr]                                  at /rustc/df4ca44d3fbc9301ee17f30f4d474e6ae4b05252/library/std/src/panicking.rs:520:19
[INFO] [stderr]     25:     0x62146a50dcf7 - std::panic::catch_unwind::h0acf49d2305d32ad
[INFO] [stderr]                                  at /rustc/df4ca44d3fbc9301ee17f30f4d474e6ae4b05252/library/std/src/panic.rs:358:14
[INFO] [stderr]     26:     0x62146a50dcf7 - std::rt::lang_start_internal::{{closure}}::h2d95182d798177be
[INFO] [stderr]                                  at /rustc/df4ca44d3fbc9301ee17f30f4d474e6ae4b05252/library/std/src/rt.rs:174:48
[INFO] [stderr]     27:     0x62146a50dcf7 - std::panicking::try::do_call::hb506f5bfe11fd30c
[INFO] [stderr]                                  at /rustc/df4ca44d3fbc9301ee17f30f4d474e6ae4b05252/library/std/src/panicking.rs:557:40
[INFO] [stderr]     28:     0x62146a50dcf7 - std::panicking::try::h54d825c46bd0fa95
[INFO] [stderr]                                  at /rustc/df4ca44d3fbc9301ee17f30f4d474e6ae4b05252/library/std/src/panicking.rs:520:19
[INFO] [stderr]     29:     0x62146a50dcf7 - std::panic::catch_unwind::hffbb0ad20c4e9fac
[INFO] [stderr]                                  at /rustc/df4ca44d3fbc9301ee17f30f4d474e6ae4b05252/library/std/src/panic.rs:358:14
[INFO] [stderr]     30:     0x62146a50dcf7 - std::rt::lang_start_internal::h52c291ef1962c925
[INFO] [stderr]                                  at /rustc/df4ca44d3fbc9301ee17f30f4d474e6ae4b05252/library/std/src/rt.rs:174:20
[INFO] [stderr]     31:     0x62146a483007 - std::rt::lang_start::hc092c844cef54c84
[INFO] [stderr]     32:     0x62146a4859d5 - main
[INFO] [stderr]     33:     0x7950d0dbcd90 - <unknown>
[INFO] [stderr]     34:     0x7950d0dbce40 - __libc_start_main
[INFO] [stderr]     35:     0x62146a482d55 - _start
[INFO] [stderr]     36:                0x0 - <unknown>
[INFO] running `Command { std: "docker" "inspect" "5f83074b00381fbaceb234ce0125d8191b5291d3742eeb56007df9bf4da9cd4b", kill_on_drop: false }`
[INFO] running `Command { std: "docker" "rm" "-f" "5f83074b00381fbaceb234ce0125d8191b5291d3742eeb56007df9bf4da9cd4b", kill_on_drop: false }`
[INFO] [stdout] 5f83074b00381fbaceb234ce0125d8191b5291d3742eeb56007df9bf4da9cd4b
