[INFO] fetching crate mtlog-progress 0.1.1...
[INFO] testing mtlog-progress-0.1.1 against nightly-2024-10-28 for randomize-layout
[INFO] extracting crate mtlog-progress 0.1.1 into /workspace/builds/worker-3-tc1/source
[INFO] validating manifest of crates.io crate mtlog-progress 0.1.1 on toolchain nightly-2024-10-28
[INFO] running `Command { std: CARGO_HOME="/workspace/cargo-home" RUSTUP_HOME="/workspace/rustup-home" "/workspace/cargo-home/bin/cargo" "+nightly-2024-10-28" "metadata" "--manifest-path" "Cargo.toml" "--no-deps", kill_on_drop: false }`
[INFO] started tweaking crates.io crate mtlog-progress 0.1.1
[INFO] removed 0 missing examples
[INFO] finished tweaking crates.io crate mtlog-progress 0.1.1
[INFO] tweaked toml for crates.io crate mtlog-progress 0.1.1 written to /workspace/builds/worker-3-tc1/source/Cargo.toml
[INFO] crate crates.io crate mtlog-progress 0.1.1 already has a lockfile, it will not be regenerated
[INFO] running `Command { std: CARGO_HOME="/workspace/cargo-home" RUSTUP_HOME="/workspace/rustup-home" "/workspace/cargo-home/bin/cargo" "+nightly-2024-10-28" "fetch" "--manifest-path" "Cargo.toml", kill_on_drop: false }`
[INFO] [stderr]     Blocking waiting for file lock on package cache
[INFO] [stderr]     Blocking waiting for file lock on package cache
[INFO] running `Command { std: "docker" "create" "-v" "/var/lib/crater-agent-workspace/builds/worker-3-tc1/target:/opt/rustwide/target:rw,Z" "-v" "/var/lib/crater-agent-workspace/builds/worker-3-tc1/source:/opt/rustwide/workdir:ro,Z" "-v" "/var/lib/crater-agent-workspace/cargo-home:/opt/rustwide/cargo-home:ro,Z" "-v" "/var/lib/crater-agent-workspace/rustup-home:/opt/rustwide/rustup-home:ro,Z" "-e" "SOURCE_DIR=/opt/rustwide/workdir" "-e" "CARGO_TARGET_DIR=/opt/rustwide/target" "-e" "CARGO_HOME=/opt/rustwide/cargo-home" "-e" "RUSTUP_HOME=/opt/rustwide/rustup-home" "-w" "/opt/rustwide/workdir" "-m" "1610612736" "--user" "0:0" "--network" "none" "ghcr.io/rust-lang/crates-build-env/linux@sha256:4a844ea9eb2546a2d2c7022eacef16ef2e8229c7fbb2c7d4d55a9ceca922f72d" "/opt/rustwide/cargo-home/bin/cargo" "+nightly-2024-10-28" "metadata" "--no-deps" "--format-version=1", kill_on_drop: false }`
[INFO] [stdout] 98006e5035c47f295684886a9d9a146d4982bdbaf210a4cc4cfae4b380096d51
[INFO] running `Command { std: "docker" "start" "-a" "98006e5035c47f295684886a9d9a146d4982bdbaf210a4cc4cfae4b380096d51", kill_on_drop: false }`
[INFO] running `Command { std: "docker" "inspect" "98006e5035c47f295684886a9d9a146d4982bdbaf210a4cc4cfae4b380096d51", kill_on_drop: false }`
[INFO] running `Command { std: "docker" "rm" "-f" "98006e5035c47f295684886a9d9a146d4982bdbaf210a4cc4cfae4b380096d51", kill_on_drop: false }`
[INFO] [stdout] 98006e5035c47f295684886a9d9a146d4982bdbaf210a4cc4cfae4b380096d51
[INFO] running `Command { std: "docker" "create" "-v" "/var/lib/crater-agent-workspace/builds/worker-3-tc1/target:/opt/rustwide/target:rw,Z" "-v" "/var/lib/crater-agent-workspace/builds/worker-3-tc1/source:/opt/rustwide/workdir:ro,Z" "-v" "/var/lib/crater-agent-workspace/cargo-home:/opt/rustwide/cargo-home:ro,Z" "-v" "/var/lib/crater-agent-workspace/rustup-home:/opt/rustwide/rustup-home:ro,Z" "-e" "SOURCE_DIR=/opt/rustwide/workdir" "-e" "CARGO_TARGET_DIR=/opt/rustwide/target" "-e" "CARGO_INCREMENTAL=0" "-e" "RUST_BACKTRACE=full" "-e" "RUSTFLAGS=--cap-lints=forbid" "-e" "RUSTDOCFLAGS=--cap-lints=forbid" "-e" "CARGO_HOME=/opt/rustwide/cargo-home" "-e" "RUSTUP_HOME=/opt/rustwide/rustup-home" "-w" "/opt/rustwide/workdir" "-m" "1610612736" "--user" "0:0" "--network" "none" "ghcr.io/rust-lang/crates-build-env/linux@sha256:4a844ea9eb2546a2d2c7022eacef16ef2e8229c7fbb2c7d4d55a9ceca922f72d" "/opt/rustwide/cargo-home/bin/cargo" "+nightly-2024-10-28" "build" "--frozen" "--message-format=json", kill_on_drop: false }`
[INFO] [stdout] ad863c5a36639052e251e8eaba4442e83b58780a82a2830bae87d73210cd65de
[INFO] running `Command { std: "docker" "start" "-a" "ad863c5a36639052e251e8eaba4442e83b58780a82a2830bae87d73210cd65de", kill_on_drop: false }`
[INFO] [stderr]    Compiling libc v0.2.159
[INFO] [stderr]    Compiling lazy_static v1.5.0
[INFO] [stderr]    Compiling colored v2.1.0
[INFO] [stderr]    Compiling getrandom v0.2.15
[INFO] [stderr]    Compiling uuid v1.11.0
[INFO] [stderr]    Compiling mtlog-progress v0.1.1 (/opt/rustwide/workdir)
[INFO] [stderr]     Finished `dev` profile [unoptimized + debuginfo] target(s) in 0.91s
[INFO] running `Command { std: "docker" "inspect" "ad863c5a36639052e251e8eaba4442e83b58780a82a2830bae87d73210cd65de", kill_on_drop: false }`
[INFO] running `Command { std: "docker" "rm" "-f" "ad863c5a36639052e251e8eaba4442e83b58780a82a2830bae87d73210cd65de", kill_on_drop: false }`
[INFO] [stdout] ad863c5a36639052e251e8eaba4442e83b58780a82a2830bae87d73210cd65de
[INFO] running `Command { std: "docker" "create" "-v" "/var/lib/crater-agent-workspace/builds/worker-3-tc1/target:/opt/rustwide/target:rw,Z" "-v" "/var/lib/crater-agent-workspace/builds/worker-3-tc1/source:/opt/rustwide/workdir:ro,Z" "-v" "/var/lib/crater-agent-workspace/cargo-home:/opt/rustwide/cargo-home:ro,Z" "-v" "/var/lib/crater-agent-workspace/rustup-home:/opt/rustwide/rustup-home:ro,Z" "-e" "SOURCE_DIR=/opt/rustwide/workdir" "-e" "CARGO_TARGET_DIR=/opt/rustwide/target" "-e" "CARGO_INCREMENTAL=0" "-e" "RUST_BACKTRACE=full" "-e" "RUSTFLAGS=--cap-lints=forbid" "-e" "RUSTDOCFLAGS=--cap-lints=forbid" "-e" "CARGO_HOME=/opt/rustwide/cargo-home" "-e" "RUSTUP_HOME=/opt/rustwide/rustup-home" "-w" "/opt/rustwide/workdir" "-m" "1610612736" "--user" "0:0" "--network" "none" "ghcr.io/rust-lang/crates-build-env/linux@sha256:4a844ea9eb2546a2d2c7022eacef16ef2e8229c7fbb2c7d4d55a9ceca922f72d" "/opt/rustwide/cargo-home/bin/cargo" "+nightly-2024-10-28" "test" "--frozen" "--no-run" "--message-format=json", kill_on_drop: false }`
[INFO] [stdout] a4177b04fd8ff82341381f15fdcfff7141558140395afa825c8832eda74257c9
[INFO] running `Command { std: "docker" "start" "-a" "a4177b04fd8ff82341381f15fdcfff7141558140395afa825c8832eda74257c9", kill_on_drop: false }`
[INFO] [stderr]    Compiling libc v0.2.159
[INFO] [stderr]    Compiling proc-macro2 v1.0.87
[INFO] [stderr]    Compiling bytes v1.7.2
[INFO] [stderr]    Compiling pin-project-lite v0.2.14
[INFO] [stderr]    Compiling quote v1.0.37
[INFO] [stderr]    Compiling getrandom v0.2.15
[INFO] [stderr]    Compiling parking_lot_core v0.9.10
[INFO] [stderr]    Compiling mio v1.0.2
[INFO] [stderr]    Compiling socket2 v0.5.7
[INFO] [stderr]    Compiling signal-hook-registry v1.4.2
[INFO] [stderr]    Compiling syn v2.0.79
[INFO] [stderr]    Compiling uuid v1.11.0
[INFO] [stderr]    Compiling parking_lot v0.12.3
[INFO] [stderr]    Compiling mtlog-progress v0.1.1 (/opt/rustwide/workdir)
[INFO] [stderr]    Compiling tokio-macros v2.4.0
[INFO] [stderr]    Compiling tokio v1.40.0
[INFO] [stdout] error[E0432]: unresolved import `mtlog`
[INFO] [stdout]    --> src/lib.rs:156:9
[INFO] [stdout]     |
[INFO] [stdout] 156 |     use mtlog::logger_config;
[INFO] [stdout]     |         ^^^^^ use of undeclared crate or module `mtlog`
[INFO] [stdout] 
[INFO] [stdout] 
[INFO] [stdout] error[E0432]: unresolved import `mtlog`
[INFO] [stdout]  --> examples/multi_threaded_logging_with_progress.rs:1:5
[INFO] [stdout]   |
[INFO] [stdout] 1 | use mtlog::logger_config;
[INFO] [stdout]   |     ^^^^^ use of undeclared crate or module `mtlog`
[INFO] [stdout] 
[INFO] [stdout] 
[INFO] [stdout] error[E0432]: unresolved import `mtlog_tokio`
[INFO] [stdout]  --> examples/async_multi_threaded_logging_with_progress.rs:1:5
[INFO] [stdout]   |
[INFO] [stdout] 1 | use mtlog_tokio::logger_config;
[INFO] [stdout]   |     ^^^^^^^^^^^ use of undeclared crate or module `mtlog_tokio`
[INFO] [stdout] 
[INFO] [stdout] 
[INFO] [stdout] For more information about this error, try `rustc --explain E0432`.
[INFO] [stdout] 
[INFO] [stderr] error: could not compile `mtlog-progress` (example "multi_threaded_logging_with_progress") due to 1 previous error
[INFO] [stderr] warning: build failed, waiting for other jobs to finish...
[INFO] [stdout] For more information about this error, try `rustc --explain E0432`.
[INFO] [stdout] 
[INFO] [stdout] For more information about this error, try `rustc --explain E0432`.
[INFO] [stdout] 
[INFO] [stderr] error: could not compile `mtlog-progress` (example "async_multi_threaded_logging_with_progress") due to 1 previous error
[INFO] [stderr] error: could not compile `mtlog-progress` (lib test) due to 1 previous error
[INFO] running `Command { std: "docker" "inspect" "a4177b04fd8ff82341381f15fdcfff7141558140395afa825c8832eda74257c9", kill_on_drop: false }`
[INFO] running `Command { std: "docker" "rm" "-f" "a4177b04fd8ff82341381f15fdcfff7141558140395afa825c8832eda74257c9", kill_on_drop: false }`
[INFO] [stdout] a4177b04fd8ff82341381f15fdcfff7141558140395afa825c8832eda74257c9
