[INFO] fetching crate mtcap 1.1.4...
[INFO] testing mtcap-1.1.4 against nightly-2024-10-28+rustflags=-Zrandomize-layout for randomize-layout
[INFO] extracting crate mtcap 1.1.4 into /workspace/builds/worker-7-tc2/source
[INFO] validating manifest of crates.io crate mtcap 1.1.4 on toolchain nightly-2024-10-28
[INFO] running `Command { std: CARGO_HOME="/workspace/cargo-home" RUSTUP_HOME="/workspace/rustup-home" "/workspace/cargo-home/bin/cargo" "+nightly-2024-10-28" "metadata" "--manifest-path" "Cargo.toml" "--no-deps", kill_on_drop: false }`
[INFO] started tweaking crates.io crate mtcap 1.1.4
[INFO] finished tweaking crates.io crate mtcap 1.1.4
[INFO] tweaked toml for crates.io crate mtcap 1.1.4 written to /workspace/builds/worker-7-tc2/source/Cargo.toml
[INFO] running `Command { std: CARGO_HOME="/workspace/cargo-home" RUSTUP_HOME="/workspace/rustup-home" "/workspace/cargo-home/bin/cargo" "+nightly-2024-10-28" "generate-lockfile" "--manifest-path" "Cargo.toml", kill_on_drop: false }`
[INFO] [stderr]     Updating crates.io index
[INFO] [stderr]      Locking 49 packages to latest compatible versions
[INFO] [stderr]       Adding strum v0.24.1 (available: v0.26.3)
[INFO] [stderr]       Adding strum_macros v0.24.3 (available: v0.26.4)
[INFO] running `Command { std: CARGO_HOME="/workspace/cargo-home" RUSTUP_HOME="/workspace/rustup-home" "/workspace/cargo-home/bin/cargo" "+nightly-2024-10-28" "fetch" "--manifest-path" "Cargo.toml", kill_on_drop: false }`
[INFO] running `Command { std: "docker" "create" "-v" "/var/lib/crater-agent-workspace/builds/worker-7-tc2/target:/opt/rustwide/target:rw,Z" "-v" "/var/lib/crater-agent-workspace/builds/worker-7-tc2/source:/opt/rustwide/workdir:ro,Z" "-v" "/var/lib/crater-agent-workspace/cargo-home:/opt/rustwide/cargo-home:ro,Z" "-v" "/var/lib/crater-agent-workspace/rustup-home:/opt/rustwide/rustup-home:ro,Z" "-e" "SOURCE_DIR=/opt/rustwide/workdir" "-e" "CARGO_TARGET_DIR=/opt/rustwide/target" "-e" "CARGO_HOME=/opt/rustwide/cargo-home" "-e" "RUSTUP_HOME=/opt/rustwide/rustup-home" "-w" "/opt/rustwide/workdir" "-m" "1610612736" "--user" "0:0" "--network" "none" "ghcr.io/rust-lang/crates-build-env/linux@sha256:4a844ea9eb2546a2d2c7022eacef16ef2e8229c7fbb2c7d4d55a9ceca922f72d" "/opt/rustwide/cargo-home/bin/cargo" "+nightly-2024-10-28" "metadata" "--no-deps" "--format-version=1", kill_on_drop: false }`
[INFO] [stdout] 6ce0684d446c18dee29ce93902d6c14c0fa352e81d9c3a8fd91d96d6805a3fcf
[INFO] running `Command { std: "docker" "start" "-a" "6ce0684d446c18dee29ce93902d6c14c0fa352e81d9c3a8fd91d96d6805a3fcf", kill_on_drop: false }`
[INFO] running `Command { std: "docker" "inspect" "6ce0684d446c18dee29ce93902d6c14c0fa352e81d9c3a8fd91d96d6805a3fcf", kill_on_drop: false }`
[INFO] running `Command { std: "docker" "rm" "-f" "6ce0684d446c18dee29ce93902d6c14c0fa352e81d9c3a8fd91d96d6805a3fcf", kill_on_drop: false }`
[INFO] [stdout] 6ce0684d446c18dee29ce93902d6c14c0fa352e81d9c3a8fd91d96d6805a3fcf
[INFO] running `Command { std: "docker" "create" "-v" "/var/lib/crater-agent-workspace/builds/worker-7-tc2/target:/opt/rustwide/target:rw,Z" "-v" "/var/lib/crater-agent-workspace/builds/worker-7-tc2/source:/opt/rustwide/workdir:ro,Z" "-v" "/var/lib/crater-agent-workspace/cargo-home:/opt/rustwide/cargo-home:ro,Z" "-v" "/var/lib/crater-agent-workspace/rustup-home:/opt/rustwide/rustup-home:ro,Z" "-e" "SOURCE_DIR=/opt/rustwide/workdir" "-e" "CARGO_TARGET_DIR=/opt/rustwide/target" "-e" "CARGO_INCREMENTAL=0" "-e" "RUST_BACKTRACE=full" "-e" "RUSTFLAGS=--cap-lints=forbid -Zrandomize-layout" "-e" "RUSTDOCFLAGS=--cap-lints=forbid" "-e" "CARGO_HOME=/opt/rustwide/cargo-home" "-e" "RUSTUP_HOME=/opt/rustwide/rustup-home" "-w" "/opt/rustwide/workdir" "-m" "1610612736" "--user" "0:0" "--network" "none" "ghcr.io/rust-lang/crates-build-env/linux@sha256:4a844ea9eb2546a2d2c7022eacef16ef2e8229c7fbb2c7d4d55a9ceca922f72d" "/opt/rustwide/cargo-home/bin/cargo" "+nightly-2024-10-28" "build" "--frozen" "--message-format=json", kill_on_drop: false }`
[INFO] [stdout] 375ba8056b46a3e625c03d313035c23cedf71fe1ff8b6023de8df1eb0d5e3701
[INFO] running `Command { std: "docker" "start" "-a" "375ba8056b46a3e625c03d313035c23cedf71fe1ff8b6023de8df1eb0d5e3701", kill_on_drop: false }`
[INFO] [stderr]    Compiling proc-macro2 v1.0.89
[INFO] [stderr]    Compiling unicode-ident v1.0.13
[INFO] [stderr]    Compiling autocfg v1.4.0
[INFO] [stderr]    Compiling syn v1.0.109
[INFO] [stderr]    Compiling rustversion v1.0.18
[INFO] [stderr]    Compiling serde v1.0.214
[INFO] [stderr]    Compiling thiserror v1.0.66
[INFO] [stderr]    Compiling serde_json v1.0.132
[INFO] [stderr]    Compiling ryu v1.0.18
[INFO] [stderr]    Compiling heck v0.4.1
[INFO] [stderr]    Compiling itoa v1.0.11
[INFO] [stderr]    Compiling memchr v2.7.4
[INFO] [stderr]    Compiling iana-time-zone v0.1.61
[INFO] [stderr]    Compiling json v0.12.4
[INFO] [stderr]    Compiling strum v0.24.1
[INFO] [stderr]    Compiling num-traits v0.2.19
[INFO] [stderr]    Compiling quote v1.0.37
[INFO] [stderr]    Compiling syn v2.0.86
[INFO] [stderr]    Compiling chrono v0.4.38
[INFO] [stderr]    Compiling serde_derive v1.0.214
[INFO] [stderr]    Compiling thiserror-impl v1.0.66
[INFO] [stderr]    Compiling strum_macros v0.24.3
[INFO] [stderr]    Compiling mtcap v1.1.4 (/opt/rustwide/workdir)
[INFO] [stdout] error[E0433]: failed to resolve: could not find `windows` in `os`
[INFO] [stdout]  --> src/curl.rs:3:14
[INFO] [stdout]   |
[INFO] [stdout] 3 | use std::os::windows::process::CommandExt as _;
[INFO] [stdout]   |              ^^^^^^^ could not find `windows` in `os`
[INFO] [stdout]   |
[INFO] [stdout] note: found an item that was configured out
[INFO] [stdout]  --> /rustc/df4ca44d3fbc9301ee17f30f4d474e6ae4b05252/library/std/src/os/mod.rs:54:9
[INFO] [stdout] note: the item is gated here
[INFO] [stdout]  --> /rustc/df4ca44d3fbc9301ee17f30f4d474e6ae4b05252/library/std/src/os/mod.rs:46:1
[INFO] [stdout] note: found an item that was configured out
[INFO] [stdout]  --> /rustc/df4ca44d3fbc9301ee17f30f4d474e6ae4b05252/library/std/src/os/mod.rs:101:9
[INFO] [stdout] note: the item is gated here
[INFO] [stdout]  --> /rustc/df4ca44d3fbc9301ee17f30f4d474e6ae4b05252/library/std/src/os/mod.rs:100:1
[INFO] [stdout] 
[INFO] [stdout] 
[INFO] [stdout] error[E0433]: failed to resolve: could not find `windows` in `os`
[INFO] [stdout]  --> src/devices_fix.rs:3:14
[INFO] [stdout]   |
[INFO] [stdout] 3 | use std::os::windows::process::CommandExt as _;
[INFO] [stdout]   |              ^^^^^^^ could not find `windows` in `os`
[INFO] [stdout]   |
[INFO] [stdout] note: found an item that was configured out
[INFO] [stdout]  --> /rustc/df4ca44d3fbc9301ee17f30f4d474e6ae4b05252/library/std/src/os/mod.rs:54:9
[INFO] [stdout] note: the item is gated here
[INFO] [stdout]  --> /rustc/df4ca44d3fbc9301ee17f30f4d474e6ae4b05252/library/std/src/os/mod.rs:46:1
[INFO] [stdout] note: found an item that was configured out
[INFO] [stdout]  --> /rustc/df4ca44d3fbc9301ee17f30f4d474e6ae4b05252/library/std/src/os/mod.rs:101:9
[INFO] [stdout] note: the item is gated here
[INFO] [stdout]  --> /rustc/df4ca44d3fbc9301ee17f30f4d474e6ae4b05252/library/std/src/os/mod.rs:100:1
[INFO] [stdout] 
[INFO] [stdout] 
[INFO] [stdout] error[E0599]: no method named `creation_flags` found for mutable reference `&mut Command` in the current scope
[INFO] [stdout]   --> src/curl.rs:14:10
[INFO] [stdout]    |
[INFO] [stdout] 11 |       let response = Command::new("curl")
[INFO] [stdout]    |  ____________________-
[INFO] [stdout] 12 | |         .arg("-k")
[INFO] [stdout] 13 | |         .arg(url)
[INFO] [stdout] 14 | |         .creation_flags(CREATE_NO_WINDOW)
[INFO] [stdout]    | |         -^^^^^^^^^^^^^^ method not found in `&mut Command`
[INFO] [stdout]    | |_________|
[INFO] [stdout]    |
[INFO] [stdout] 
[INFO] [stdout] 
[INFO] [stdout] error[E0599]: no method named `creation_flags` found for mutable reference `&mut Command` in the current scope
[INFO] [stdout]   --> src/curl.rs:30:10
[INFO] [stdout]    |
[INFO] [stdout] 23 |       let response = Command::new("curl")
[INFO] [stdout]    |  ____________________-
[INFO] [stdout] 24 | |         .arg("-k")
[INFO] [stdout] 25 | |         .arg(url)
[INFO] [stdout] 26 | |         .arg("-X")
[INFO] [stdout] ...  |
[INFO] [stdout] 29 | |         .arg("\"\"")
[INFO] [stdout] 30 | |         .creation_flags(CREATE_NO_WINDOW)
[INFO] [stdout]    | |         -^^^^^^^^^^^^^^ method not found in `&mut Command`
[INFO] [stdout]    | |_________|
[INFO] [stdout]    |
[INFO] [stdout] 
[INFO] [stdout] 
[INFO] [stdout] error[E0599]: no method named `creation_flags` found for mutable reference `&mut Command` in the current scope
[INFO] [stdout]   --> src/curl.rs:56:10
[INFO] [stdout]    |
[INFO] [stdout] 47 |       let response = Command::new("curl")
[INFO] [stdout]    |  ____________________-
[INFO] [stdout] 48 | |         .arg("-k")
[INFO] [stdout] 49 | |         .arg(url)
[INFO] [stdout] 50 | |         .arg("-X")
[INFO] [stdout] ...  |
[INFO] [stdout] 55 | |         .arg("Content-Type: application/json")
[INFO] [stdout] 56 | |         .creation_flags(CREATE_NO_WINDOW)
[INFO] [stdout]    | |         -^^^^^^^^^^^^^^ method not found in `&mut Command`
[INFO] [stdout]    | |_________|
[INFO] [stdout]    |
[INFO] [stdout] 
[INFO] [stdout] 
[INFO] [stdout] error[E0599]: no method named `creation_flags` found for mutable reference `&mut Command` in the current scope
[INFO] [stdout]   --> src/curl.rs:72:10
[INFO] [stdout]    |
[INFO] [stdout] 67 |       let response = Command::new("curl")
[INFO] [stdout]    |  ____________________-
[INFO] [stdout] 68 | |         .arg("-k")
[INFO] [stdout] 69 | |         .arg(url)
[INFO] [stdout] 70 | |         .arg("-X")
[INFO] [stdout] 71 | |         .arg("DELETE")
[INFO] [stdout] 72 | |         .creation_flags(CREATE_NO_WINDOW)
[INFO] [stdout]    | |         -^^^^^^^^^^^^^^ method not found in `&mut Command`
[INFO] [stdout]    | |_________|
[INFO] [stdout]    |
[INFO] [stdout] 
[INFO] [stdout] 
[INFO] [stdout] error[E0599]: no method named `creation_flags` found for mutable reference `&mut Command` in the current scope
[INFO] [stdout]   --> src/devices_fix.rs:39:10
[INFO] [stdout]    |
[INFO] [stdout] 35 |       let output = Command::new("curl")
[INFO] [stdout]    |  __________________-
[INFO] [stdout] 36 | |         .arg("-k")
[INFO] [stdout] 37 | |         .arg(url)
[INFO] [stdout] 38 | |         .token(token)
[INFO] [stdout] 39 | |         .creation_flags(CREATE_NO_WINDOW)
[INFO] [stdout]    | |         -^^^^^^^^^^^^^^ method not found in `&mut Command`
[INFO] [stdout]    | |_________|
[INFO] [stdout]    |
[INFO] [stdout] 
[INFO] [stdout] 
[INFO] [stdout] error[E0599]: no method named `creation_flags` found for mutable reference `&mut Command` in the current scope
[INFO] [stdout]   --> src/devices_fix.rs:52:10
[INFO] [stdout]    |
[INFO] [stdout] 46 |       Ok(Command::new("curl")
[INFO] [stdout]    |  ________-
[INFO] [stdout] 47 | |         .arg("-k")
[INFO] [stdout] 48 | |         .arg(url)
[INFO] [stdout] 49 | |         .arg("-X")
[INFO] [stdout] 50 | |         .arg("DELETE")
[INFO] [stdout] 51 | |         .token(token)
[INFO] [stdout] 52 | |         .creation_flags(CREATE_NO_WINDOW)
[INFO] [stdout]    | |         -^^^^^^^^^^^^^^ method not found in `&mut Command`
[INFO] [stdout]    | |_________|
[INFO] [stdout]    |
[INFO] [stdout] 
[INFO] [stdout] 
[INFO] [stdout] Some errors have detailed explanations: E0433, E0599.
[INFO] [stdout] 
[INFO] [stdout] For more information about an error, try `rustc --explain E0433`.
[INFO] [stdout] 
[INFO] [stderr] error: could not compile `mtcap` (lib) due to 8 previous errors
[INFO] [stderr] warning: build failed, waiting for other jobs to finish...
[INFO] running `Command { std: "docker" "inspect" "375ba8056b46a3e625c03d313035c23cedf71fe1ff8b6023de8df1eb0d5e3701", kill_on_drop: false }`
[INFO] running `Command { std: "docker" "rm" "-f" "375ba8056b46a3e625c03d313035c23cedf71fe1ff8b6023de8df1eb0d5e3701", kill_on_drop: false }`
[INFO] [stdout] 375ba8056b46a3e625c03d313035c23cedf71fe1ff8b6023de8df1eb0d5e3701
