[INFO] fetching crate mpl-metaplex 0.1.0...
[INFO] testing mpl-metaplex-0.1.0 against nightly-2024-10-28 for randomize-layout
[INFO] extracting crate mpl-metaplex 0.1.0 into /workspace/builds/worker-2-tc1/source
[INFO] validating manifest of crates.io crate mpl-metaplex 0.1.0 on toolchain nightly-2024-10-28
[INFO] running `Command { std: CARGO_HOME="/workspace/cargo-home" RUSTUP_HOME="/workspace/rustup-home" "/workspace/cargo-home/bin/cargo" "+nightly-2024-10-28" "metadata" "--manifest-path" "Cargo.toml" "--no-deps", kill_on_drop: false }`
[INFO] started tweaking crates.io crate mpl-metaplex 0.1.0
[INFO] finished tweaking crates.io crate mpl-metaplex 0.1.0
[INFO] tweaked toml for crates.io crate mpl-metaplex 0.1.0 written to /workspace/builds/worker-2-tc1/source/Cargo.toml
[INFO] running `Command { std: CARGO_HOME="/workspace/cargo-home" RUSTUP_HOME="/workspace/rustup-home" "/workspace/cargo-home/bin/cargo" "+nightly-2024-10-28" "generate-lockfile" "--manifest-path" "Cargo.toml", kill_on_drop: false }`
[INFO] [stderr]     Updating crates.io index
[INFO] [stderr]      Locking 562 packages to latest compatible versions
[INFO] [stderr]       Adding array-bytes v1.4.1 (available: v1.6.0)
[INFO] [stderr]       Adding blake3 v1.5.1 (available: v1.5.4)
[INFO] [stderr]       Adding borsh v0.9.3 (available: v1.5.1)
[INFO] [stderr]       Adding mpl-token-auth-rules v1.4.3-beta.1 (available: v1.5.1)
[INFO] [stderr]       Adding mpl-token-metadata v1.13.2 (available: v4.1.2)
[INFO] [stderr]       Adding num-derive v0.3.3 (available: v0.4.2)
[INFO] [stderr]       Adding solana-account-decoder v1.16.15 (available: v1.18.26)
[INFO] [stderr]       Adding solana-address-lookup-table-program v1.16.15 (available: v1.18.26)
[INFO] [stderr]       Adding solana-banks-client v1.16.15 (available: v1.18.26)
[INFO] [stderr]       Adding solana-banks-interface v1.16.15 (available: v1.18.26)
[INFO] [stderr]       Adding solana-banks-server v1.16.15 (available: v1.18.26)
[INFO] [stderr]       Adding solana-bpf-loader-program v1.16.15 (available: v1.18.26)
[INFO] [stderr]       Adding solana-bucket-map v1.16.15 (available: v1.18.26)
[INFO] [stderr]       Adding solana-clap-utils v1.16.15 (available: v1.18.26)
[INFO] [stderr]       Adding solana-client v1.16.15 (available: v1.18.26)
[INFO] [stderr]       Adding solana-compute-budget-program v1.16.15 (available: v1.18.26)
[INFO] [stderr]       Adding solana-config-program v1.16.15 (available: v1.18.26)
[INFO] [stderr]       Adding solana-connection-cache v1.16.15 (available: v1.18.26)
[INFO] [stderr]       Adding solana-frozen-abi v1.16.15 (available: v1.18.26)
[INFO] [stderr]       Adding solana-frozen-abi-macro v1.16.15 (available: v1.18.26)
[INFO] [stderr]       Adding solana-loader-v4-program v1.16.15 (available: v1.18.26)
[INFO] [stderr]       Adding solana-logger v1.16.15 (available: v1.18.26)
[INFO] [stderr]       Adding solana-measure v1.16.15 (available: v1.18.26)
[INFO] [stderr]       Adding solana-metrics v1.16.15 (available: v1.18.26)
[INFO] [stderr]       Adding solana-net-utils v1.16.15 (available: v1.18.26)
[INFO] [stderr]       Adding solana-perf v1.16.15 (available: v1.18.26)
[INFO] [stderr]       Adding solana-program v1.16.15 (available: v1.18.26)
[INFO] [stderr]       Adding solana-program v2.0.14 (available: v2.1.0)
[INFO] [stderr]       Adding solana-program-runtime v1.16.15 (available: v1.18.26)
[INFO] [stderr]       Adding solana-program-test v1.16.15 (available: v1.18.26)
[INFO] [stderr]       Adding solana-pubsub-client v1.16.15 (available: v1.18.26)
[INFO] [stderr]       Adding solana-quic-client v1.16.15 (available: v1.18.26)
[INFO] [stderr]       Adding solana-rayon-threadlimit v1.16.15 (available: v1.18.26)
[INFO] [stderr]       Adding solana-remote-wallet v1.16.15 (available: v1.18.26)
[INFO] [stderr]       Adding solana-rpc-client v1.16.15 (available: v1.18.26)
[INFO] [stderr]       Adding solana-rpc-client-api v1.16.15 (available: v1.18.26)
[INFO] [stderr]       Adding solana-rpc-client-nonce-utils v1.16.15 (available: v1.18.26)
[INFO] [stderr]       Adding solana-runtime v1.16.15 (available: v1.18.26)
[INFO] [stderr]       Adding solana-sdk v1.16.15 (available: v1.18.26)
[INFO] [stderr]       Adding solana-sdk-macro v1.16.15 (available: v1.18.26)
[INFO] [stderr]       Adding solana-sdk-macro v2.0.14 (available: v2.1.0)
[INFO] [stderr]       Adding solana-send-transaction-service v1.16.15 (available: v1.18.26)
[INFO] [stderr]       Adding solana-stake-program v1.16.15 (available: v1.18.26)
[INFO] [stderr]       Adding solana-streamer v1.16.15 (available: v1.18.26)
[INFO] [stderr]       Adding solana-system-program v1.16.15 (available: v1.18.26)
[INFO] [stderr]       Adding solana-thin-client v1.16.15 (available: v1.18.26)
[INFO] [stderr]       Adding solana-tpu-client v1.16.15 (available: v1.18.26)
[INFO] [stderr]       Adding solana-transaction-status v1.16.15 (available: v1.18.26)
[INFO] [stderr]       Adding solana-udp-client v1.16.15 (available: v1.18.26)
[INFO] [stderr]       Adding solana-version v1.16.15 (available: v1.18.26)
[INFO] [stderr]       Adding solana-vote-program v1.16.15 (available: v1.18.26)
[INFO] [stderr]       Adding solana-zk-token-proof-program v1.16.15 (available: v1.18.26)
[INFO] [stderr]       Adding solana-zk-token-sdk v1.16.15 (available: v1.18.26)
[INFO] [stderr]       Adding spl-associated-token-account v1.1.3 (available: v5.0.1)
[INFO] [stderr]       Adding spl-associated-token-account v2.2.0 (available: v2.3.0)
[INFO] [stderr]       Adding spl-memo v4.0.3 (available: v4.0.4)
[INFO] [stderr]       Adding spl-token v3.5.0 (available: v6.0.0)
[INFO] [stderr]       Adding spl-token v4.0.2 (available: v4.0.3)
[INFO] [stderr]       Adding subtle v2.4.1 (available: v2.6.1)
[INFO] [stderr]       Adding zeroize v1.3.0 (available: v1.8.1)
[INFO] running `Command { std: CARGO_HOME="/workspace/cargo-home" RUSTUP_HOME="/workspace/rustup-home" "/workspace/cargo-home/bin/cargo" "+nightly-2024-10-28" "fetch" "--manifest-path" "Cargo.toml", kill_on_drop: false }`
[INFO] [stderr]  Downloading crates ...
[INFO] [stderr]   Downloaded spl-token v3.5.0
[INFO] [stderr]   Downloaded solana-program v1.16.15
[INFO] [stderr]   Downloaded solana-logger v1.16.15
[INFO] [stderr]   Downloaded spl-memo v3.0.1
[INFO] [stderr]   Downloaded spl-token-2022 v0.6.1
[INFO] [stderr]   Downloaded solana-frozen-abi v1.16.15
[INFO] [stderr]   Downloaded spl-associated-token-account v1.1.3
[INFO] [stderr]   Downloaded solana-sdk v1.16.15
[INFO] [stderr]   Downloaded solana-version v1.16.15
[INFO] [stderr]   Downloaded tarpc-plugins v0.12.0
[INFO] [stderr]   Downloaded tarpc v0.29.0
[INFO] [stderr]   Downloaded mpl-token-auth-rules v1.4.3-beta.1
[INFO] [stderr]   Downloaded solana-banks-client v1.16.15
[INFO] [stderr]   Downloaded mpl-token-metadata-context-derive v0.2.1
[INFO] [stderr]   Downloaded solana-pubsub-client v1.16.15
[INFO] [stderr]   Downloaded solana-banks-server v1.16.15
[INFO] [stderr]   Downloaded solana-loader-v4-program v1.16.15
[INFO] [stderr]   Downloaded solana-rayon-threadlimit v1.16.15
[INFO] [stderr]   Downloaded solana-system-program v1.16.15
[INFO] [stderr]   Downloaded solana-zk-token-sdk v1.16.15
[INFO] [stderr]   Downloaded solana-runtime v1.16.15
[INFO] [stderr]   Downloaded spl-tlv-account-resolution v0.3.0
[INFO] [stderr]   Downloaded solana-thin-client v1.16.15
[INFO] [stderr]   Downloaded dir-diff v0.3.3
[INFO] [stderr]   Downloaded solana-banks-interface v1.16.15
[INFO] [stderr]   Downloaded solana-quic-client v1.16.15
[INFO] [stderr]   Downloaded tokio-tungstenite v0.17.2
[INFO] [stderr]   Downloaded opentelemetry v0.17.0
[INFO] [stderr]   Downloaded solana-address-lookup-table-program v1.16.15
[INFO] [stderr]   Downloaded solana-bpf-loader-program v1.16.15
[INFO] [stderr]   Downloaded solana-bucket-map v1.16.15
[INFO] [stderr]   Downloaded solana-compute-budget-program v1.16.15
[INFO] [stderr]   Downloaded solana-perf v1.16.15
[INFO] [stderr]   Downloaded solana-config-program v1.16.15
[INFO] [stderr]   Downloaded solana-stake-program v1.16.15
[INFO] [stderr]   Downloaded solana-zk-token-proof-program v1.16.15
[INFO] [stderr]   Downloaded solana-measure v1.16.15
[INFO] [stderr]   Downloaded solana-metrics v1.16.15
[INFO] [stderr]   Downloaded solana-program-runtime v1.16.15
[INFO] [stderr]   Downloaded solana-vote-program v1.16.15
[INFO] [stderr]   Downloaded solana-program-test v1.16.15
[INFO] [stderr]   Downloaded spl-transfer-hook-interface v0.2.0
[INFO] [stderr]   Downloaded spl-token-2022 v0.8.0
[INFO] [stderr]   Downloaded mpl-utils v0.3.5
[INFO] [stderr]   Downloaded shank_macro_impl v0.0.11
[INFO] [stderr]   Downloaded spl-memo v4.0.3
[INFO] [stderr]   Downloaded spl-tlv-account-resolution v0.4.0
[INFO] [stderr]   Downloaded spl-transfer-hook-interface v0.3.0
[INFO] [stderr]   Downloaded spl-token-2022 v0.9.0
[INFO] [stderr]   Downloaded solana-sdk-macro v2.0.14
[INFO] [stderr]   Downloaded solana-program v2.0.14
[INFO] [stderr]   Downloaded shank_macro_impl v0.0.9
[INFO] [stderr]   Downloaded shank_macro v0.0.9
[INFO] [stderr]   Downloaded shank v0.0.9
[INFO] [stderr]   Downloaded chrono-humanize v0.2.3
[INFO] [stderr]   Downloaded solana-remote-wallet v1.16.15
[INFO] [stderr]   Downloaded solana-clap-utils v1.16.15
[INFO] [stderr]   Downloaded solana-rpc-client-nonce-utils v1.16.15
[INFO] [stderr]   Downloaded solana-net-utils v1.16.15
[INFO] [stderr]   Downloaded histogram v0.6.9
[INFO] [stderr]   Downloaded solana-sdk-macro v1.16.15
[INFO] [stderr]   Downloaded spki v0.5.4
[INFO] [stderr]   Downloaded pkcs8 v0.8.0
[INFO] [stderr]   Downloaded solana-streamer v1.16.15
[INFO] [stderr]   Downloaded solana-udp-client v1.16.15
[INFO] [stderr]   Downloaded solana-client v1.16.15
[INFO] [stderr]   Downloaded solana-connection-cache v1.16.15
[INFO] [stderr]   Downloaded tungstenite v0.17.3
[INFO] [stderr]   Downloaded solana-rpc-client v1.16.15
[INFO] [stderr]   Downloaded solana-account-decoder v1.16.15
[INFO] [stderr]   Downloaded solana-transaction-status v1.16.15
[INFO] [stderr]   Downloaded solana-rpc-client-api v1.16.15
[INFO] [stderr]   Downloaded solana-tpu-client v1.16.15
[INFO] [stderr]   Downloaded solana-send-transaction-service v1.16.15
[INFO] [stderr]   Downloaded tracing-opentelemetry v0.17.4
[INFO] [stderr]   Downloaded tokio-serde v0.8.0
[INFO] [stderr]   Downloaded index_list v0.2.13
[INFO] [stderr]   Downloaded caps v0.5.5
[INFO] [stderr]   Downloaded symlink v0.1.0
[INFO] [stderr]   Downloaded const-oid v0.7.1
[INFO] [stderr]   Downloaded solana_rbpf v0.6.1
[INFO] [stderr]   Downloaded solana-frozen-abi-macro v1.16.15
[INFO] [stderr]   Downloaded mpl-token-metadata-context-derive v0.3.0
[INFO] [stderr]   Downloaded spl-associated-token-account v2.2.0
[INFO] [stderr]   Downloaded mpl-token-vault v0.2.0
[INFO] [stderr]   Downloaded mpl-auction v0.1.0
[INFO] [stderr]   Downloaded shank_macro v0.0.11
[INFO] [stderr]   Downloaded shank v0.0.11
[INFO] [stderr]   Downloaded spl-token v4.0.2
[INFO] [stderr]   Downloaded der v0.5.1
[INFO] [stderr]   Downloaded mpl-token-metadata v1.13.2
[INFO] running `Command { std: "docker" "create" "-v" "/var/lib/crater-agent-workspace/builds/worker-2-tc1/target:/opt/rustwide/target:rw,Z" "-v" "/var/lib/crater-agent-workspace/builds/worker-2-tc1/source:/opt/rustwide/workdir:ro,Z" "-v" "/var/lib/crater-agent-workspace/cargo-home:/opt/rustwide/cargo-home:ro,Z" "-v" "/var/lib/crater-agent-workspace/rustup-home:/opt/rustwide/rustup-home:ro,Z" "-e" "SOURCE_DIR=/opt/rustwide/workdir" "-e" "CARGO_TARGET_DIR=/opt/rustwide/target" "-e" "CARGO_HOME=/opt/rustwide/cargo-home" "-e" "RUSTUP_HOME=/opt/rustwide/rustup-home" "-w" "/opt/rustwide/workdir" "-m" "1610612736" "--user" "0:0" "--network" "none" "ghcr.io/rust-lang/crates-build-env/linux@sha256:4a844ea9eb2546a2d2c7022eacef16ef2e8229c7fbb2c7d4d55a9ceca922f72d" "/opt/rustwide/cargo-home/bin/cargo" "+nightly-2024-10-28" "metadata" "--no-deps" "--format-version=1", kill_on_drop: false }`
[INFO] [stdout] 8761fab000f0ee18643f84d3e2012b3f4aff168e4c6f6afac34f51a3e611c721
[INFO] running `Command { std: "docker" "start" "-a" "8761fab000f0ee18643f84d3e2012b3f4aff168e4c6f6afac34f51a3e611c721", kill_on_drop: false }`
[INFO] running `Command { std: "docker" "inspect" "8761fab000f0ee18643f84d3e2012b3f4aff168e4c6f6afac34f51a3e611c721", kill_on_drop: false }`
[INFO] running `Command { std: "docker" "rm" "-f" "8761fab000f0ee18643f84d3e2012b3f4aff168e4c6f6afac34f51a3e611c721", kill_on_drop: false }`
[INFO] [stdout] 8761fab000f0ee18643f84d3e2012b3f4aff168e4c6f6afac34f51a3e611c721
[INFO] running `Command { std: "docker" "create" "-v" "/var/lib/crater-agent-workspace/builds/worker-2-tc1/target:/opt/rustwide/target:rw,Z" "-v" "/var/lib/crater-agent-workspace/builds/worker-2-tc1/source:/opt/rustwide/workdir:ro,Z" "-v" "/var/lib/crater-agent-workspace/cargo-home:/opt/rustwide/cargo-home:ro,Z" "-v" "/var/lib/crater-agent-workspace/rustup-home:/opt/rustwide/rustup-home:ro,Z" "-e" "SOURCE_DIR=/opt/rustwide/workdir" "-e" "CARGO_TARGET_DIR=/opt/rustwide/target" "-e" "CARGO_INCREMENTAL=0" "-e" "RUST_BACKTRACE=full" "-e" "RUSTFLAGS=--cap-lints=forbid" "-e" "RUSTDOCFLAGS=--cap-lints=forbid" "-e" "CARGO_HOME=/opt/rustwide/cargo-home" "-e" "RUSTUP_HOME=/opt/rustwide/rustup-home" "-w" "/opt/rustwide/workdir" "-m" "1610612736" "--user" "0:0" "--network" "none" "ghcr.io/rust-lang/crates-build-env/linux@sha256:4a844ea9eb2546a2d2c7022eacef16ef2e8229c7fbb2c7d4d55a9ceca922f72d" "/opt/rustwide/cargo-home/bin/cargo" "+nightly-2024-10-28" "build" "--frozen" "--message-format=json", kill_on_drop: false }`
[INFO] [stdout] dc706b7392c22c10cd0712fb973f76b70145e5eb1ea630ae73b591414b36824f
[INFO] running `Command { std: "docker" "start" "-a" "dc706b7392c22c10cd0712fb973f76b70145e5eb1ea630ae73b591414b36824f", kill_on_drop: false }`
[INFO] [stderr]    Compiling proc-macro2 v1.0.89
[INFO] [stderr]    Compiling unicode-ident v1.0.13
[INFO] [stderr]    Compiling version_check v0.9.5
[INFO] [stderr]    Compiling serde v1.0.214
[INFO] [stderr]    Compiling typenum v1.17.0
[INFO] [stderr]    Compiling libc v0.2.161
[INFO] [stderr]    Compiling cfg-if v1.0.0
[INFO] [stderr]    Compiling syn v1.0.109
[INFO] [stderr]    Compiling subtle v2.4.1
[INFO] [stderr]    Compiling byteorder v1.5.0
[INFO] [stderr]    Compiling once_cell v1.20.2
[INFO] [stderr]    Compiling autocfg v1.4.0
[INFO] [stderr]    Compiling semver v1.0.23
[INFO] [stderr]    Compiling cpufeatures v0.2.14
[INFO] [stderr]    Compiling getrandom v0.1.16
[INFO] [stderr]    Compiling equivalent v1.0.1
[INFO] [stderr]    Compiling hashbrown v0.15.0
[INFO] [stderr]    Compiling opaque-debug v0.3.1
[INFO] [stderr]    Compiling either v1.13.0
[INFO] [stderr]    Compiling crunchy v0.2.2
[INFO] [stderr]    Compiling paste v1.0.15
[INFO] [stderr]    Compiling toml_datetime v0.6.8
[INFO] [stderr]    Compiling block-padding v0.2.1
[INFO] [stderr]    Compiling shlex v1.3.0
[INFO] [stderr]    Compiling log v0.4.22
[INFO] [stderr]    Compiling generic-array v0.14.7
[INFO] [stderr]    Compiling ahash v0.8.11
[INFO] [stderr]    Compiling anyhow v1.0.92
[INFO] [stderr]    Compiling thiserror v1.0.66
[INFO] [stderr]    Compiling crossbeam-utils v0.8.20
[INFO] [stderr]    Compiling num-traits v0.2.19
[INFO] [stderr]    Compiling itertools v0.10.5
[INFO] [stderr]    Compiling memchr v2.7.4
[INFO] [stderr]    Compiling rustversion v1.0.18
[INFO] [stderr]    Compiling rustc_version v0.4.1
[INFO] [stderr]    Compiling feature-probe v0.1.1
[INFO] [stderr]    Compiling arrayref v0.3.9
[INFO] [stderr]    Compiling wasm-bindgen-shared v0.2.95
[INFO] [stderr]    Compiling keccak v0.1.5
[INFO] [stderr]    Compiling indexmap v2.6.0
[INFO] [stderr]    Compiling lazy_static v1.5.0
[INFO] [stderr]    Compiling bv v0.11.1
[INFO] [stderr]    Compiling memoffset v0.9.1
[INFO] [stderr]    Compiling quote v1.0.37
[INFO] [stderr]    Compiling arrayvec v0.7.6
[INFO] [stderr]    Compiling rayon-core v1.12.1
[INFO] [stderr]    Compiling constant_time_eq v0.3.1
[INFO] [stderr]    Compiling ahash v0.7.8
[INFO] [stderr]    Compiling syn v2.0.86
[INFO] [stderr]    Compiling bumpalo v3.16.0
[INFO] [stderr]    Compiling base64 v0.12.3
[INFO] [stderr]    Compiling bitmaps v2.1.0
[INFO] [stderr]    Compiling crossbeam-epoch v0.9.18
[INFO] [stderr]    Compiling solana-frozen-abi-macro v1.16.15
[INFO] [stderr]    Compiling im v15.1.0
[INFO] [stderr]    Compiling tinyvec_macros v0.1.1
[INFO] [stderr]    Compiling serde_json v1.0.132
[INFO] [stderr]    Compiling tinyvec v1.8.0
[INFO] [stderr]    Compiling solana-frozen-abi v1.16.15
[INFO] [stderr]    Compiling ryu v1.0.18
[INFO] [stderr]    Compiling winnow v0.5.40
[INFO] [stderr]    Compiling bs58 v0.4.0
[INFO] [stderr]    Compiling itoa v1.0.11
[INFO] [stderr]    Compiling crossbeam-deque v0.8.5
[INFO] [stderr]    Compiling wasm-bindgen v0.2.95
[INFO] [stderr]    Compiling rustc-hash v1.1.0
[INFO] [stderr]    Compiling array-bytes v1.4.1
[INFO] [stderr]    Compiling base64 v0.21.7
[INFO] [stderr]    Compiling num-integer v0.1.46
[INFO] [stderr]    Compiling bitflags v1.3.2
[INFO] [stderr]    Compiling fnv v1.0.7
[INFO] [stderr]    Compiling ident_case v1.0.1
[INFO] [stderr]    Compiling strsim v0.11.1
[INFO] [stderr]    Compiling aho-corasick v1.1.3
[INFO] [stderr]    Compiling regex-syntax v0.8.5
[INFO] [stderr]    Compiling signature v1.6.4
[INFO] [stderr]    Compiling humantime v2.1.0
[INFO] [stderr]    Compiling termcolor v1.4.1
[INFO] [stderr]    Compiling getrandom v0.2.15
[INFO] [stderr]    Compiling jobserver v0.1.32
[INFO] [stderr]    Compiling num-bigint v0.4.6
[INFO] [stderr]    Compiling sized-chunks v0.6.5
[INFO] [stderr]    Compiling memmap2 v0.5.10
[INFO] [stderr]    Compiling rand_core v0.6.4
[INFO] [stderr]    Compiling rand_core v0.5.1
[INFO] [stderr]    Compiling rayon v1.10.0
[INFO] [stderr]    Compiling cc v1.1.31
[INFO] [stderr]    Compiling rand_xoshiro v0.6.0
[INFO] [stderr]    Compiling unicode-normalization v0.1.24
[INFO] [stderr]    Compiling hashbrown v0.11.2
[INFO] [stderr]    Compiling ed25519 v1.5.3
[INFO] [stderr]    Compiling atty v0.2.14
[INFO] [stderr]    Compiling solana-sdk v1.16.15
[INFO] [stderr]    Compiling derivation-path v0.2.0
[INFO] [stderr]    Compiling iana-time-zone v0.1.61
[INFO] [stderr]    Compiling percent-encoding v2.3.1
[INFO] [stderr]    Compiling uriparse v0.6.4
[INFO] [stderr]    Compiling qstring v0.7.2
[INFO] [stderr]    Compiling assert_matches v1.5.0
[INFO] [stderr]    Compiling proc-macro-error-attr v1.0.4
[INFO] [stderr]    Compiling winnow v0.6.20
[INFO] [stderr]    Compiling proc-macro-error v1.0.4
[INFO] [stderr]    Compiling cfg_aliases v0.2.1
[INFO] [stderr]    Compiling solana-program v2.0.14
[INFO] [stderr]    Compiling borsh v1.5.1
[INFO] [stderr]    Compiling bs58 v0.5.1
[INFO] [stderr]    Compiling bitflags v2.6.0
[INFO] [stderr]    Compiling base64 v0.22.1
[INFO] [stderr]    Compiling rmp v0.8.14
[INFO] [stderr]    Compiling toml_edit v0.19.15
[INFO] [stderr]    Compiling regex-automata v0.4.8
[INFO] [stderr]    Compiling blake3 v1.5.1
[INFO] [stderr]    Compiling solana-program v1.16.15
[INFO] [stderr]    Compiling toml_edit v0.22.22
[INFO] [stderr]    Compiling proc-macro-crate v1.3.1
[INFO] [stderr]    Compiling borsh-schema-derive-internal v0.10.4
[INFO] [stderr]    Compiling borsh-derive-internal v0.10.4
[INFO] [stderr]    Compiling borsh-schema-derive-internal v0.9.3
[INFO] [stderr]    Compiling borsh-derive-internal v0.9.3
[INFO] [stderr]    Compiling wasm-bindgen-backend v0.2.95
[INFO] [stderr]    Compiling darling_core v0.20.10
[INFO] [stderr]    Compiling ark-serialize-derive v0.4.2
[INFO] [stderr]    Compiling ark-ff-macros v0.4.2
[INFO] [stderr]    Compiling derivative v2.2.0
[INFO] [stderr]    Compiling ark-ff-asm v0.4.2
[INFO] [stderr]    Compiling num-derive v0.3.3
[INFO] [stderr]    Compiling num_enum_derive v0.5.11
[INFO] [stderr]    Compiling mpl-token-metadata-context-derive v0.2.1
[INFO] [stderr]    Compiling regex v1.11.1
[INFO] [stderr]    Compiling mpl-token-metadata-context-derive v0.3.0
[INFO] [stderr]    Compiling serde_derive v1.0.214
[INFO] [stderr]    Compiling zerocopy-derive v0.7.35
[INFO] [stderr]    Compiling zeroize_derive v1.4.2
[INFO] [stderr]    Compiling thiserror-impl v1.0.66
[INFO] [stderr]    Compiling bytemuck_derive v1.8.0
[INFO] [stderr]    Compiling solana-sdk-macro v1.16.15
[INFO] [stderr]    Compiling env_logger v0.9.3
[INFO] [stderr]    Compiling wasm-bindgen-macro-support v0.2.95
[INFO] [stderr]    Compiling zeroize v1.3.0
[INFO] [stderr]    Compiling num_enum_derive v0.6.1
[INFO] [stderr]    Compiling solana-logger v1.16.15
[INFO] [stderr]    Compiling num-derive v0.4.2
[INFO] [stderr]    Compiling merlin v3.0.0
[INFO] [stderr]    Compiling proc-macro-crate v3.2.0
[INFO] [stderr]    Compiling syn_derive v0.1.8
[INFO] [stderr]    Compiling zerocopy v0.7.35
[INFO] [stderr]    Compiling solana-sdk-macro v2.0.14
[INFO] [stderr]    Compiling num_enum v0.5.11
[INFO] [stderr]    Compiling bytemuck v1.19.0
[INFO] [stderr]    Compiling ppv-lite86 v0.2.20
[INFO] [stderr]    Compiling num_enum v0.6.1
[INFO] [stderr]    Compiling borsh-derive v1.5.1
[INFO] [stderr]    Compiling num_enum_derive v0.7.3
[INFO] [stderr]    Compiling wasm-bindgen-macro v0.2.95
[INFO] [stderr]    Compiling darling_macro v0.20.10
[INFO] [stderr]    Compiling hashbrown v0.13.2
[INFO] [stderr]    Compiling rand_chacha v0.3.1
[INFO] [stderr]    Compiling rand_chacha v0.2.2
[INFO] [stderr]    Compiling darling v0.20.10
[INFO] [stderr]    Compiling serde_with_macros v2.3.3
[INFO] [stderr]    Compiling rand v0.8.5
[INFO] [stderr]    Compiling rand v0.7.3
[INFO] [stderr]    Compiling num_enum v0.7.3
[INFO] [stderr]    Compiling ark-std v0.4.0
[INFO] [stderr]    Compiling toml v0.5.11
[INFO] [stderr]    Compiling serde_bytes v0.11.15
[INFO] [stderr]    Compiling bincode v1.3.3
[INFO] [stderr]    Compiling serde_with v2.3.3
[INFO] [stderr]    Compiling chrono v0.4.38
[INFO] [stderr]    Compiling shank_macro_impl v0.0.11
[INFO] [stderr]    Compiling shank_macro_impl v0.0.9
[INFO] [stderr]    Compiling rmp-serde v1.3.0
[INFO] [stderr]    Compiling block-buffer v0.10.4
[INFO] [stderr]    Compiling crypto-common v0.1.6
[INFO] [stderr]    Compiling digest v0.9.0
[INFO] [stderr]    Compiling block-buffer v0.9.0
[INFO] [stderr]    Compiling crypto-mac v0.8.0
[INFO] [stderr]    Compiling cipher v0.3.0
[INFO] [stderr]    Compiling universal-hash v0.4.1
[INFO] [stderr]    Compiling aead v0.4.3
[INFO] [stderr]    Compiling digest v0.10.7
[INFO] [stderr]    Compiling libsecp256k1-core v0.2.2
[INFO] [stderr]    Compiling sha2 v0.9.9
[INFO] [stderr]    Compiling hmac v0.8.1
[INFO] [stderr]    Compiling curve25519-dalek v3.2.1
[INFO] [stderr]    Compiling pbkdf2 v0.4.0
[INFO] [stderr]    Compiling polyval v0.5.3
[INFO] [stderr]    Compiling aes v0.7.5
[INFO] [stderr]    Compiling ctr v0.8.0
[INFO] [stderr]    Compiling hmac-drbg v0.3.0
[INFO] [stderr]    Compiling sha3 v0.9.1
[INFO] [stderr]    Compiling proc-macro-crate v0.1.5
[INFO] [stderr]    Compiling sha2 v0.10.8
[INFO] [stderr]    Compiling ark-serialize v0.4.2
[INFO] [stderr]    Compiling sha3 v0.10.8
[INFO] [stderr]    Compiling ark-ff v0.4.2
[INFO] [stderr]    Compiling tiny-bip39 v0.8.2
[INFO] [stderr]    Compiling hmac v0.12.1
[INFO] [stderr]    Compiling pbkdf2 v0.11.0
[INFO] [stderr]    Compiling aes-gcm-siv v0.10.3
[INFO] [stderr]    Compiling spl-discriminator-syn v0.1.2
[INFO] [stderr]    Compiling shank_macro v0.0.11
[INFO] [stderr]    Compiling shank_macro v0.0.9
[INFO] [stderr]    Compiling ed25519-dalek v1.0.1
[INFO] [stderr]    Compiling spl-program-error-derive v0.3.2
[INFO] [stderr]    Compiling libsecp256k1-gen-ecmult v0.2.1
[INFO] [stderr]    Compiling libsecp256k1-gen-genmult v0.2.1
[INFO] [stderr]    Compiling borsh-derive v0.10.4
[INFO] [stderr]    Compiling borsh-derive v0.9.3
[INFO] [stderr]    Compiling ed25519-dalek-bip32 v0.2.0
[INFO] [stderr]    Compiling spl-discriminator-derive v0.1.2
[INFO] [stderr]    Compiling shank v0.0.9
[INFO] [stderr]    Compiling shank v0.0.11
[INFO] [stderr]    Compiling borsh v0.10.4
[INFO] [stderr]    Compiling libsecp256k1 v0.6.0
[INFO] [stderr]    Compiling borsh v0.9.3
[INFO] [stderr]    Compiling ark-poly v0.4.2
[INFO] [stderr]    Compiling ark-ec v0.4.2
[INFO] [stderr]    Compiling ark-bn254 v0.4.0
[INFO] [stderr]    Compiling spl-program-error v0.3.0
[INFO] [stderr]    Compiling spl-discriminator v0.1.0
[INFO] [stderr]    Compiling spl-token v3.5.0
[INFO] [stderr]    Compiling spl-memo v3.0.1
[INFO] [stderr]    Compiling spl-memo v4.0.3
[INFO] [stderr]    Compiling spl-token v4.0.2
[INFO] [stderr]    Compiling mpl-auction v0.1.0
[INFO] [stderr]    Compiling mpl-token-vault v0.2.0
[INFO] [stdout] error[E0277]: the trait bound `solana_program::hash::Hash: BorshSerialize` is not satisfied
[INFO] [stdout]   --> /opt/rustwide/cargo-home/registry/src/index.crates.io-6f17d22bba15001f/mpl-auction-0.1.0/src/instruction.rs:15:17
[INFO] [stdout]    |
[INFO] [stdout] 15 | #[derive(Clone, BorshSerialize, BorshDeserialize, PartialEq)]
[INFO] [stdout]    |                 ^^^^^^^^^^^^^^ the trait `BorshSerialize` is not implemented for `solana_program::hash::Hash`, which is required by `CreateAuctionArgsV2: BorshSerialize`
[INFO] [stdout]    |
[INFO] [stdout]    = help: the following other types implement trait `BorshSerialize`:
[INFO] [stdout]              &T
[INFO] [stdout]              ()
[INFO] [stdout]              (T0, T1)
[INFO] [stdout]              (T0, T1, T2)
[INFO] [stdout]              (T0, T1, T2, T3)
[INFO] [stdout]              (T0, T1, T2, T3, T4)
[INFO] [stdout]              (T0, T1, T2, T3, T4, T5)
[INFO] [stdout]              (T0, T1, T2, T3, T4, T5, T6)
[INFO] [stdout]            and 120 others
[INFO] [stdout] note: required for `PriceFloor` to implement `BorshSerialize`
[INFO] [stdout]   --> /opt/rustwide/cargo-home/registry/src/index.crates.io-6f17d22bba15001f/mpl-auction-0.1.0/src/processor.rs:52:17
[INFO] [stdout]    |
[INFO] [stdout] 52 | #[derive(Clone, BorshSerialize, BorshDeserialize, PartialEq, Debug)]
[INFO] [stdout]    |                 ^^^^^^^^^^^^^^ unsatisfied trait bound introduced in this `derive` macro
[INFO] [stdout] 53 | pub enum PriceFloor {
[INFO] [stdout]    |          ^^^^^^^^^^
[INFO] [stdout]    = note: 1 redundant requirement hidden
[INFO] [stdout]    = note: required for `CreateAuctionArgsV2` to implement `BorshSerialize`
[INFO] [stdout]    = help: see issue #48214
[INFO] [stdout]    = note: this error originates in the derive macro `BorshSerialize` (in Nightly builds, run with -Z macro-backtrace for more info)
[INFO] [stdout] help: add `#![feature(trivial_bounds)]` to the crate attributes to enable
[INFO] [stdout]   --> /opt/rustwide/cargo-home/registry/src/index.crates.io-6f17d22bba15001f/mpl-auction-0.1.0/src/lib.rs:3:1
[INFO] [stdout]    |
[INFO] [stdout] 3  + #![feature(trivial_bounds)]
[INFO] [stdout]    |
[INFO] [stdout] 
[INFO] [stdout] 
[INFO] [stdout] error[E0277]: the trait bound `solana_program::hash::Hash: BorshDeserialize` is not satisfied
[INFO] [stdout]   --> /opt/rustwide/cargo-home/registry/src/index.crates.io-6f17d22bba15001f/mpl-auction-0.1.0/src/instruction.rs:15:33
[INFO] [stdout]    |
[INFO] [stdout] 15 | #[derive(Clone, BorshSerialize, BorshDeserialize, PartialEq)]
[INFO] [stdout]    |                                 ^^^^^^^^^^^^^^^^ the trait `BorshDeserialize` is not implemented for `solana_program::hash::Hash`, which is required by `CreateAuctionArgsV2: BorshDeserialize`
[INFO] [stdout]    |
[INFO] [stdout]    = help: the following other types implement trait `BorshDeserialize`:
[INFO] [stdout]              ()
[INFO] [stdout]              (T0, T1)
[INFO] [stdout]              (T0, T1, T2)
[INFO] [stdout]              (T0, T1, T2, T3)
[INFO] [stdout]              (T0, T1, T2, T3, T4)
[INFO] [stdout]              (T0, T1, T2, T3, T4, T5)
[INFO] [stdout]              (T0, T1, T2, T3, T4, T5, T6)
[INFO] [stdout]              (T0, T1, T2, T3, T4, T5, T6, T7)
[INFO] [stdout]            and 117 others
[INFO] [stdout] note: required for `PriceFloor` to implement `BorshDeserialize`
[INFO] [stdout]   --> /opt/rustwide/cargo-home/registry/src/index.crates.io-6f17d22bba15001f/mpl-auction-0.1.0/src/processor.rs:52:33
[INFO] [stdout]    |
[INFO] [stdout] 52 | #[derive(Clone, BorshSerialize, BorshDeserialize, PartialEq, Debug)]
[INFO] [stdout]    |                                 ^^^^^^^^^^^^^^^^ unsatisfied trait bound introduced in this `derive` macro
[INFO] [stdout] 53 | pub enum PriceFloor {
[INFO] [stdout]    |          ^^^^^^^^^^
[INFO] [stdout]    = note: 1 redundant requirement hidden
[INFO] [stdout]    = note: required for `CreateAuctionArgsV2` to implement `BorshDeserialize`
[INFO] [stdout]    = help: see issue #48214
[INFO] [stdout]    = note: this error originates in the derive macro `BorshDeserialize` (in Nightly builds, run with -Z macro-backtrace for more info)
[INFO] [stdout] help: add `#![feature(trivial_bounds)]` to the crate attributes to enable
[INFO] [stdout]   --> /opt/rustwide/cargo-home/registry/src/index.crates.io-6f17d22bba15001f/mpl-auction-0.1.0/src/lib.rs:3:1
[INFO] [stdout]    |
[INFO] [stdout] 3  + #![feature(trivial_bounds)]
[INFO] [stdout]    |
[INFO] [stdout] 
[INFO] [stdout] 
[INFO] [stdout] error[E0277]: the trait bound `solana_program::hash::Hash: BorshSerialize` is not satisfied
[INFO] [stdout]   --> /opt/rustwide/cargo-home/registry/src/index.crates.io-6f17d22bba15001f/mpl-auction-0.1.0/src/processor.rs:52:17
[INFO] [stdout]    |
[INFO] [stdout] 52 | #[derive(Clone, BorshSerialize, BorshDeserialize, PartialEq, Debug)]
[INFO] [stdout]    |                 ^^^^^^^^^^^^^^ the trait `BorshSerialize` is not implemented for `solana_program::hash::Hash`
[INFO] [stdout]    |
[INFO] [stdout]    = help: the following other types implement trait `BorshSerialize`:
[INFO] [stdout]              &T
[INFO] [stdout]              ()
[INFO] [stdout]              (T0, T1)
[INFO] [stdout]              (T0, T1, T2)
[INFO] [stdout]              (T0, T1, T2, T3)
[INFO] [stdout]              (T0, T1, T2, T3, T4)
[INFO] [stdout]              (T0, T1, T2, T3, T4, T5)
[INFO] [stdout]              (T0, T1, T2, T3, T4, T5, T6)
[INFO] [stdout]            and 120 others
[INFO] [stdout]    = help: see issue #48214
[INFO] [stdout]    = note: this error originates in the derive macro `BorshSerialize` (in Nightly builds, run with -Z macro-backtrace for more info)
[INFO] [stdout] help: add `#![feature(trivial_bounds)]` to the crate attributes to enable
[INFO] [stdout]   --> /opt/rustwide/cargo-home/registry/src/index.crates.io-6f17d22bba15001f/mpl-auction-0.1.0/src/lib.rs:3:1
[INFO] [stdout]    |
[INFO] [stdout] 3  + #![feature(trivial_bounds)]
[INFO] [stdout]    |
[INFO] [stdout] 
[INFO] [stdout] 
[INFO] [stdout] error[E0277]: the trait bound `solana_program::hash::Hash: BorshDeserialize` is not satisfied
[INFO] [stdout]   --> /opt/rustwide/cargo-home/registry/src/index.crates.io-6f17d22bba15001f/mpl-auction-0.1.0/src/processor.rs:52:33
[INFO] [stdout]    |
[INFO] [stdout] 52 | #[derive(Clone, BorshSerialize, BorshDeserialize, PartialEq, Debug)]
[INFO] [stdout]    |                                 ^^^^^^^^^^^^^^^^ the trait `BorshDeserialize` is not implemented for `solana_program::hash::Hash`
[INFO] [stdout]    |
[INFO] [stdout]    = help: the following other types implement trait `BorshDeserialize`:
[INFO] [stdout]              ()
[INFO] [stdout]              (T0, T1)
[INFO] [stdout]              (T0, T1, T2)
[INFO] [stdout]              (T0, T1, T2, T3)
[INFO] [stdout]              (T0, T1, T2, T3, T4)
[INFO] [stdout]              (T0, T1, T2, T3, T4, T5)
[INFO] [stdout]              (T0, T1, T2, T3, T4, T5, T6)
[INFO] [stdout]              (T0, T1, T2, T3, T4, T5, T6, T7)
[INFO] [stdout]            and 117 others
[INFO] [stdout]    = help: see issue #48214
[INFO] [stdout]    = note: this error originates in the derive macro `BorshDeserialize` (in Nightly builds, run with -Z macro-backtrace for more info)
[INFO] [stdout] help: add `#![feature(trivial_bounds)]` to the crate attributes to enable
[INFO] [stdout]   --> /opt/rustwide/cargo-home/registry/src/index.crates.io-6f17d22bba15001f/mpl-auction-0.1.0/src/lib.rs:3:1
[INFO] [stdout]    |
[INFO] [stdout] 3  + #![feature(trivial_bounds)]
[INFO] [stdout]    |
[INFO] [stdout] 
[INFO] [stdout] 
[INFO] [stdout] error[E0277]: the trait bound `solana_program::hash::Hash: BorshSerialize` is not satisfied
[INFO] [stdout]   --> /opt/rustwide/cargo-home/registry/src/index.crates.io-6f17d22bba15001f/mpl-auction-0.1.0/src/processor.rs:71:17
[INFO] [stdout]    |
[INFO] [stdout] 71 | #[derive(Clone, BorshSerialize, BorshDeserialize, PartialEq, Debug)]
[INFO] [stdout]    |                 ^^^^^^^^^^^^^^ the trait `BorshSerialize` is not implemented for `solana_program::hash::Hash`, which is required by `PriceFloor: BorshSerialize`
[INFO] [stdout]    |
[INFO] [stdout]    = help: the following other types implement trait `BorshSerialize`:
[INFO] [stdout]              &T
[INFO] [stdout]              ()
[INFO] [stdout]              (T0, T1)
[INFO] [stdout]              (T0, T1, T2)
[INFO] [stdout]              (T0, T1, T2, T3)
[INFO] [stdout]              (T0, T1, T2, T3, T4)
[INFO] [stdout]              (T0, T1, T2, T3, T4, T5)
[INFO] [stdout]              (T0, T1, T2, T3, T4, T5, T6)
[INFO] [stdout]            and 120 others
[INFO] [stdout] note: required for `PriceFloor` to implement `BorshSerialize`
[INFO] [stdout]   --> /opt/rustwide/cargo-home/registry/src/index.crates.io-6f17d22bba15001f/mpl-auction-0.1.0/src/processor.rs:52:17
[INFO] [stdout]    |
[INFO] [stdout] 52 | #[derive(Clone, BorshSerialize, BorshDeserialize, PartialEq, Debug)]
[INFO] [stdout]    |                 ^^^^^^^^^^^^^^ unsatisfied trait bound introduced in this `derive` macro
[INFO] [stdout] 53 | pub enum PriceFloor {
[INFO] [stdout]    |          ^^^^^^^^^^
[INFO] [stdout]    = help: see issue #48214
[INFO] [stdout]    = note: this error originates in the derive macro `BorshSerialize` (in Nightly builds, run with -Z macro-backtrace for more info)
[INFO] [stdout] help: add `#![feature(trivial_bounds)]` to the crate attributes to enable
[INFO] [stdout]   --> /opt/rustwide/cargo-home/registry/src/index.crates.io-6f17d22bba15001f/mpl-auction-0.1.0/src/lib.rs:3:1
[INFO] [stdout]    |
[INFO] [stdout] 3  + #![feature(trivial_bounds)]
[INFO] [stdout]    |
[INFO] [stdout] 
[INFO] [stdout] 
[INFO] [stdout] error[E0277]: the trait bound `solana_program::hash::Hash: BorshDeserialize` is not satisfied
[INFO] [stdout]   --> /opt/rustwide/cargo-home/registry/src/index.crates.io-6f17d22bba15001f/mpl-auction-0.1.0/src/processor.rs:71:33
[INFO] [stdout]    |
[INFO] [stdout] 71 | #[derive(Clone, BorshSerialize, BorshDeserialize, PartialEq, Debug)]
[INFO] [stdout]    |                                 ^^^^^^^^^^^^^^^^ the trait `BorshDeserialize` is not implemented for `solana_program::hash::Hash`, which is required by `PriceFloor: BorshDeserialize`
[INFO] [stdout]    |
[INFO] [stdout]    = help: the following other types implement trait `BorshDeserialize`:
[INFO] [stdout]              ()
[INFO] [stdout]              (T0, T1)
[INFO] [stdout]              (T0, T1, T2)
[INFO] [stdout]              (T0, T1, T2, T3)
[INFO] [stdout]              (T0, T1, T2, T3, T4)
[INFO] [stdout]              (T0, T1, T2, T3, T4, T5)
[INFO] [stdout]              (T0, T1, T2, T3, T4, T5, T6)
[INFO] [stdout]              (T0, T1, T2, T3, T4, T5, T6, T7)
[INFO] [stdout]            and 117 others
[INFO] [stdout] note: required for `PriceFloor` to implement `BorshDeserialize`
[INFO] [stdout]   --> /opt/rustwide/cargo-home/registry/src/index.crates.io-6f17d22bba15001f/mpl-auction-0.1.0/src/processor.rs:52:33
[INFO] [stdout]    |
[INFO] [stdout] 52 | #[derive(Clone, BorshSerialize, BorshDeserialize, PartialEq, Debug)]
[INFO] [stdout]    |                                 ^^^^^^^^^^^^^^^^ unsatisfied trait bound introduced in this `derive` macro
[INFO] [stdout] 53 | pub enum PriceFloor {
[INFO] [stdout]    |          ^^^^^^^^^^
[INFO] [stdout]    = help: see issue #48214
[INFO] [stdout]    = note: this error originates in the derive macro `BorshDeserialize` (in Nightly builds, run with -Z macro-backtrace for more info)
[INFO] [stdout] help: add `#![feature(trivial_bounds)]` to the crate attributes to enable
[INFO] [stdout]   --> /opt/rustwide/cargo-home/registry/src/index.crates.io-6f17d22bba15001f/mpl-auction-0.1.0/src/lib.rs:3:1
[INFO] [stdout]    |
[INFO] [stdout] 3  + #![feature(trivial_bounds)]
[INFO] [stdout]    |
[INFO] [stdout] 
[INFO] [stdout] 
[INFO] [stdout] error[E0277]: the trait bound `solana_program::hash::Hash: BorshSerialize` is not satisfied
[INFO] [stdout]   --> /opt/rustwide/cargo-home/registry/src/index.crates.io-6f17d22bba15001f/mpl-auction-0.1.0/src/processor/create_auction.rs:27:17
[INFO] [stdout]    |
[INFO] [stdout] 27 | #[derive(Clone, BorshSerialize, BorshDeserialize, PartialEq)]
[INFO] [stdout]    |                 ^^^^^^^^^^^^^^ the trait `BorshSerialize` is not implemented for `solana_program::hash::Hash`, which is required by `PriceFloor: BorshSerialize`
[INFO] [stdout]    |
[INFO] [stdout]    = help: the following other types implement trait `BorshSerialize`:
[INFO] [stdout]              &T
[INFO] [stdout]              ()
[INFO] [stdout]              (T0, T1)
[INFO] [stdout]              (T0, T1, T2)
[INFO] [stdout]              (T0, T1, T2, T3)
[INFO] [stdout]              (T0, T1, T2, T3, T4)
[INFO] [stdout]              (T0, T1, T2, T3, T4, T5)
[INFO] [stdout]              (T0, T1, T2, T3, T4, T5, T6)
[INFO] [stdout]            and 120 others
[INFO] [stdout] note: required for `PriceFloor` to implement `BorshSerialize`
[INFO] [stdout]   --> /opt/rustwide/cargo-home/registry/src/index.crates.io-6f17d22bba15001f/mpl-auction-0.1.0/src/processor.rs:52:17
[INFO] [stdout]    |
[INFO] [stdout] 52 | #[derive(Clone, BorshSerialize, BorshDeserialize, PartialEq, Debug)]
[INFO] [stdout]    |                 ^^^^^^^^^^^^^^ unsatisfied trait bound introduced in this `derive` macro
[INFO] [stdout] 53 | pub enum PriceFloor {
[INFO] [stdout]    |          ^^^^^^^^^^
[INFO] [stdout]    = help: see issue #48214
[INFO] [stdout]    = note: this error originates in the derive macro `BorshSerialize` (in Nightly builds, run with -Z macro-backtrace for more info)
[INFO] [stdout] help: add `#![feature(trivial_bounds)]` to the crate attributes to enable
[INFO] [stdout]   --> /opt/rustwide/cargo-home/registry/src/index.crates.io-6f17d22bba15001f/mpl-auction-0.1.0/src/lib.rs:3:1
[INFO] [stdout]    |
[INFO] [stdout] 3  + #![feature(trivial_bounds)]
[INFO] [stdout]    |
[INFO] [stdout] 
[INFO] [stdout] 
[INFO] [stdout] error[E0277]: the trait bound `solana_program::hash::Hash: BorshDeserialize` is not satisfied
[INFO] [stdout]   --> /opt/rustwide/cargo-home/registry/src/index.crates.io-6f17d22bba15001f/mpl-auction-0.1.0/src/processor/create_auction.rs:27:33
[INFO] [stdout]    |
[INFO] [stdout] 27 | #[derive(Clone, BorshSerialize, BorshDeserialize, PartialEq)]
[INFO] [stdout]    |                                 ^^^^^^^^^^^^^^^^ the trait `BorshDeserialize` is not implemented for `solana_program::hash::Hash`, which is required by `PriceFloor: BorshDeserialize`
[INFO] [stdout]    |
[INFO] [stdout]    = help: the following other types implement trait `BorshDeserialize`:
[INFO] [stdout]              ()
[INFO] [stdout]              (T0, T1)
[INFO] [stdout]              (T0, T1, T2)
[INFO] [stdout]              (T0, T1, T2, T3)
[INFO] [stdout]              (T0, T1, T2, T3, T4)
[INFO] [stdout]              (T0, T1, T2, T3, T4, T5)
[INFO] [stdout]              (T0, T1, T2, T3, T4, T5, T6)
[INFO] [stdout]              (T0, T1, T2, T3, T4, T5, T6, T7)
[INFO] [stdout]            and 117 others
[INFO] [stdout] note: required for `PriceFloor` to implement `BorshDeserialize`
[INFO] [stdout]   --> /opt/rustwide/cargo-home/registry/src/index.crates.io-6f17d22bba15001f/mpl-auction-0.1.0/src/processor.rs:52:33
[INFO] [stdout]    |
[INFO] [stdout] 52 | #[derive(Clone, BorshSerialize, BorshDeserialize, PartialEq, Debug)]
[INFO] [stdout]    |                                 ^^^^^^^^^^^^^^^^ unsatisfied trait bound introduced in this `derive` macro
[INFO] [stdout] 53 | pub enum PriceFloor {
[INFO] [stdout]    |          ^^^^^^^^^^
[INFO] [stdout]    = help: see issue #48214
[INFO] [stdout]    = note: this error originates in the derive macro `BorshDeserialize` (in Nightly builds, run with -Z macro-backtrace for more info)
[INFO] [stdout] help: add `#![feature(trivial_bounds)]` to the crate attributes to enable
[INFO] [stdout]   --> /opt/rustwide/cargo-home/registry/src/index.crates.io-6f17d22bba15001f/mpl-auction-0.1.0/src/lib.rs:3:1
[INFO] [stdout]    |
[INFO] [stdout] 3  + #![feature(trivial_bounds)]
[INFO] [stdout]    |
[INFO] [stdout] 
[INFO] [stdout] 
[INFO] [stdout] error[E0277]: the trait bound `solana_program::hash::Hash: BorshSerialize` is not satisfied
[INFO] [stdout]   --> /opt/rustwide/cargo-home/registry/src/index.crates.io-6f17d22bba15001f/mpl-auction-0.1.0/src/processor/create_auction_v2.rs:28:17
[INFO] [stdout]    |
[INFO] [stdout] 28 | #[derive(Clone, BorshSerialize, BorshDeserialize, PartialEq)]
[INFO] [stdout]    |                 ^^^^^^^^^^^^^^ the trait `BorshSerialize` is not implemented for `solana_program::hash::Hash`, which is required by `PriceFloor: BorshSerialize`
[INFO] [stdout]    |
[INFO] [stdout]    = help: the following other types implement trait `BorshSerialize`:
[INFO] [stdout]              &T
[INFO] [stdout]              ()
[INFO] [stdout]              (T0, T1)
[INFO] [stdout]              (T0, T1, T2)
[INFO] [stdout]              (T0, T1, T2, T3)
[INFO] [stdout]              (T0, T1, T2, T3, T4)
[INFO] [stdout]              (T0, T1, T2, T3, T4, T5)
[INFO] [stdout]              (T0, T1, T2, T3, T4, T5, T6)
[INFO] [stdout]            and 120 others
[INFO] [stdout] note: required for `PriceFloor` to implement `BorshSerialize`
[INFO] [stdout]   --> /opt/rustwide/cargo-home/registry/src/index.crates.io-6f17d22bba15001f/mpl-auction-0.1.0/src/processor.rs:52:17
[INFO] [stdout]    |
[INFO] [stdout] 52 | #[derive(Clone, BorshSerialize, BorshDeserialize, PartialEq, Debug)]
[INFO] [stdout]    |                 ^^^^^^^^^^^^^^ unsatisfied trait bound introduced in this `derive` macro
[INFO] [stdout] 53 | pub enum PriceFloor {
[INFO] [stdout]    |          ^^^^^^^^^^
[INFO] [stdout]    = help: see issue #48214
[INFO] [stdout]    = note: this error originates in the derive macro `BorshSerialize` (in Nightly builds, run with -Z macro-backtrace for more info)
[INFO] [stdout] help: add `#![feature(trivial_bounds)]` to the crate attributes to enable
[INFO] [stdout]   --> /opt/rustwide/cargo-home/registry/src/index.crates.io-6f17d22bba15001f/mpl-auction-0.1.0/src/lib.rs:3:1
[INFO] [stdout]    |
[INFO] [stdout] 3  + #![feature(trivial_bounds)]
[INFO] [stdout]    |
[INFO] [stdout] 
[INFO] [stdout] 
[INFO] [stdout] error[E0277]: the trait bound `solana_program::hash::Hash: BorshDeserialize` is not satisfied
[INFO] [stdout]   --> /opt/rustwide/cargo-home/registry/src/index.crates.io-6f17d22bba15001f/mpl-auction-0.1.0/src/processor/create_auction_v2.rs:28:33
[INFO] [stdout]    |
[INFO] [stdout] 28 | #[derive(Clone, BorshSerialize, BorshDeserialize, PartialEq)]
[INFO] [stdout]    |                                 ^^^^^^^^^^^^^^^^ the trait `BorshDeserialize` is not implemented for `solana_program::hash::Hash`, which is required by `PriceFloor: BorshDeserialize`
[INFO] [stdout]    |
[INFO] [stdout]    = help: the following other types implement trait `BorshDeserialize`:
[INFO] [stdout]              ()
[INFO] [stdout]              (T0, T1)
[INFO] [stdout]              (T0, T1, T2)
[INFO] [stdout]              (T0, T1, T2, T3)
[INFO] [stdout]              (T0, T1, T2, T3, T4)
[INFO] [stdout]              (T0, T1, T2, T3, T4, T5)
[INFO] [stdout]              (T0, T1, T2, T3, T4, T5, T6)
[INFO] [stdout]              (T0, T1, T2, T3, T4, T5, T6, T7)
[INFO] [stdout]            and 117 others
[INFO] [stdout] note: required for `PriceFloor` to implement `BorshDeserialize`
[INFO] [stdout]   --> /opt/rustwide/cargo-home/registry/src/index.crates.io-6f17d22bba15001f/mpl-auction-0.1.0/src/processor.rs:52:33
[INFO] [stdout]    |
[INFO] [stdout] 52 | #[derive(Clone, BorshSerialize, BorshDeserialize, PartialEq, Debug)]
[INFO] [stdout]    |                                 ^^^^^^^^^^^^^^^^ unsatisfied trait bound introduced in this `derive` macro
[INFO] [stdout] 53 | pub enum PriceFloor {
[INFO] [stdout]    |          ^^^^^^^^^^
[INFO] [stdout]    = help: see issue #48214
[INFO] [stdout]    = note: this error originates in the derive macro `BorshDeserialize` (in Nightly builds, run with -Z macro-backtrace for more info)
[INFO] [stdout] help: add `#![feature(trivial_bounds)]` to the crate attributes to enable
[INFO] [stdout]   --> /opt/rustwide/cargo-home/registry/src/index.crates.io-6f17d22bba15001f/mpl-auction-0.1.0/src/lib.rs:3:1
[INFO] [stdout]    |
[INFO] [stdout] 3  + #![feature(trivial_bounds)]
[INFO] [stdout]    |
[INFO] [stdout] 
[INFO] [stdout] 
[INFO] [stdout] error[E0277]: the trait bound `T: borsh::de::BorshDeserialize` is not satisfied
[INFO] [stdout]    --> /opt/rustwide/cargo-home/registry/src/index.crates.io-6f17d22bba15001f/mpl-token-vault-0.2.0/src/utils.rs:261:21
[INFO] [stdout]     |
[INFO] [stdout] 261 |     let result: T = try_from_slice_unchecked(data)?;
[INFO] [stdout]     |                     ^^^^^^^^^^^^^^^^^^^^^^^^^^^^^^ the trait `borsh::de::BorshDeserialize` is not implemented for `T`
[INFO] [stdout]     |
[INFO] [stdout] note: required by a bound in `solana_program::borsh::try_from_slice_unchecked`
[INFO] [stdout]    --> /opt/rustwide/cargo-home/registry/src/index.crates.io-6f17d22bba15001f/solana-program-1.16.15/src/borsh.rs:38:36
[INFO] [stdout]     |
[INFO] [stdout] 38  | pub fn try_from_slice_unchecked<T: BorshDeserialize>(data: &[u8]) -> Result<T, Error> {
[INFO] [stdout]     |                                    ^^^^^^^^^^^^^^^^ required by this bound in `try_from_slice_unchecked`
[INFO] [stdout] help: consider further restricting this bound
[INFO] [stdout]     |
[INFO] [stdout] 250 | pub fn try_from_slice_checked<T: BorshDeserialize + borsh::de::BorshDeserialize>(
[INFO] [stdout]     |                                                   +++++++++++++++++++++++++++++
[INFO] [stdout] 
[INFO] [stdout] 
[INFO] [stdout] error[E0599]: the method `try_to_vec` exists for enum `AuctionInstruction`, but its trait bounds were not satisfied
[INFO] [stdout]    --> /opt/rustwide/cargo-home/registry/src/index.crates.io-6f17d22bba15001f/mpl-auction-0.1.0/src/instruction.rs:128:14
[INFO] [stdout]     |
[INFO] [stdout] 16  |   pub enum AuctionInstruction {
[INFO] [stdout]     |   --------------------------- method `try_to_vec` not found for this enum because it doesn't satisfy `AuctionInstruction: BorshSerialize`
[INFO] [stdout] ...
[INFO] [stdout] 127 |           data: AuctionInstruction::CreateAuction(args)
[INFO] [stdout]     |  _______________-
[INFO] [stdout] 128 | |             .try_to_vec()
[INFO] [stdout]     | |             -^^^^^^^^^^ method cannot be called on `AuctionInstruction` due to unsatisfied trait bounds
[INFO] [stdout]     | |_____________|
[INFO] [stdout]     |
[INFO] [stdout]     |
[INFO] [stdout]    ::: /opt/rustwide/cargo-home/registry/src/index.crates.io-6f17d22bba15001f/mpl-auction-0.1.0/src/processor/create_auction.rs:28:1
[INFO] [stdout]     |
[INFO] [stdout] 28  |   pub struct CreateAuctionArgs {
[INFO] [stdout]     |   ---------------------------- doesn't satisfy `_: BorshSerialize`
[INFO] [stdout]     |
[INFO] [stdout]    ::: /opt/rustwide/cargo-home/registry/src/index.crates.io-6f17d22bba15001f/mpl-auction-0.1.0/src/processor/create_auction_v2.rs:29:1
[INFO] [stdout]     |
[INFO] [stdout] 29  |   pub struct CreateAuctionArgsV2 {
[INFO] [stdout]     |   ------------------------------ doesn't satisfy `CreateAuctionArgsV2: BorshSerialize`
[INFO] [stdout]     |
[INFO] [stdout]     = note: the following trait bounds were not satisfied:
[INFO] [stdout]             `CreateAuctionArgsV2: BorshSerialize`
[INFO] [stdout]             `processor::create_auction::CreateAuctionArgs: BorshSerialize`
[INFO] [stdout] note: the trait `BorshSerialize` must be implemented
[INFO] [stdout]    --> /opt/rustwide/cargo-home/registry/src/index.crates.io-6f17d22bba15001f/borsh-0.9.3/src/ser/mod.rs:43:1
[INFO] [stdout]     |
[INFO] [stdout] 43  | pub trait BorshSerialize {
[INFO] [stdout]     | ^^^^^^^^^^^^^^^^^^^^^^^^
[INFO] [stdout]     = help: items from traits can only be used if the trait is implemented and in scope
[INFO] [stdout]     = note: the following traits define an item `try_to_vec`, perhaps you need to implement one of them:
[INFO] [stdout]             candidate #1: `BorshSerialize`
[INFO] [stdout]             candidate #2: `borsh::ser::BorshSerialize`
[INFO] [stdout] 
[INFO] [stdout] 
[INFO] [stdout] error[E0599]: the method `try_to_vec` exists for enum `AuctionInstruction`, but its trait bounds were not satisfied
[INFO] [stdout]    --> /opt/rustwide/cargo-home/registry/src/index.crates.io-6f17d22bba15001f/mpl-auction-0.1.0/src/instruction.rs:164:14
[INFO] [stdout]     |
[INFO] [stdout] 16  |   pub enum AuctionInstruction {
[INFO] [stdout]     |   --------------------------- method `try_to_vec` not found for this enum because it doesn't satisfy `AuctionInstruction: BorshSerialize`
[INFO] [stdout] ...
[INFO] [stdout] 163 |           data: AuctionInstruction::CreateAuctionV2(args)
[INFO] [stdout]     |  _______________-
[INFO] [stdout] 164 | |             .try_to_vec()
[INFO] [stdout]     | |             -^^^^^^^^^^ method cannot be called on `AuctionInstruction` due to unsatisfied trait bounds
[INFO] [stdout]     | |_____________|
[INFO] [stdout]     |
[INFO] [stdout]     |
[INFO] [stdout]    ::: /opt/rustwide/cargo-home/registry/src/index.crates.io-6f17d22bba15001f/mpl-auction-0.1.0/src/processor/create_auction.rs:28:1
[INFO] [stdout]     |
[INFO] [stdout] 28  |   pub struct CreateAuctionArgs {
[INFO] [stdout]     |   ---------------------------- doesn't satisfy `_: BorshSerialize`
[INFO] [stdout]     |
[INFO] [stdout]    ::: /opt/rustwide/cargo-home/registry/src/index.crates.io-6f17d22bba15001f/mpl-auction-0.1.0/src/processor/create_auction_v2.rs:29:1
[INFO] [stdout]     |
[INFO] [stdout] 29  |   pub struct CreateAuctionArgsV2 {
[INFO] [stdout]     |   ------------------------------ doesn't satisfy `CreateAuctionArgsV2: BorshSerialize`
[INFO] [stdout]     |
[INFO] [stdout]     = note: the following trait bounds were not satisfied:
[INFO] [stdout]             `CreateAuctionArgsV2: BorshSerialize`
[INFO] [stdout]             `processor::create_auction::CreateAuctionArgs: BorshSerialize`
[INFO] [stdout] note: the trait `BorshSerialize` must be implemented
[INFO] [stdout]    --> /opt/rustwide/cargo-home/registry/src/index.crates.io-6f17d22bba15001f/borsh-0.9.3/src/ser/mod.rs:43:1
[INFO] [stdout]     |
[INFO] [stdout] 43  | pub trait BorshSerialize {
[INFO] [stdout]     | ^^^^^^^^^^^^^^^^^^^^^^^^
[INFO] [stdout]     = help: items from traits can only be used if the trait is implemented and in scope
[INFO] [stdout]     = note: the following traits define an item `try_to_vec`, perhaps you need to implement one of them:
[INFO] [stdout]             candidate #1: `BorshSerialize`
[INFO] [stdout]             candidate #2: `borsh::ser::BorshSerialize`
[INFO] [stdout] 
[INFO] [stdout] 
[INFO] [stdout] error[E0599]: the method `try_to_vec` exists for enum `AuctionInstruction`, but its trait bounds were not satisfied
[INFO] [stdout]    --> /opt/rustwide/cargo-home/registry/src/index.crates.io-6f17d22bba15001f/mpl-auction-0.1.0/src/instruction.rs:185:48
[INFO] [stdout]     |
[INFO] [stdout] 16  | pub enum AuctionInstruction {
[INFO] [stdout]     | --------------------------- method `try_to_vec` not found for this enum because it doesn't satisfy `AuctionInstruction: BorshSerialize`
[INFO] [stdout] ...
[INFO] [stdout] 185 |         data: AuctionInstruction::SetAuthority.try_to_vec().unwrap(),
[INFO] [stdout]     |                                                ^^^^^^^^^^ method cannot be called on `AuctionInstruction` due to unsatisfied trait bounds
[INFO] [stdout]     |
[INFO] [stdout]    ::: /opt/rustwide/cargo-home/registry/src/index.crates.io-6f17d22bba15001f/mpl-auction-0.1.0/src/processor/create_auction.rs:28:1
[INFO] [stdout]     |
[INFO] [stdout] 28  | pub struct CreateAuctionArgs {
[INFO] [stdout]     | ---------------------------- doesn't satisfy `_: BorshSerialize`
[INFO] [stdout]     |
[INFO] [stdout]    ::: /opt/rustwide/cargo-home/registry/src/index.crates.io-6f17d22bba15001f/mpl-auction-0.1.0/src/processor/create_auction_v2.rs:29:1
[INFO] [stdout]     |
[INFO] [stdout] 29  | pub struct CreateAuctionArgsV2 {
[INFO] [stdout]     | ------------------------------ doesn't satisfy `CreateAuctionArgsV2: BorshSerialize`
[INFO] [stdout]     |
[INFO] [stdout]     = note: the following trait bounds were not satisfied:
[INFO] [stdout]             `CreateAuctionArgsV2: BorshSerialize`
[INFO] [stdout]             `processor::create_auction::CreateAuctionArgs: BorshSerialize`
[INFO] [stdout] note: the trait `BorshSerialize` must be implemented
[INFO] [stdout]    --> /opt/rustwide/cargo-home/registry/src/index.crates.io-6f17d22bba15001f/borsh-0.9.3/src/ser/mod.rs:43:1
[INFO] [stdout]     |
[INFO] [stdout] 43  | pub trait BorshSerialize {
[INFO] [stdout]     | ^^^^^^^^^^^^^^^^^^^^^^^^
[INFO] [stdout]     = help: items from traits can only be used if the trait is implemented and in scope
[INFO] [stdout]     = note: the following traits define an item `try_to_vec`, perhaps you need to implement one of them:
[INFO] [stdout]             candidate #1: `BorshSerialize`
[INFO] [stdout]             candidate #2: `borsh::ser::BorshSerialize`
[INFO] [stdout] 
[INFO] [stdout] 
[INFO] [stdout] error[E0599]: the method `try_to_vec` exists for enum `AuctionInstruction`, but its trait bounds were not satisfied
[INFO] [stdout]    --> /opt/rustwide/cargo-home/registry/src/index.crates.io-6f17d22bba15001f/mpl-auction-0.1.0/src/instruction.rs:210:54
[INFO] [stdout]     |
[INFO] [stdout] 16  | pub enum AuctionInstruction {
[INFO] [stdout]     | --------------------------- method `try_to_vec` not found for this enum because it doesn't satisfy `AuctionInstruction: BorshSerialize`
[INFO] [stdout] ...
[INFO] [stdout] 210 |         data: AuctionInstruction::StartAuction(args).try_to_vec().unwrap(),
[INFO] [stdout]     |                                                      ^^^^^^^^^^ method cannot be called on `AuctionInstruction` due to unsatisfied trait bounds
[INFO] [stdout]     |
[INFO] [stdout]    ::: /opt/rustwide/cargo-home/registry/src/index.crates.io-6f17d22bba15001f/mpl-auction-0.1.0/src/processor/create_auction.rs:28:1
[INFO] [stdout]     |
[INFO] [stdout] 28  | pub struct CreateAuctionArgs {
[INFO] [stdout]     | ---------------------------- doesn't satisfy `_: BorshSerialize`
[INFO] [stdout]     |
[INFO] [stdout]    ::: /opt/rustwide/cargo-home/registry/src/index.crates.io-6f17d22bba15001f/mpl-auction-0.1.0/src/processor/create_auction_v2.rs:29:1
[INFO] [stdout]     |
[INFO] [stdout] 29  | pub struct CreateAuctionArgsV2 {
[INFO] [stdout]     | ------------------------------ doesn't satisfy `CreateAuctionArgsV2: BorshSerialize`
[INFO] [stdout]     |
[INFO] [stdout]     = note: the following trait bounds were not satisfied:
[INFO] [stdout]             `CreateAuctionArgsV2: BorshSerialize`
[INFO] [stdout]             `processor::create_auction::CreateAuctionArgs: BorshSerialize`
[INFO] [stdout] note: the trait `BorshSerialize` must be implemented
[INFO] [stdout]    --> /opt/rustwide/cargo-home/registry/src/index.crates.io-6f17d22bba15001f/borsh-0.9.3/src/ser/mod.rs:43:1
[INFO] [stdout]     |
[INFO] [stdout] 43  | pub trait BorshSerialize {
[INFO] [stdout]     | ^^^^^^^^^^^^^^^^^^^^^^^^
[INFO] [stdout]     = help: items from traits can only be used if the trait is implemented and in scope
[INFO] [stdout]     = note: the following traits define an item `try_to_vec`, perhaps you need to implement one of them:
[INFO] [stdout]             candidate #1: `BorshSerialize`
[INFO] [stdout]             candidate #2: `borsh::ser::BorshSerialize`
[INFO] [stdout] 
[INFO] [stdout] 
[INFO] [stdout] error[E0599]: the method `try_to_vec` exists for enum `AuctionInstruction`, but its trait bounds were not satisfied
[INFO] [stdout]    --> /opt/rustwide/cargo-home/registry/src/index.crates.io-6f17d22bba15001f/mpl-auction-0.1.0/src/instruction.rs:278:50
[INFO] [stdout]     |
[INFO] [stdout] 16  | pub enum AuctionInstruction {
[INFO] [stdout]     | --------------------------- method `try_to_vec` not found for this enum because it doesn't satisfy `AuctionInstruction: BorshSerialize`
[INFO] [stdout] ...
[INFO] [stdout] 278 |         data: AuctionInstruction::PlaceBid(args).try_to_vec().unwrap(),
[INFO] [stdout]     |                                                  ^^^^^^^^^^ method cannot be called on `AuctionInstruction` due to unsatisfied trait bounds
[INFO] [stdout]     |
[INFO] [stdout]    ::: /opt/rustwide/cargo-home/registry/src/index.crates.io-6f17d22bba15001f/mpl-auction-0.1.0/src/processor/create_auction.rs:28:1
[INFO] [stdout]     |
[INFO] [stdout] 28  | pub struct CreateAuctionArgs {
[INFO] [stdout]     | ---------------------------- doesn't satisfy `_: BorshSerialize`
[INFO] [stdout]     |
[INFO] [stdout]    ::: /opt/rustwide/cargo-home/registry/src/index.crates.io-6f17d22bba15001f/mpl-auction-0.1.0/src/processor/create_auction_v2.rs:29:1
[INFO] [stdout]     |
[INFO] [stdout] 29  | pub struct CreateAuctionArgsV2 {
[INFO] [stdout]     | ------------------------------ doesn't satisfy `CreateAuctionArgsV2: BorshSerialize`
[INFO] [stdout]     |
[INFO] [stdout]     = note: the following trait bounds were not satisfied:
[INFO] [stdout]             `CreateAuctionArgsV2: BorshSerialize`
[INFO] [stdout]             `processor::create_auction::CreateAuctionArgs: BorshSerialize`
[INFO] [stdout] note: the trait `BorshSerialize` must be implemented
[INFO] [stdout]    --> /opt/rustwide/cargo-home/registry/src/index.crates.io-6f17d22bba15001f/borsh-0.9.3/src/ser/mod.rs:43:1
[INFO] [stdout]     |
[INFO] [stdout] 43  | pub trait BorshSerialize {
[INFO] [stdout]     | ^^^^^^^^^^^^^^^^^^^^^^^^
[INFO] [stdout]     = help: items from traits can only be used if the trait is implemented and in scope
[INFO] [stdout]     = note: the following traits define an item `try_to_vec`, perhaps you need to implement one of them:
[INFO] [stdout]             candidate #1: `BorshSerialize`
[INFO] [stdout]             candidate #2: `borsh::ser::BorshSerialize`
[INFO] [stdout] 
[INFO] [stdout] 
[INFO] [stdout] error[E0599]: the method `try_to_vec` exists for enum `AuctionInstruction`, but its trait bounds were not satisfied
[INFO] [stdout]    --> /opt/rustwide/cargo-home/registry/src/index.crates.io-6f17d22bba15001f/mpl-auction-0.1.0/src/instruction.rs:342:51
[INFO] [stdout]     |
[INFO] [stdout] 16  | pub enum AuctionInstruction {
[INFO] [stdout]     | --------------------------- method `try_to_vec` not found for this enum because it doesn't satisfy `AuctionInstruction: BorshSerialize`
[INFO] [stdout] ...
[INFO] [stdout] 342 |         data: AuctionInstruction::CancelBid(args).try_to_vec().unwrap(),
[INFO] [stdout]     |                                                   ^^^^^^^^^^ method cannot be called on `AuctionInstruction` due to unsatisfied trait bounds
[INFO] [stdout]     |
[INFO] [stdout]    ::: /opt/rustwide/cargo-home/registry/src/index.crates.io-6f17d22bba15001f/mpl-auction-0.1.0/src/processor/create_auction.rs:28:1
[INFO] [stdout]     |
[INFO] [stdout] 28  | pub struct CreateAuctionArgs {
[INFO] [stdout]     | ---------------------------- doesn't satisfy `_: BorshSerialize`
[INFO] [stdout]     |
[INFO] [stdout]    ::: /opt/rustwide/cargo-home/registry/src/index.crates.io-6f17d22bba15001f/mpl-auction-0.1.0/src/processor/create_auction_v2.rs:29:1
[INFO] [stdout]     |
[INFO] [stdout] 29  | pub struct CreateAuctionArgsV2 {
[INFO] [stdout]     | ------------------------------ doesn't satisfy `CreateAuctionArgsV2: BorshSerialize`
[INFO] [stdout]     |
[INFO] [stdout]     = note: the following trait bounds were not satisfied:
[INFO] [stdout]             `CreateAuctionArgsV2: BorshSerialize`
[INFO] [stdout]             `processor::create_auction::CreateAuctionArgs: BorshSerialize`
[INFO] [stdout] note: the trait `BorshSerialize` must be implemented
[INFO] [stdout]    --> /opt/rustwide/cargo-home/registry/src/index.crates.io-6f17d22bba15001f/borsh-0.9.3/src/ser/mod.rs:43:1
[INFO] [stdout]     |
[INFO] [stdout] 43  | pub trait BorshSerialize {
[INFO] [stdout]     | ^^^^^^^^^^^^^^^^^^^^^^^^
[INFO] [stdout]     = help: items from traits can only be used if the trait is implemented and in scope
[INFO] [stdout]     = note: the following traits define an item `try_to_vec`, perhaps you need to implement one of them:
[INFO] [stdout]             candidate #1: `BorshSerialize`
[INFO] [stdout]             candidate #2: `borsh::ser::BorshSerialize`
[INFO] [stdout] 
[INFO] [stdout] 
[INFO] [stdout] error[E0599]: the method `try_to_vec` exists for enum `AuctionInstruction`, but its trait bounds were not satisfied
[INFO] [stdout]    --> /opt/rustwide/cargo-home/registry/src/index.crates.io-6f17d22bba15001f/mpl-auction-0.1.0/src/instruction.rs:366:52
[INFO] [stdout]     |
[INFO] [stdout] 16  | pub enum AuctionInstruction {
[INFO] [stdout]     | --------------------------- method `try_to_vec` not found for this enum because it doesn't satisfy `AuctionInstruction: BorshSerialize`
[INFO] [stdout] ...
[INFO] [stdout] 366 |         data: AuctionInstruction::EndAuction(args).try_to_vec().unwrap(),
[INFO] [stdout]     |                                                    ^^^^^^^^^^ method cannot be called on `AuctionInstruction` due to unsatisfied trait bounds
[INFO] [stdout]     |
[INFO] [stdout]    ::: /opt/rustwide/cargo-home/registry/src/index.crates.io-6f17d22bba15001f/mpl-auction-0.1.0/src/processor/create_auction.rs:28:1
[INFO] [stdout]     |
[INFO] [stdout] 28  | pub struct CreateAuctionArgs {
[INFO] [stdout]     | ---------------------------- doesn't satisfy `_: BorshSerialize`
[INFO] [stdout]     |
[INFO] [stdout]    ::: /opt/rustwide/cargo-home/registry/src/index.crates.io-6f17d22bba15001f/mpl-auction-0.1.0/src/processor/create_auction_v2.rs:29:1
[INFO] [stdout]     |
[INFO] [stdout] 29  | pub struct CreateAuctionArgsV2 {
[INFO] [stdout]     | ------------------------------ doesn't satisfy `CreateAuctionArgsV2: BorshSerialize`
[INFO] [stdout]     |
[INFO] [stdout]     = note: the following trait bounds were not satisfied:
[INFO] [stdout]             `CreateAuctionArgsV2: BorshSerialize`
[INFO] [stdout]             `processor::create_auction::CreateAuctionArgs: BorshSerialize`
[INFO] [stdout] note: the trait `BorshSerialize` must be implemented
[INFO] [stdout]    --> /opt/rustwide/cargo-home/registry/src/index.crates.io-6f17d22bba15001f/borsh-0.9.3/src/ser/mod.rs:43:1
[INFO] [stdout]     |
[INFO] [stdout] 43  | pub trait BorshSerialize {
[INFO] [stdout]     | ^^^^^^^^^^^^^^^^^^^^^^^^
[INFO] [stdout]     = help: items from traits can only be used if the trait is implemented and in scope
[INFO] [stdout]     = note: the following traits define an item `try_to_vec`, perhaps you need to implement one of them:
[INFO] [stdout]             candidate #1: `BorshSerialize`
[INFO] [stdout]             candidate #2: `borsh::ser::BorshSerialize`
[INFO] [stdout] 
[INFO] [stdout] 
[INFO] [stdout] error[E0599]: the method `try_to_vec` exists for enum `AuctionInstruction`, but its trait bounds were not satisfied
[INFO] [stdout]    --> /opt/rustwide/cargo-home/registry/src/index.crates.io-6f17d22bba15001f/mpl-auction-0.1.0/src/instruction.rs:416:50
[INFO] [stdout]     |
[INFO] [stdout] 16  | pub enum AuctionInstruction {
[INFO] [stdout]     | --------------------------- method `try_to_vec` not found for this enum because it doesn't satisfy `AuctionInstruction: BorshSerialize`
[INFO] [stdout] ...
[INFO] [stdout] 416 |         data: AuctionInstruction::ClaimBid(args).try_to_vec().unwrap(),
[INFO] [stdout]     |                                                  ^^^^^^^^^^ method cannot be called on `AuctionInstruction` due to unsatisfied trait bounds
[INFO] [stdout]     |
[INFO] [stdout]    ::: /opt/rustwide/cargo-home/registry/src/index.crates.io-6f17d22bba15001f/mpl-auction-0.1.0/src/processor/create_auction.rs:28:1
[INFO] [stdout]     |
[INFO] [stdout] 28  | pub struct CreateAuctionArgs {
[INFO] [stdout]     | ---------------------------- doesn't satisfy `_: BorshSerialize`
[INFO] [stdout]     |
[INFO] [stdout]    ::: /opt/rustwide/cargo-home/registry/src/index.crates.io-6f17d22bba15001f/mpl-auction-0.1.0/src/processor/create_auction_v2.rs:29:1
[INFO] [stdout]     |
[INFO] [stdout] 29  | pub struct CreateAuctionArgsV2 {
[INFO] [stdout]     | ------------------------------ doesn't satisfy `CreateAuctionArgsV2: BorshSerialize`
[INFO] [stdout]     |
[INFO] [stdout]     = note: the following trait bounds were not satisfied:
[INFO] [stdout]             `CreateAuctionArgsV2: BorshSerialize`
[INFO] [stdout]             `processor::create_auction::CreateAuctionArgs: BorshSerialize`
[INFO] [stdout] note: the trait `BorshSerialize` must be implemented
[INFO] [stdout]    --> /opt/rustwide/cargo-home/registry/src/index.crates.io-6f17d22bba15001f/borsh-0.9.3/src/ser/mod.rs:43:1
[INFO] [stdout]     |
[INFO] [stdout] 43  | pub trait BorshSerialize {
[INFO] [stdout]     | ^^^^^^^^^^^^^^^^^^^^^^^^
[INFO] [stdout]     = help: items from traits can only be used if the trait is implemented and in scope
[INFO] [stdout]     = note: the following traits define an item `try_to_vec`, perhaps you need to implement one of them:
[INFO] [stdout]             candidate #1: `BorshSerialize`
[INFO] [stdout]             candidate #2: `borsh::ser::BorshSerialize`
[INFO] [stdout] 
[INFO] [stdout] 
[INFO] [stdout] For more information about this error, try `rustc --explain E0277`.
[INFO] [stdout] 
[INFO] [stderr] error: could not compile `mpl-token-vault` (lib) due to 1 previous error
[INFO] [stderr] warning: build failed, waiting for other jobs to finish...
[INFO] [stdout] error[E0599]: the method `serialize` exists for struct `AuctionData`, but its trait bounds were not satisfied
[INFO] [stdout]    --> /opt/rustwide/cargo-home/registry/src/index.crates.io-6f17d22bba15001f/mpl-auction-0.1.0/src/processor/cancel_bid.rs:249:17
[INFO] [stdout]     |
[INFO] [stdout] 249 |         auction.serialize(&mut *accounts.auction.data.borrow_mut())?;
[INFO] [stdout]     |                 ^^^^^^^^^ method cannot be called on `AuctionData` due to unsatisfied trait bounds
[INFO] [stdout]     |
[INFO] [stdout]    ::: /opt/rustwide/cargo-home/registry/src/index.crates.io-6f17d22bba15001f/mpl-auction-0.1.0/src/processor.rs:53:1
[INFO] [stdout]     |
[INFO] [stdout] 53  | pub enum PriceFloor {
[INFO] [stdout]     | ------------------- doesn't satisfy `PriceFloor: BorshSerialize`
[INFO] [stdout] ...
[INFO] [stdout] 72  | pub struct AuctionData {
[INFO] [stdout]     | ---------------------- method `serialize` not found for this struct because it doesn't satisfy `AuctionData: BorshSerialize`
[INFO] [stdout]     |
[INFO] [stdout]     = note: trait bound `PriceFloor: BorshSerialize` was not satisfied
[INFO] [stdout] note: the trait `BorshSerialize` must be implemented
[INFO] [stdout]    --> /opt/rustwide/cargo-home/registry/src/index.crates.io-6f17d22bba15001f/borsh-0.9.3/src/ser/mod.rs:43:1
[INFO] [stdout]     |
[INFO] [stdout] 43  | pub trait BorshSerialize {
[INFO] [stdout]     | ^^^^^^^^^^^^^^^^^^^^^^^^
[INFO] [stdout]     = help: items from traits can only be used if the trait is implemented and in scope
[INFO] [stdout]     = note: the following traits define an item `serialize`, perhaps you need to implement one of them:
[INFO] [stdout]             candidate #1: `BorshSerialize`
[INFO] [stdout]             candidate #2: `VarInt`
[INFO] [stdout]             candidate #3: `bincode::config::Options`
[INFO] [stdout]             candidate #4: `borsh::ser::BorshSerialize`
[INFO] [stdout]             candidate #5: `serde::ser::Serialize`
[INFO] [stdout]             candidate #6: `serde_bytes::ser::Serialize`
[INFO] [stdout] 
[INFO] [stdout] 
[INFO] [stdout] error[E0599]: the method `serialize` exists for struct `AuctionData`, but its trait bounds were not satisfied
[INFO] [stdout]    --> /opt/rustwide/cargo-home/registry/src/index.crates.io-6f17d22bba15001f/mpl-auction-0.1.0/src/processor/create_auction.rs:178:6
[INFO] [stdout]     |
[INFO] [stdout] 167 | /     AuctionData {
[INFO] [stdout] 168 | |         authority: args.authority,
[INFO] [stdout] 169 | |         bid_state: bid_state,
[INFO] [stdout] 170 | |         end_auction_at: args.end_auction_at,
[INFO] [stdout] ...   |
[INFO] [stdout] 177 | |     }
[INFO] [stdout] 178 | |     .serialize(&mut *accounts.auction.data.borrow_mut())?;
[INFO] [stdout]     | |     -^^^^^^^^^ method cannot be called on `AuctionData` due to unsatisfied trait bounds
[INFO] [stdout]     | |_____|
[INFO] [stdout]     |
[INFO] [stdout]     |
[INFO] [stdout]    ::: /opt/rustwide/cargo-home/registry/src/index.crates.io-6f17d22bba15001f/mpl-auction-0.1.0/src/processor.rs:53:1
[INFO] [stdout]     |
[INFO] [stdout] 53  |   pub enum PriceFloor {
[INFO] [stdout]     |   ------------------- doesn't satisfy `PriceFloor: BorshSerialize`
[INFO] [stdout] ...
[INFO] [stdout] 72  |   pub struct AuctionData {
[INFO] [stdout]     |   ---------------------- method `serialize` not found for this struct because it doesn't satisfy `AuctionData: BorshSerialize`
[INFO] [stdout]     |
[INFO] [stdout]     = note: trait bound `PriceFloor: BorshSerialize` was not satisfied
[INFO] [stdout] note: the trait `BorshSerialize` must be implemented
[INFO] [stdout]    --> /opt/rustwide/cargo-home/registry/src/index.crates.io-6f17d22bba15001f/borsh-0.9.3/src/ser/mod.rs:43:1
[INFO] [stdout]     |
[INFO] [stdout] 43  | pub trait BorshSerialize {
[INFO] [stdout]     | ^^^^^^^^^^^^^^^^^^^^^^^^
[INFO] [stdout]     = help: items from traits can only be used if the trait is implemented and in scope
[INFO] [stdout]     = note: the following traits define an item `serialize`, perhaps you need to implement one of them:
[INFO] [stdout]             candidate #1: `BorshSerialize`
[INFO] [stdout]             candidate #2: `VarInt`
[INFO] [stdout]             candidate #3: `bincode::config::Options`
[INFO] [stdout]             candidate #4: `borsh::ser::BorshSerialize`
[INFO] [stdout]             candidate #5: `serde::ser::Serialize`
[INFO] [stdout]             candidate #6: `serde_bytes::ser::Serialize`
[INFO] [stdout] 
[INFO] [stdout] 
[INFO] [stdout] error[E0599]: the method `serialize` exists for struct `AuctionData`, but its trait bounds were not satisfied
[INFO] [stdout]    --> /opt/rustwide/cargo-home/registry/src/index.crates.io-6f17d22bba15001f/mpl-auction-0.1.0/src/processor/end_auction.rs:114:6
[INFO] [stdout]     |
[INFO] [stdout] 108 | /     AuctionData {
[INFO] [stdout] 109 | |         ended_at: Some(clock.unix_timestamp),
[INFO] [stdout] 110 | |         state: auction.state.end()?,
[INFO] [stdout] 111 | |         price_floor: reveal(auction.price_floor, args.reveal)?,
[INFO] [stdout] 112 | |         ..auction
[INFO] [stdout] 113 | |     }
[INFO] [stdout] 114 | |     .serialize(&mut *accounts.auction.data.borrow_mut())?;
[INFO] [stdout]     | |     -^^^^^^^^^ method cannot be called on `AuctionData` due to unsatisfied trait bounds
[INFO] [stdout]     | |_____|
[INFO] [stdout]     |
[INFO] [stdout]     |
[INFO] [stdout]    ::: /opt/rustwide/cargo-home/registry/src/index.crates.io-6f17d22bba15001f/mpl-auction-0.1.0/src/processor.rs:53:1
[INFO] [stdout]     |
[INFO] [stdout] 53  |   pub enum PriceFloor {
[INFO] [stdout]     |   ------------------- doesn't satisfy `PriceFloor: BorshSerialize`
[INFO] [stdout] ...
[INFO] [stdout] 72  |   pub struct AuctionData {
[INFO] [stdout]     |   ---------------------- method `serialize` not found for this struct because it doesn't satisfy `AuctionData: BorshSerialize`
[INFO] [stdout]     |
[INFO] [stdout]     = note: trait bound `PriceFloor: BorshSerialize` was not satisfied
[INFO] [stdout] note: the trait `BorshSerialize` must be implemented
[INFO] [stdout]    --> /opt/rustwide/cargo-home/registry/src/index.crates.io-6f17d22bba15001f/borsh-0.9.3/src/ser/mod.rs:43:1
[INFO] [stdout]     |
[INFO] [stdout] 43  | pub trait BorshSerialize {
[INFO] [stdout]     | ^^^^^^^^^^^^^^^^^^^^^^^^
[INFO] [stdout]     = help: items from traits can only be used if the trait is implemented and in scope
[INFO] [stdout]     = note: the following traits define an item `serialize`, perhaps you need to implement one of them:
[INFO] [stdout]             candidate #1: `BorshSerialize`
[INFO] [stdout]             candidate #2: `VarInt`
[INFO] [stdout]             candidate #3: `bincode::config::Options`
[INFO] [stdout]             candidate #4: `borsh::ser::BorshSerialize`
[INFO] [stdout]             candidate #5: `serde::ser::Serialize`
[INFO] [stdout]             candidate #6: `serde_bytes::ser::Serialize`
[INFO] [stdout] 
[INFO] [stdout] 
[INFO] [stdout] error[E0599]: the method `serialize` exists for struct `AuctionData`, but its trait bounds were not satisfied
[INFO] [stdout]    --> /opt/rustwide/cargo-home/registry/src/index.crates.io-6f17d22bba15001f/mpl-auction-0.1.0/src/processor/place_bid.rs:149:17
[INFO] [stdout]     |
[INFO] [stdout] 149 |         auction.serialize(&mut *accounts.auction.data.borrow_mut())?;
[INFO] [stdout]     |                 ^^^^^^^^^ method cannot be called on `AuctionData` due to unsatisfied trait bounds
[INFO] [stdout]     |
[INFO] [stdout]    ::: /opt/rustwide/cargo-home/registry/src/index.crates.io-6f17d22bba15001f/mpl-auction-0.1.0/src/processor.rs:53:1
[INFO] [stdout]     |
[INFO] [stdout] 53  | pub enum PriceFloor {
[INFO] [stdout]     | ------------------- doesn't satisfy `PriceFloor: BorshSerialize`
[INFO] [stdout] ...
[INFO] [stdout] 72  | pub struct AuctionData {
[INFO] [stdout]     | ---------------------- method `serialize` not found for this struct because it doesn't satisfy `AuctionData: BorshSerialize`
[INFO] [stdout]     |
[INFO] [stdout]     = note: trait bound `PriceFloor: BorshSerialize` was not satisfied
[INFO] [stdout] note: the trait `BorshSerialize` must be implemented
[INFO] [stdout]    --> /opt/rustwide/cargo-home/registry/src/index.crates.io-6f17d22bba15001f/borsh-0.9.3/src/ser/mod.rs:43:1
[INFO] [stdout]     |
[INFO] [stdout] 43  | pub trait BorshSerialize {
[INFO] [stdout]     | ^^^^^^^^^^^^^^^^^^^^^^^^
[INFO] [stdout]     = help: items from traits can only be used if the trait is implemented and in scope
[INFO] [stdout]     = note: the following traits define an item `serialize`, perhaps you need to implement one of them:
[INFO] [stdout]             candidate #1: `BorshSerialize`
[INFO] [stdout]             candidate #2: `VarInt`
[INFO] [stdout]             candidate #3: `bincode::config::Options`
[INFO] [stdout]             candidate #4: `borsh::ser::BorshSerialize`
[INFO] [stdout]             candidate #5: `serde::ser::Serialize`
[INFO] [stdout]             candidate #6: `serde_bytes::ser::Serialize`
[INFO] [stdout] 
[INFO] [stdout] 
[INFO] [stdout] error[E0599]: the method `serialize` exists for struct `AuctionData`, but its trait bounds were not satisfied
[INFO] [stdout]    --> /opt/rustwide/cargo-home/registry/src/index.crates.io-6f17d22bba15001f/mpl-auction-0.1.0/src/processor/place_bid.rs:335:13
[INFO] [stdout]     |
[INFO] [stdout] 335 |     auction.serialize(&mut *accounts.auction.data.borrow_mut())?;
[INFO] [stdout]     |             ^^^^^^^^^ method cannot be called on `AuctionData` due to unsatisfied trait bounds
[INFO] [stdout]     |
[INFO] [stdout]    ::: /opt/rustwide/cargo-home/registry/src/index.crates.io-6f17d22bba15001f/mpl-auction-0.1.0/src/processor.rs:53:1
[INFO] [stdout]     |
[INFO] [stdout] 53  | pub enum PriceFloor {
[INFO] [stdout]     | ------------------- doesn't satisfy `PriceFloor: BorshSerialize`
[INFO] [stdout] ...
[INFO] [stdout] 72  | pub struct AuctionData {
[INFO] [stdout]     | ---------------------- method `serialize` not found for this struct because it doesn't satisfy `AuctionData: BorshSerialize`
[INFO] [stdout]     |
[INFO] [stdout]     = note: trait bound `PriceFloor: BorshSerialize` was not satisfied
[INFO] [stdout] note: the trait `BorshSerialize` must be implemented
[INFO] [stdout]    --> /opt/rustwide/cargo-home/registry/src/index.crates.io-6f17d22bba15001f/borsh-0.9.3/src/ser/mod.rs:43:1
[INFO] [stdout]     |
[INFO] [stdout] 43  | pub trait BorshSerialize {
[INFO] [stdout]     | ^^^^^^^^^^^^^^^^^^^^^^^^
[INFO] [stdout]     = help: items from traits can only be used if the trait is implemented and in scope
[INFO] [stdout]     = note: the following traits define an item `serialize`, perhaps you need to implement one of them:
[INFO] [stdout]             candidate #1: `BorshSerialize`
[INFO] [stdout]             candidate #2: `VarInt`
[INFO] [stdout]             candidate #3: `bincode::config::Options`
[INFO] [stdout]             candidate #4: `borsh::ser::BorshSerialize`
[INFO] [stdout]             candidate #5: `serde::ser::Serialize`
[INFO] [stdout]             candidate #6: `serde_bytes::ser::Serialize`
[INFO] [stdout] 
[INFO] [stdout] 
[INFO] [stdout] error[E0599]: the method `serialize` exists for struct `AuctionData`, but its trait bounds were not satisfied
[INFO] [stdout]   --> /opt/rustwide/cargo-home/registry/src/index.crates.io-6f17d22bba15001f/mpl-auction-0.1.0/src/processor/set_authority.rs:45:13
[INFO] [stdout]    |
[INFO] [stdout] 45 |     auction.serialize(&mut *auction_act.data.borrow_mut())?;
[INFO] [stdout]    |             ^^^^^^^^^ method cannot be called on `AuctionData` due to unsatisfied trait bounds
[INFO] [stdout]    |
[INFO] [stdout]   ::: /opt/rustwide/cargo-home/registry/src/index.crates.io-6f17d22bba15001f/mpl-auction-0.1.0/src/processor.rs:53:1
[INFO] [stdout]    |
[INFO] [stdout] 53 | pub enum PriceFloor {
[INFO] [stdout]    | ------------------- doesn't satisfy `PriceFloor: BorshSerialize`
[INFO] [stdout] ...
[INFO] [stdout] 72 | pub struct AuctionData {
[INFO] [stdout]    | ---------------------- method `serialize` not found for this struct because it doesn't satisfy `AuctionData: BorshSerialize`
[INFO] [stdout]    |
[INFO] [stdout]    = note: trait bound `PriceFloor: BorshSerialize` was not satisfied
[INFO] [stdout] note: the trait `BorshSerialize` must be implemented
[INFO] [stdout]   --> /opt/rustwide/cargo-home/registry/src/index.crates.io-6f17d22bba15001f/borsh-0.9.3/src/ser/mod.rs:43:1
[INFO] [stdout]    |
[INFO] [stdout] 43 | pub trait BorshSerialize {
[INFO] [stdout]    | ^^^^^^^^^^^^^^^^^^^^^^^^
[INFO] [stdout]    = help: items from traits can only be used if the trait is implemented and in scope
[INFO] [stdout]    = note: the following traits define an item `serialize`, perhaps you need to implement one of them:
[INFO] [stdout]            candidate #1: `BorshSerialize`
[INFO] [stdout]            candidate #2: `VarInt`
[INFO] [stdout]            candidate #3: `bincode::config::Options`
[INFO] [stdout]            candidate #4: `borsh::ser::BorshSerialize`
[INFO] [stdout]            candidate #5: `serde::ser::Serialize`
[INFO] [stdout]            candidate #6: `serde_bytes::ser::Serialize`
[INFO] [stdout] 
[INFO] [stdout] 
[INFO] [stdout] error[E0599]: the method `serialize` exists for struct `AuctionData`, but its trait bounds were not satisfied
[INFO] [stdout]   --> /opt/rustwide/cargo-home/registry/src/index.crates.io-6f17d22bba15001f/mpl-auction-0.1.0/src/processor/start_auction.rs:93:6
[INFO] [stdout]    |
[INFO] [stdout] 88 | /     AuctionData {
[INFO] [stdout] 89 | |         ended_at,
[INFO] [stdout] 90 | |         state: auction.state.start()?,
[INFO] [stdout] 91 | |         ..auction
[INFO] [stdout] 92 | |     }
[INFO] [stdout] 93 | |     .serialize(&mut *accounts.auction.data.borrow_mut())?;
[INFO] [stdout]    | |     -^^^^^^^^^ method cannot be called on `AuctionData` due to unsatisfied trait bounds
[INFO] [stdout]    | |_____|
[INFO] [stdout]    |
[INFO] [stdout]    |
[INFO] [stdout]   ::: /opt/rustwide/cargo-home/registry/src/index.crates.io-6f17d22bba15001f/mpl-auction-0.1.0/src/processor.rs:53:1
[INFO] [stdout]    |
[INFO] [stdout] 53 |   pub enum PriceFloor {
[INFO] [stdout]    |   ------------------- doesn't satisfy `PriceFloor: BorshSerialize`
[INFO] [stdout] ...
[INFO] [stdout] 72 |   pub struct AuctionData {
[INFO] [stdout]    |   ---------------------- method `serialize` not found for this struct because it doesn't satisfy `AuctionData: BorshSerialize`
[INFO] [stdout]    |
[INFO] [stdout]    = note: trait bound `PriceFloor: BorshSerialize` was not satisfied
[INFO] [stdout] note: the trait `BorshSerialize` must be implemented
[INFO] [stdout]   --> /opt/rustwide/cargo-home/registry/src/index.crates.io-6f17d22bba15001f/borsh-0.9.3/src/ser/mod.rs:43:1
[INFO] [stdout]    |
[INFO] [stdout] 43 | pub trait BorshSerialize {
[INFO] [stdout]    | ^^^^^^^^^^^^^^^^^^^^^^^^
[INFO] [stdout]    = help: items from traits can only be used if the trait is implemented and in scope
[INFO] [stdout]    = note: the following traits define an item `serialize`, perhaps you need to implement one of them:
[INFO] [stdout]            candidate #1: `BorshSerialize`
[INFO] [stdout]            candidate #2: `VarInt`
[INFO] [stdout]            candidate #3: `bincode::config::Options`
[INFO] [stdout]            candidate #4: `borsh::ser::BorshSerialize`
[INFO] [stdout]            candidate #5: `serde::ser::Serialize`
[INFO] [stdout]            candidate #6: `serde_bytes::ser::Serialize`
[INFO] [stdout] 
[INFO] [stdout] 
[INFO] [stdout] error[E0599]: the variant or associated item `try_from_slice` exists for enum `AuctionInstruction`, but its trait bounds were not satisfied
[INFO] [stdout]   --> /opt/rustwide/cargo-home/registry/src/index.crates.io-6f17d22bba15001f/mpl-auction-0.1.0/src/processor.rs:36:31
[INFO] [stdout]    |
[INFO] [stdout] 36 |     match AuctionInstruction::try_from_slice(input)? {
[INFO] [stdout]    |                               ^^^^^^^^^^^^^^ variant or associated item cannot be called on `AuctionInstruction` due to unsatisfied trait bounds
[INFO] [stdout]    |
[INFO] [stdout]   ::: /opt/rustwide/cargo-home/registry/src/index.crates.io-6f17d22bba15001f/mpl-auction-0.1.0/src/instruction.rs:16:1
[INFO] [stdout]    |
[INFO] [stdout] 16 | pub enum AuctionInstruction {
[INFO] [stdout]    | --------------------------- variant or associated item `try_from_slice` not found for this enum because it doesn't satisfy `AuctionInstruction: BorshDeserialize`
[INFO] [stdout]    |
[INFO] [stdout]   ::: /opt/rustwide/cargo-home/registry/src/index.crates.io-6f17d22bba15001f/mpl-auction-0.1.0/src/processor/create_auction.rs:28:1
[INFO] [stdout]    |
[INFO] [stdout] 28 | pub struct CreateAuctionArgs {
[INFO] [stdout]    | ---------------------------- doesn't satisfy `_: BorshDeserialize`
[INFO] [stdout]    |
[INFO] [stdout]   ::: /opt/rustwide/cargo-home/registry/src/index.crates.io-6f17d22bba15001f/mpl-auction-0.1.0/src/processor/create_auction_v2.rs:29:1
[INFO] [stdout]    |
[INFO] [stdout] 29 | pub struct CreateAuctionArgsV2 {
[INFO] [stdout]    | ------------------------------ doesn't satisfy `CreateAuctionArgsV2: BorshDeserialize`
[INFO] [stdout]    |
[INFO] [stdout]    = note: the following trait bounds were not satisfied:
[INFO] [stdout]            `CreateAuctionArgsV2: BorshDeserialize`
[INFO] [stdout]            `processor::create_auction::CreateAuctionArgs: BorshDeserialize`
[INFO] [stdout] note: the trait `BorshDeserialize` must be implemented
[INFO] [stdout]   --> /opt/rustwide/cargo-home/registry/src/index.crates.io-6f17d22bba15001f/borsh-0.9.3/src/de/mod.rs:30:1
[INFO] [stdout]    |
[INFO] [stdout] 30 | pub trait BorshDeserialize: Sized {
[INFO] [stdout]    | ^^^^^^^^^^^^^^^^^^^^^^^^^^^^^^^^^
[INFO] [stdout]    = help: items from traits can only be used if the trait is implemented and in scope
[INFO] [stdout]    = note: the following traits define an item `try_from_slice`, perhaps you need to implement one of them:
[INFO] [stdout]            candidate #1: `BorshDeserialize`
[INFO] [stdout]            candidate #2: `borsh::de::BorshDeserialize`
[INFO] [stdout] 
[INFO] [stdout] 
[INFO] [stdout] error[E0277]: the trait bound `AuctionDataExtended: borsh::de::BorshDeserialize` is not satisfied
[INFO] [stdout]    --> /opt/rustwide/cargo-home/registry/src/index.crates.io-6f17d22bba15001f/mpl-auction-0.1.0/src/processor.rs:127:53
[INFO] [stdout]     |
[INFO] [stdout] 127 |         let auction_extended: AuctionDataExtended = try_from_slice_unchecked(&a.data.borrow_mut())?;
[INFO] [stdout]     |                                                     ^^^^^^^^^^^^^^^^^^^^^^^^^^^^^^^^^^^^^^^^^^^^^^ the trait `borsh::de::BorshDeserialize` is not implemented for `AuctionDataExtended`
[INFO] [stdout]     |
[INFO] [stdout]     = help: the following other types implement trait `borsh::de::BorshDeserialize`:
[INFO] [stdout]               ()
[INFO] [stdout]               (T0, T1)
[INFO] [stdout]               (T0, T1, T2)
[INFO] [stdout]               (T0, T1, T2, T3)
[INFO] [stdout]               (T0, T1, T2, T3, T4)
[INFO] [stdout]               (T0, T1, T2, T3, T4, T5)
[INFO] [stdout]               (T0, T1, T2, T3, T4, T5, T6)
[INFO] [stdout]               (T0, T1, T2, T3, T4, T5, T6, T7)
[INFO] [stdout]             and 74 others
[INFO] [stdout] note: required by a bound in `solana_program::borsh::try_from_slice_unchecked`
[INFO] [stdout]    --> /opt/rustwide/cargo-home/registry/src/index.crates.io-6f17d22bba15001f/solana-program-1.16.15/src/borsh.rs:38:36
[INFO] [stdout]     |
[INFO] [stdout] 38  | pub fn try_from_slice_unchecked<T: BorshDeserialize>(data: &[u8]) -> Result<T, Error> {
[INFO] [stdout]     |                                    ^^^^^^^^^^^^^^^^ required by this bound in `try_from_slice_unchecked`
[INFO] [stdout] 
[INFO] [stdout] 
[INFO] [stdout] error[E0277]: the trait bound `AuctionData: borsh::de::BorshDeserialize` is not satisfied
[INFO] [stdout]    --> /opt/rustwide/cargo-home/registry/src/index.crates.io-6f17d22bba15001f/mpl-auction-0.1.0/src/processor.rs:321:36
[INFO] [stdout]     |
[INFO] [stdout] 321 |         let auction: AuctionData = try_from_slice_unchecked(&a.data.borrow_mut())?;
[INFO] [stdout]     |                                    ^^^^^^^^^^^^^^^^^^^^^^^^^^^^^^^^^^^^^^^^^^^^^^ the trait `borsh::de::BorshDeserialize` is not implemented for `AuctionData`
[INFO] [stdout]     |
[INFO] [stdout]     = help: the following other types implement trait `borsh::de::BorshDeserialize`:
[INFO] [stdout]               ()
[INFO] [stdout]               (T0, T1)
[INFO] [stdout]               (T0, T1, T2)
[INFO] [stdout]               (T0, T1, T2, T3)
[INFO] [stdout]               (T0, T1, T2, T3, T4)
[INFO] [stdout]               (T0, T1, T2, T3, T4, T5)
[INFO] [stdout]               (T0, T1, T2, T3, T4, T5, T6)
[INFO] [stdout]               (T0, T1, T2, T3, T4, T5, T6, T7)
[INFO] [stdout]             and 74 others
[INFO] [stdout] note: required by a bound in `solana_program::borsh::try_from_slice_unchecked`
[INFO] [stdout]    --> /opt/rustwide/cargo-home/registry/src/index.crates.io-6f17d22bba15001f/solana-program-1.16.15/src/borsh.rs:38:36
[INFO] [stdout]     |
[INFO] [stdout] 38  | pub fn try_from_slice_unchecked<T: BorshDeserialize>(data: &[u8]) -> Result<T, Error> {
[INFO] [stdout]     |                                    ^^^^^^^^^^^^^^^^ required by this bound in `try_from_slice_unchecked`
[INFO] [stdout] 
[INFO] [stdout] 
[INFO] [stdout] error[E0277]: the trait bound `BidderMetadata: borsh::de::BorshDeserialize` is not satisfied
[INFO] [stdout]    --> /opt/rustwide/cargo-home/registry/src/index.crates.io-6f17d22bba15001f/mpl-auction-0.1.0/src/processor.rs:757:43
[INFO] [stdout]     |
[INFO] [stdout] 757 |         let bidder_meta: BidderMetadata = try_from_slice_unchecked(&a.data.borrow_mut())?;
[INFO] [stdout]     |                                           ^^^^^^^^^^^^^^^^^^^^^^^^^^^^^^^^^^^^^^^^^^^^^^ the trait `borsh::de::BorshDeserialize` is not implemented for `BidderMetadata`
[INFO] [stdout]     |
[INFO] [stdout]     = help: the following other types implement trait `borsh::de::BorshDeserialize`:
[INFO] [stdout]               ()
[INFO] [stdout]               (T0, T1)
[INFO] [stdout]               (T0, T1, T2)
[INFO] [stdout]               (T0, T1, T2, T3)
[INFO] [stdout]               (T0, T1, T2, T3, T4)
[INFO] [stdout]               (T0, T1, T2, T3, T4, T5)
[INFO] [stdout]               (T0, T1, T2, T3, T4, T5, T6)
[INFO] [stdout]               (T0, T1, T2, T3, T4, T5, T6, T7)
[INFO] [stdout]             and 74 others
[INFO] [stdout] note: required by a bound in `solana_program::borsh::try_from_slice_unchecked`
[INFO] [stdout]    --> /opt/rustwide/cargo-home/registry/src/index.crates.io-6f17d22bba15001f/solana-program-1.16.15/src/borsh.rs:38:36
[INFO] [stdout]     |
[INFO] [stdout] 38  | pub fn try_from_slice_unchecked<T: BorshDeserialize>(data: &[u8]) -> Result<T, Error> {
[INFO] [stdout]     |                                    ^^^^^^^^^^^^^^^^ required by this bound in `try_from_slice_unchecked`
[INFO] [stdout] 
[INFO] [stdout] 
[INFO] [stdout] error[E0277]: the trait bound `BidderPot: borsh::de::BorshDeserialize` is not satisfied
[INFO] [stdout]    --> /opt/rustwide/cargo-home/registry/src/index.crates.io-6f17d22bba15001f/mpl-auction-0.1.0/src/processor.rs:782:37
[INFO] [stdout]     |
[INFO] [stdout] 782 |         let bidder_pot: BidderPot = try_from_slice_unchecked(&a.data.borrow_mut())?;
[INFO] [stdout]     |                                     ^^^^^^^^^^^^^^^^^^^^^^^^^^^^^^^^^^^^^^^^^^^^^^ the trait `borsh::de::BorshDeserialize` is not implemented for `BidderPot`
[INFO] [stdout]     |
[INFO] [stdout]     = help: the following other types implement trait `borsh::de::BorshDeserialize`:
[INFO] [stdout]               ()
[INFO] [stdout]               (T0, T1)
[INFO] [stdout]               (T0, T1, T2)
[INFO] [stdout]               (T0, T1, T2, T3)
[INFO] [stdout]               (T0, T1, T2, T3, T4)
[INFO] [stdout]               (T0, T1, T2, T3, T4, T5)
[INFO] [stdout]               (T0, T1, T2, T3, T4, T5, T6)
[INFO] [stdout]               (T0, T1, T2, T3, T4, T5, T6, T7)
[INFO] [stdout]             and 74 others
[INFO] [stdout] note: required by a bound in `solana_program::borsh::try_from_slice_unchecked`
[INFO] [stdout]    --> /opt/rustwide/cargo-home/registry/src/index.crates.io-6f17d22bba15001f/solana-program-1.16.15/src/borsh.rs:38:36
[INFO] [stdout]     |
[INFO] [stdout] 38  | pub fn try_from_slice_unchecked<T: BorshDeserialize>(data: &[u8]) -> Result<T, Error> {
[INFO] [stdout]     |                                    ^^^^^^^^^^^^^^^^ required by this bound in `try_from_slice_unchecked`
[INFO] [stdout] 
[INFO] [stdout] 
[INFO] [stdout] Some errors have detailed explanations: E0277, E0599.
[INFO] [stdout] 
[INFO] [stdout] For more information about an error, try `rustc --explain E0277`.
[INFO] [stdout] 
[INFO] [stderr] error: could not compile `mpl-auction` (lib) due to 30 previous errors
[INFO] running `Command { std: "docker" "inspect" "dc706b7392c22c10cd0712fb973f76b70145e5eb1ea630ae73b591414b36824f", kill_on_drop: false }`
[INFO] running `Command { std: "docker" "rm" "-f" "dc706b7392c22c10cd0712fb973f76b70145e5eb1ea630ae73b591414b36824f", kill_on_drop: false }`
[INFO] [stdout] dc706b7392c22c10cd0712fb973f76b70145e5eb1ea630ae73b591414b36824f
