[INFO] fetching crate mpc-stark 0.2.4...
[INFO] testing mpc-stark-0.2.4 against nightly-2024-10-28+rustflags=-Zrandomize-layout for randomize-layout
[INFO] extracting crate mpc-stark 0.2.4 into /workspace/builds/worker-3-tc2/source
[INFO] validating manifest of crates.io crate mpc-stark 0.2.4 on toolchain nightly-2024-10-28
[INFO] running `Command { std: CARGO_HOME="/workspace/cargo-home" RUSTUP_HOME="/workspace/rustup-home" "/workspace/cargo-home/bin/cargo" "+nightly-2024-10-28" "metadata" "--manifest-path" "Cargo.toml" "--no-deps", kill_on_drop: false }`
[INFO] removed /workspace/builds/worker-3-tc2/source/rust-toolchain
[INFO] started tweaking crates.io crate mpc-stark 0.2.4
[INFO] removed 0 missing tests
[INFO] finished tweaking crates.io crate mpc-stark 0.2.4
[INFO] tweaked toml for crates.io crate mpc-stark 0.2.4 written to /workspace/builds/worker-3-tc2/source/Cargo.toml
[INFO] running `Command { std: CARGO_HOME="/workspace/cargo-home" RUSTUP_HOME="/workspace/rustup-home" "/workspace/cargo-home/bin/cargo" "+nightly-2024-10-28" "generate-lockfile" "--manifest-path" "Cargo.toml", kill_on_drop: false }`
[INFO] [stderr]     Updating crates.io index
[INFO] [stderr]     Blocking waiting for file lock on package cache
[INFO] [stderr]      Locking 225 packages to latest compatible versions
[INFO] [stderr]       Adding ark-ec v0.4.2 (available: v0.5.0)
[INFO] [stderr]       Adding ark-ff v0.4.2 (available: v0.5.0)
[INFO] [stderr]       Adding ark-serialize v0.4.2 (available: v0.5.0)
[INFO] [stderr]       Adding clap v3.2.25 (available: v4.5.20)
[INFO] [stderr]       Adding dns-lookup v1.0.8 (available: v2.0.4)
[INFO] [stderr]       Adding env_logger v0.10.2 (available: v0.11.5)
[INFO] [stderr]       Adding itertools v0.10.5 (available: v0.13.0)
[INFO] [stderr]       Adding quinn v0.9.4 (available: v0.11.5)
[INFO] [stderr]       Adding rcgen v0.9.3 (available: v0.13.1)
[INFO] [stderr]       Adding rustc-hash v1.1.0 (available: v2.0.0)
[INFO] [stderr]       Adding rustls v0.20.9 (available: v0.23.16)
[INFO] running `Command { std: CARGO_HOME="/workspace/cargo-home" RUSTUP_HOME="/workspace/rustup-home" "/workspace/cargo-home/bin/cargo" "+nightly-2024-10-28" "fetch" "--manifest-path" "Cargo.toml", kill_on_drop: false }`
[INFO] [stderr]     Blocking waiting for file lock on package cache
[INFO] running `Command { std: "docker" "create" "-v" "/var/lib/crater-agent-workspace/builds/worker-3-tc2/target:/opt/rustwide/target:rw,Z" "-v" "/var/lib/crater-agent-workspace/builds/worker-3-tc2/source:/opt/rustwide/workdir:ro,Z" "-v" "/var/lib/crater-agent-workspace/cargo-home:/opt/rustwide/cargo-home:ro,Z" "-v" "/var/lib/crater-agent-workspace/rustup-home:/opt/rustwide/rustup-home:ro,Z" "-e" "SOURCE_DIR=/opt/rustwide/workdir" "-e" "CARGO_TARGET_DIR=/opt/rustwide/target" "-e" "CARGO_HOME=/opt/rustwide/cargo-home" "-e" "RUSTUP_HOME=/opt/rustwide/rustup-home" "-w" "/opt/rustwide/workdir" "-m" "1610612736" "--user" "0:0" "--network" "none" "ghcr.io/rust-lang/crates-build-env/linux@sha256:4a844ea9eb2546a2d2c7022eacef16ef2e8229c7fbb2c7d4d55a9ceca922f72d" "/opt/rustwide/cargo-home/bin/cargo" "+nightly-2024-10-28" "metadata" "--no-deps" "--format-version=1", kill_on_drop: false }`
[INFO] [stdout] 3c6ab6ad909fd80c90bc311c1497572345e7bf567589ba1831cd2cf5648ef6d9
[INFO] running `Command { std: "docker" "start" "-a" "3c6ab6ad909fd80c90bc311c1497572345e7bf567589ba1831cd2cf5648ef6d9", kill_on_drop: false }`
[INFO] running `Command { std: "docker" "inspect" "3c6ab6ad909fd80c90bc311c1497572345e7bf567589ba1831cd2cf5648ef6d9", kill_on_drop: false }`
[INFO] running `Command { std: "docker" "rm" "-f" "3c6ab6ad909fd80c90bc311c1497572345e7bf567589ba1831cd2cf5648ef6d9", kill_on_drop: false }`
[INFO] [stdout] 3c6ab6ad909fd80c90bc311c1497572345e7bf567589ba1831cd2cf5648ef6d9
[INFO] running `Command { std: "docker" "create" "-v" "/var/lib/crater-agent-workspace/builds/worker-3-tc2/target:/opt/rustwide/target:rw,Z" "-v" "/var/lib/crater-agent-workspace/builds/worker-3-tc2/source:/opt/rustwide/workdir:ro,Z" "-v" "/var/lib/crater-agent-workspace/cargo-home:/opt/rustwide/cargo-home:ro,Z" "-v" "/var/lib/crater-agent-workspace/rustup-home:/opt/rustwide/rustup-home:ro,Z" "-e" "SOURCE_DIR=/opt/rustwide/workdir" "-e" "CARGO_TARGET_DIR=/opt/rustwide/target" "-e" "CARGO_INCREMENTAL=0" "-e" "RUST_BACKTRACE=full" "-e" "RUSTFLAGS=--cap-lints=forbid -Zrandomize-layout" "-e" "RUSTDOCFLAGS=--cap-lints=forbid" "-e" "CARGO_HOME=/opt/rustwide/cargo-home" "-e" "RUSTUP_HOME=/opt/rustwide/rustup-home" "-w" "/opt/rustwide/workdir" "-m" "1610612736" "--user" "0:0" "--network" "none" "ghcr.io/rust-lang/crates-build-env/linux@sha256:4a844ea9eb2546a2d2c7022eacef16ef2e8229c7fbb2c7d4d55a9ceca922f72d" "/opt/rustwide/cargo-home/bin/cargo" "+nightly-2024-10-28" "build" "--frozen" "--message-format=json", kill_on_drop: false }`
[INFO] [stdout] 84b669079f8b68d66824ce4c1dd6673f4ead0957b494163e73a7b00b29d10eea
[INFO] running `Command { std: "docker" "start" "-a" "84b669079f8b68d66824ce4c1dd6673f4ead0957b494163e73a7b00b29d10eea", kill_on_drop: false }`
[INFO] [stderr]    Compiling crossbeam-utils v0.8.20
[INFO] [stderr]    Compiling byteorder v1.5.0
[INFO] [stderr]    Compiling syn v1.0.109
[INFO] [stderr]    Compiling num-traits v0.2.19
[INFO] [stderr]    Compiling syn v2.0.86
[INFO] [stderr]    Compiling ring v0.17.8
[INFO] [stderr]    Compiling rayon-core v1.12.1
[INFO] [stderr]    Compiling spin v0.9.8
[INFO] [stderr]    Compiling untrusted v0.9.0
[INFO] [stderr]    Compiling digest v0.10.7
[INFO] [stderr]    Compiling ahash v0.8.11
[INFO] [stderr]    Compiling base64 v0.21.7
[INFO] [stderr]    Compiling rustls v0.20.9
[INFO] [stderr]    Compiling crossbeam-epoch v0.9.18
[INFO] [stderr]    Compiling rustls-pemfile v1.0.4
[INFO] [stderr]    Compiling num-integer v0.1.46
[INFO] [stderr]    Compiling tracing-core v0.1.32
[INFO] [stderr]    Compiling crossbeam-deque v0.8.5
[INFO] [stderr]    Compiling rustls-native-certs v0.6.3
[INFO] [stderr]    Compiling num-bigint v0.4.6
[INFO] [stderr]    Compiling futures-channel v0.3.31
[INFO] [stderr]    Compiling rayon v1.10.0
[INFO] [stderr]    Compiling itertools v0.10.5
[INFO] [stderr]    Compiling rustc-hash v1.1.0
[INFO] [stderr]    Compiling time v0.3.36
[INFO] [stderr]    Compiling serde v1.0.214
[INFO] [stderr]    Compiling socket2 v0.4.10
[INFO] [stderr]    Compiling serde_json v1.0.132
[INFO] [stderr]    Compiling pem v1.1.1
[INFO] [stderr]    Compiling yasna v0.5.2
[INFO] [stderr]    Compiling crossbeam-queue v0.3.11
[INFO] [stderr]    Compiling crossbeam-channel v0.5.13
[INFO] [stderr]    Compiling sha3 v0.10.8
[INFO] [stderr]    Compiling kanal v0.1.0-pre8
[INFO] [stderr]    Compiling rcgen v0.9.3
[INFO] [stderr]    Compiling crossbeam v0.8.4
[INFO] [stderr]    Compiling webpki v0.22.4
[INFO] [stderr]    Compiling sct v0.7.1
[INFO] [stderr]    Compiling zerocopy-derive v0.7.35
[INFO] [stderr]    Compiling thiserror-impl v1.0.66
[INFO] [stderr]    Compiling zeroize_derive v1.4.2
[INFO] [stderr]    Compiling tracing-attributes v0.1.27
[INFO] [stderr]    Compiling futures-macro v0.3.31
[INFO] [stderr]    Compiling serde_derive v1.0.214
[INFO] [stderr]    Compiling ark-serialize-derive v0.4.2
[INFO] [stderr]    Compiling zeroize v1.8.1
[INFO] [stderr]    Compiling ark-ff-asm v0.4.2
[INFO] [stderr]    Compiling ark-ff-macros v0.4.2
[INFO] [stderr]    Compiling zerocopy v0.7.35
[INFO] [stderr]    Compiling derivative v2.2.0
[INFO] [stderr]    Compiling futures-util v0.3.31
[INFO] [stderr]    Compiling thiserror v1.0.66
[INFO] [stderr]    Compiling tokio-macros v2.4.0
[INFO] [stderr]    Compiling ppv-lite86 v0.2.20
[INFO] [stderr]    Compiling tracing v0.1.40
[INFO] [stderr]    Compiling async-trait v0.1.83
[INFO] [stderr]    Compiling rand_chacha v0.3.1
[INFO] [stderr]    Compiling tokio v1.41.0
[INFO] [stderr]    Compiling hashbrown v0.13.2
[INFO] [stderr]    Compiling rand v0.8.5
[INFO] [stderr]    Compiling ark-std v0.4.0
[INFO] [stderr]    Compiling quinn-proto v0.9.6
[INFO] [stderr]    Compiling ark-serialize v0.4.2
[INFO] [stderr]    Compiling ark-ff v0.4.2
[INFO] [stderr]    Compiling futures-executor v0.3.31
[INFO] [stderr]    Compiling futures v0.3.31
[INFO] [stderr]    Compiling quinn-udp v0.3.2
[INFO] [stderr]    Compiling quinn v0.9.4
[INFO] [stderr]    Compiling ark-poly v0.4.2
[INFO] [stderr]    Compiling ark-ec v0.4.2
[INFO] [stderr]    Compiling mpc-stark v0.2.4 (/opt/rustwide/workdir)
[INFO] [stdout] warning: unused imports: `Formatter` and `Result as FmtResult`
[INFO] [stdout]  --> src/fabric/executor.rs:5:23
[INFO] [stdout]   |
[INFO] [stdout] 5 | use std::fmt::{Debug, Formatter, Result as FmtResult};
[INFO] [stdout]   |                       ^^^^^^^^^  ^^^^^^^^^^^^^^^^^^^
[INFO] [stdout]   |
[INFO] [stdout]   = note: `#[warn(unused_imports)]` on by default
[INFO] [stdout] 
[INFO] [stdout] 
[INFO] [stdout] warning: unused variable: `stats`
[INFO] [stdout]    --> src/fabric/network_sender.rs:142:9
[INFO] [stdout]     |
[INFO] [stdout] 142 |         stats: Arc<NetworkStats>,
[INFO] [stdout]     |         ^^^^^ help: if this is intentional, prefix it with an underscore: `_stats`
[INFO] [stdout]     |
[INFO] [stdout]     = note: `#[warn(unused_variables)]` on by default
[INFO] [stdout] 
[INFO] [stdout] 
[INFO] [stdout] warning: unused variable: `stats`
[INFO] [stdout]    --> src/fabric/network_sender.rs:166:9
[INFO] [stdout]     |
[INFO] [stdout] 166 |         stats: Arc<NetworkStats>,
[INFO] [stdout]     |         ^^^^^ help: if this is intentional, prefix it with an underscore: `_stats`
[INFO] [stdout] 
[INFO] [stdout] 
[INFO] [stdout] warning: variable does not need to be mutable
[INFO] [stdout]    --> src/fabric/executor.rs:214:21
[INFO] [stdout]     |
[INFO] [stdout] 214 |                 let mut operation = self.operations.get_mut(*op_id).unwrap();
[INFO] [stdout]     |                     ----^^^^^^^^^
[INFO] [stdout]     |                     |
[INFO] [stdout]     |                     help: remove this `mut`
[INFO] [stdout]     |
[INFO] [stdout]     = note: `#[warn(unused_mut)]` on by default
[INFO] [stdout] 
[INFO] [stdout] 
[INFO] [stdout] warning: fields `bytes_sent`, `bytes_received`, `messages_sent`, and `messages_received` are never read
[INFO] [stdout]   --> src/fabric/network_sender.rs:33:9
[INFO] [stdout]    |
[INFO] [stdout] 31 | pub struct NetworkStats {
[INFO] [stdout]    |            ------------ fields in this struct
[INFO] [stdout] 32 |     /// The number of bytes sent
[INFO] [stdout] 33 |     pub bytes_sent: AtomicUsize,
[INFO] [stdout]    |         ^^^^^^^^^^
[INFO] [stdout] 34 |     /// The number of bytes received
[INFO] [stdout] 35 |     pub bytes_received: AtomicUsize,
[INFO] [stdout]    |         ^^^^^^^^^^^^^^
[INFO] [stdout] 36 |     /// The number of messages sent
[INFO] [stdout] 37 |     pub messages_sent: AtomicUsize,
[INFO] [stdout]    |         ^^^^^^^^^^^^^
[INFO] [stdout] 38 |     /// The number of messages received
[INFO] [stdout] 39 |     pub messages_received: AtomicUsize,
[INFO] [stdout]    |         ^^^^^^^^^^^^^^^^^
[INFO] [stdout]    |
[INFO] [stdout]    = note: `NetworkStats` has a derived impl for the trait `Debug`, but this is intentionally ignored during dead code analysis
[INFO] [stdout]    = note: `#[warn(dead_code)]` on by default
[INFO] [stdout] 
[INFO] [stdout] 
[INFO] [stdout] warning: methods `increment_bytes_sent`, `increment_bytes_received`, `increment_messages_sent`, and `increment_messages_received` are never used
[INFO] [stdout]   --> src/fabric/network_sender.rs:44:12
[INFO] [stdout]    |
[INFO] [stdout] 42 | impl NetworkStats {
[INFO] [stdout]    | ----------------- methods in this implementation
[INFO] [stdout] 43 |     /// Increment the number of bytes sent
[INFO] [stdout] 44 |     pub fn increment_bytes_sent(&self, bytes: usize) {
[INFO] [stdout]    |            ^^^^^^^^^^^^^^^^^^^^
[INFO] [stdout] ...
[INFO] [stdout] 50 |     pub fn increment_bytes_received(&self, bytes: usize) {
[INFO] [stdout]    |            ^^^^^^^^^^^^^^^^^^^^^^^^
[INFO] [stdout] ...
[INFO] [stdout] 56 |     pub fn increment_messages_sent(&self) {
[INFO] [stdout]    |            ^^^^^^^^^^^^^^^^^^^^^^^
[INFO] [stdout] ...
[INFO] [stdout] 62 |     pub fn increment_messages_received(&self) {
[INFO] [stdout]    |            ^^^^^^^^^^^^^^^^^^^^^^^^^^^
[INFO] [stdout] 
[INFO] [stdout] 
[INFO] [stdout] warning: associated function `new_duplex_pair` is never used
[INFO] [stdout]   --> src/network/mock.rs:69:12
[INFO] [stdout]    |
[INFO] [stdout] 67 | impl UnboundedDuplexStream {
[INFO] [stdout]    | -------------------------- associated function in this implementation
[INFO] [stdout] 68 |     /// Create a new pair of duplex streams
[INFO] [stdout] 69 |     pub fn new_duplex_pair() -> (Self, Self) {
[INFO] [stdout]    |            ^^^^^^^^^^^^^^^
[INFO] [stdout] 
[INFO] [stdout] 
[INFO] [stdout] warning: associated function `new` is never used
[INFO] [stdout]    --> src/network/mock.rs:106:12
[INFO] [stdout]     |
[INFO] [stdout] 104 | impl MockNetwork {
[INFO] [stdout]     | ---------------- associated function in this implementation
[INFO] [stdout] 105 |     /// Create a new mock network from one half of a duplex stream
[INFO] [stdout] 106 |     pub fn new(party_id: PartyId, stream: UnboundedDuplexStream) -> Self {
[INFO] [stdout]     |            ^^^
[INFO] [stdout] 
[INFO] [stdout] 
[INFO] [stdout] warning: non-local `impl` definition, `impl` blocks should be written at the same level as their item
[INFO] [stdout]   --> src/algebra/scalar.rs:29:10
[INFO] [stdout]    |
[INFO] [stdout] 29 | #[derive(MontConfig)]
[INFO] [stdout]    |          ^---------
[INFO] [stdout]    |          |
[INFO] [stdout]    |          `MontConfig` is not local
[INFO] [stdout]    |          move the `impl` block outside of this function `starknetfqconfig___`
[INFO] [stdout] ...
[INFO] [stdout] 32 | pub struct StarknetFqConfig;
[INFO] [stdout]    |            ---------------- `StarknetFqConfig` is not local
[INFO] [stdout]    |
[INFO] [stdout]    = note: the derive macro `MontConfig` defines the non-local `impl`, and may need to be changed
[INFO] [stdout]    = note: the derive macro `MontConfig` may come from an old version of the `ark_ff_macros` crate, try updating your dependency with `cargo update -p ark_ff_macros`
[INFO] [stdout]    = note: an `impl` is never scoped, even when it is nested inside an item, as it may impact type checking outside of that item, which can be the case if neither the trait or the self type are at the same nesting level as the `impl`
[INFO] [stdout]    = note: `#[warn(non_local_definitions)]` on by default
[INFO] [stdout]    = note: this warning originates in the derive macro `MontConfig` (in Nightly builds, run with -Z macro-backtrace for more info)
[INFO] [stdout] 
[INFO] [stdout] 
[INFO] [stdout] warning: non-local `impl` definition, `impl` blocks should be written at the same level as their item
[INFO] [stdout]   --> src/algebra/scalar.rs:37:10
[INFO] [stdout]    |
[INFO] [stdout] 37 | #[derive(MontConfig)]
[INFO] [stdout]    |          ^---------
[INFO] [stdout]    |          |
[INFO] [stdout]    |          `MontConfig` is not local
[INFO] [stdout]    |          move the `impl` block outside of this function `starknetfrconfig___`
[INFO] [stdout] ...
[INFO] [stdout] 40 | pub struct StarknetFrConfig;
[INFO] [stdout]    |            ---------------- `StarknetFrConfig` is not local
[INFO] [stdout]    |
[INFO] [stdout]    = note: the derive macro `MontConfig` defines the non-local `impl`, and may need to be changed
[INFO] [stdout]    = note: the derive macro `MontConfig` may come from an old version of the `ark_ff_macros` crate, try updating your dependency with `cargo update -p ark_ff_macros`
[INFO] [stdout]    = note: an `impl` is never scoped, even when it is nested inside an item, as it may impact type checking outside of that item, which can be the case if neither the trait or the self type are at the same nesting level as the `impl`
[INFO] [stdout]    = note: this warning originates in the derive macro `MontConfig` (in Nightly builds, run with -Z macro-backtrace for more info)
[INFO] [stdout] 
[INFO] [stdout] 
[INFO] [stderr]     Finished `dev` profile [unoptimized + debuginfo] target(s) in 38.80s
[INFO] running `Command { std: "docker" "inspect" "84b669079f8b68d66824ce4c1dd6673f4ead0957b494163e73a7b00b29d10eea", kill_on_drop: false }`
[INFO] running `Command { std: "docker" "rm" "-f" "84b669079f8b68d66824ce4c1dd6673f4ead0957b494163e73a7b00b29d10eea", kill_on_drop: false }`
[INFO] [stdout] 84b669079f8b68d66824ce4c1dd6673f4ead0957b494163e73a7b00b29d10eea
[INFO] running `Command { std: "docker" "create" "-v" "/var/lib/crater-agent-workspace/builds/worker-3-tc2/target:/opt/rustwide/target:rw,Z" "-v" "/var/lib/crater-agent-workspace/builds/worker-3-tc2/source:/opt/rustwide/workdir:ro,Z" "-v" "/var/lib/crater-agent-workspace/cargo-home:/opt/rustwide/cargo-home:ro,Z" "-v" "/var/lib/crater-agent-workspace/rustup-home:/opt/rustwide/rustup-home:ro,Z" "-e" "SOURCE_DIR=/opt/rustwide/workdir" "-e" "CARGO_TARGET_DIR=/opt/rustwide/target" "-e" "CARGO_INCREMENTAL=0" "-e" "RUST_BACKTRACE=full" "-e" "RUSTFLAGS=--cap-lints=forbid -Zrandomize-layout" "-e" "RUSTDOCFLAGS=--cap-lints=forbid" "-e" "CARGO_HOME=/opt/rustwide/cargo-home" "-e" "RUSTUP_HOME=/opt/rustwide/rustup-home" "-w" "/opt/rustwide/workdir" "-m" "1610612736" "--user" "0:0" "--network" "none" "ghcr.io/rust-lang/crates-build-env/linux@sha256:4a844ea9eb2546a2d2c7022eacef16ef2e8229c7fbb2c7d4d55a9ceca922f72d" "/opt/rustwide/cargo-home/bin/cargo" "+nightly-2024-10-28" "test" "--frozen" "--no-run" "--message-format=json", kill_on_drop: false }`
[INFO] [stdout] e5a150331a1b12b9854ed8f17c513a04fca91023b9051b2faa7870be2f050d0d
[INFO] running `Command { std: "docker" "start" "-a" "e5a150331a1b12b9854ed8f17c513a04fca91023b9051b2faa7870be2f050d0d", kill_on_drop: false }`
[INFO] [stderr]    Compiling num-integer v0.1.46
[INFO] [stderr]    Compiling serde v1.0.214
[INFO] [stderr]    Compiling ark-std v0.4.0
[INFO] [stderr]    Compiling tracing v0.1.40
[INFO] [stderr]    Compiling rustls v0.20.9
[INFO] [stderr]    Compiling error-chain v0.12.4
[INFO] [stderr]    Compiling regex-syntax v0.8.5
[INFO] [stderr]    Compiling indexmap v1.9.3
[INFO] [stderr]    Compiling half v2.4.1
[INFO] [stderr]    Compiling plotters-backend v0.3.7
[INFO] [stderr]    Compiling ciborium-io v0.2.2
[INFO] [stderr]    Compiling anstyle v1.0.9
[INFO] [stderr]    Compiling num-bigint v0.4.6
[INFO] [stderr]    Compiling clap_builder v4.5.20
[INFO] [stderr]    Compiling ciborium-ll v0.2.2
[INFO] [stderr]    Compiling plotters-svg v0.3.7
[INFO] [stderr]    Compiling proc-macro-error v1.0.4
[INFO] [stderr]    Compiling cpuprofiler v0.0.4
[INFO] [stderr]    Compiling gperftools v0.2.0
[INFO] [stderr]    Compiling is-terminal v0.4.13
[INFO] [stderr]    Compiling os_str_bytes v6.6.1
[INFO] [stderr]    Compiling heck v0.4.1
[INFO] [stderr]    Compiling termcolor v1.4.1
[INFO] [stderr]    Compiling cast v0.3.0
[INFO] [stderr]    Compiling regex-automata v0.4.8
[INFO] [stderr]    Compiling criterion-plot v0.5.0
[INFO] [stderr]    Compiling clap_lex v0.2.4
[INFO] [stderr]    Compiling ark-serialize v0.4.2
[INFO] [stderr]    Compiling ark-ff v0.4.2
[INFO] [stderr]    Compiling clap v4.5.20
[INFO] [stderr]    Compiling clap_derive v3.2.25
[INFO] [stderr]    Compiling quinn-proto v0.9.6
[INFO] [stderr]    Compiling serde_json v1.0.132
[INFO] [stderr]    Compiling ciborium v0.2.2
[INFO] [stderr]    Compiling walkdir v2.5.0
[INFO] [stderr]    Compiling regex v1.11.1
[INFO] [stderr]    Compiling tinytemplate v1.2.1
[INFO] [stderr]    Compiling plotters v0.3.7
[INFO] [stderr]    Compiling atty v0.2.14
[INFO] [stderr]    Compiling anes v0.1.6
[INFO] [stderr]    Compiling strsim v0.10.0
[INFO] [stderr]    Compiling quinn-udp v0.3.2
[INFO] [stderr]    Compiling humantime v2.1.0
[INFO] [stderr]    Compiling quinn v0.9.4
[INFO] [stderr]    Compiling oorandom v11.1.4
[INFO] [stderr]    Compiling textwrap v0.16.1
[INFO] [stderr]    Compiling env_logger v0.10.2
[INFO] [stderr]    Compiling clap v3.2.25
[INFO] [stderr]    Compiling criterion v0.5.1
[INFO] [stderr]    Compiling colored v2.1.0
[INFO] [stderr]    Compiling dns-lookup v1.0.8
[INFO] [stderr]    Compiling inventory v0.3.15
[INFO] [stderr]    Compiling ark-poly v0.4.2
[INFO] [stderr]    Compiling ark-ec v0.4.2
[INFO] [stderr]    Compiling mpc-stark v0.2.4 (/opt/rustwide/workdir)
[INFO] [stdout] warning: unused imports: `Formatter` and `Result as FmtResult`
[INFO] [stdout]  --> src/fabric/executor.rs:5:23
[INFO] [stdout]   |
[INFO] [stdout] 5 | use std::fmt::{Debug, Formatter, Result as FmtResult};
[INFO] [stdout]   |                       ^^^^^^^^^  ^^^^^^^^^^^^^^^^^^^
[INFO] [stdout]   |
[INFO] [stdout]   = note: `#[warn(unused_imports)]` on by default
[INFO] [stdout] 
[INFO] [stdout] 
[INFO] [stdout] error[E0433]: failed to resolve: use of undeclared crate or module `starknet`
[INFO] [stdout]   --> src/algebra/mod.rs:22:9
[INFO] [stdout]    |
[INFO] [stdout] 22 |     use starknet::core::types::FieldElement as StarknetFelt;
[INFO] [stdout]    |         ^^^^^^^^ use of undeclared crate or module `starknet`
[INFO] [stdout] 
[INFO] [stdout] 
[INFO] [stdout] warning: unused variable: `stats`
[INFO] [stdout]    --> src/fabric/network_sender.rs:142:9
[INFO] [stdout]     |
[INFO] [stdout] 142 |         stats: Arc<NetworkStats>,
[INFO] [stdout]     |         ^^^^^ help: if this is intentional, prefix it with an underscore: `_stats`
[INFO] [stdout]     |
[INFO] [stdout]     = note: `#[warn(unused_variables)]` on by default
[INFO] [stdout] 
[INFO] [stdout] 
[INFO] [stdout] warning: unused variable: `stats`
[INFO] [stdout]    --> src/fabric/network_sender.rs:166:9
[INFO] [stdout]     |
[INFO] [stdout] 166 |         stats: Arc<NetworkStats>,
[INFO] [stdout]     |         ^^^^^ help: if this is intentional, prefix it with an underscore: `_stats`
[INFO] [stdout] 
[INFO] [stdout] 
[INFO] [stdout] error[E0433]: failed to resolve: use of undeclared crate or module `starknet_curve`
[INFO] [stdout]    --> src/algebra/stark_curve.rs:876:9
[INFO] [stdout]     |
[INFO] [stdout] 876 |     use starknet_curve::{curve_params::GENERATOR, ProjectivePoint};
[INFO] [stdout]     |         ^^^^^^^^^^^^^^ use of undeclared crate or module `starknet_curve`
[INFO] [stdout] 
[INFO] [stdout] 
[INFO] [stdout] error[E0432]: unresolved import `starknet_curve`
[INFO] [stdout]   --> src/algebra/mod.rs:23:9
[INFO] [stdout]    |
[INFO] [stdout] 23 |     use starknet_curve::{AffinePoint, ProjectivePoint};
[INFO] [stdout]    |         ^^^^^^^^^^^^^^ use of undeclared crate or module `starknet_curve`
[INFO] [stdout] 
[INFO] [stdout] 
[INFO] [stdout] error[E0432]: unresolved import `starknet_curve`
[INFO] [stdout]    --> src/algebra/stark_curve.rs:876:9
[INFO] [stdout]     |
[INFO] [stdout] 876 |     use starknet_curve::{curve_params::GENERATOR, ProjectivePoint};
[INFO] [stdout]     |         ^^^^^^^^^^^^^^ use of undeclared crate or module `starknet_curve`
[INFO] [stdout] 
[INFO] [stdout] 
[INFO] [stdout] warning: unused imports: `Formatter` and `Result as FmtResult`
[INFO] [stdout]  --> src/fabric/executor.rs:5:23
[INFO] [stdout]   |
[INFO] [stdout] 5 | use std::fmt::{Debug, Formatter, Result as FmtResult};
[INFO] [stdout]   |                       ^^^^^^^^^  ^^^^^^^^^^^^^^^^^^^
[INFO] [stdout]   |
[INFO] [stdout]   = note: `#[warn(unused_imports)]` on by default
[INFO] [stdout] 
[INFO] [stdout] 
[INFO] [stdout] warning: unused variable: `stats`
[INFO] [stdout]    --> src/fabric/network_sender.rs:142:9
[INFO] [stdout]     |
[INFO] [stdout] 142 |         stats: Arc<NetworkStats>,
[INFO] [stdout]     |         ^^^^^ help: if this is intentional, prefix it with an underscore: `_stats`
[INFO] [stdout]     |
[INFO] [stdout]     = note: `#[warn(unused_variables)]` on by default
[INFO] [stdout] 
[INFO] [stdout] 
[INFO] [stdout] warning: unused variable: `stats`
[INFO] [stdout]    --> src/fabric/network_sender.rs:166:9
[INFO] [stdout]     |
[INFO] [stdout] 166 |         stats: Arc<NetworkStats>,
[INFO] [stdout]     |         ^^^^^ help: if this is intentional, prefix it with an underscore: `_stats`
[INFO] [stdout] 
[INFO] [stdout] 
[INFO] [stdout] error[E0599]: no method named `mpc_share` found for struct `AuthenticatedScalarResult` in the current scope
[INFO] [stdout]    --> src/algebra/mpc_scalar.rs:646:68
[INFO] [stdout]     |
[INFO] [stdout] 646 |             let party0_value = fabric.share_scalar(value1, PARTY0).mpc_share();
[INFO] [stdout]     |                                                                    ^^^^^^^^^
[INFO] [stdout]     |
[INFO] [stdout]    ::: src/algebra/authenticated_scalar.rs:36:1
[INFO] [stdout]     |
[INFO] [stdout] 36  | pub struct AuthenticatedScalarResult {
[INFO] [stdout]     | ------------------------------------ method `mpc_share` not found for this struct
[INFO] [stdout]     |
[INFO] [stdout] help: there is a method `share` with a similar name
[INFO] [stdout]     |
[INFO] [stdout] 646 |             let party0_value = fabric.share_scalar(value1, PARTY0).share();
[INFO] [stdout]     |                                                                    ~~~~~
[INFO] [stdout] 
[INFO] [stdout] 
[INFO] [stdout] error[E0599]: no method named `open` found for struct `ResultHandle` in the current scope
[INFO] [stdout]    --> src/algebra/mpc_scalar.rs:656:34
[INFO] [stdout]     |
[INFO] [stdout] 656 |             let res_open2 = res2.open().await;
[INFO] [stdout]     |                                  ^^^^ method not found in `ResultHandle<Scalar>`
[INFO] [stdout]     |
[INFO] [stdout]    ::: src/fabric/result.rs:171:1
[INFO] [stdout]     |
[INFO] [stdout] 171 | pub struct ResultHandle<T: From<ResultValue>> {
[INFO] [stdout]     | --------------------------------------------- method `open` not found for this struct
[INFO] [stdout]     |
[INFO] [stdout]     = help: items from traits can only be used if the trait is implemented and in scope
[INFO] [stdout]     = note: the following trait defines an item `open`, perhaps you need to implement it:
[INFO] [stdout]             candidate #1: `AeadKey`
[INFO] [stdout] 
[INFO] [stdout] 
[INFO] [stdout] warning: variable does not need to be mutable
[INFO] [stdout]    --> src/fabric/executor.rs:214:21
[INFO] [stdout]     |
[INFO] [stdout] 214 |                 let mut operation = self.operations.get_mut(*op_id).unwrap();
[INFO] [stdout]     |                     ----^^^^^^^^^
[INFO] [stdout]     |                     |
[INFO] [stdout]     |                     help: remove this `mut`
[INFO] [stdout]     |
[INFO] [stdout]     = note: `#[warn(unused_mut)]` on by default
[INFO] [stdout] 
[INFO] [stdout] 
[INFO] [stdout] warning: fields `bytes_sent`, `bytes_received`, `messages_sent`, and `messages_received` are never read
[INFO] [stdout]   --> src/fabric/network_sender.rs:33:9
[INFO] [stdout]    |
[INFO] [stdout] 31 | pub struct NetworkStats {
[INFO] [stdout]    |            ------------ fields in this struct
[INFO] [stdout] 32 |     /// The number of bytes sent
[INFO] [stdout] 33 |     pub bytes_sent: AtomicUsize,
[INFO] [stdout]    |         ^^^^^^^^^^
[INFO] [stdout] 34 |     /// The number of bytes received
[INFO] [stdout] 35 |     pub bytes_received: AtomicUsize,
[INFO] [stdout]    |         ^^^^^^^^^^^^^^
[INFO] [stdout] 36 |     /// The number of messages sent
[INFO] [stdout] 37 |     pub messages_sent: AtomicUsize,
[INFO] [stdout]    |         ^^^^^^^^^^^^^
[INFO] [stdout] 38 |     /// The number of messages received
[INFO] [stdout] 39 |     pub messages_received: AtomicUsize,
[INFO] [stdout]    |         ^^^^^^^^^^^^^^^^^
[INFO] [stdout]    |
[INFO] [stdout]    = note: `NetworkStats` has a derived impl for the trait `Debug`, but this is intentionally ignored during dead code analysis
[INFO] [stdout]    = note: `#[warn(dead_code)]` on by default
[INFO] [stdout] 
[INFO] [stdout] 
[INFO] [stdout] warning: methods `increment_bytes_sent`, `increment_bytes_received`, `increment_messages_sent`, and `increment_messages_received` are never used
[INFO] [stdout]   --> src/fabric/network_sender.rs:44:12
[INFO] [stdout]    |
[INFO] [stdout] 42 | impl NetworkStats {
[INFO] [stdout]    | ----------------- methods in this implementation
[INFO] [stdout] 43 |     /// Increment the number of bytes sent
[INFO] [stdout] 44 |     pub fn increment_bytes_sent(&self, bytes: usize) {
[INFO] [stdout]    |            ^^^^^^^^^^^^^^^^^^^^
[INFO] [stdout] ...
[INFO] [stdout] 50 |     pub fn increment_bytes_received(&self, bytes: usize) {
[INFO] [stdout]    |            ^^^^^^^^^^^^^^^^^^^^^^^^
[INFO] [stdout] ...
[INFO] [stdout] 56 |     pub fn increment_messages_sent(&self) {
[INFO] [stdout]    |            ^^^^^^^^^^^^^^^^^^^^^^^
[INFO] [stdout] ...
[INFO] [stdout] 62 |     pub fn increment_messages_received(&self) {
[INFO] [stdout]    |            ^^^^^^^^^^^^^^^^^^^^^^^^^^^
[INFO] [stdout] 
[INFO] [stdout] 
[INFO] [stdout] warning: associated function `new_duplex_pair` is never used
[INFO] [stdout]   --> src/network/mock.rs:69:12
[INFO] [stdout]    |
[INFO] [stdout] 67 | impl UnboundedDuplexStream {
[INFO] [stdout]    | -------------------------- associated function in this implementation
[INFO] [stdout] 68 |     /// Create a new pair of duplex streams
[INFO] [stdout] 69 |     pub fn new_duplex_pair() -> (Self, Self) {
[INFO] [stdout]    |            ^^^^^^^^^^^^^^^
[INFO] [stdout] 
[INFO] [stdout] 
[INFO] [stdout] warning: associated function `new` is never used
[INFO] [stdout]    --> src/network/mock.rs:106:12
[INFO] [stdout]     |
[INFO] [stdout] 104 | impl MockNetwork {
[INFO] [stdout]     | ---------------- associated function in this implementation
[INFO] [stdout] 105 |     /// Create a new mock network from one half of a duplex stream
[INFO] [stdout] 106 |     pub fn new(party_id: PartyId, stream: UnboundedDuplexStream) -> Self {
[INFO] [stdout]     |            ^^^
[INFO] [stdout] 
[INFO] [stdout] 
[INFO] [stdout] warning: non-local `impl` definition, `impl` blocks should be written at the same level as their item
[INFO] [stdout]   --> src/algebra/scalar.rs:29:10
[INFO] [stdout]    |
[INFO] [stdout] 29 | #[derive(MontConfig)]
[INFO] [stdout]    |          ^---------
[INFO] [stdout]    |          |
[INFO] [stdout]    |          `MontConfig` is not local
[INFO] [stdout]    |          move the `impl` block outside of this function `starknetfqconfig___`
[INFO] [stdout] ...
[INFO] [stdout] 32 | pub struct StarknetFqConfig;
[INFO] [stdout]    |            ---------------- `StarknetFqConfig` is not local
[INFO] [stdout]    |
[INFO] [stdout]    = note: the derive macro `MontConfig` defines the non-local `impl`, and may need to be changed
[INFO] [stdout]    = note: the derive macro `MontConfig` may come from an old version of the `ark_ff_macros` crate, try updating your dependency with `cargo update -p ark_ff_macros`
[INFO] [stdout]    = note: an `impl` is never scoped, even when it is nested inside an item, as it may impact type checking outside of that item, which can be the case if neither the trait or the self type are at the same nesting level as the `impl`
[INFO] [stdout]    = note: `#[warn(non_local_definitions)]` on by default
[INFO] [stdout]    = note: this warning originates in the derive macro `MontConfig` (in Nightly builds, run with -Z macro-backtrace for more info)
[INFO] [stdout] 
[INFO] [stdout] 
[INFO] [stdout] warning: non-local `impl` definition, `impl` blocks should be written at the same level as their item
[INFO] [stdout]   --> src/algebra/scalar.rs:37:10
[INFO] [stdout]    |
[INFO] [stdout] 37 | #[derive(MontConfig)]
[INFO] [stdout]    |          ^---------
[INFO] [stdout]    |          |
[INFO] [stdout]    |          `MontConfig` is not local
[INFO] [stdout]    |          move the `impl` block outside of this function `starknetfrconfig___`
[INFO] [stdout] ...
[INFO] [stdout] 40 | pub struct StarknetFrConfig;
[INFO] [stdout]    |            ---------------- `StarknetFrConfig` is not local
[INFO] [stdout]    |
[INFO] [stdout]    = note: the derive macro `MontConfig` defines the non-local `impl`, and may need to be changed
[INFO] [stdout]    = note: the derive macro `MontConfig` may come from an old version of the `ark_ff_macros` crate, try updating your dependency with `cargo update -p ark_ff_macros`
[INFO] [stdout]    = note: an `impl` is never scoped, even when it is nested inside an item, as it may impact type checking outside of that item, which can be the case if neither the trait or the self type are at the same nesting level as the `impl`
[INFO] [stdout]    = note: this warning originates in the derive macro `MontConfig` (in Nightly builds, run with -Z macro-backtrace for more info)
[INFO] [stdout] 
[INFO] [stdout] 
[INFO] [stdout] warning: variable does not need to be mutable
[INFO] [stdout]    --> src/fabric/executor.rs:214:21
[INFO] [stdout]     |
[INFO] [stdout] 214 |                 let mut operation = self.operations.get_mut(*op_id).unwrap();
[INFO] [stdout]     |                     ----^^^^^^^^^
[INFO] [stdout]     |                     |
[INFO] [stdout]     |                     help: remove this `mut`
[INFO] [stdout]     |
[INFO] [stdout]     = note: `#[warn(unused_mut)]` on by default
[INFO] [stdout] 
[INFO] [stdout] 
[INFO] [stdout] Some errors have detailed explanations: E0432, E0433, E0599.
[INFO] [stdout] 
[INFO] [stdout] For more information about an error, try `rustc --explain E0432`.
[INFO] [stdout] 
[INFO] [stderr] error: could not compile `mpc-stark` (lib test) due to 6 previous errors; 4 warnings emitted
[INFO] [stderr] warning: build failed, waiting for other jobs to finish...
[INFO] running `Command { std: "docker" "inspect" "e5a150331a1b12b9854ed8f17c513a04fca91023b9051b2faa7870be2f050d0d", kill_on_drop: false }`
[INFO] running `Command { std: "docker" "rm" "-f" "e5a150331a1b12b9854ed8f17c513a04fca91023b9051b2faa7870be2f050d0d", kill_on_drop: false }`
[INFO] [stdout] e5a150331a1b12b9854ed8f17c513a04fca91023b9051b2faa7870be2f050d0d
