[INFO] fetching crate morphorm 0.6.4...
[INFO] testing morphorm-0.6.4 against nightly-2024-10-28 for randomize-layout
[INFO] extracting crate morphorm 0.6.4 into /workspace/builds/worker-4-tc1/source
[INFO] validating manifest of crates.io crate morphorm 0.6.4 on toolchain nightly-2024-10-28
[INFO] running `Command { std: CARGO_HOME="/workspace/cargo-home" RUSTUP_HOME="/workspace/rustup-home" "/workspace/cargo-home/bin/cargo" "+nightly-2024-10-28" "metadata" "--manifest-path" "Cargo.toml" "--no-deps", kill_on_drop: false }`
[INFO] started tweaking crates.io crate morphorm 0.6.4
[INFO] finished tweaking crates.io crate morphorm 0.6.4
[INFO] tweaked toml for crates.io crate morphorm 0.6.4 written to /workspace/builds/worker-4-tc1/source/Cargo.toml
[INFO] crate crates.io crate morphorm 0.6.4 already has a lockfile, it will not be regenerated
[INFO] running `Command { std: CARGO_HOME="/workspace/cargo-home" RUSTUP_HOME="/workspace/rustup-home" "/workspace/cargo-home/bin/cargo" "+nightly-2024-10-28" "fetch" "--manifest-path" "Cargo.toml", kill_on_drop: false }`
[INFO] [stderr]     Updating crates.io index
[INFO] [stderr]  Downloading crates ...
[INFO] [stderr]   Downloaded femtovg v0.7.1
[INFO] [stderr]   Downloaded xml-rs v0.8.18
[INFO] [stderr]   Downloaded imgref v1.9.4
[INFO] [stderr]   Downloaded rustybuzz v0.7.0
[INFO] running `Command { std: "docker" "create" "-v" "/var/lib/crater-agent-workspace/builds/worker-4-tc1/target:/opt/rustwide/target:rw,Z" "-v" "/var/lib/crater-agent-workspace/builds/worker-4-tc1/source:/opt/rustwide/workdir:ro,Z" "-v" "/var/lib/crater-agent-workspace/cargo-home:/opt/rustwide/cargo-home:ro,Z" "-v" "/var/lib/crater-agent-workspace/rustup-home:/opt/rustwide/rustup-home:ro,Z" "-e" "SOURCE_DIR=/opt/rustwide/workdir" "-e" "CARGO_TARGET_DIR=/opt/rustwide/target" "-e" "CARGO_HOME=/opt/rustwide/cargo-home" "-e" "RUSTUP_HOME=/opt/rustwide/rustup-home" "-w" "/opt/rustwide/workdir" "-m" "1610612736" "--user" "0:0" "--network" "none" "ghcr.io/rust-lang/crates-build-env/linux@sha256:4a844ea9eb2546a2d2c7022eacef16ef2e8229c7fbb2c7d4d55a9ceca922f72d" "/opt/rustwide/cargo-home/bin/cargo" "+nightly-2024-10-28" "metadata" "--no-deps" "--format-version=1", kill_on_drop: false }`
[INFO] [stdout] a0eadcf99b8e12229cf535b6ebcad310c006bfcbd2e6116d9d5eec14d005011a
[INFO] running `Command { std: "docker" "start" "-a" "a0eadcf99b8e12229cf535b6ebcad310c006bfcbd2e6116d9d5eec14d005011a", kill_on_drop: false }`
[INFO] running `Command { std: "docker" "inspect" "a0eadcf99b8e12229cf535b6ebcad310c006bfcbd2e6116d9d5eec14d005011a", kill_on_drop: false }`
[INFO] running `Command { std: "docker" "rm" "-f" "a0eadcf99b8e12229cf535b6ebcad310c006bfcbd2e6116d9d5eec14d005011a", kill_on_drop: false }`
[INFO] [stdout] a0eadcf99b8e12229cf535b6ebcad310c006bfcbd2e6116d9d5eec14d005011a
[INFO] running `Command { std: "docker" "create" "-v" "/var/lib/crater-agent-workspace/builds/worker-4-tc1/target:/opt/rustwide/target:rw,Z" "-v" "/var/lib/crater-agent-workspace/builds/worker-4-tc1/source:/opt/rustwide/workdir:ro,Z" "-v" "/var/lib/crater-agent-workspace/cargo-home:/opt/rustwide/cargo-home:ro,Z" "-v" "/var/lib/crater-agent-workspace/rustup-home:/opt/rustwide/rustup-home:ro,Z" "-e" "SOURCE_DIR=/opt/rustwide/workdir" "-e" "CARGO_TARGET_DIR=/opt/rustwide/target" "-e" "CARGO_INCREMENTAL=0" "-e" "RUST_BACKTRACE=full" "-e" "RUSTFLAGS=--cap-lints=forbid" "-e" "RUSTDOCFLAGS=--cap-lints=forbid" "-e" "CARGO_HOME=/opt/rustwide/cargo-home" "-e" "RUSTUP_HOME=/opt/rustwide/rustup-home" "-w" "/opt/rustwide/workdir" "-m" "1610612736" "--user" "0:0" "--network" "none" "ghcr.io/rust-lang/crates-build-env/linux@sha256:4a844ea9eb2546a2d2c7022eacef16ef2e8229c7fbb2c7d4d55a9ceca922f72d" "/opt/rustwide/cargo-home/bin/cargo" "+nightly-2024-10-28" "build" "--frozen" "--message-format=json", kill_on_drop: false }`
[INFO] [stdout] 7dca521f89c262cd761edb5d1f2c9cf52aabd61ed9fed7eb838a7f232549cff6
[INFO] running `Command { std: "docker" "start" "-a" "7dca521f89c262cd761edb5d1f2c9cf52aabd61ed9fed7eb838a7f232549cff6", kill_on_drop: false }`
[INFO] [stderr]    Compiling smallvec v1.11.0
[INFO] [stderr]    Compiling morphorm v0.6.4 (/opt/rustwide/workdir)
[INFO] [stdout] warning: method `cross_between` is never used
[INFO] [stdout]    --> src/node.rs:269:8
[INFO] [stdout]     |
[INFO] [stdout] 181 | pub(crate) trait NodeExt: Node {
[INFO] [stdout]     |                  ------- method in this trait
[INFO] [stdout] ...
[INFO] [stdout] 269 |     fn cross_between(&self, store: &Self::Store, parent_layout_type: LayoutType) -> Units {
[INFO] [stdout]     |        ^^^^^^^^^^^^^
[INFO] [stdout]     |
[INFO] [stdout]     = note: `#[warn(dead_code)]` on by default
[INFO] [stdout] 
[INFO] [stdout] 
[INFO] [stderr]     Finished `dev` profile [unoptimized + debuginfo] target(s) in 0.37s
[INFO] running `Command { std: "docker" "inspect" "7dca521f89c262cd761edb5d1f2c9cf52aabd61ed9fed7eb838a7f232549cff6", kill_on_drop: false }`
[INFO] running `Command { std: "docker" "rm" "-f" "7dca521f89c262cd761edb5d1f2c9cf52aabd61ed9fed7eb838a7f232549cff6", kill_on_drop: false }`
[INFO] [stdout] 7dca521f89c262cd761edb5d1f2c9cf52aabd61ed9fed7eb838a7f232549cff6
[INFO] running `Command { std: "docker" "create" "-v" "/var/lib/crater-agent-workspace/builds/worker-4-tc1/target:/opt/rustwide/target:rw,Z" "-v" "/var/lib/crater-agent-workspace/builds/worker-4-tc1/source:/opt/rustwide/workdir:ro,Z" "-v" "/var/lib/crater-agent-workspace/cargo-home:/opt/rustwide/cargo-home:ro,Z" "-v" "/var/lib/crater-agent-workspace/rustup-home:/opt/rustwide/rustup-home:ro,Z" "-e" "SOURCE_DIR=/opt/rustwide/workdir" "-e" "CARGO_TARGET_DIR=/opt/rustwide/target" "-e" "CARGO_INCREMENTAL=0" "-e" "RUST_BACKTRACE=full" "-e" "RUSTFLAGS=--cap-lints=forbid" "-e" "RUSTDOCFLAGS=--cap-lints=forbid" "-e" "CARGO_HOME=/opt/rustwide/cargo-home" "-e" "RUSTUP_HOME=/opt/rustwide/rustup-home" "-w" "/opt/rustwide/workdir" "-m" "1610612736" "--user" "0:0" "--network" "none" "ghcr.io/rust-lang/crates-build-env/linux@sha256:4a844ea9eb2546a2d2c7022eacef16ef2e8229c7fbb2c7d4d55a9ceca922f72d" "/opt/rustwide/cargo-home/bin/cargo" "+nightly-2024-10-28" "test" "--frozen" "--no-run" "--message-format=json", kill_on_drop: false }`
[INFO] [stdout] e55e199deaa92bb179cd2bfc0960913a06aad983b9ac0ac0236f84275b809dcf
[INFO] running `Command { std: "docker" "start" "-a" "e55e199deaa92bb179cd2bfc0960913a06aad983b9ac0ac0236f84275b809dcf", kill_on_drop: false }`
[INFO] [stderr]    Compiling proc-macro2 v1.0.67
[INFO] [stderr]    Compiling libc v0.2.148
[INFO] [stderr]    Compiling xml-rs v0.8.18
[INFO] [stderr]    Compiling pkg-config v0.3.27
[INFO] [stderr]    Compiling log v0.4.20
[INFO] [stderr]    Compiling libloading v0.8.0
[INFO] [stderr]    Compiling once_cell v1.18.0
[INFO] [stderr]    Compiling khronos_api v3.1.0
[INFO] [stderr]    Compiling cfg_aliases v0.1.1
[INFO] [stderr]    Compiling crossbeam-utils v0.8.16
[INFO] [stderr]    Compiling serde v1.0.188
[INFO] [stderr]    Compiling memoffset v0.9.0
[INFO] [stderr]    Compiling crossbeam-epoch v0.9.15
[INFO] [stderr]    Compiling slotmap v1.0.6
[INFO] [stderr]    Compiling downcast-rs v1.2.0
[INFO] [stderr]    Compiling scoped-tls v1.0.1
[INFO] [stderr]    Compiling thiserror v1.0.48
[INFO] [stderr]    Compiling memchr v2.6.3
[INFO] [stderr]    Compiling num-traits v0.2.16
[INFO] [stderr]    Compiling dlib v0.5.2
[INFO] [stderr]    Compiling vec_map v0.8.2
[INFO] [stderr]    Compiling rayon-core v1.11.0
[INFO] [stderr]    Compiling rustix v0.38.13
[INFO] [stderr]    Compiling unicode-general-category v0.6.0
[INFO] [stderr]    Compiling serde_json v1.0.107
[INFO] [stderr]    Compiling bitflags v2.4.0
[INFO] [stderr]    Compiling glutin v0.30.10
[INFO] [stderr]    Compiling bytemuck v1.14.0
[INFO] [stderr]    Compiling half v1.8.2
[INFO] [stderr]    Compiling linux-raw-sys v0.4.7
[INFO] [stderr]    Compiling itoa v1.0.9
[INFO] [stderr]    Compiling wayland-sys v0.29.5
[INFO] [stderr]    Compiling x11-dl v2.21.0
[INFO] [stderr]    Compiling gl_generator v0.14.0
[INFO] [stderr]    Compiling smithay-client-toolkit v0.16.1
[INFO] [stderr]    Compiling wayland-sys v0.30.1
[INFO] [stderr]    Compiling quote v1.0.33
[INFO] [stderr]    Compiling nom v7.1.3
[INFO] [stderr]    Compiling crossbeam-channel v0.5.8
[INFO] [stderr]    Compiling regex-syntax v0.7.5
[INFO] [stderr]    Compiling ryu v1.0.15
[INFO] [stderr]    Compiling ciborium-io v0.2.1
[INFO] [stderr]    Compiling plotters-backend v0.3.5
[INFO] [stderr]    Compiling raw-window-handle v0.5.2
[INFO] [stderr]    Compiling wayland-scanner v0.29.5
[INFO] [stderr]    Compiling syn v2.0.37
[INFO] [stderr]    Compiling crossbeam-deque v0.8.3
[INFO] [stderr]    Compiling ciborium-ll v0.2.1
[INFO] [stderr]    Compiling clap_builder v4.4.7
[INFO] [stderr]    Compiling plotters-svg v0.3.5
[INFO] [stderr]    Compiling itertools v0.10.5
[INFO] [stderr]    Compiling glutin-winit v0.3.0
[INFO] [stderr]    Compiling instant v0.1.12
[INFO] [stderr]    Compiling libloading v0.7.4
[INFO] [stderr]    Compiling glutin_egl_sys v0.5.1
[INFO] [stderr]    Compiling glutin_glx_sys v0.4.0
[INFO] [stderr]    Compiling unicode-ccc v0.1.2
[INFO] [stderr]    Compiling unicode-bidi-mirroring v0.1.0
[INFO] [stderr]    Compiling percent-encoding v2.3.0
[INFO] [stderr]    Compiling ttf-parser v0.18.1
[INFO] [stderr]    Compiling unicode-script v0.5.5
[INFO] [stderr]    Compiling nix v0.24.3
[INFO] [stderr]    Compiling nix v0.25.1
[INFO] [stderr]    Compiling memmap2 v0.5.10
[INFO] [stderr]    Compiling getrandom v0.2.10
[INFO] [stderr]    Compiling num_cpus v1.16.0
[INFO] [stderr]    Compiling mio v0.8.8
[INFO] [stderr]    Compiling rand_core v0.6.4
[INFO] [stderr]    Compiling wayland-client v0.29.5
[INFO] [stderr]    Compiling wayland-protocols v0.29.5
[INFO] [stderr]    Compiling winit v0.28.6
[INFO] [stderr]    Compiling regex-automata v0.3.8
[INFO] [stderr]    Compiling xcursor v0.3.4
[INFO] [stderr]    Compiling rand_chacha v0.3.1
[INFO] [stderr]    Compiling plotters v0.3.5
[INFO] [stderr]    Compiling criterion-plot v0.5.0
[INFO] [stderr]    Compiling rayon v1.7.0
[INFO] [stderr]    Compiling is-terminal v0.4.9
[INFO] [stderr]    Compiling clap v4.4.7
[INFO] [stderr]    Compiling wayland-commons v0.29.5
[INFO] [stderr]    Compiling walkdir v2.4.0
[INFO] [stderr]    Compiling rgb v0.8.36
[INFO] [stderr]    Compiling generational-arena v0.2.9
[INFO] [stderr]    Compiling rustybuzz v0.7.0
[INFO] [stderr]    Compiling lru v0.10.1
[INFO] [stderr]    Compiling glow v0.12.3
[INFO] [stderr]    Compiling thiserror-impl v1.0.48
[INFO] [stderr]    Compiling serde_derive v1.0.188
[INFO] [stderr]    Compiling unicode-segmentation v1.10.1
[INFO] [stderr]    Compiling oorandom v11.1.3
[INFO] [stderr]    Compiling unicode-bidi v0.3.13
[INFO] [stderr]    Compiling imgref v1.9.4
[INFO] [stderr]    Compiling rand v0.8.5
[INFO] [stderr]    Compiling regex v1.9.5
[INFO] [stdout] warning: method `cross_between` is never used
[INFO] [stdout]    --> src/node.rs:269:8
[INFO] [stdout]     |
[INFO] [stdout] 181 | pub(crate) trait NodeExt: Node {
[INFO] [stdout]     |                  ------- method in this trait
[INFO] [stdout] ...
[INFO] [stdout] 269 |     fn cross_between(&self, store: &Self::Store, parent_layout_type: LayoutType) -> Units {
[INFO] [stdout]     |        ^^^^^^^^^^^^^
[INFO] [stdout]     |
[INFO] [stdout]     = note: `#[warn(dead_code)]` on by default
[INFO] [stdout] 
[INFO] [stdout] 
[INFO] [stderr]    Compiling calloop v0.10.6
[INFO] [stderr]    Compiling wayland-cursor v0.29.5
[INFO] [stderr]    Compiling femtovg v0.7.1
[INFO] [stderr]    Compiling ciborium v0.2.1
[INFO] [stderr]    Compiling tinytemplate v1.2.1
[INFO] [stderr]    Compiling criterion v0.5.1
[INFO] [stderr]    Compiling morphorm v0.6.4 (/opt/rustwide/workdir)
[INFO] [stdout] error[E0432]: unresolved import `morphorm_ecs`
[INFO] [stdout]  --> tests/border.rs:2:5
[INFO] [stdout]   |
[INFO] [stdout] 2 | use morphorm_ecs::*;
[INFO] [stdout]   |     ^^^^^^^^^^^^ use of undeclared crate or module `morphorm_ecs`
[INFO] [stdout]   |
[INFO] [stdout] help: there is a crate or module with a similar name
[INFO] [stdout]   |
[INFO] [stdout] 2 | use morphorm::*;
[INFO] [stdout]   |     ~~~~~~~~
[INFO] [stdout] 
[INFO] [stdout] 
[INFO] [stdout] error[E0432]: unresolved import `morphorm_ecs`
[INFO] [stdout]  --> tests/left.rs:2:5
[INFO] [stdout]   |
[INFO] [stdout] 2 | use morphorm_ecs::*;
[INFO] [stdout]   |     ^^^^^^^^^^^^ use of undeclared crate or module `morphorm_ecs`
[INFO] [stdout]   |
[INFO] [stdout] help: there is a crate or module with a similar name
[INFO] [stdout]   |
[INFO] [stdout] 2 | use morphorm::*;
[INFO] [stdout]   |     ~~~~~~~~
[INFO] [stdout] 
[INFO] [stdout] 
[INFO] [stdout] error[E0432]: unresolved import `morphorm_ecs`
[INFO] [stdout]  --> tests/size.rs:2:5
[INFO] [stdout]   |
[INFO] [stdout] 2 | use morphorm_ecs::*;
[INFO] [stdout]   |     ^^^^^^^^^^^^ use of undeclared crate or module `morphorm_ecs`
[INFO] [stdout]   |
[INFO] [stdout] help: there is a crate or module with a similar name
[INFO] [stdout]   |
[INFO] [stdout] 2 | use morphorm::*;
[INFO] [stdout]   |     ~~~~~~~~
[INFO] [stdout] 
[INFO] [stdout] 
[INFO] [stdout] error[E0432]: unresolved import `morphorm_ecs`
[INFO] [stdout]  --> tests/space_constraints.rs:2:5
[INFO] [stdout]   |
[INFO] [stdout] 2 | use morphorm_ecs::*;
[INFO] [stdout]   |     ^^^^^^^^^^^^ use of undeclared crate or module `morphorm_ecs`
[INFO] [stdout]   |
[INFO] [stdout] help: there is a crate or module with a similar name
[INFO] [stdout]   |
[INFO] [stdout] 2 | use morphorm::*;
[INFO] [stdout]   |     ~~~~~~~~
[INFO] [stdout] 
[INFO] [stdout] 
[INFO] [stdout] error[E0432]: unresolved import `morphorm_ecs`
[INFO] [stdout]   --> examples/common/mod.rs:11:9
[INFO] [stdout]    |
[INFO] [stdout] 11 | pub use morphorm_ecs::*;
[INFO] [stdout]    |         ^^^^^^^^^^^^ use of undeclared crate or module `morphorm_ecs`
[INFO] [stdout]    |
[INFO] [stdout] help: there is a crate or module with a similar name
[INFO] [stdout]    |
[INFO] [stdout] 11 | pub use morphorm::*;
[INFO] [stdout]    |         ~~~~~~~~
[INFO] [stdout] 
[INFO] [stdout] 
[INFO] [stdout] error[E0432]: unresolved import `morphorm_ecs`
[INFO] [stdout]  --> tests/top.rs:2:5
[INFO] [stdout]   |
[INFO] [stdout] 2 | use morphorm_ecs::*;
[INFO] [stdout]   |     ^^^^^^^^^^^^ use of undeclared crate or module `morphorm_ecs`
[INFO] [stdout]   |
[INFO] [stdout] help: there is a crate or module with a similar name
[INFO] [stdout]   |
[INFO] [stdout] 2 | use morphorm::*;
[INFO] [stdout]   |     ~~~~~~~~
[INFO] [stdout] 
[INFO] [stdout] 
[INFO] [stdout] error[E0432]: unresolved import `morphorm_ecs`
[INFO] [stdout]  --> tests/width_constraints.rs:2:5
[INFO] [stdout]   |
[INFO] [stdout] 2 | use morphorm_ecs::*;
[INFO] [stdout]   |     ^^^^^^^^^^^^ use of undeclared crate or module `morphorm_ecs`
[INFO] [stdout]   |
[INFO] [stdout] help: there is a crate or module with a similar name
[INFO] [stdout]   |
[INFO] [stdout] 2 | use morphorm::*;
[INFO] [stdout]   |     ~~~~~~~~
[INFO] [stdout] 
[INFO] [stdout] 
[INFO] [stdout] error[E0432]: unresolved import `morphorm_ecs`
[INFO] [stdout]  --> tests/height_constraints.rs:2:5
[INFO] [stdout]   |
[INFO] [stdout] 2 | use morphorm_ecs::*;
[INFO] [stdout]   |     ^^^^^^^^^^^^ use of undeclared crate or module `morphorm_ecs`
[INFO] [stdout]   |
[INFO] [stdout] help: there is a crate or module with a similar name
[INFO] [stdout]   |
[INFO] [stdout] 2 | use morphorm::*;
[INFO] [stdout]   |     ~~~~~~~~
[INFO] [stdout] 
[INFO] [stdout] 
[INFO] [stdout] error[E0432]: unresolved import `morphorm_ecs`
[INFO] [stdout]  --> tests/visibility.rs:2:5
[INFO] [stdout]   |
[INFO] [stdout] 2 | use morphorm_ecs::*;
[INFO] [stdout]   |     ^^^^^^^^^^^^ use of undeclared crate or module `morphorm_ecs`
[INFO] [stdout]   |
[INFO] [stdout] help: there is a crate or module with a similar name
[INFO] [stdout]   |
[INFO] [stdout] 2 | use morphorm::*;
[INFO] [stdout]   |     ~~~~~~~~
[INFO] [stdout] 
[INFO] [stdout] 
[INFO] [stdout] error[E0432]: unresolved import `morphorm_ecs`
[INFO] [stdout]  --> tests/content_size.rs:2:5
[INFO] [stdout]   |
[INFO] [stdout] 2 | use morphorm_ecs::*;
[INFO] [stdout]   |     ^^^^^^^^^^^^ use of undeclared crate or module `morphorm_ecs`
[INFO] [stdout]   |
[INFO] [stdout] help: there is a crate or module with a similar name
[INFO] [stdout]   |
[INFO] [stdout] 2 | use morphorm::*;
[INFO] [stdout]   |     ~~~~~~~~
[INFO] [stdout] 
[INFO] [stdout] 
[INFO] [stdout] error[E0432]: unresolved import `morphorm_ecs`
[INFO] [stdout]  --> tests/space_between.rs:2:5
[INFO] [stdout]   |
[INFO] [stdout] 2 | use morphorm_ecs::*;
[INFO] [stdout]   |     ^^^^^^^^^^^^ use of undeclared crate or module `morphorm_ecs`
[INFO] [stdout]   |
[INFO] [stdout] help: there is a crate or module with a similar name
[INFO] [stdout]   |
[INFO] [stdout] 2 | use morphorm::*;
[INFO] [stdout]   |     ~~~~~~~~
[INFO] [stdout] 
[INFO] [stdout] 
[INFO] [stdout] error[E0432]: unresolved import `morphorm_ecs`
[INFO] [stdout]   --> examples/common/mod.rs:11:9
[INFO] [stdout]    |
[INFO] [stdout] 11 | pub use morphorm_ecs::*;
[INFO] [stdout]    |         ^^^^^^^^^^^^ use of undeclared crate or module `morphorm_ecs`
[INFO] [stdout]    |
[INFO] [stdout] help: there is a crate or module with a similar name
[INFO] [stdout]    |
[INFO] [stdout] 11 | pub use morphorm::*;
[INFO] [stdout]    |         ~~~~~~~~
[INFO] [stdout] 
[INFO] [stdout] 
[INFO] [stdout] error[E0432]: unresolved import `morphorm_ecs`
[INFO] [stdout]  --> tests/self_directed.rs:2:5
[INFO] [stdout]   |
[INFO] [stdout] 2 | use morphorm_ecs::*;
[INFO] [stdout]   |     ^^^^^^^^^^^^ use of undeclared crate or module `morphorm_ecs`
[INFO] [stdout]   |
[INFO] [stdout] help: there is a crate or module with a similar name
[INFO] [stdout]   |
[INFO] [stdout] 2 | use morphorm::*;
[INFO] [stdout]   |     ~~~~~~~~
[INFO] [stdout] 
[INFO] [stdout] 
[INFO] [stdout] error[E0432]: unresolved import `morphorm_ecs`
[INFO] [stdout]  --> tests/child_space.rs:2:5
[INFO] [stdout]   |
[INFO] [stdout] 2 | use morphorm_ecs::*;
[INFO] [stdout]   |     ^^^^^^^^^^^^ use of undeclared crate or module `morphorm_ecs`
[INFO] [stdout]   |
[INFO] [stdout] help: there is a crate or module with a similar name
[INFO] [stdout]   |
[INFO] [stdout] 2 | use morphorm::*;
[INFO] [stdout]   |     ~~~~~~~~
[INFO] [stdout] 
[INFO] [stdout] 
[INFO] [stdout] For more information about this error, try `rustc --explain E0432`.
[INFO] [stdout] 
[INFO] [stdout] For more information about this error, try `rustc --explain E0432`.
[INFO] [stdout] 
[INFO] [stderr] error: could not compile `morphorm` (test "visibility") due to 1 previous error
[INFO] [stderr] warning: build failed, waiting for other jobs to finish...
[INFO] [stdout] For more information about this error, try `rustc --explain E0432`.
[INFO] [stdout] 
[INFO] [stderr] error: could not compile `morphorm` (test "top") due to 1 previous error
[INFO] [stdout] For more information about this error, try `rustc --explain E0432`.
[INFO] [stdout] 
[INFO] [stderr] error: could not compile `morphorm` (test "border") due to 1 previous error
[INFO] [stdout] For more information about this error, try `rustc --explain E0432`.
[INFO] [stdout] 
[INFO] [stderr] error: could not compile `morphorm` (test "height_constraints") due to 1 previous error
[INFO] [stdout] For more information about this error, try `rustc --explain E0432`.
[INFO] [stdout] 
[INFO] [stderr] error: could not compile `morphorm` (test "space_between") due to 1 previous error
[INFO] [stderr] error: could not compile `morphorm` (test "width_constraints") due to 1 previous error
[INFO] [stdout] For more information about this error, try `rustc --explain E0432`.
[INFO] [stdout] 
[INFO] [stdout] For more information about this error, try `rustc --explain E0432`.
[INFO] [stdout] 
[INFO] [stdout] For more information about this error, try `rustc --explain E0432`.
[INFO] [stdout] 
[INFO] [stdout] warning: method `cross_between` is never used
[INFO] [stdout]    --> src/node.rs:269:8
[INFO] [stdout]     |
[INFO] [stdout] 181 | pub(crate) trait NodeExt: Node {
[INFO] [stdout]     |                  ------- method in this trait
[INFO] [stdout] ...
[INFO] [stdout] 269 |     fn cross_between(&self, store: &Self::Store, parent_layout_type: LayoutType) -> Units {
[INFO] [stdout]     |        ^^^^^^^^^^^^^
[INFO] [stdout]     |
[INFO] [stdout]     = note: `#[warn(dead_code)]` on by default
[INFO] [stdout] 
[INFO] [stdout] 
[INFO] [stderr] error: could not compile `morphorm` (example "basic") due to 1 previous error
[INFO] [stderr] error: could not compile `morphorm` (test "content_size") due to 1 previous error
[INFO] [stderr] error: could not compile `morphorm` (test "self_directed") due to 1 previous error
[INFO] [stdout] For more information about this error, try `rustc --explain E0432`.
[INFO] [stdout] 
[INFO] [stderr] error: could not compile `morphorm` (test "space_constraints") due to 1 previous error
[INFO] [stdout] For more information about this error, try `rustc --explain E0432`.
[INFO] [stdout] 
[INFO] [stdout] For more information about this error, try `rustc --explain E0432`.
[INFO] [stdout] 
[INFO] [stderr] error: could not compile `morphorm` (test "left") due to 1 previous error
[INFO] [stderr] error: could not compile `morphorm` (test "size") due to 1 previous error
[INFO] [stdout] For more information about this error, try `rustc --explain E0432`.
[INFO] [stdout] 
[INFO] [stderr] error: could not compile `morphorm` (test "child_space") due to 1 previous error
[INFO] [stdout] For more information about this error, try `rustc --explain E0432`.
[INFO] [stdout] 
[INFO] [stderr] error: could not compile `morphorm` (example "textwrap") due to 1 previous error
[INFO] running `Command { std: "docker" "inspect" "e55e199deaa92bb179cd2bfc0960913a06aad983b9ac0ac0236f84275b809dcf", kill_on_drop: false }`
[INFO] running `Command { std: "docker" "rm" "-f" "e55e199deaa92bb179cd2bfc0960913a06aad983b9ac0ac0236f84275b809dcf", kill_on_drop: false }`
[INFO] [stdout] e55e199deaa92bb179cd2bfc0960913a06aad983b9ac0ac0236f84275b809dcf
