[INFO] fetching crate morge 0.1.2...
[INFO] testing morge-0.1.2 against nightly-2024-10-28+rustflags=-Zrandomize-layout for randomize-layout
[INFO] extracting crate morge 0.1.2 into /workspace/builds/worker-6-tc2/source
[INFO] validating manifest of crates.io crate morge 0.1.2 on toolchain nightly-2024-10-28
[INFO] running `Command { std: CARGO_HOME="/workspace/cargo-home" RUSTUP_HOME="/workspace/rustup-home" "/workspace/cargo-home/bin/cargo" "+nightly-2024-10-28" "metadata" "--manifest-path" "Cargo.toml" "--no-deps", kill_on_drop: false }`
[INFO] started tweaking crates.io crate morge 0.1.2
[INFO] finished tweaking crates.io crate morge 0.1.2
[INFO] tweaked toml for crates.io crate morge 0.1.2 written to /workspace/builds/worker-6-tc2/source/Cargo.toml
[INFO] crate crates.io crate morge 0.1.2 already has a lockfile, it will not be regenerated
[INFO] running `Command { std: CARGO_HOME="/workspace/cargo-home" RUSTUP_HOME="/workspace/rustup-home" "/workspace/cargo-home/bin/cargo" "+nightly-2024-10-28" "fetch" "--manifest-path" "Cargo.toml", kill_on_drop: false }`
[INFO] running `Command { std: "docker" "create" "-v" "/var/lib/crater-agent-workspace/builds/worker-6-tc2/target:/opt/rustwide/target:rw,Z" "-v" "/var/lib/crater-agent-workspace/builds/worker-6-tc2/source:/opt/rustwide/workdir:ro,Z" "-v" "/var/lib/crater-agent-workspace/cargo-home:/opt/rustwide/cargo-home:ro,Z" "-v" "/var/lib/crater-agent-workspace/rustup-home:/opt/rustwide/rustup-home:ro,Z" "-e" "SOURCE_DIR=/opt/rustwide/workdir" "-e" "CARGO_TARGET_DIR=/opt/rustwide/target" "-e" "CARGO_HOME=/opt/rustwide/cargo-home" "-e" "RUSTUP_HOME=/opt/rustwide/rustup-home" "-w" "/opt/rustwide/workdir" "-m" "1610612736" "--user" "0:0" "--network" "none" "ghcr.io/rust-lang/crates-build-env/linux@sha256:4a844ea9eb2546a2d2c7022eacef16ef2e8229c7fbb2c7d4d55a9ceca922f72d" "/opt/rustwide/cargo-home/bin/cargo" "+nightly-2024-10-28" "metadata" "--no-deps" "--format-version=1", kill_on_drop: false }`
[INFO] [stdout] 088896ea1ec61dfbcaffa4eeabd97ff6247f4e760cbe0170149d903e8a86a9b3
[INFO] running `Command { std: "docker" "start" "-a" "088896ea1ec61dfbcaffa4eeabd97ff6247f4e760cbe0170149d903e8a86a9b3", kill_on_drop: false }`
[INFO] running `Command { std: "docker" "inspect" "088896ea1ec61dfbcaffa4eeabd97ff6247f4e760cbe0170149d903e8a86a9b3", kill_on_drop: false }`
[INFO] running `Command { std: "docker" "rm" "-f" "088896ea1ec61dfbcaffa4eeabd97ff6247f4e760cbe0170149d903e8a86a9b3", kill_on_drop: false }`
[INFO] [stdout] 088896ea1ec61dfbcaffa4eeabd97ff6247f4e760cbe0170149d903e8a86a9b3
[INFO] running `Command { std: "docker" "create" "-v" "/var/lib/crater-agent-workspace/builds/worker-6-tc2/target:/opt/rustwide/target:rw,Z" "-v" "/var/lib/crater-agent-workspace/builds/worker-6-tc2/source:/opt/rustwide/workdir:ro,Z" "-v" "/var/lib/crater-agent-workspace/cargo-home:/opt/rustwide/cargo-home:ro,Z" "-v" "/var/lib/crater-agent-workspace/rustup-home:/opt/rustwide/rustup-home:ro,Z" "-e" "SOURCE_DIR=/opt/rustwide/workdir" "-e" "CARGO_TARGET_DIR=/opt/rustwide/target" "-e" "CARGO_INCREMENTAL=0" "-e" "RUST_BACKTRACE=full" "-e" "RUSTFLAGS=--cap-lints=forbid -Zrandomize-layout" "-e" "RUSTDOCFLAGS=--cap-lints=forbid" "-e" "CARGO_HOME=/opt/rustwide/cargo-home" "-e" "RUSTUP_HOME=/opt/rustwide/rustup-home" "-w" "/opt/rustwide/workdir" "-m" "1610612736" "--user" "0:0" "--network" "none" "ghcr.io/rust-lang/crates-build-env/linux@sha256:4a844ea9eb2546a2d2c7022eacef16ef2e8229c7fbb2c7d4d55a9ceca922f72d" "/opt/rustwide/cargo-home/bin/cargo" "+nightly-2024-10-28" "build" "--frozen" "--message-format=json", kill_on_drop: false }`
[INFO] [stdout] f76461f36feb51343fa1239a5d84e12eb25decf31d3e944a14447458dd76b328
[INFO] running `Command { std: "docker" "start" "-a" "f76461f36feb51343fa1239a5d84e12eb25decf31d3e944a14447458dd76b328", kill_on_drop: false }`
[INFO] [stderr]    Compiling proc-macro2 v1.0.40
[INFO] [stderr]    Compiling quote v1.0.20
[INFO] [stderr]    Compiling unicode-ident v1.0.1
[INFO] [stderr]    Compiling libc v0.2.126
[INFO] [stderr]    Compiling syn v1.0.98
[INFO] [stderr]    Compiling serde_derive v1.0.137
[INFO] [stderr]    Compiling serde v1.0.137
[INFO] [stderr]    Compiling typenum v1.15.0
[INFO] [stderr]    Compiling once_cell v1.12.0
[INFO] [stderr]    Compiling subtle v2.4.1
[INFO] [stderr]    Compiling memchr v2.5.0
[INFO] [stderr]    Compiling itoa v1.0.2
[INFO] [stderr]    Compiling ppv-lite86 v0.2.16
[INFO] [stderr]    Compiling generic-array v0.14.5
[INFO] [stderr]    Compiling pin-project-lite v0.2.9
[INFO] [stderr]    Compiling crunchy v0.2.2
[INFO] [stderr]    Compiling indexmap v1.9.0
[INFO] [stderr]    Compiling const-oid v0.7.1
[INFO] [stderr]    Compiling zeroize v1.5.6
[INFO] [stderr]    Compiling futures-core v0.3.21
[INFO] [stderr]    Compiling scopeguard v1.1.0
[INFO] [stderr]    Compiling hashbrown v0.12.1
[INFO] [stderr]    Compiling ryu v1.0.10
[INFO] [stderr]    Compiling static_assertions v1.1.0
[INFO] [stderr]    Compiling rustc-hex v2.1.0
[INFO] [stderr]    Compiling keccak v0.1.2
[INFO] [stderr]    Compiling lock_api v0.4.7
[INFO] [stderr]    Compiling base64ct v1.0.1
[INFO] [stderr]    Compiling der v0.5.1
[INFO] [stderr]    Compiling parking_lot_core v0.9.3
[INFO] [stderr]    Compiling byteorder v1.4.3
[INFO] [stderr]    Compiling radium v0.7.0
[INFO] [stderr]    Compiling regex-syntax v0.6.26
[INFO] [stderr]    Compiling futures-sink v0.3.21
[INFO] [stderr]    Compiling arrayvec v0.7.2
[INFO] [stderr]    Compiling smallvec v1.8.0
[INFO] [stderr]    Compiling cc v1.0.73
[INFO] [stderr]    Compiling tap v1.0.1
[INFO] [stderr]    Compiling log v0.4.17
[INFO] [stderr]    Compiling wyz v0.5.0
[INFO] [stderr]    Compiling tracing-core v0.1.28
[INFO] [stderr]    Compiling funty v2.0.0
[INFO] [stderr]    Compiling cpufeatures v0.2.2
[INFO] [stderr]    Compiling base16ct v0.1.1
[INFO] [stderr]    Compiling byte-slice-cast v1.2.1
[INFO] [stderr]    Compiling slab v0.4.6
[INFO] [stderr]    Compiling futures-io v0.3.21
[INFO] [stderr]    Compiling num-integer v0.1.45
[INFO] [stderr]    Compiling num-traits v0.2.15
[INFO] [stderr]    Compiling heck v0.4.0
[INFO] [stderr]    Compiling aho-corasick v0.7.18
[INFO] [stderr]    Compiling serde_json v1.0.81
[INFO] [stderr]    Compiling hex v0.4.3
[INFO] [stderr]    Compiling getrandom v0.2.7
[INFO] [stderr]    Compiling num_cpus v1.13.1
[INFO] [stderr]    Compiling socket2 v0.4.4
[INFO] [stderr]    Compiling bitvec v1.0.0
[INFO] [stderr]    Compiling spki v0.5.4
[INFO] [stderr]    Compiling rand_core v0.6.3
[INFO] [stderr]    Compiling unicode-xid v0.2.3
[INFO] [stderr]    Compiling semver v1.0.11
[INFO] [stderr]    Compiling rustls v0.20.6
[INFO] [stderr]    Compiling rand_chacha v0.3.1
[INFO] [stderr]    Compiling ff v0.11.1
[INFO] [stderr]    Compiling parking_lot v0.12.1
[INFO] [stderr]    Compiling camino v1.0.9
[INFO] [stderr]    Compiling rustversion v1.0.7
[INFO] [stderr]    Compiling pkcs8 v0.8.0
[INFO] [stderr]    Compiling futures-channel v0.3.21
[INFO] [stderr]    Compiling group v0.11.0
[INFO] [stderr]    Compiling tiny-keccak v2.0.2
[INFO] [stderr]    Compiling crypto-common v0.1.3
[INFO] [stderr]    Compiling block-buffer v0.10.2
[INFO] [stderr]    Compiling crypto-mac v0.11.1
[INFO] [stderr]    Compiling crypto-bigint v0.3.2
[INFO] [stderr]    Compiling digest v0.9.0
[INFO] [stderr]    Compiling block-buffer v0.9.0
[INFO] [stderr]    Compiling ring v0.16.20
[INFO] [stderr]    Compiling digest v0.10.3
[INFO] [stderr]    Compiling hmac v0.11.0
[INFO] [stderr]    Compiling try-lock v0.2.3
[INFO] [stderr]    Compiling rust_decimal v1.25.0
[INFO] [stderr]    Compiling rand v0.8.5
[INFO] [stderr]    Compiling futures-task v0.3.21
[INFO] [stderr]    Compiling httparse v1.7.1
[INFO] [stderr]    Compiling sha2 v0.9.9
[INFO] [stderr]    Compiling sec1 v0.2.1
[INFO] [stderr]    Compiling signal-hook-registry v1.4.0
[INFO] [stderr]    Compiling regex v1.5.6
[INFO] [stderr]    Compiling sha3 v0.9.1
[INFO] [stderr]    Compiling signature v1.4.0
[INFO] [stderr]    Compiling httpdate v1.0.2
[INFO] [stderr]    Compiling matches v0.1.9
[INFO] [stderr]    Compiling futures-util v0.3.21
[INFO] [stderr]    Compiling fixed-hash v0.7.0
[INFO] [stderr]    Compiling tinyvec_macros v0.1.0
[INFO] [stderr]    Compiling tinyvec v1.6.0
[INFO] [stderr]    Compiling uint v0.9.3
[INFO] [stderr]    Compiling either v1.7.0
[INFO] [stderr]    Compiling elliptic-curve v0.11.12
[INFO] [stderr]    Compiling rfc6979 v0.1.0
[INFO] [stderr]    Compiling percent-encoding v2.1.0
[INFO] [stderr]    Compiling sha3 v0.10.1
[INFO] [stderr]    Compiling mio v0.8.4
[INFO] [stderr]    Compiling time v0.1.44
[INFO] [stderr]    Compiling ecdsa v0.13.4
[INFO] [stderr]    Compiling form_urlencoded v1.0.1
[INFO] [stderr]    Compiling unicode-bidi v0.3.8
[INFO] [stderr]    Compiling encoding_rs v0.8.31
[INFO] [stderr]    Compiling siphasher v0.3.10
[INFO] [stderr]    Compiling chrono v0.4.19
[INFO] [stderr]    Compiling unicode-normalization v0.1.20
[INFO] [stderr]    Compiling base64 v0.13.0
[INFO] [stderr]    Compiling k256 v0.10.4
[INFO] [stderr]    Compiling rustls-pemfile v1.0.0
[INFO] [stderr]    Compiling phf_shared v0.10.0
[INFO] [stderr]    Compiling generic-array v0.12.4
[INFO] [stderr]    Compiling tracing v0.1.35
[INFO] [stderr]    Compiling atty v0.2.14
[INFO] [stderr]    Compiling proc-macro-error v1.0.4
[INFO] [stderr]    Compiling convert_case v0.5.0
[INFO] [stderr]    Compiling byte-tools v0.3.1
[INFO] [stderr]    Compiling ipnet v2.5.0
[INFO] [stderr]    Compiling mime v0.3.16
[INFO] [stderr]    Compiling idna v0.2.3
[INFO] [stderr]    Compiling block-padding v0.1.5
[INFO] [stderr]    Compiling proc-macro-error-attr v1.0.4
[INFO] [stderr]    Compiling dirs-sys-next v0.1.2
[INFO] [stderr]    Compiling crossbeam-utils v0.8.10
[INFO] [stderr]    Compiling proc-macro-hack v0.5.19
[INFO] [stderr]    Compiling url v2.2.2
[INFO] [stderr]    Compiling dirs-next v2.0.0
[INFO] [stderr]    Compiling block-buffer v0.7.3
[INFO] [stderr]    Compiling digest v0.8.1
[INFO] [stderr]    Compiling want v0.3.0
[INFO] [stderr]    Compiling cipher v0.3.0
[INFO] [stderr]    Compiling memoffset v0.6.5
[INFO] [stderr]    Compiling fake-simd v0.1.2
[INFO] [stderr]    Compiling eyre v0.6.8
[INFO] [stderr]    Compiling opaque-debug v0.2.3
[INFO] [stderr]    Compiling same-file v1.0.6
[INFO] [stderr]    Compiling sha2 v0.8.2
[INFO] [stderr]    Compiling walkdir v2.3.2
[INFO] [stderr]    Compiling term v0.7.0
[INFO] [stderr]    Compiling crypto-mac v0.8.0
[INFO] [stderr]    Compiling crossbeam-epoch v0.9.9
[INFO] [stderr]    Compiling dunce v1.0.2
[INFO] [stderr]    Compiling async-trait v0.1.56
[INFO] [stderr]    Compiling new_debug_unreachable v1.0.4
[INFO] [stderr]    Compiling indenter v0.3.3
[INFO] [stderr]    Compiling bit-vec v0.6.3
[INFO] [stderr]    Compiling fixedbitset v0.4.1
[INFO] [stderr]    Compiling precomputed-hash v0.1.1
[INFO] [stderr]    Compiling base58 v0.1.0
[INFO] [stderr]    Compiling string_cache v0.8.4
[INFO] [stderr]    Compiling base58check v0.1.0
[INFO] [stderr]    Compiling webpki v0.22.0
[INFO] [stderr]    Compiling sct v0.7.0
[INFO] [stderr]    Compiling bit-set v0.5.2
[INFO] [stderr]    Compiling petgraph v0.6.2
[INFO] [stderr]    Compiling blake2 v0.9.2
[INFO] [stderr]    Compiling ascii-canvas v3.0.0
[INFO] [stderr]    Compiling lalrpop-util v0.19.8
[INFO] [stderr]    Compiling Inflector v0.11.4
[INFO] [stderr]    Compiling itertools v0.10.3
[INFO] [stderr]    Compiling webpki-roots v0.22.3
[INFO] [stderr]    Compiling sha2 v0.10.2
[INFO] [stderr]    Compiling hmac v0.12.1
[INFO] [stderr]    Compiling ripemd160 v0.9.1
[INFO] [stderr]    Compiling password-hash v0.3.2
[INFO] [stderr]    Compiling ena v0.14.0
[INFO] [stderr]    Compiling rayon-core v1.9.3
[INFO] [stderr]    Compiling base64 v0.12.3
[INFO] [stderr]    Compiling pico-args v0.4.2
[INFO] [stderr]    Compiling bech32 v0.7.3
[INFO] [stderr]    Compiling diff v0.1.13
[INFO] [stderr]    Compiling salsa20 v0.9.0
[INFO] [stderr]    Compiling pbkdf2 v0.10.1
[INFO] [stderr]    Compiling phf_generator v0.10.0
[INFO] [stderr]    Compiling password-hash v0.2.3
[INFO] [stderr]    Compiling fxhash v0.2.1
[INFO] [stderr]    Compiling radium v0.3.0
[INFO] [stderr]    Compiling crossbeam-deque v0.8.1
[INFO] [stderr]    Compiling crossbeam-channel v0.5.5
[INFO] [stderr]    Compiling hashers v1.0.1
[INFO] [stderr]    Compiling scrypt v0.8.1
[INFO] [stderr]    Compiling ctr v0.8.0
[INFO] [stderr]    Compiling aes v0.7.5
[INFO] [stderr]    Compiling pbkdf2 v0.8.0
[INFO] [stderr]    Compiling bitvec v0.17.4
[INFO] [stderr]    Compiling rayon v1.5.3
[INFO] [stderr]    Compiling futures-timer v3.0.2
[INFO] [stderr]    Compiling traitobject v0.1.0
[INFO] [stderr]    Compiling anyhow v1.0.58
[INFO] [stderr]    Compiling termcolor v1.1.3
[INFO] [stderr]    Compiling linked-hash-map v0.5.6
[INFO] [stderr]    Compiling os_str_bytes v6.1.0
[INFO] [stderr]    Compiling unsafe-any v0.4.2
[INFO] [stderr]    Compiling colored v2.0.0
[INFO] [stderr]    Compiling ordered-float v2.10.0
[INFO] [stderr]    Compiling md-5 v0.10.1
[INFO] [stderr]    Compiling instant v0.1.12
[INFO] [stderr]    Compiling home v0.5.3
[INFO] [stderr]    Compiling dotenv v0.15.0
[INFO] [stderr]    Compiling yaml-rust v0.4.5
[INFO] [stderr]    Compiling path-slash v0.1.5
[INFO] [stderr]    Compiling clap_lex v0.2.2
[INFO] [stderr]    Compiling textwrap v0.15.0
[INFO] [stderr]    Compiling glob v0.3.0
[INFO] [stderr]    Compiling typemap v0.3.3
[INFO] [stderr]    Compiling thread-id v4.0.0
[INFO] [stderr]    Compiling lalrpop v0.19.8
[INFO] [stderr]    Compiling arc-swap v1.5.0
[INFO] [stderr]    Compiling log-mdc v0.1.0
[INFO] [stderr]    Compiling thiserror-impl v1.0.31
[INFO] [stderr]    Compiling impl-trait-for-tuples v0.2.2
[INFO] [stderr]    Compiling tokio-macros v1.8.0
[INFO] [stderr]    Compiling tracing-attributes v0.1.21
[INFO] [stderr]    Compiling strum_macros v0.24.2
[INFO] [stderr]    Compiling futures-macro v0.3.21
[INFO] [stderr]    Compiling rlp-derive v0.1.0
[INFO] [stderr]    Compiling pin-project-internal v1.0.10
[INFO] [stderr]    Compiling auto_impl v1.0.1
[INFO] [stderr]    Compiling phf_macros v0.10.0
[INFO] [stderr]    Compiling clap_derive v3.2.5
[INFO] [stderr]    Compiling dotenv_codegen_implementation v0.15.0
[INFO] [stderr]    Compiling derivative v2.2.0
[INFO] [stderr]    Compiling dotenv_codegen v0.15.0
[INFO] [stderr]    Compiling pin-project v1.0.10
[INFO] [stderr]    Compiling phf v0.10.1
[INFO] [stderr]    Compiling thiserror v1.0.31
[INFO] [stderr]    Compiling tracing-futures v0.2.5
[INFO] [stderr]    Compiling strum v0.24.1
[INFO] [stderr]    Compiling clap v3.2.5
[INFO] [stderr]    Compiling futures-executor v0.3.21
[INFO] [stderr]    Compiling futures v0.3.21
[INFO] [stderr]    Compiling clap_complete v3.2.1
[INFO] [stderr]    Compiling bytes v1.1.0
[INFO] [stderr]    Compiling toml v0.5.9
[INFO] [stderr]    Compiling impl-serde v0.3.2
[INFO] [stderr]    Compiling cargo-platform v0.1.2
[INFO] [stderr]    Compiling serde_urlencoded v0.7.1
[INFO] [stderr]    Compiling coins-core v0.2.2
[INFO] [stderr]    Compiling bincode v1.3.3
[INFO] [stderr]    Compiling rlp v0.5.1
[INFO] [stderr]    Compiling http v0.2.8
[INFO] [stderr]    Compiling tokio v1.19.2
[INFO] [stderr]    Compiling coins-bip32 v0.6.0
[INFO] [stderr]    Compiling uuid v0.8.2
[INFO] [stderr]    Compiling serde_yaml v0.8.24
[INFO] [stderr]    Compiling impl-rlp v0.3.0
[INFO] [stderr]    Compiling ethbloom v0.12.1
[INFO] [stderr]    Compiling cargo_metadata v0.14.2
[INFO] [stderr]    Compiling http-body v0.4.5
[INFO] [stderr]    Compiling coins-bip39 v0.6.0
[INFO] [stderr]    Compiling proc-macro-crate v1.1.3
[INFO] [stderr]    Compiling eth-keystore v0.4.1
[INFO] [stderr]    Compiling serde-aux v3.1.0
[INFO] [stderr]    Compiling serde-value v0.7.0
[INFO] [stderr]    Compiling env_logger v0.8.4
[INFO] [stderr]    Compiling log4rs v1.1.1
[INFO] [stderr]    Compiling parity-scale-codec-derive v3.1.3
[INFO] [stderr]    Compiling solang-parser v0.1.14
[INFO] [stderr]    Compiling parity-scale-codec v3.1.5
[INFO] [stderr]    Compiling tokio-util v0.7.3
[INFO] [stderr]    Compiling tokio-rustls v0.23.4
[INFO] [stderr]    Compiling impl-codec v0.6.0
[INFO] [stderr]    Compiling primitive-types v0.11.1
[INFO] [stderr]    Compiling futures-locks v0.7.0
[INFO] [stderr]    Compiling h2 v0.3.13
[INFO] [stderr]    Compiling ethereum-types v0.13.1
[INFO] [stderr]    Compiling ethabi v17.1.0
[INFO] [stderr]    Compiling ethers-core v0.13.0
[INFO] [stderr]    Compiling hyper v0.14.19
[INFO] [stderr]    Compiling hyper-rustls v0.23.0
[INFO] [stderr]    Compiling reqwest v0.11.11
[INFO] [stderr]    Compiling ethers-signers v0.13.0
[INFO] [stderr]    Compiling ethers-addressbook v0.13.0
[INFO] [stderr]    Compiling ethers-contract-abigen v0.13.0
[INFO] [stderr]    Compiling ethers-providers v0.13.0
[INFO] [stderr]    Compiling ethers-etherscan v0.13.0
[INFO] [stderr]    Compiling ethers-contract-derive v0.13.0
[INFO] [stderr]    Compiling ethers-contract v0.13.0
[INFO] [stderr]    Compiling ethers-middleware v0.13.0
[INFO] [stderr]    Compiling ethers-solc v0.13.0
[INFO] [stdout] error[E0433]: failed to resolve: use of undeclared crate or module `ethers`
[INFO] [stdout]    --> /opt/rustwide/cargo-home/registry/src/index.crates.io-6f17d22bba15001f/ethers-middleware-0.13.0/src/transformer/ds_proxy/factory.rs:114:52
[INFO] [stdout]     |
[INFO] [stdout] 114 |     #[derive(Clone, Debug, Default, Eq, PartialEq, EthEvent)]
[INFO] [stdout]     |                                                    ^^^^^^^^ use of undeclared crate or module `ethers`
[INFO] [stdout]     |
[INFO] [stdout]     = note: this error originates in the derive macro `EthEvent` (in Nightly builds, run with -Z macro-backtrace for more info)
[INFO] [stdout] 
[INFO] [stdout] 
[INFO] [stdout] error[E0433]: failed to resolve: use of undeclared crate or module `ethers`
[INFO] [stdout]    --> /opt/rustwide/cargo-home/registry/src/index.crates.io-6f17d22bba15001f/ethers-middleware-0.13.0/src/transformer/ds_proxy/factory.rs:114:52
[INFO] [stdout]     |
[INFO] [stdout] 114 |     #[derive(Clone, Debug, Default, Eq, PartialEq, EthEvent)]
[INFO] [stdout]     |                                                    ^^^^^^^^ use of undeclared crate or module `ethers`
[INFO] [stdout]     |
[INFO] [stdout]     = note: this error originates in the derive macro `EthEvent` (in Nightly builds, run with -Z macro-backtrace for more info)
[INFO] [stdout] help: consider importing this module
[INFO] [stdout]     |
[INFO] [stdout] 35  +     use ethers_core::abi;
[INFO] [stdout]     |
[INFO] [stdout] 
[INFO] [stdout] 
[INFO] [stdout] error[E0433]: failed to resolve: use of undeclared crate or module `ethers`
[INFO] [stdout]    --> /opt/rustwide/cargo-home/registry/src/index.crates.io-6f17d22bba15001f/ethers-middleware-0.13.0/src/transformer/ds_proxy/factory.rs:114:52
[INFO] [stdout]     |
[INFO] [stdout] 114 |     #[derive(Clone, Debug, Default, Eq, PartialEq, EthEvent)]
[INFO] [stdout]     |                                                    ^^^^^^^^ use of undeclared crate or module `ethers`
[INFO] [stdout]     |
[INFO] [stdout]     = note: this error originates in the derive macro `EthEvent` (in Nightly builds, run with -Z macro-backtrace for more info)
[INFO] [stdout] help: consider importing this enum
[INFO] [stdout]     |
[INFO] [stdout] 35  +     use ethers_core::abi::ParamType;
[INFO] [stdout]     |
[INFO] [stdout] 
[INFO] [stdout] 
[INFO] [stdout] error[E0433]: failed to resolve: use of undeclared crate or module `ethers`
[INFO] [stdout]    --> /opt/rustwide/cargo-home/registry/src/index.crates.io-6f17d22bba15001f/ethers-middleware-0.13.0/src/transformer/ds_proxy/factory.rs:114:52
[INFO] [stdout]     |
[INFO] [stdout] 114 |     #[derive(Clone, Debug, Default, Eq, PartialEq, EthEvent)]
[INFO] [stdout]     |                                                    ^^^^^^^^ use of undeclared crate or module `ethers`
[INFO] [stdout]     |
[INFO] [stdout]     = note: this error originates in the derive macro `EthEvent` (in Nightly builds, run with -Z macro-backtrace for more info)
[INFO] [stdout] help: consider importing this enum
[INFO] [stdout]     |
[INFO] [stdout] 35  +     use ethers_core::abi::Token;
[INFO] [stdout]     |
[INFO] [stdout] 
[INFO] [stdout] 
[INFO] [stdout] error[E0433]: failed to resolve: use of undeclared crate or module `ethers`
[INFO] [stdout]    --> /opt/rustwide/cargo-home/registry/src/index.crates.io-6f17d22bba15001f/ethers-middleware-0.13.0/src/transformer/ds_proxy/factory.rs:114:52
[INFO] [stdout]     |
[INFO] [stdout] 114 |     #[derive(Clone, Debug, Default, Eq, PartialEq, EthEvent)]
[INFO] [stdout]     |                                                    ^^^^^^^^ use of undeclared crate or module `ethers`
[INFO] [stdout]     |
[INFO] [stdout]     = note: this error originates in the derive macro `EthEvent` (in Nightly builds, run with -Z macro-backtrace for more info)
[INFO] [stdout] help: consider importing this trait
[INFO] [stdout]     |
[INFO] [stdout] 35  +     use ethers_core::abi::Tokenizable;
[INFO] [stdout]     |
[INFO] [stdout] 
[INFO] [stdout] 
[INFO] [stdout] error[E0433]: failed to resolve: use of undeclared crate or module `ethers`
[INFO] [stdout]    --> /opt/rustwide/cargo-home/registry/src/index.crates.io-6f17d22bba15001f/ethers-middleware-0.13.0/src/transformer/ds_proxy/factory.rs:114:52
[INFO] [stdout]     |
[INFO] [stdout] 114 |     #[derive(Clone, Debug, Default, Eq, PartialEq, EthEvent)]
[INFO] [stdout]     |                                                    ^^^^^^^^ use of undeclared crate or module `ethers`
[INFO] [stdout]     |
[INFO] [stdout]     = note: this error originates in the derive macro `EthEvent` (in Nightly builds, run with -Z macro-backtrace for more info)
[INFO] [stdout] help: consider importing this module
[INFO] [stdout]     |
[INFO] [stdout] 35  +     use ethers_core::types;
[INFO] [stdout]     |
[INFO] [stdout] 
[INFO] [stdout] 
[INFO] [stdout] error[E0433]: failed to resolve: use of undeclared crate or module `ethers`
[INFO] [stdout]    --> /opt/rustwide/cargo-home/registry/src/index.crates.io-6f17d22bba15001f/ethers-middleware-0.13.0/src/transformer/ds_proxy/factory.rs:114:52
[INFO] [stdout]     |
[INFO] [stdout] 114 |     #[derive(Clone, Debug, Default, Eq, PartialEq, EthEvent)]
[INFO] [stdout]     |                                                    ^^^^^^^^ use of undeclared crate or module `ethers`
[INFO] [stdout]     |
[INFO] [stdout]     = note: this error originates in the derive macro `EthEvent` (in Nightly builds, run with -Z macro-backtrace for more info)
[INFO] [stdout] help: consider importing one of these items
[INFO] [stdout]     |
[INFO] [stdout] 35  +     use std::error::Error;
[INFO] [stdout]     |
[INFO] [stdout] 35  +     use std::fmt::Error;
[INFO] [stdout]     |
[INFO] [stdout] 35  +     use std::io::Error;
[INFO] [stdout]     |
[INFO] [stdout] 35  +     use core::error::Error;
[INFO] [stdout]     |
[INFO] [stdout]       and 10 other candidates
[INFO] [stdout] 
[INFO] [stdout] 
[INFO] [stdout] error[E0277]: the trait bound `dsproxyfactory_mod::CreatedFilter: Detokenize` is not satisfied
[INFO] [stdout]    --> /opt/rustwide/cargo-home/registry/src/index.crates.io-6f17d22bba15001f/ethers-middleware-0.13.0/src/transformer/ds_proxy/mod.rs:131:34
[INFO] [stdout]     |
[INFO] [stdout] 131 |                 ds_proxy_factory.decode_event("Created", log.topics.clone(), log.data.clone())?;
[INFO] [stdout]     |                                  ^^^^^^^^^^^^ the trait `Tokenizable` is not implemented for `dsproxyfactory_mod::CreatedFilter`, which is required by `dsproxyfactory_mod::CreatedFilter: Detokenize`
[INFO] [stdout]     |
[INFO] [stdout]     = help: the following other types implement trait `Tokenizable`:
[INFO] [stdout]               (A, B)
[INFO] [stdout]               (A, B, C)
[INFO] [stdout]               (A, B, C, D)
[INFO] [stdout]               (A, B, C, D, E)
[INFO] [stdout]               (A, B, C, D, E, F)
[INFO] [stdout]               (A, B, C, D, E, F, G)
[INFO] [stdout]               (A, B, C, D, E, F, G, H)
[INFO] [stdout]               (A, B, C, D, E, F, G, H, I)
[INFO] [stdout]             and 31 others
[INFO] [stdout]     = note: required for `dsproxyfactory_mod::CreatedFilter` to implement `Detokenize`
[INFO] [stdout] note: required by a bound in `BaseContract::decode_event`
[INFO] [stdout]    --> /opt/rustwide/cargo-home/registry/src/index.crates.io-6f17d22bba15001f/ethers-contract-0.13.0/src/base.rs:114:28
[INFO] [stdout]     |
[INFO] [stdout] 114 |     pub fn decode_event<D: Detokenize>(
[INFO] [stdout]     |                            ^^^^^^^^^^ required by this bound in `BaseContract::decode_event`
[INFO] [stdout] 
[INFO] [stdout] 
[INFO] [stdout] Some errors have detailed explanations: E0277, E0433.
[INFO] [stdout] 
[INFO] [stdout] For more information about an error, try `rustc --explain E0277`.
[INFO] [stdout] 
[INFO] [stderr] error: could not compile `ethers-middleware` (lib) due to 8 previous errors
[INFO] [stderr] warning: build failed, waiting for other jobs to finish...
[INFO] running `Command { std: "docker" "inspect" "f76461f36feb51343fa1239a5d84e12eb25decf31d3e944a14447458dd76b328", kill_on_drop: false }`
[INFO] running `Command { std: "docker" "rm" "-f" "f76461f36feb51343fa1239a5d84e12eb25decf31d3e944a14447458dd76b328", kill_on_drop: false }`
[INFO] [stdout] f76461f36feb51343fa1239a5d84e12eb25decf31d3e944a14447458dd76b328
