[INFO] fetching crate moosicbox_search 0.1.0...
[INFO] testing moosicbox_search-0.1.0 against nightly-2024-10-28+rustflags=-Zrandomize-layout for randomize-layout
[INFO] extracting crate moosicbox_search 0.1.0 into /workspace/builds/worker-6-tc2/source
[INFO] validating manifest of crates.io crate moosicbox_search 0.1.0 on toolchain nightly-2024-10-28
[INFO] running `Command { std: CARGO_HOME="/workspace/cargo-home" RUSTUP_HOME="/workspace/rustup-home" "/workspace/cargo-home/bin/cargo" "+nightly-2024-10-28" "metadata" "--manifest-path" "Cargo.toml" "--no-deps", kill_on_drop: false }`
[INFO] removed /workspace/builds/worker-6-tc2/source/.cargo/config.toml
[INFO] started tweaking crates.io crate moosicbox_search 0.1.0
[INFO] finished tweaking crates.io crate moosicbox_search 0.1.0
[INFO] tweaked toml for crates.io crate moosicbox_search 0.1.0 written to /workspace/builds/worker-6-tc2/source/Cargo.toml
[INFO] running `Command { std: CARGO_HOME="/workspace/cargo-home" RUSTUP_HOME="/workspace/rustup-home" "/workspace/cargo-home/bin/cargo" "+nightly-2024-10-28" "generate-lockfile" "--manifest-path" "Cargo.toml", kill_on_drop: false }`
[INFO] [stderr]     Updating crates.io index
[INFO] [stderr]      Locking 245 packages to latest compatible versions
[INFO] running `Command { std: CARGO_HOME="/workspace/cargo-home" RUSTUP_HOME="/workspace/rustup-home" "/workspace/cargo-home/bin/cargo" "+nightly-2024-10-28" "fetch" "--manifest-path" "Cargo.toml", kill_on_drop: false }`
[INFO] running `Command { std: "docker" "create" "-v" "/var/lib/crater-agent-workspace/builds/worker-6-tc2/target:/opt/rustwide/target:rw,Z" "-v" "/var/lib/crater-agent-workspace/builds/worker-6-tc2/source:/opt/rustwide/workdir:ro,Z" "-v" "/var/lib/crater-agent-workspace/cargo-home:/opt/rustwide/cargo-home:ro,Z" "-v" "/var/lib/crater-agent-workspace/rustup-home:/opt/rustwide/rustup-home:ro,Z" "-e" "SOURCE_DIR=/opt/rustwide/workdir" "-e" "CARGO_TARGET_DIR=/opt/rustwide/target" "-e" "CARGO_HOME=/opt/rustwide/cargo-home" "-e" "RUSTUP_HOME=/opt/rustwide/rustup-home" "-w" "/opt/rustwide/workdir" "-m" "1610612736" "--user" "0:0" "--network" "none" "ghcr.io/rust-lang/crates-build-env/linux@sha256:4a844ea9eb2546a2d2c7022eacef16ef2e8229c7fbb2c7d4d55a9ceca922f72d" "/opt/rustwide/cargo-home/bin/cargo" "+nightly-2024-10-28" "metadata" "--no-deps" "--format-version=1", kill_on_drop: false }`
[INFO] [stdout] 9de7935bc7080dea27c632bc4f143357713d8006c72d4866677b070a8252e561
[INFO] running `Command { std: "docker" "start" "-a" "9de7935bc7080dea27c632bc4f143357713d8006c72d4866677b070a8252e561", kill_on_drop: false }`
[INFO] running `Command { std: "docker" "inspect" "9de7935bc7080dea27c632bc4f143357713d8006c72d4866677b070a8252e561", kill_on_drop: false }`
[INFO] running `Command { std: "docker" "rm" "-f" "9de7935bc7080dea27c632bc4f143357713d8006c72d4866677b070a8252e561", kill_on_drop: false }`
[INFO] [stdout] 9de7935bc7080dea27c632bc4f143357713d8006c72d4866677b070a8252e561
[INFO] running `Command { std: "docker" "create" "-v" "/var/lib/crater-agent-workspace/builds/worker-6-tc2/target:/opt/rustwide/target:rw,Z" "-v" "/var/lib/crater-agent-workspace/builds/worker-6-tc2/source:/opt/rustwide/workdir:ro,Z" "-v" "/var/lib/crater-agent-workspace/cargo-home:/opt/rustwide/cargo-home:ro,Z" "-v" "/var/lib/crater-agent-workspace/rustup-home:/opt/rustwide/rustup-home:ro,Z" "-e" "SOURCE_DIR=/opt/rustwide/workdir" "-e" "CARGO_TARGET_DIR=/opt/rustwide/target" "-e" "CARGO_INCREMENTAL=0" "-e" "RUST_BACKTRACE=full" "-e" "RUSTFLAGS=--cap-lints=forbid -Zrandomize-layout" "-e" "RUSTDOCFLAGS=--cap-lints=forbid" "-e" "CARGO_HOME=/opt/rustwide/cargo-home" "-e" "RUSTUP_HOME=/opt/rustwide/rustup-home" "-w" "/opt/rustwide/workdir" "-m" "1610612736" "--user" "0:0" "--network" "none" "ghcr.io/rust-lang/crates-build-env/linux@sha256:4a844ea9eb2546a2d2c7022eacef16ef2e8229c7fbb2c7d4d55a9ceca922f72d" "/opt/rustwide/cargo-home/bin/cargo" "+nightly-2024-10-28" "build" "--frozen" "--message-format=json", kill_on_drop: false }`
[INFO] [stdout] 354224a40509452c117af76098373dfcce327fdc9a50c610bfbf2fcd493af2a6
[INFO] running `Command { std: "docker" "start" "-a" "354224a40509452c117af76098373dfcce327fdc9a50c610bfbf2fcd493af2a6", kill_on_drop: false }`
[INFO] [stderr]    Compiling proc-macro2 v1.0.89
[INFO] [stderr]    Compiling serde v1.0.214
[INFO] [stderr]    Compiling pin-project-lite v0.2.15
[INFO] [stderr]    Compiling memchr v2.7.4
[INFO] [stderr]    Compiling log v0.4.22
[INFO] [stderr]    Compiling lock_api v0.4.12
[INFO] [stderr]    Compiling bytes v1.8.0
[INFO] [stderr]    Compiling parking_lot_core v0.9.10
[INFO] [stderr]    Compiling smallvec v1.13.2
[INFO] [stderr]    Compiling byteorder v1.5.0
[INFO] [stderr]    Compiling scopeguard v1.2.0
[INFO] [stderr]    Compiling mio v1.0.2
[INFO] [stderr]    Compiling jobserver v0.1.32
[INFO] [stderr]    Compiling socket2 v0.5.7
[INFO] [stderr]    Compiling signal-hook-registry v1.4.2
[INFO] [stderr]    Compiling parking_lot v0.12.3
[INFO] [stderr]    Compiling regex-syntax v0.8.5
[INFO] [stderr]    Compiling futures-core v0.3.31
[INFO] [stderr]    Compiling quote v1.0.37
[INFO] [stderr]    Compiling cc v1.1.31
[INFO] [stderr]    Compiling syn v2.0.86
[INFO] [stderr]    Compiling tokio v1.41.0
[INFO] [stderr]    Compiling getrandom v0.2.15
[INFO] [stderr]    Compiling pkg-config v0.3.31
[INFO] [stderr]    Compiling futures-sink v0.3.31
[INFO] [stderr]    Compiling num-conv v0.1.0
[INFO] [stderr]    Compiling powerfmt v0.2.0
[INFO] [stderr]    Compiling time-core v0.1.2
[INFO] [stderr]    Compiling libm v0.2.11
[INFO] [stderr]    Compiling rand_core v0.6.4
[INFO] [stderr]    Compiling time-macros v0.2.18
[INFO] [stderr]    Compiling slab v0.4.9
[INFO] [stderr]    Compiling num-traits v0.2.19
[INFO] [stderr]    Compiling allocator-api2 v0.2.18
[INFO] [stderr]    Compiling thiserror v1.0.66
[INFO] [stderr]    Compiling foldhash v0.1.3
[INFO] [stderr]    Compiling equivalent v1.0.1
[INFO] [stderr]    Compiling zstd-safe v7.2.1
[INFO] [stderr]    Compiling hashbrown v0.15.0
[INFO] [stderr]    Compiling bitflags v2.6.0
[INFO] [stderr]    Compiling crunchy v0.2.2
[INFO] [stderr]    Compiling futures-channel v0.3.31
[INFO] [stderr]    Compiling futures-io v0.3.31
[INFO] [stderr]    Compiling futures-task v0.3.31
[INFO] [stderr]    Compiling zstd-sys v2.0.13+zstd.1.5.6
[INFO] [stderr]    Compiling stable_deref_trait v1.2.0
[INFO] [stderr]    Compiling pin-utils v0.1.0
[INFO] [stderr]    Compiling fnv v1.0.7
[INFO] [stderr]    Compiling ownedbytes v0.7.0
[INFO] [stderr]    Compiling tracing-core v0.1.32
[INFO] [stderr]    Compiling aho-corasick v1.1.3
[INFO] [stderr]    Compiling rustix v0.38.38
[INFO] [stderr]    Compiling tracing v0.1.40
[INFO] [stderr]    Compiling bitpacking v0.9.2
[INFO] [stderr]    Compiling crc32fast v1.4.2
[INFO] [stderr]    Compiling paste v1.0.15
[INFO] [stderr]    Compiling linux-raw-sys v0.4.14
[INFO] [stderr]    Compiling utf8-ranges v1.0.5
[INFO] [stderr]    Compiling percent-encoding v2.3.1
[INFO] [stderr]    Compiling regex-automata v0.4.8
[INFO] [stderr]    Compiling tantivy-fst v0.5.0
[INFO] [stderr]    Compiling tantivy-bitpacker v0.6.0
[INFO] [stderr]    Compiling murmurhash32 v0.3.1
[INFO] [stderr]    Compiling alloc-no-stdlib v2.0.4
[INFO] [stderr]    Compiling minimal-lexical v0.2.1
[INFO] [stderr]    Compiling local-waker v0.1.4
[INFO] [stderr]    Compiling regex v1.11.1
[INFO] [stderr]    Compiling tinyvec_macros v0.1.1
[INFO] [stderr]    Compiling base64 v0.22.1
[INFO] [stderr]    Compiling tinyvec v1.8.0
[INFO] [stderr]    Compiling nom v7.1.3
[INFO] [stderr]    Compiling alloc-stdlib v0.2.2
[INFO] [stderr]    Compiling tokio-util v0.7.12
[INFO] [stderr]    Compiling serde_derive v1.0.214
[INFO] [stderr]    Compiling zerocopy-derive v0.7.35
[INFO] [stderr]    Compiling thiserror-impl v1.0.66
[INFO] [stderr]    Compiling async-trait v0.1.83
[INFO] [stderr]    Compiling zerocopy v0.7.35
[INFO] [stderr]    Compiling futures-macro v0.3.31
[INFO] [stderr]    Compiling itertools v0.12.1
[INFO] [stderr]    Compiling http v0.2.12
[INFO] [stderr]    Compiling ppv-lite86 v0.2.20
[INFO] [stderr]    Compiling ahash v0.8.11
[INFO] [stderr]    Compiling futures-util v0.3.31
[INFO] [stderr]    Compiling instant v0.1.13
[INFO] [stderr]    Compiling rustversion v1.0.18
[INFO] [stderr]    Compiling lazy_static v1.5.0
[INFO] [stderr]    Compiling iana-time-zone v0.1.61
[INFO] [stderr]    Compiling rand_chacha v0.3.1
[INFO] [stderr]    Compiling rand v0.8.5
[INFO] [stderr]    Compiling regex-lite v0.1.6
[INFO] [stderr]    Compiling downcast-rs v1.2.1
[INFO] [stderr]    Compiling rand_distr v0.4.3
[INFO] [stderr]    Compiling httparse v1.9.5
[INFO] [stderr]    Compiling fastrand v2.1.1
[INFO] [stderr]    Compiling adler2 v2.0.0
[INFO] [stderr]    Compiling fastdivide v0.4.2
[INFO] [stderr]    Compiling tempfile v3.13.0
[INFO] [stderr]    Compiling miniz_oxide v0.8.0
[INFO] [stderr]    Compiling bytestring v1.3.1
[INFO] [stderr]    Compiling colored v2.1.0
[INFO] [stderr]    Compiling measure_time v0.8.3
[INFO] [stderr]    Compiling moosicbox_env_utils v0.1.0
[INFO] [stderr]    Compiling tantivy-query-grammar v0.22.0
[INFO] [stderr]    Compiling unicode-normalization v0.1.24
[INFO] [stderr]    Compiling actix-service v2.0.2
[INFO] [stderr]    Compiling brotli-decompressor v4.0.1
[INFO] [stderr]    Compiling actix-utils v3.0.1
[INFO] [stderr]    Compiling fs4 v0.8.4
[INFO] [stderr]    Compiling actix-rt v2.10.0
[INFO] [stderr]    Compiling form_urlencoded v1.2.1
[INFO] [stderr]    Compiling lru v0.12.5
[INFO] [stderr]    Compiling crossbeam-channel v0.5.13
[INFO] [stderr]    Compiling cookie v0.16.2
[INFO] [stderr]    Compiling memmap2 v0.9.5
[INFO] [stderr]    Compiling num_cpus v1.16.0
[INFO] [stderr]    Compiling lz4_flex v0.11.3
[INFO] [stderr]    Compiling census v0.4.2
[INFO] [stderr]    Compiling arc-swap v1.7.1
[INFO] [stderr]    Compiling convert_case v0.4.0
[INFO] [stderr]    Compiling rustc-hash v1.1.0
[INFO] [stderr]    Compiling htmlescape v0.3.1
[INFO] [stderr]    Compiling unicode-bidi v0.3.17
[INFO] [stderr]    Compiling cpufeatures v0.2.14
[INFO] [stderr]    Compiling levenshtein_automata v0.2.1
[INFO] [stderr]    Compiling oneshot v0.1.8
[INFO] [stderr]    Compiling idna v0.5.0
[INFO] [stderr]    Compiling sha1 v0.10.6
[INFO] [stderr]    Compiling derive_more v0.99.18
[INFO] [stderr]    Compiling brotli v6.0.0
[INFO] [stderr]    Compiling utoipa-gen v5.1.3
[INFO] [stderr]    Compiling moosicbox_assert v0.1.0
[INFO] [stderr]    Compiling futures-executor v0.3.31
[INFO] [stderr]    Compiling deranged v0.3.11
[INFO] [stderr]    Compiling indexmap v2.6.0
[INFO] [stderr]    Compiling serde_json v1.0.132
[INFO] [stderr]    Compiling tantivy-tokenizer-api v0.3.0
[INFO] [stderr]    Compiling sketches-ddsketch v0.2.2
[INFO] [stderr]    Compiling chrono v0.4.38
[INFO] [stderr]    Compiling time v0.3.36
[INFO] [stderr]    Compiling uuid v1.11.0
[INFO] [stderr]    Compiling zstd v0.13.2
[INFO] [stderr]    Compiling rust-stemmers v1.2.0
[INFO] [stderr]    Compiling h2 v0.3.26
[INFO] [stderr]    Compiling actix-router v0.5.3
[INFO] [stderr]    Compiling moosicbox_database v0.1.0
[INFO] [stderr]    Compiling tantivy-common v0.7.0
[INFO] [stderr]    Compiling flate2 v1.0.34
[INFO] [stderr]    Compiling tantivy-stacker v0.3.0
[INFO] [stderr]    Compiling tantivy-sstable v0.3.0
[INFO] [stderr]    Compiling actix-codec v0.5.2
[INFO] [stderr]    Compiling local-channel v0.1.5
[INFO] [stderr]    Compiling encoding_rs v0.8.35
[INFO] [stderr]    Compiling heck v0.5.0
[INFO] [stderr]    Compiling tantivy-columnar v0.3.0
[INFO] [stderr]    Compiling mime v0.3.17
[INFO] [stderr]    Compiling language-tags v0.3.2
[INFO] [stderr]    Compiling httpdate v1.0.3
[INFO] [stderr]    Compiling strum_macros v0.26.4
[INFO] [stderr]    Compiling actix-web-codegen v4.3.0
[INFO] [stderr]    Compiling futures v0.3.31
[INFO] [stderr]    Compiling serde_urlencoded v0.7.1
[INFO] [stderr]    Compiling moosicbox_profiles v0.1.0
[INFO] [stderr]    Compiling url v2.5.2
[INFO] [stderr]    Compiling actix-server v2.5.0
[INFO] [stderr]    Compiling tantivy v0.22.0
[INFO] [stderr]    Compiling actix-macros v0.2.4
[INFO] [stderr]    Compiling strum v0.26.3
[INFO] [stderr]    Compiling impl-more v0.1.8
[INFO] [stderr]    Compiling home v0.5.9
[INFO] [stderr]    Compiling moosicbox_task v0.1.0
[INFO] [stderr]    Compiling moosicbox_config v0.1.0
[INFO] [stderr]    Compiling itertools v0.13.0
[INFO] [stderr]    Compiling actix-http v3.9.0
[INFO] [stderr]    Compiling utoipa v5.1.3
[INFO] [stderr]    Compiling actix-web v4.9.0
[INFO] [stderr]    Compiling moosicbox_json_utils v0.1.0
[INFO] [stderr]    Compiling moosicbox_core v0.1.0
[INFO] [stderr]    Compiling moosicbox_search v0.1.0 (/opt/rustwide/workdir)
[INFO] [stderr]     Finished `dev` profile [unoptimized + debuginfo] target(s) in 2m 57s
[INFO] running `Command { std: "docker" "inspect" "354224a40509452c117af76098373dfcce327fdc9a50c610bfbf2fcd493af2a6", kill_on_drop: false }`
[INFO] running `Command { std: "docker" "rm" "-f" "354224a40509452c117af76098373dfcce327fdc9a50c610bfbf2fcd493af2a6", kill_on_drop: false }`
[INFO] [stdout] 354224a40509452c117af76098373dfcce327fdc9a50c610bfbf2fcd493af2a6
[INFO] running `Command { std: "docker" "create" "-v" "/var/lib/crater-agent-workspace/builds/worker-6-tc2/target:/opt/rustwide/target:rw,Z" "-v" "/var/lib/crater-agent-workspace/builds/worker-6-tc2/source:/opt/rustwide/workdir:ro,Z" "-v" "/var/lib/crater-agent-workspace/cargo-home:/opt/rustwide/cargo-home:ro,Z" "-v" "/var/lib/crater-agent-workspace/rustup-home:/opt/rustwide/rustup-home:ro,Z" "-e" "SOURCE_DIR=/opt/rustwide/workdir" "-e" "CARGO_TARGET_DIR=/opt/rustwide/target" "-e" "CARGO_INCREMENTAL=0" "-e" "RUST_BACKTRACE=full" "-e" "RUSTFLAGS=--cap-lints=forbid -Zrandomize-layout" "-e" "RUSTDOCFLAGS=--cap-lints=forbid" "-e" "CARGO_HOME=/opt/rustwide/cargo-home" "-e" "RUSTUP_HOME=/opt/rustwide/rustup-home" "-w" "/opt/rustwide/workdir" "-m" "1610612736" "--user" "0:0" "--network" "none" "ghcr.io/rust-lang/crates-build-env/linux@sha256:4a844ea9eb2546a2d2c7022eacef16ef2e8229c7fbb2c7d4d55a9ceca922f72d" "/opt/rustwide/cargo-home/bin/cargo" "+nightly-2024-10-28" "test" "--frozen" "--no-run" "--message-format=json", kill_on_drop: false }`
[INFO] [stdout] bfe0aade51c26114e3e79e5f162968e432bd79c66aea57e4d8abd443eedb3e49
[INFO] running `Command { std: "docker" "start" "-a" "bfe0aade51c26114e3e79e5f162968e432bd79c66aea57e4d8abd443eedb3e49", kill_on_drop: false }`
[INFO] [stderr]    Compiling moosicbox_search v0.1.0 (/opt/rustwide/workdir)
[INFO] [stdout] error[E0432]: unresolved import `pretty_assertions`
[INFO] [stdout]    --> src/lib.rs:849:9
[INFO] [stdout]     |
[INFO] [stdout] 849 |     use pretty_assertions::assert_eq;
[INFO] [stdout]     |         ^^^^^^^^^^^^^^^^^ use of undeclared crate or module `pretty_assertions`
[INFO] [stdout] 
[INFO] [stdout] 
[INFO] [stdout] error[E0432]: unresolved import `serial_test`
[INFO] [stdout]    --> src/lib.rs:850:9
[INFO] [stdout]     |
[INFO] [stdout] 850 |     use serial_test::serial;
[INFO] [stdout]     |         ^^^^^^^^^^^ use of undeclared crate or module `serial_test`
[INFO] [stdout] 
[INFO] [stdout] 
[INFO] [stdout] error[E0432]: unresolved import `static_init`
[INFO] [stdout]    --> src/lib.rs:851:9
[INFO] [stdout]     |
[INFO] [stdout] 851 |     use static_init::dynamic;
[INFO] [stdout]     |         ^^^^^^^^^^^ use of undeclared crate or module `static_init`
[INFO] [stdout] 
[INFO] [stdout] 
[INFO] [stdout] error[E0433]: failed to resolve: use of undeclared crate or module `test_log`
[INFO] [stdout]     --> src/lib.rs:1062:7
[INFO] [stdout]      |
[INFO] [stdout] 1062 |     #[test_log::test]
[INFO] [stdout]      |       ^^^^^^^^ use of undeclared crate or module `test_log`
[INFO] [stdout] 
[INFO] [stdout] 
[INFO] [stdout] error[E0433]: failed to resolve: use of undeclared crate or module `test_log`
[INFO] [stdout]     --> src/lib.rs:1082:7
[INFO] [stdout]      |
[INFO] [stdout] 1082 |     #[test_log::test]
[INFO] [stdout]      |       ^^^^^^^^ use of undeclared crate or module `test_log`
[INFO] [stdout] 
[INFO] [stdout] 
[INFO] [stdout] error[E0433]: failed to resolve: use of undeclared crate or module `test_log`
[INFO] [stdout]     --> src/lib.rs:1101:7
[INFO] [stdout]      |
[INFO] [stdout] 1101 |     #[test_log::test]
[INFO] [stdout]      |       ^^^^^^^^ use of undeclared crate or module `test_log`
[INFO] [stdout] 
[INFO] [stdout] 
[INFO] [stdout] error[E0433]: failed to resolve: use of undeclared crate or module `test_log`
[INFO] [stdout]     --> src/lib.rs:1116:7
[INFO] [stdout]      |
[INFO] [stdout] 1116 |     #[test_log::test]
[INFO] [stdout]      |       ^^^^^^^^ use of undeclared crate or module `test_log`
[INFO] [stdout] 
[INFO] [stdout] 
[INFO] [stdout] error[E0433]: failed to resolve: use of undeclared crate or module `test_log`
[INFO] [stdout]     --> src/lib.rs:1131:7
[INFO] [stdout]      |
[INFO] [stdout] 1131 |     #[test_log::test]
[INFO] [stdout]      |       ^^^^^^^^ use of undeclared crate or module `test_log`
[INFO] [stdout] 
[INFO] [stdout] 
[INFO] [stdout] error[E0425]: cannot find value `get_tests_dir_path` in crate `moosicbox_config`
[INFO] [stdout]   --> src/lib.rs:24:76
[INFO] [stdout]    |
[INFO] [stdout] 24 | static TESTS_DIR_PATH: LazyLock<PathBuf> = LazyLock::new(moosicbox_config::get_tests_dir_path);
[INFO] [stdout]    |                                                                            ^^^^^^^^^^^^^^^^^^ help: a function with a similar name exists: `get_cache_dir_path`
[INFO] [stdout]    |
[INFO] [stdout]   ::: /opt/rustwide/cargo-home/registry/src/index.crates.io-6f17d22bba15001f/moosicbox_config-0.1.0/src/lib.rs:47:1
[INFO] [stdout]    |
[INFO] [stdout] 47 | pub fn get_cache_dir_path() -> Option<PathBuf> {
[INFO] [stdout]    | ---------------------------------------------- similarly named function `get_cache_dir_path` defined here
[INFO] [stdout]    |
[INFO] [stdout] note: found an item that was configured out
[INFO] [stdout]   --> /opt/rustwide/cargo-home/registry/src/index.crates.io-6f17d22bba15001f/moosicbox_config-0.1.0/src/lib.rs:82:8
[INFO] [stdout]    |
[INFO] [stdout] 82 | pub fn get_tests_dir_path() -> PathBuf {
[INFO] [stdout]    |        ^^^^^^^^^^^^^^^^^^
[INFO] [stdout] note: the item is gated behind the `test` feature
[INFO] [stdout]   --> /opt/rustwide/cargo-home/registry/src/index.crates.io-6f17d22bba15001f/moosicbox_config-0.1.0/src/lib.rs:81:7
[INFO] [stdout]    |
[INFO] [stdout] 81 | #[cfg(feature = "test")]
[INFO] [stdout]    |       ^^^^^^^^^^^^^^^^
[INFO] [stdout] 
[INFO] [stdout] 
[INFO] [stdout] error[E0425]: cannot find function `get_tests_dir_path` in crate `moosicbox_config`
[INFO] [stdout]    --> src/lib.rs:887:38
[INFO] [stdout]     |
[INFO] [stdout] 887 |         let path = moosicbox_config::get_tests_dir_path();
[INFO] [stdout]     |                                      ^^^^^^^^^^^^^^^^^^ help: a function with a similar name exists: `get_cache_dir_path`
[INFO] [stdout]     |
[INFO] [stdout]    ::: /opt/rustwide/cargo-home/registry/src/index.crates.io-6f17d22bba15001f/moosicbox_config-0.1.0/src/lib.rs:47:1
[INFO] [stdout]     |
[INFO] [stdout] 47  | pub fn get_cache_dir_path() -> Option<PathBuf> {
[INFO] [stdout]     | ---------------------------------------------- similarly named function `get_cache_dir_path` defined here
[INFO] [stdout]     |
[INFO] [stdout] note: found an item that was configured out
[INFO] [stdout]    --> /opt/rustwide/cargo-home/registry/src/index.crates.io-6f17d22bba15001f/moosicbox_config-0.1.0/src/lib.rs:82:8
[INFO] [stdout]     |
[INFO] [stdout] 82  | pub fn get_tests_dir_path() -> PathBuf {
[INFO] [stdout]     |        ^^^^^^^^^^^^^^^^^^
[INFO] [stdout] note: the item is gated behind the `test` feature
[INFO] [stdout]    --> /opt/rustwide/cargo-home/registry/src/index.crates.io-6f17d22bba15001f/moosicbox_config-0.1.0/src/lib.rs:81:7
[INFO] [stdout]     |
[INFO] [stdout] 81  | #[cfg(feature = "test")]
[INFO] [stdout]     |       ^^^^^^^^^^^^^^^^
[INFO] [stdout] 
[INFO] [stdout] 
[INFO] [stdout] error[E0015]: cannot call non-const fn `TestSetup::new` in statics
[INFO] [stdout]    --> src/lib.rs:900:40
[INFO] [stdout]     |
[INFO] [stdout] 900 |     static mut TEST_SETUP: TestSetup = TestSetup::new();
[INFO] [stdout]     |                                        ^^^^^^^^^^^^^^^^
[INFO] [stdout]     |
[INFO] [stdout]     = note: calls in statics are limited to constant functions, tuple structs and tuple variants
[INFO] [stdout]     = note: consider wrapping this expression in `std::sync::LazyLock::new(|| ...)`
[INFO] [stdout] 
[INFO] [stdout] 
[INFO] [stdout] Some errors have detailed explanations: E0015, E0425, E0432, E0433.
[INFO] [stdout] 
[INFO] [stdout] For more information about an error, try `rustc --explain E0015`.
[INFO] [stdout] 
[INFO] [stderr] error: could not compile `moosicbox_search` (lib test) due to 11 previous errors
[INFO] running `Command { std: "docker" "inspect" "bfe0aade51c26114e3e79e5f162968e432bd79c66aea57e4d8abd443eedb3e49", kill_on_drop: false }`
[INFO] running `Command { std: "docker" "rm" "-f" "bfe0aade51c26114e3e79e5f162968e432bd79c66aea57e4d8abd443eedb3e49", kill_on_drop: false }`
[INFO] [stdout] bfe0aade51c26114e3e79e5f162968e432bd79c66aea57e4d8abd443eedb3e49
