[INFO] fetching crate molly 0.2.3...
[INFO] testing molly-0.2.3 against nightly-2024-10-28+rustflags=-Zrandomize-layout for randomize-layout
[INFO] extracting crate molly 0.2.3 into /workspace/builds/worker-6-tc2/source
[INFO] validating manifest of crates.io crate molly 0.2.3 on toolchain nightly-2024-10-28
[INFO] running `Command { std: CARGO_HOME="/workspace/cargo-home" RUSTUP_HOME="/workspace/rustup-home" "/workspace/cargo-home/bin/cargo" "+nightly-2024-10-28" "metadata" "--manifest-path" "Cargo.toml" "--no-deps", kill_on_drop: false }`
[INFO] started tweaking crates.io crate molly 0.2.3
[INFO] removed 0 missing examples
[INFO] removed 0 missing tests
[INFO] finished tweaking crates.io crate molly 0.2.3
[INFO] tweaked toml for crates.io crate molly 0.2.3 written to /workspace/builds/worker-6-tc2/source/Cargo.toml
[INFO] crate crates.io crate molly 0.2.3 already has a lockfile, it will not be regenerated
[INFO] running `Command { std: CARGO_HOME="/workspace/cargo-home" RUSTUP_HOME="/workspace/rustup-home" "/workspace/cargo-home/bin/cargo" "+nightly-2024-10-28" "fetch" "--manifest-path" "Cargo.toml", kill_on_drop: false }`
[INFO] running `Command { std: "docker" "create" "-v" "/var/lib/crater-agent-workspace/builds/worker-6-tc2/target:/opt/rustwide/target:rw,Z" "-v" "/var/lib/crater-agent-workspace/builds/worker-6-tc2/source:/opt/rustwide/workdir:ro,Z" "-v" "/var/lib/crater-agent-workspace/cargo-home:/opt/rustwide/cargo-home:ro,Z" "-v" "/var/lib/crater-agent-workspace/rustup-home:/opt/rustwide/rustup-home:ro,Z" "-e" "SOURCE_DIR=/opt/rustwide/workdir" "-e" "CARGO_TARGET_DIR=/opt/rustwide/target" "-e" "CARGO_HOME=/opt/rustwide/cargo-home" "-e" "RUSTUP_HOME=/opt/rustwide/rustup-home" "-w" "/opt/rustwide/workdir" "-m" "1610612736" "--user" "0:0" "--network" "none" "ghcr.io/rust-lang/crates-build-env/linux@sha256:4a844ea9eb2546a2d2c7022eacef16ef2e8229c7fbb2c7d4d55a9ceca922f72d" "/opt/rustwide/cargo-home/bin/cargo" "+nightly-2024-10-28" "metadata" "--no-deps" "--format-version=1", kill_on_drop: false }`
[INFO] [stdout] 1219b812b983059b7c3ed348a24a3677b12460e889d9711b738d9dbe418f58a6
[INFO] running `Command { std: "docker" "start" "-a" "1219b812b983059b7c3ed348a24a3677b12460e889d9711b738d9dbe418f58a6", kill_on_drop: false }`
[INFO] running `Command { std: "docker" "inspect" "1219b812b983059b7c3ed348a24a3677b12460e889d9711b738d9dbe418f58a6", kill_on_drop: false }`
[INFO] running `Command { std: "docker" "rm" "-f" "1219b812b983059b7c3ed348a24a3677b12460e889d9711b738d9dbe418f58a6", kill_on_drop: false }`
[INFO] [stdout] 1219b812b983059b7c3ed348a24a3677b12460e889d9711b738d9dbe418f58a6
[INFO] running `Command { std: "docker" "create" "-v" "/var/lib/crater-agent-workspace/builds/worker-6-tc2/target:/opt/rustwide/target:rw,Z" "-v" "/var/lib/crater-agent-workspace/builds/worker-6-tc2/source:/opt/rustwide/workdir:ro,Z" "-v" "/var/lib/crater-agent-workspace/cargo-home:/opt/rustwide/cargo-home:ro,Z" "-v" "/var/lib/crater-agent-workspace/rustup-home:/opt/rustwide/rustup-home:ro,Z" "-e" "SOURCE_DIR=/opt/rustwide/workdir" "-e" "CARGO_TARGET_DIR=/opt/rustwide/target" "-e" "CARGO_INCREMENTAL=0" "-e" "RUST_BACKTRACE=full" "-e" "RUSTFLAGS=--cap-lints=forbid -Zrandomize-layout" "-e" "RUSTDOCFLAGS=--cap-lints=forbid" "-e" "CARGO_HOME=/opt/rustwide/cargo-home" "-e" "RUSTUP_HOME=/opt/rustwide/rustup-home" "-w" "/opt/rustwide/workdir" "-m" "1610612736" "--user" "0:0" "--network" "none" "ghcr.io/rust-lang/crates-build-env/linux@sha256:4a844ea9eb2546a2d2c7022eacef16ef2e8229c7fbb2c7d4d55a9ceca922f72d" "/opt/rustwide/cargo-home/bin/cargo" "+nightly-2024-10-28" "build" "--frozen" "--message-format=json", kill_on_drop: false }`
[INFO] [stdout] 9e196ea6bcdc25d305aceaab1aa779b637fa86cebe81ca3d74d8c1c9a5743335
[INFO] running `Command { std: "docker" "start" "-a" "9e196ea6bcdc25d305aceaab1aa779b637fa86cebe81ca3d74d8c1c9a5743335", kill_on_drop: false }`
[INFO] [stderr]    Compiling proc-macro2 v1.0.81
[INFO] [stderr]    Compiling unicode-ident v1.0.12
[INFO] [stderr]    Compiling utf8parse v0.2.1
[INFO] [stderr]    Compiling colorchoice v1.0.0
[INFO] [stderr]    Compiling anstyle v1.0.6
[INFO] [stderr]    Compiling anstyle-query v1.0.2
[INFO] [stderr]    Compiling heck v0.5.0
[INFO] [stderr]    Compiling strsim v0.11.1
[INFO] [stderr]    Compiling clap_lex v0.7.0
[INFO] [stderr]    Compiling anstyle-parse v0.2.3
[INFO] [stderr]    Compiling glam v0.25.0
[INFO] [stderr]    Compiling anstream v0.6.13
[INFO] [stderr]    Compiling clap_builder v4.5.2
[INFO] [stderr]    Compiling quote v1.0.36
[INFO] [stderr]    Compiling syn v2.0.60
[INFO] [stderr]    Compiling clap_derive v4.5.4
[INFO] [stderr]    Compiling clap v4.5.4
[INFO] [stderr]    Compiling molly v0.2.3 (/opt/rustwide/workdir)
[INFO] [stderr]     Finished `dev` profile [unoptimized + debuginfo] target(s) in 9.86s
[INFO] running `Command { std: "docker" "inspect" "9e196ea6bcdc25d305aceaab1aa779b637fa86cebe81ca3d74d8c1c9a5743335", kill_on_drop: false }`
[INFO] running `Command { std: "docker" "rm" "-f" "9e196ea6bcdc25d305aceaab1aa779b637fa86cebe81ca3d74d8c1c9a5743335", kill_on_drop: false }`
[INFO] [stdout] 9e196ea6bcdc25d305aceaab1aa779b637fa86cebe81ca3d74d8c1c9a5743335
[INFO] running `Command { std: "docker" "create" "-v" "/var/lib/crater-agent-workspace/builds/worker-6-tc2/target:/opt/rustwide/target:rw,Z" "-v" "/var/lib/crater-agent-workspace/builds/worker-6-tc2/source:/opt/rustwide/workdir:ro,Z" "-v" "/var/lib/crater-agent-workspace/cargo-home:/opt/rustwide/cargo-home:ro,Z" "-v" "/var/lib/crater-agent-workspace/rustup-home:/opt/rustwide/rustup-home:ro,Z" "-e" "SOURCE_DIR=/opt/rustwide/workdir" "-e" "CARGO_TARGET_DIR=/opt/rustwide/target" "-e" "CARGO_INCREMENTAL=0" "-e" "RUST_BACKTRACE=full" "-e" "RUSTFLAGS=--cap-lints=forbid -Zrandomize-layout" "-e" "RUSTDOCFLAGS=--cap-lints=forbid" "-e" "CARGO_HOME=/opt/rustwide/cargo-home" "-e" "RUSTUP_HOME=/opt/rustwide/rustup-home" "-w" "/opt/rustwide/workdir" "-m" "1610612736" "--user" "0:0" "--network" "none" "ghcr.io/rust-lang/crates-build-env/linux@sha256:4a844ea9eb2546a2d2c7022eacef16ef2e8229c7fbb2c7d4d55a9ceca922f72d" "/opt/rustwide/cargo-home/bin/cargo" "+nightly-2024-10-28" "test" "--frozen" "--no-run" "--message-format=json", kill_on_drop: false }`
[INFO] [stdout] 3325a85f05e4798c007e6b1a1a3a4510de35cfb5da998032ad4299f2524026fd
[INFO] running `Command { std: "docker" "start" "-a" "3325a85f05e4798c007e6b1a1a3a4510de35cfb5da998032ad4299f2524026fd", kill_on_drop: false }`
[INFO] [stderr]    Compiling libc v0.2.153
[INFO] [stderr]    Compiling lazy-init v0.3.0
[INFO] [stderr]    Compiling bencher v0.1.5
[INFO] [stderr]    Compiling jobserver v0.1.28
[INFO] [stderr]    Compiling cc v1.0.90
[INFO] [stderr]    Compiling cmake v0.1.50
[INFO] [stderr]    Compiling chemfiles-sys v0.10.41
[INFO] [stderr]    Compiling xdrfile v0.3.0
[INFO] [stderr] The following warnings were emitted during compilation:
[INFO] [stderr] 
[INFO] [stderr] warning: chemfiles-sys@0.10.41: Compiler version doesn't include clang or GCC: "cc" "--version"
[INFO] [stderr] warning: chemfiles-sys@0.10.41: Compiler version doesn't include clang or GCC: "c++" "--version"
[INFO] [stderr] 
[INFO] [stderr] error: failed to run custom build command for `chemfiles-sys v0.10.41`
[INFO] [stderr] note: To improve backtraces for build dependencies, set the CARGO_PROFILE_TEST_BUILD_OVERRIDE_DEBUG=true environment variable to enable debug information generation.
[INFO] [stderr] 
[INFO] [stderr] Caused by:
[INFO] [stderr]   process didn't exit successfully: `/opt/rustwide/target/debug/build/chemfiles-sys-fdf1d10c4134da7b/build-script-build` (exit status: 101)
[INFO] [stderr]   --- stdout
[INFO] [stderr]   CMAKE_TOOLCHAIN_FILE_x86_64-unknown-linux-gnu = None
[INFO] [stderr]   CMAKE_TOOLCHAIN_FILE_x86_64_unknown_linux_gnu = None
[INFO] [stderr]   HOST_CMAKE_TOOLCHAIN_FILE = None
[INFO] [stderr]   CMAKE_TOOLCHAIN_FILE = None
[INFO] [stderr]   CMAKE_GENERATOR_x86_64-unknown-linux-gnu = None
[INFO] [stderr]   CMAKE_GENERATOR_x86_64_unknown_linux_gnu = None
[INFO] [stderr]   HOST_CMAKE_GENERATOR = None
[INFO] [stderr]   CMAKE_GENERATOR = None
[INFO] [stderr]   cargo:warning=Compiler version doesn't include clang or GCC: "cc" "--version"
[INFO] [stderr]   cargo:warning=Compiler version doesn't include clang or GCC: "c++" "--version"
[INFO] [stderr]   CMAKE_PREFIX_PATH_x86_64-unknown-linux-gnu = None
[INFO] [stderr]   CMAKE_PREFIX_PATH_x86_64_unknown_linux_gnu = None
[INFO] [stderr]   HOST_CMAKE_PREFIX_PATH = None
[INFO] [stderr]   CMAKE_PREFIX_PATH = None
[INFO] [stderr]   CMAKE_x86_64-unknown-linux-gnu = None
[INFO] [stderr]   CMAKE_x86_64_unknown_linux_gnu = None
[INFO] [stderr]   HOST_CMAKE = None
[INFO] [stderr]   CMAKE = None
[INFO] [stderr]   running: cd "/opt/rustwide/target/debug/build/chemfiles-sys-16cc00103f9eca23/out/build" && CMAKE_PREFIX_PATH="" "cmake" "/opt/rustwide/cargo-home/registry/src/index.crates.io-6f17d22bba15001f/chemfiles-sys-0.10.41/." "-DCHEMFILES_VERSION=0.10.4" "-DCHFL_RUST_PREBUILT_TARGET=x86_64-linux-gnu" "-DCHFL_RUST_PREBUILT_SHA256=2ac97eba5b79f8051cd86184e00379271c72e85d2bbcbcd50626b0ec602a1978" "-DCMAKE_INSTALL_PREFIX=/opt/rustwide/target/debug/build/chemfiles-sys-16cc00103f9eca23/out" "-DCMAKE_C_FLAGS= -ffunction-sections -fdata-sections -fPIC -m64" "-DCMAKE_C_COMPILER=/usr/bin/cc" "-DCMAKE_CXX_FLAGS= -ffunction-sections -fdata-sections -fPIC -m64" "-DCMAKE_CXX_COMPILER=/usr/bin/c++" "-DCMAKE_ASM_FLAGS= -ffunction-sections -fdata-sections -fPIC -m64" "-DCMAKE_ASM_COMPILER=/usr/bin/cc" "-DCMAKE_BUILD_TYPE=Debug"
[INFO] [stderr]   -- The CXX compiler identification is GNU 11.4.0
[INFO] [stderr]   -- Detecting CXX compiler ABI info
[INFO] [stderr]   -- Detecting CXX compiler ABI info - done
[INFO] [stderr]   -- Check for working CXX compiler: /usr/bin/c++ - skipped
[INFO] [stderr]   -- Detecting CXX compile features
[INFO] [stderr]   -- Detecting CXX compile features - done
[INFO] [stderr]   -- trying to download https://github.com/chemfiles/chemfiles-prebuilt/releases/download/v0.10.4/chemfiles-static.v0.10.4.x86_64-linux-gnu.tar.gz
[INFO] [stderr]   -- failed to download prebuilt chemfiles, building from sources
[INFO] [stderr]   -- The C compiler identification is GNU 11.4.0
[INFO] [stderr]   -- Detecting C compiler ABI info
[INFO] [stderr]   -- Detecting C compiler ABI info - done
[INFO] [stderr]   -- Check for working C compiler: /usr/bin/cc - skipped
[INFO] [stderr]   -- Detecting C compile features
[INFO] [stderr]   -- Detecting C compile features - done
[INFO] [stderr]   -- Unpacking zlib sources
[INFO] [stderr]   -- Unpacking lzma sources
[INFO] [stderr]   -- Unpacking bzip2 sources
[INFO] [stderr]   -- Unpacking fmt sources
[INFO] [stderr]   -- Unpacking toml11 sources
[INFO] [stderr]   -- Unpacking tng sources
[INFO] [stderr]   -- Unpacking molfiles sources
[INFO] [stderr]   -- Unpacking mmtf-cpp sources
[INFO] [stderr]   -- Unpacking pugixml sources
[INFO] [stderr]   -- Unpacking gemmi sources
[INFO] [stderr]   -- Configuring done
[INFO] [stderr]   -- Generating done
[INFO] [stderr]   -- Build files have been written to: /opt/rustwide/target/debug/build/chemfiles-sys-16cc00103f9eca23/out/build
[INFO] [stderr]   running: cd "/opt/rustwide/target/debug/build/chemfiles-sys-16cc00103f9eca23/out/build" && MAKEFLAGS="-j --jobserver-fds=8,9 --jobserver-auth=8,9" "cmake" "--build" "." "--target" "install" "--config" "Debug"
[INFO] [stderr]   [  0%] Building C object chemfiles/external/tng/CMakeFiles/tng_io.dir/src/compression/bwlzh.c.o
[INFO] [stderr]   [  1%] Building CXX object chemfiles/external/CMakeFiles/pugixml.dir/pugixml/src/pugixml.cpp.o
[INFO] [stderr]   [  2%] Building C object chemfiles/external/lzma/CMakeFiles/lzma.dir/liblzma/check/check.c.o
[INFO] [stderr]   [  3%] Building C object chemfiles/external/zlib/CMakeFiles/zlib.dir/adler32.c.o
[INFO] [stderr]   [  4%] Building CXX object chemfiles/CMakeFiles/chemfiles_objects.dir/src/Atom.cpp.o
[INFO] [stderr]   [  4%] Building C object chemfiles/external/bzip2/CMakeFiles/bzip2.dir/blocksort.c.o
[INFO] [stderr]   [  5%] Building CXX object chemfiles/external/fmt/CMakeFiles/fmt.dir/src/format.cc.o
[INFO] [stderr]   [  6%] Building CXX object chemfiles/external/molfiles/CMakeFiles/molfiles.dir/src/gromacsplugin.cxx.o
[INFO] [stderr]   [  6%] Building C object chemfiles/external/lzma/CMakeFiles/lzma.dir/liblzma/check/crc32_fast.c.o
[INFO] [stderr]   [  6%] Building C object chemfiles/external/zlib/CMakeFiles/zlib.dir/compress.c.o
[INFO] [stderr]   [  7%] Building C object chemfiles/external/tng/CMakeFiles/tng_io.dir/src/compression/bwt.c.o
[INFO] [stderr]   [  8%] Building C object chemfiles/external/zlib/CMakeFiles/zlib.dir/crc32.c.o
[INFO] [stderr]   [  9%] Building C object chemfiles/external/lzma/CMakeFiles/lzma.dir/liblzma/check/crc32_table.c.o
[INFO] [stderr]   [ 10%] Building C object chemfiles/external/bzip2/CMakeFiles/bzip2.dir/huffman.c.o
[INFO] [stderr]   [ 10%] Building C object chemfiles/external/tng/CMakeFiles/tng_io.dir/src/compression/coder.c.o
[INFO] [stderr]   [ 10%] Building C object chemfiles/external/lzma/CMakeFiles/lzma.dir/liblzma/check/crc64_fast.c.o
[INFO] [stderr]   [ 10%] Building C object chemfiles/external/zlib/CMakeFiles/zlib.dir/deflate.c.o
[INFO] [stderr]   [ 10%] Building C object chemfiles/external/bzip2/CMakeFiles/bzip2.dir/crctable.c.o
[INFO] [stderr]   [ 11%] Building C object chemfiles/external/tng/CMakeFiles/tng_io.dir/src/compression/dict.c.o
[INFO] [stderr]   [ 12%] Building C object chemfiles/external/bzip2/CMakeFiles/bzip2.dir/randtable.c.o
[INFO] [stderr]   [ 13%] Building C object chemfiles/external/lzma/CMakeFiles/lzma.dir/liblzma/check/crc64_table.c.o
[INFO] [stderr]   [ 13%] Building C object chemfiles/external/tng/CMakeFiles/tng_io.dir/src/compression/fixpoint.c.o
[INFO] [stderr]   [ 13%] Building C object chemfiles/external/bzip2/CMakeFiles/bzip2.dir/compress.c.o
[INFO] [stderr]   [ 14%] Building C object chemfiles/external/lzma/CMakeFiles/lzma.dir/liblzma/check/sha256.c.o
[INFO] [stderr]   [ 15%] Building C object chemfiles/external/tng/CMakeFiles/tng_io.dir/src/compression/huffman.c.o
[INFO] [stderr]   [ 15%] Building C object chemfiles/external/lzma/CMakeFiles/lzma.dir/liblzma/common/alone_decoder.c.o
[INFO] [stderr]   [ 16%] Building C object chemfiles/external/zlib/CMakeFiles/zlib.dir/gzclose.c.o
[INFO] [stderr]   [ 17%] Building C object chemfiles/external/molfiles/CMakeFiles/molfiles.dir/src/moldenplugin.c.o
[INFO] [stderr]   [ 18%] Building C object chemfiles/external/bzip2/CMakeFiles/bzip2.dir/decompress.c.o
[INFO] [stderr]   [ 19%] Building C object chemfiles/external/tng/CMakeFiles/tng_io.dir/src/compression/huffmem.c.o
[INFO] [stderr]   [ 20%] Building C object chemfiles/external/lzma/CMakeFiles/lzma.dir/liblzma/common/alone_encoder.c.o
[INFO] [stderr]   [ 21%] Building C object chemfiles/external/zlib/CMakeFiles/zlib.dir/gzlib.c.o
[INFO] [stderr]   [ 21%] Building C object chemfiles/external/lzma/CMakeFiles/lzma.dir/liblzma/common/auto_decoder.c.o
[INFO] [stderr]   [ 21%] Building C object chemfiles/external/tng/CMakeFiles/tng_io.dir/src/compression/lz77.c.o
[INFO] [stderr]   [ 21%] Building C object chemfiles/external/zlib/CMakeFiles/zlib.dir/gzread.c.o
[INFO] [stderr]   [ 21%] Building C object chemfiles/external/molfiles/CMakeFiles/molfiles.dir/src/psfplugin.c.o
[INFO] [stderr]   [ 21%] Building C object chemfiles/external/bzip2/CMakeFiles/bzip2.dir/bzlib.c.o
[INFO] [stderr]   [ 22%] Building C object chemfiles/external/tng/CMakeFiles/tng_io.dir/src/compression/merge_sort.c.o
[INFO] [stderr]   [ 23%] Building C object chemfiles/external/lzma/CMakeFiles/lzma.dir/liblzma/common/block_buffer_decoder.c.o
[INFO] [stderr]   [ 23%] Building C object chemfiles/external/tng/CMakeFiles/tng_io.dir/src/compression/mtf.c.o
[INFO] [stderr]   [ 24%] Building C object chemfiles/external/zlib/CMakeFiles/zlib.dir/gzwrite.c.o
[INFO] [stderr]   [ 24%] Built target molfiles
[INFO] [stderr]   [ 24%] Building CXX object chemfiles/external/fmt/CMakeFiles/fmt.dir/src/os.cc.o
[INFO] [stderr]   [ 25%] Building C object chemfiles/external/tng/CMakeFiles/tng_io.dir/src/compression/rle.c.o
[INFO] [stderr]   [ 25%] Built target bzip2
[INFO] [stderr]   [ 25%] Building C object chemfiles/external/lzma/CMakeFiles/lzma.dir/liblzma/common/block_buffer_encoder.c.o
[INFO] [stderr]   [ 25%] Building CXX object chemfiles/CMakeFiles/chemfiles_objects.dir/src/Configuration.cpp.o
[INFO] [stderr]   [ 25%] Building C object chemfiles/external/tng/CMakeFiles/tng_io.dir/src/compression/tng_compress.c.o
[INFO] [stderr]   [ 25%] Building C object chemfiles/external/zlib/CMakeFiles/zlib.dir/inflate.c.o
[INFO] [stderr]   [ 26%] Building C object chemfiles/external/lzma/CMakeFiles/lzma.dir/liblzma/common/block_decoder.c.o
[INFO] [stderr]   [ 27%] Building C object chemfiles/external/zlib/CMakeFiles/zlib.dir/infback.c.o
[INFO] [stderr]   [ 27%] Building C object chemfiles/external/lzma/CMakeFiles/lzma.dir/liblzma/common/block_encoder.c.o
[INFO] [stderr]   [ 27%] Building C object chemfiles/external/zlib/CMakeFiles/zlib.dir/inftrees.c.o
[INFO] [stderr]   [ 28%] Building C object chemfiles/external/lzma/CMakeFiles/lzma.dir/liblzma/common/block_header_decoder.c.o
[INFO] [stderr]   [ 29%] Building C object chemfiles/external/tng/CMakeFiles/tng_io.dir/src/compression/vals16.c.o
[INFO] [stderr]   [ 29%] Building C object chemfiles/external/tng/CMakeFiles/tng_io.dir/src/compression/warnmalloc.c.o
[INFO] [stderr]   [ 30%] Building C object chemfiles/external/zlib/CMakeFiles/zlib.dir/inffast.c.o
[INFO] [stderr]   [ 30%] Building C object chemfiles/external/zlib/CMakeFiles/zlib.dir/trees.c.o
[INFO] [stderr]   [ 31%] Building C object chemfiles/external/lzma/CMakeFiles/lzma.dir/liblzma/common/block_header_encoder.c.o
[INFO] [stderr]   [ 32%] Building C object chemfiles/external/tng/CMakeFiles/tng_io.dir/src/compression/widemuldiv.c.o
[INFO] [stderr]   [ 33%] Building C object chemfiles/external/zlib/CMakeFiles/zlib.dir/uncompr.c.o
[INFO] [stderr]   [ 33%] Building C object chemfiles/external/lzma/CMakeFiles/lzma.dir/liblzma/common/block_util.c.o
[INFO] [stderr]   [ 34%] Building C object chemfiles/external/lzma/CMakeFiles/lzma.dir/liblzma/common/common.c.o
[INFO] [stderr]   [ 35%] Building C object chemfiles/external/tng/CMakeFiles/tng_io.dir/src/compression/xtc2.c.o
[INFO] [stderr]   [ 36%] Building C object chemfiles/external/zlib/CMakeFiles/zlib.dir/zutil.c.o
[INFO] [stderr]   [ 37%] Building CXX object chemfiles/CMakeFiles/chemfiles_objects.dir/src/Connectivity.cpp.o
[INFO] [stderr]   [ 37%] Building CXX object chemfiles/CMakeFiles/chemfiles_objects.dir/src/File.cpp.o
[INFO] [stderr]   [ 37%] Building C object chemfiles/external/lzma/CMakeFiles/lzma.dir/liblzma/common/easy_buffer_encoder.c.o
[INFO] [stderr]   [ 37%] Built target zlib
[INFO] [stderr]   [ 38%] Building CXX object chemfiles/CMakeFiles/chemfiles_objects.dir/src/Format.cpp.o
[INFO] [stderr]   [ 38%] Building C object chemfiles/external/tng/CMakeFiles/tng_io.dir/src/compression/xtc3.c.o
[INFO] [stderr]   [ 39%] Building C object chemfiles/external/lzma/CMakeFiles/lzma.dir/liblzma/common/easy_decoder_memusage.c.o
[INFO] [stderr]   [ 39%] Building C object chemfiles/external/lzma/CMakeFiles/lzma.dir/liblzma/common/easy_encoder.c.o
[INFO] [stderr]   [ 40%] Building C object chemfiles/external/lzma/CMakeFiles/lzma.dir/liblzma/common/easy_encoder_memusage.c.o
[INFO] [stderr]   [ 40%] Building C object chemfiles/external/lzma/CMakeFiles/lzma.dir/liblzma/common/easy_preset.c.o
[INFO] [stderr]   [ 41%] Building C object chemfiles/external/tng/CMakeFiles/tng_io.dir/src/lib/tng_io.c.o
[INFO] [stderr]   [ 42%] Building C object chemfiles/external/lzma/CMakeFiles/lzma.dir/liblzma/common/filter_buffer_decoder.c.o
[INFO] [stderr]   [ 43%] Building C object chemfiles/external/lzma/CMakeFiles/lzma.dir/liblzma/common/filter_buffer_encoder.c.o
[INFO] [stderr]   [ 43%] Building C object chemfiles/external/lzma/CMakeFiles/lzma.dir/liblzma/common/filter_common.c.o
[INFO] [stderr]   [ 44%] Building C object chemfiles/external/lzma/CMakeFiles/lzma.dir/liblzma/common/filter_decoder.c.o
[INFO] [stderr]   [ 44%] Building C object chemfiles/external/lzma/CMakeFiles/lzma.dir/liblzma/common/filter_encoder.c.o
[INFO] [stderr]   [ 44%] Built target pugixml
[INFO] [stderr]   [ 44%] Building C object chemfiles/external/tng/CMakeFiles/tng_io.dir/src/lib/md5.c.o
[INFO] [stderr]   [ 45%] Building C object chemfiles/external/lzma/CMakeFiles/lzma.dir/liblzma/common/filter_flags_decoder.c.o
[INFO] [stderr]   [ 45%] Building C object chemfiles/external/lzma/CMakeFiles/lzma.dir/liblzma/common/filter_flags_encoder.c.o
[INFO] [stderr]   [ 45%] Building CXX object chemfiles/CMakeFiles/chemfiles_objects.dir/src/FormatFactory.cpp.o
[INFO] [stderr]   [ 46%] Building C object chemfiles/external/lzma/CMakeFiles/lzma.dir/liblzma/common/index.c.o
[INFO] [stderr]   [ 46%] Building C object chemfiles/external/lzma/CMakeFiles/lzma.dir/liblzma/common/index_decoder.c.o
[INFO] [stderr]   [ 47%] Building C object chemfiles/external/lzma/CMakeFiles/lzma.dir/liblzma/common/index_encoder.c.o
[INFO] [stderr]   [ 48%] Building C object chemfiles/external/lzma/CMakeFiles/lzma.dir/liblzma/common/index_hash.c.o
[INFO] [stderr]   [ 48%] Built target tng_io
[INFO] [stderr]   [ 48%] Building C object chemfiles/external/lzma/CMakeFiles/lzma.dir/liblzma/common/stream_buffer_decoder.c.o
[INFO] [stderr]   [ 49%] Building C object chemfiles/external/lzma/CMakeFiles/lzma.dir/liblzma/common/stream_buffer_encoder.c.o
[INFO] [stderr]   [ 49%] Building C object chemfiles/external/lzma/CMakeFiles/lzma.dir/liblzma/common/stream_decoder.c.o
[INFO] [stderr]   [ 50%] Building CXX object chemfiles/CMakeFiles/chemfiles_objects.dir/src/FormatMetadata.cpp.o
[INFO] [stderr]   [ 51%] Building C object chemfiles/external/lzma/CMakeFiles/lzma.dir/liblzma/common/stream_encoder.c.o
[INFO] [stderr]   [ 51%] Building C object chemfiles/external/lzma/CMakeFiles/lzma.dir/liblzma/common/stream_flags_common.c.o
[INFO] [stderr]   [ 52%] Building C object chemfiles/external/lzma/CMakeFiles/lzma.dir/liblzma/common/stream_flags_decoder.c.o
[INFO] [stderr]   [ 52%] Building C object chemfiles/external/lzma/CMakeFiles/lzma.dir/liblzma/common/stream_flags_encoder.c.o
[INFO] [stderr]   [ 52%] Building CXX object chemfiles/CMakeFiles/chemfiles_objects.dir/src/Frame.cpp.o
[INFO] [stderr]   [ 52%] Built target fmt
[INFO] [stderr]   [ 53%] Building C object chemfiles/external/lzma/CMakeFiles/lzma.dir/liblzma/common/vli_decoder.c.o
[INFO] [stderr]   [ 54%] Building CXX object chemfiles/CMakeFiles/chemfiles_objects.dir/src/Property.cpp.o
[INFO] [stderr]   [ 55%] Building C object chemfiles/external/lzma/CMakeFiles/lzma.dir/liblzma/common/vli_encoder.c.o
[INFO] [stderr]   [ 55%] Building C object chemfiles/external/lzma/CMakeFiles/lzma.dir/liblzma/common/vli_size.c.o
[INFO] [stderr]   [ 56%] Building C object chemfiles/external/lzma/CMakeFiles/lzma.dir/liblzma/delta/delta_common.c.o
[INFO] [stderr]   [ 56%] Building C object chemfiles/external/lzma/CMakeFiles/lzma.dir/liblzma/delta/delta_decoder.c.o
[INFO] [stderr]   [ 57%] Building C object chemfiles/external/lzma/CMakeFiles/lzma.dir/liblzma/delta/delta_encoder.c.o
[INFO] [stderr]   [ 57%] Building C object chemfiles/external/lzma/CMakeFiles/lzma.dir/liblzma/lz/lz_decoder.c.o
[INFO] [stderr]   [ 58%] Building CXX object chemfiles/CMakeFiles/chemfiles_objects.dir/src/Residue.cpp.o
[INFO] [stderr]   [ 59%] Building C object chemfiles/external/lzma/CMakeFiles/lzma.dir/liblzma/lz/lz_encoder.c.o
[INFO] [stderr]   [ 59%] Building CXX object chemfiles/CMakeFiles/chemfiles_objects.dir/src/Selection.cpp.o
[INFO] [stderr]   [ 59%] Building C object chemfiles/external/lzma/CMakeFiles/lzma.dir/liblzma/lz/lz_encoder_mf.c.o
[INFO] [stderr]   [ 60%] Building C object chemfiles/external/lzma/CMakeFiles/lzma.dir/liblzma/lzma/fastpos_table.c.o
[INFO] [stderr]   [ 61%] Building C object chemfiles/external/lzma/CMakeFiles/lzma.dir/liblzma/lzma/lzma2_decoder.c.o
[INFO] [stderr]   [ 61%] Building C object chemfiles/external/lzma/CMakeFiles/lzma.dir/liblzma/lzma/lzma2_encoder.c.o
[INFO] [stderr]   [ 62%] Building C object chemfiles/external/lzma/CMakeFiles/lzma.dir/liblzma/lzma/lzma_decoder.c.o
[INFO] [stderr]   [ 62%] Building C object chemfiles/external/lzma/CMakeFiles/lzma.dir/liblzma/lzma/lzma_encoder.c.o
[INFO] [stderr]   [ 63%] Building C object chemfiles/external/lzma/CMakeFiles/lzma.dir/liblzma/lzma/lzma_encoder_optimum_fast.c.o
[INFO] [stderr]   [ 63%] Building C object chemfiles/external/lzma/CMakeFiles/lzma.dir/liblzma/lzma/lzma_encoder_optimum_normal.c.o
[INFO] [stderr]   [ 64%] Building CXX object chemfiles/CMakeFiles/chemfiles_objects.dir/src/Topology.cpp.o
[INFO] [stderr]   [ 65%] Building C object chemfiles/external/lzma/CMakeFiles/lzma.dir/liblzma/lzma/lzma_encoder_presets.c.o
[INFO] [stderr]   [ 65%] Building CXX object chemfiles/CMakeFiles/chemfiles_objects.dir/src/Trajectory.cpp.o
[INFO] [stderr]   [ 65%] Building C object chemfiles/external/lzma/CMakeFiles/lzma.dir/liblzma/rangecoder/price_table.c.o
[INFO] [stderr]   [ 66%] Building C object chemfiles/external/lzma/CMakeFiles/lzma.dir/liblzma/simple/arm.c.o
[INFO] [stderr]   [ 67%] Building C object chemfiles/external/lzma/CMakeFiles/lzma.dir/liblzma/simple/armthumb.c.o
[INFO] [stderr]   [ 68%] Building CXX object chemfiles/CMakeFiles/chemfiles_objects.dir/src/UnitCell.cpp.o
[INFO] [stderr]   [ 68%] Building C object chemfiles/external/lzma/CMakeFiles/lzma.dir/liblzma/simple/ia64.c.o
[INFO] [stderr]   [ 69%] Building C object chemfiles/external/lzma/CMakeFiles/lzma.dir/liblzma/simple/powerpc.c.o
[INFO] [stderr]   [ 69%] Building C object chemfiles/external/lzma/CMakeFiles/lzma.dir/liblzma/simple/simple_coder.c.o
[INFO] [stderr]   [ 70%] Building C object chemfiles/external/lzma/CMakeFiles/lzma.dir/liblzma/simple/simple_decoder.c.o
[INFO] [stderr]   [ 70%] Building C object chemfiles/external/lzma/CMakeFiles/lzma.dir/liblzma/simple/simple_encoder.c.o
[INFO] [stderr]   [ 71%] Building C object chemfiles/external/lzma/CMakeFiles/lzma.dir/liblzma/simple/sparc.c.o
[INFO] [stderr]   [ 71%] Building C object chemfiles/external/lzma/CMakeFiles/lzma.dir/liblzma/simple/x86.c.o
[INFO] [stderr]   [ 71%] Building CXX object chemfiles/CMakeFiles/chemfiles_objects.dir/src/capi/atom.cpp.o
[INFO] [stderr]   [ 71%] Built target lzma
[INFO] [stderr]   [ 72%] Building CXX object chemfiles/CMakeFiles/chemfiles_objects.dir/src/capi/cell.cpp.o
[INFO] [stderr]   [ 72%] Building CXX object chemfiles/CMakeFiles/chemfiles_objects.dir/src/capi/frame.cpp.o
[INFO] [stderr]   [ 73%] Building CXX object chemfiles/CMakeFiles/chemfiles_objects.dir/src/capi/misc.cpp.o
[INFO] [stderr]   [ 74%] Building CXX object chemfiles/CMakeFiles/chemfiles_objects.dir/src/capi/property.cpp.o
[INFO] [stderr]   [ 74%] Building CXX object chemfiles/CMakeFiles/chemfiles_objects.dir/src/capi/residue.cpp.o
[INFO] [stderr] 
[INFO] [stderr]   --- stderr
[INFO] [stderr]   CMake Warning (dev) at chemfiles/CMakeLists.txt:35 (option):
[INFO] [stderr]     Policy CMP0077 is not set: option() honors normal variables.  Run "cmake
[INFO] [stderr]     --help-policy CMP0077" for policy details.  Use the cmake_policy command to
[INFO] [stderr]     set the policy and suppress this warning.
[INFO] [stderr] 
[INFO] [stderr]     For compatibility with older versions of CMake, option is clearing the
[INFO] [stderr]     normal variable 'BUILD_SHARED_LIBS'.
[INFO] [stderr]   This warning is for project developers.  Use -Wno-dev to suppress it.
[INFO] [stderr] 
[INFO] [stderr]   CMake Warning:
[INFO] [stderr]     Manually-specified variables were not used by the project:
[INFO] [stderr] 
[INFO] [stderr]       CMAKE_ASM_COMPILER
[INFO] [stderr]       CMAKE_ASM_FLAGS
[INFO] [stderr] 
[INFO] [stderr] 
[INFO] [stderr]   c++: fatal error: Killed signal terminated program cc1plus
[INFO] [stderr]   compilation terminated.
[INFO] [stderr]   gmake[2]: *** [chemfiles/CMakeFiles/chemfiles_objects.dir/build.make:146: chemfiles/CMakeFiles/chemfiles_objects.dir/src/FormatFactory.cpp.o] Error 1
[INFO] [stderr]   gmake[2]: *** Waiting for unfinished jobs....
[INFO] [stderr]   gmake[1]: *** [CMakeFiles/Makefile2:214: chemfiles/CMakeFiles/chemfiles_objects.dir/all] Error 2
[INFO] [stderr]   gmake: *** [Makefile:136: all] Error 2
[INFO] [stderr]   thread 'main' panicked at /opt/rustwide/cargo-home/registry/src/index.crates.io-6f17d22bba15001f/cmake-0.1.50/src/lib.rs:1098:5:
[INFO] [stderr] 
[INFO] [stderr]   command did not execute successfully, got: exit status: 2
[INFO] [stderr] 
[INFO] [stderr]   build script failed, must exit now
[INFO] [stderr]   stack backtrace:
[INFO] [stderr]      0:     0x63721a174d0a - std::backtrace_rs::backtrace::libunwind::trace::h207520d6e9873551
[INFO] [stderr]                                  at /rustc/df4ca44d3fbc9301ee17f30f4d474e6ae4b05252/library/std/src/../../backtrace/src/backtrace/libunwind.rs:116:5
[INFO] [stderr]      1:     0x63721a174d0a - std::backtrace_rs::backtrace::trace_unsynchronized::h2ed7433f370e3eca
[INFO] [stderr]                                  at /rustc/df4ca44d3fbc9301ee17f30f4d474e6ae4b05252/library/std/src/../../backtrace/src/backtrace/mod.rs:66:5
[INFO] [stderr]      2:     0x63721a174d0a - std::sys::backtrace::_print_fmt::h916fac51166b18d7
[INFO] [stderr]                                  at /rustc/df4ca44d3fbc9301ee17f30f4d474e6ae4b05252/library/std/src/sys/backtrace.rs:66:9
[INFO] [stderr]      3:     0x63721a174d0a - <std::sys::backtrace::BacktraceLock::print::DisplayBacktrace as core::fmt::Display>::fmt::ha0a4c9b8ce3802e6
[INFO] [stderr]                                  at /rustc/df4ca44d3fbc9301ee17f30f4d474e6ae4b05252/library/std/src/sys/backtrace.rs:39:26
[INFO] [stderr]      4:     0x63721a197dd3 - core::fmt::rt::Argument::fmt::h4cfc8587d52b3eb5
[INFO] [stderr]                                  at /rustc/df4ca44d3fbc9301ee17f30f4d474e6ae4b05252/library/core/src/fmt/rt.rs:177:76
[INFO] [stderr]      5:     0x63721a197dd3 - core::fmt::write::h522cc39e5b36ae9f
[INFO] [stderr]                                  at /rustc/df4ca44d3fbc9301ee17f30f4d474e6ae4b05252/library/core/src/fmt/mod.rs:1190:21
[INFO] [stderr]      6:     0x63721a1717f3 - std::io::Write::write_fmt::hf1c1dcc8cc1287f0
[INFO] [stderr]                                  at /rustc/df4ca44d3fbc9301ee17f30f4d474e6ae4b05252/library/std/src/io/mod.rs:1839:15
[INFO] [stderr]      7:     0x63721a174b52 - std::sys::backtrace::BacktraceLock::print::h4b9e00b29e9c0942
[INFO] [stderr]                                  at /rustc/df4ca44d3fbc9301ee17f30f4d474e6ae4b05252/library/std/src/sys/backtrace.rs:42:9
[INFO] [stderr]      8:     0x63721a175d4c - std::panicking::default_hook::{{closure}}::hb59b88280d0324d9
[INFO] [stderr]                                  at /rustc/df4ca44d3fbc9301ee17f30f4d474e6ae4b05252/library/std/src/panicking.rs:268:22
[INFO] [stderr]      9:     0x63721a175b92 - std::panicking::default_hook::he1dd496665be4a29
[INFO] [stderr]                                  at /rustc/df4ca44d3fbc9301ee17f30f4d474e6ae4b05252/library/std/src/panicking.rs:295:9
[INFO] [stderr]     10:     0x63721a176347 - std::panicking::rust_panic_with_hook::h2ff17fe8f26dfcf8
[INFO] [stderr]                                  at /rustc/df4ca44d3fbc9301ee17f30f4d474e6ae4b05252/library/std/src/panicking.rs:801:13
[INFO] [stderr]     11:     0x63721a1761da - std::panicking::begin_panic_handler::{{closure}}::h4fad77951c07e101
[INFO] [stderr]                                  at /rustc/df4ca44d3fbc9301ee17f30f4d474e6ae4b05252/library/std/src/panicking.rs:674:13
[INFO] [stderr]     12:     0x63721a1751e9 - std::sys::backtrace::__rust_end_short_backtrace::hb1a25b3da5d0ea08
[INFO] [stderr]                                  at /rustc/df4ca44d3fbc9301ee17f30f4d474e6ae4b05252/library/std/src/sys/backtrace.rs:170:18
[INFO] [stderr]     13:     0x63721a175e6c - rust_begin_unwind
[INFO] [stderr]                                  at /rustc/df4ca44d3fbc9301ee17f30f4d474e6ae4b05252/library/std/src/panicking.rs:665:5
[INFO] [stderr]     14:     0x63721a196c20 - core::panicking::panic_fmt::ha9db07b529f9b256
[INFO] [stderr]                                  at /rustc/df4ca44d3fbc9301ee17f30f4d474e6ae4b05252/library/core/src/panicking.rs:75:14
[INFO] [stderr]     15:     0x63721a0f4882 - cmake::fail::h6f0a58ed59e916c6
[INFO] [stderr]     16:     0x63721a0f4059 - cmake::run::haefb67436a1915ea
[INFO] [stderr]     17:     0x63721a0f09ec - cmake::Config::build::hbe9d6a714535cc09
[INFO] [stderr]     18:     0x63721a0eb130 - build_script_build::build_chemfiles::h5edbbf75477f3b06
[INFO] [stderr]     19:     0x63721a0ea5d3 - build_script_build::main::h254974d982dfe087
[INFO] [stderr]     20:     0x63721a0e89b3 - core::ops::function::FnOnce::call_once::he2f9672c618bfefe
[INFO] [stderr]     21:     0x63721a0e8896 - std::sys::backtrace::__rust_begin_short_backtrace::h2164f690aee7068c
[INFO] [stderr]     22:     0x63721a0e87f9 - std::rt::lang_start::{{closure}}::hd68b77ff96493a99
[INFO] [stderr]     23:     0x63721a16dc57 - core::ops::function::impls::<impl core::ops::function::FnOnce<A> for &F>::call_once::hd87d66b906e0ccaf
[INFO] [stderr]                                  at /rustc/df4ca44d3fbc9301ee17f30f4d474e6ae4b05252/library/core/src/ops/function.rs:284:13
[INFO] [stderr]     24:     0x63721a16dc57 - std::panicking::try::do_call::hae3703de71fc9e3a
[INFO] [stderr]                                  at /rustc/df4ca44d3fbc9301ee17f30f4d474e6ae4b05252/library/std/src/panicking.rs:557:40
[INFO] [stderr]     25:     0x63721a16dc57 - std::panicking::try::h1178330e9a2b2645
[INFO] [stderr]                                  at /rustc/df4ca44d3fbc9301ee17f30f4d474e6ae4b05252/library/std/src/panicking.rs:520:19
[INFO] [stderr]     26:     0x63721a16dc57 - std::panic::catch_unwind::h0acf49d2305d32ad
[INFO] [stderr]                                  at /rustc/df4ca44d3fbc9301ee17f30f4d474e6ae4b05252/library/std/src/panic.rs:358:14
[INFO] [stderr]     27:     0x63721a16dc57 - std::rt::lang_start_internal::{{closure}}::h2d95182d798177be
[INFO] [stderr]                                  at /rustc/df4ca44d3fbc9301ee17f30f4d474e6ae4b05252/library/std/src/rt.rs:174:48
[INFO] [stderr]     28:     0x63721a16dc57 - std::panicking::try::do_call::hb506f5bfe11fd30c
[INFO] [stderr]                                  at /rustc/df4ca44d3fbc9301ee17f30f4d474e6ae4b05252/library/std/src/panicking.rs:557:40
[INFO] [stderr]     29:     0x63721a16dc57 - std::panicking::try::h54d825c46bd0fa95
[INFO] [stderr]                                  at /rustc/df4ca44d3fbc9301ee17f30f4d474e6ae4b05252/library/std/src/panicking.rs:520:19
[INFO] [stderr]     30:     0x63721a16dc57 - std::panic::catch_unwind::hffbb0ad20c4e9fac
[INFO] [stderr]                                  at /rustc/df4ca44d3fbc9301ee17f30f4d474e6ae4b05252/library/std/src/panic.rs:358:14
[INFO] [stderr]     31:     0x63721a16dc57 - std::rt::lang_start_internal::h52c291ef1962c925
[INFO] [stderr]                                  at /rustc/df4ca44d3fbc9301ee17f30f4d474e6ae4b05252/library/std/src/rt.rs:174:20
[INFO] [stderr]     32:     0x63721a0e87d7 - std::rt::lang_start::h6a4f625e556bd261
[INFO] [stderr]     33:     0x63721a0ebc25 - main
[INFO] [stderr]     34:     0x7d87a619ad90 - <unknown>
[INFO] [stderr]     35:     0x7d87a619ae40 - __libc_start_main
[INFO] [stderr]     36:     0x63721a0e8605 - _start
[INFO] [stderr]     37:                0x0 - <unknown>
[INFO] running `Command { std: "docker" "inspect" "3325a85f05e4798c007e6b1a1a3a4510de35cfb5da998032ad4299f2524026fd", kill_on_drop: false }`
[INFO] running `Command { std: "docker" "rm" "-f" "3325a85f05e4798c007e6b1a1a3a4510de35cfb5da998032ad4299f2524026fd", kill_on_drop: false }`
[INFO] [stdout] 3325a85f05e4798c007e6b1a1a3a4510de35cfb5da998032ad4299f2524026fd
