[INFO] fetching crate mollusk-svm-fuzz-fixture 0.0.6...
[INFO] testing mollusk-svm-fuzz-fixture-0.0.6 against nightly-2024-10-28+rustflags=-Zrandomize-layout for randomize-layout
[INFO] extracting crate mollusk-svm-fuzz-fixture 0.0.6 into /workspace/builds/worker-1-tc2/source
[INFO] validating manifest of crates.io crate mollusk-svm-fuzz-fixture 0.0.6 on toolchain nightly-2024-10-28
[INFO] running `Command { std: CARGO_HOME="/workspace/cargo-home" RUSTUP_HOME="/workspace/rustup-home" "/workspace/cargo-home/bin/cargo" "+nightly-2024-10-28" "metadata" "--manifest-path" "Cargo.toml" "--no-deps", kill_on_drop: false }`
[INFO] started tweaking crates.io crate mollusk-svm-fuzz-fixture 0.0.6
[INFO] finished tweaking crates.io crate mollusk-svm-fuzz-fixture 0.0.6
[INFO] tweaked toml for crates.io crate mollusk-svm-fuzz-fixture 0.0.6 written to /workspace/builds/worker-1-tc2/source/Cargo.toml
[INFO] running `Command { std: CARGO_HOME="/workspace/cargo-home" RUSTUP_HOME="/workspace/rustup-home" "/workspace/cargo-home/bin/cargo" "+nightly-2024-10-28" "generate-lockfile" "--manifest-path" "Cargo.toml", kill_on_drop: false }`
[INFO] [stderr]     Updating crates.io index
[INFO] [stderr]      Locking 242 packages to latest compatible versions
[INFO] [stderr]       Adding prost v0.10.4 (available: v0.13.3)
[INFO] [stderr]       Adding prost-build v0.10.4 (available: v0.13.3)
[INFO] [stderr]       Adding prost-types v0.10.1 (available: v0.13.3)
[INFO] [stderr]       Adding zeroize v1.3.0 (available: v1.8.1)
[INFO] running `Command { std: CARGO_HOME="/workspace/cargo-home" RUSTUP_HOME="/workspace/rustup-home" "/workspace/cargo-home/bin/cargo" "+nightly-2024-10-28" "fetch" "--manifest-path" "Cargo.toml", kill_on_drop: false }`
[INFO] running `Command { std: "docker" "create" "-v" "/var/lib/crater-agent-workspace/builds/worker-1-tc2/target:/opt/rustwide/target:rw,Z" "-v" "/var/lib/crater-agent-workspace/builds/worker-1-tc2/source:/opt/rustwide/workdir:ro,Z" "-v" "/var/lib/crater-agent-workspace/cargo-home:/opt/rustwide/cargo-home:ro,Z" "-v" "/var/lib/crater-agent-workspace/rustup-home:/opt/rustwide/rustup-home:ro,Z" "-e" "SOURCE_DIR=/opt/rustwide/workdir" "-e" "CARGO_TARGET_DIR=/opt/rustwide/target" "-e" "CARGO_HOME=/opt/rustwide/cargo-home" "-e" "RUSTUP_HOME=/opt/rustwide/rustup-home" "-w" "/opt/rustwide/workdir" "-m" "1610612736" "--user" "0:0" "--network" "none" "ghcr.io/rust-lang/crates-build-env/linux@sha256:4a844ea9eb2546a2d2c7022eacef16ef2e8229c7fbb2c7d4d55a9ceca922f72d" "/opt/rustwide/cargo-home/bin/cargo" "+nightly-2024-10-28" "metadata" "--no-deps" "--format-version=1", kill_on_drop: false }`
[INFO] [stdout] cae3c0655046bedd0400dcdf3eb94180a740a8d263d5ee7afe5481daa846b0be
[INFO] running `Command { std: "docker" "start" "-a" "cae3c0655046bedd0400dcdf3eb94180a740a8d263d5ee7afe5481daa846b0be", kill_on_drop: false }`
[INFO] running `Command { std: "docker" "inspect" "cae3c0655046bedd0400dcdf3eb94180a740a8d263d5ee7afe5481daa846b0be", kill_on_drop: false }`
[INFO] running `Command { std: "docker" "rm" "-f" "cae3c0655046bedd0400dcdf3eb94180a740a8d263d5ee7afe5481daa846b0be", kill_on_drop: false }`
[INFO] [stdout] cae3c0655046bedd0400dcdf3eb94180a740a8d263d5ee7afe5481daa846b0be
[INFO] running `Command { std: "docker" "create" "-v" "/var/lib/crater-agent-workspace/builds/worker-1-tc2/target:/opt/rustwide/target:rw,Z" "-v" "/var/lib/crater-agent-workspace/builds/worker-1-tc2/source:/opt/rustwide/workdir:ro,Z" "-v" "/var/lib/crater-agent-workspace/cargo-home:/opt/rustwide/cargo-home:ro,Z" "-v" "/var/lib/crater-agent-workspace/rustup-home:/opt/rustwide/rustup-home:ro,Z" "-e" "SOURCE_DIR=/opt/rustwide/workdir" "-e" "CARGO_TARGET_DIR=/opt/rustwide/target" "-e" "CARGO_INCREMENTAL=0" "-e" "RUST_BACKTRACE=full" "-e" "RUSTFLAGS=--cap-lints=forbid -Zrandomize-layout" "-e" "RUSTDOCFLAGS=--cap-lints=forbid" "-e" "CARGO_HOME=/opt/rustwide/cargo-home" "-e" "RUSTUP_HOME=/opt/rustwide/rustup-home" "-w" "/opt/rustwide/workdir" "-m" "1610612736" "--user" "0:0" "--network" "none" "ghcr.io/rust-lang/crates-build-env/linux@sha256:4a844ea9eb2546a2d2c7022eacef16ef2e8229c7fbb2c7d4d55a9ceca922f72d" "/opt/rustwide/cargo-home/bin/cargo" "+nightly-2024-10-28" "build" "--frozen" "--message-format=json", kill_on_drop: false }`
[INFO] [stdout] 8270deea85c9c2cc69f27f5e08144a36f1c0533f5f7f31fccd189e9ba2a0a789
[INFO] running `Command { std: "docker" "start" "-a" "8270deea85c9c2cc69f27f5e08144a36f1c0533f5f7f31fccd189e9ba2a0a789", kill_on_drop: false }`
[INFO] [stderr]    Compiling subtle v2.6.1
[INFO] [stderr]    Compiling once_cell v1.20.2
[INFO] [stderr]    Compiling serde v1.0.214
[INFO] [stderr]    Compiling bs58 v0.5.1
[INFO] [stderr]    Compiling syn v2.0.86
[INFO] [stderr]    Compiling syn v1.0.109
[INFO] [stderr]    Compiling proc-macro-error-attr v1.0.4
[INFO] [stderr]    Compiling solana-sanitize v2.1.0
[INFO] [stderr]    Compiling solana-atomic-u64 v2.1.0
[INFO] [stderr]    Compiling five8_core v0.1.1
[INFO] [stderr]    Compiling solana-decode-error v2.1.0
[INFO] [stderr]    Compiling generic-array v0.14.7
[INFO] [stderr]    Compiling curve25519-dalek v4.1.3
[INFO] [stderr]    Compiling getrandom v0.1.16
[INFO] [stderr]    Compiling num-traits v0.2.19
[INFO] [stderr]    Compiling five8_const v0.1.3
[INFO] [stderr]    Compiling solana-msg v2.1.0
[INFO] [stderr]    Compiling anyhow v1.0.92
[INFO] [stderr]    Compiling rustix v0.38.38
[INFO] [stderr]    Compiling itertools v0.10.5
[INFO] [stderr]    Compiling solana-program-memory v2.1.0
[INFO] [stderr]    Compiling blake3 v1.5.4
[INFO] [stderr]    Compiling rand_core v0.5.1
[INFO] [stderr]    Compiling bytes v1.8.0
[INFO] [stderr]    Compiling cmake v0.1.51
[INFO] [stderr]    Compiling regex-syntax v0.8.5
[INFO] [stderr]    Compiling solana-native-token v2.1.0
[INFO] [stderr]    Compiling proc-macro-error v1.0.4
[INFO] [stderr]    Compiling solana-program-option v2.1.0
[INFO] [stderr]    Compiling fixedbitset v0.4.2
[INFO] [stderr]    Compiling fastrand v2.1.1
[INFO] [stderr]    Compiling petgraph v0.6.5
[INFO] [stderr]    Compiling digest v0.9.0
[INFO] [stderr]    Compiling multimap v0.8.3
[INFO] [stderr]    Compiling heck v0.4.1
[INFO] [stderr]    Compiling libsecp256k1-core v0.2.2
[INFO] [stderr]    Compiling solana-derivation-path v2.1.0
[INFO] [stderr]    Compiling itertools v0.12.1
[INFO] [stderr]    Compiling solana-precompile-error v2.1.0
[INFO] [stderr]    Compiling memmap2 v0.5.10
[INFO] [stderr]    Compiling num-integer v0.1.46
[INFO] [stderr]    Compiling num-bigint v0.4.6
[INFO] [stderr]    Compiling libsecp256k1-gen-genmult v0.2.1
[INFO] [stderr]    Compiling libsecp256k1-gen-ecmult v0.2.1
[INFO] [stderr]    Compiling libsecp256k1 v0.6.0
[INFO] [stderr]    Compiling regex-automata v0.4.8
[INFO] [stderr]    Compiling which v4.4.2
[INFO] [stderr]    Compiling tempfile v3.13.0
[INFO] [stderr]    Compiling prost-build v0.10.4
[INFO] [stderr]    Compiling toml v0.5.11
[INFO] [stderr]    Compiling regex v1.11.1
[INFO] [stderr]    Compiling borsh-derive-internal v0.10.4
[INFO] [stderr]    Compiling borsh-schema-derive-internal v0.10.4
[INFO] [stderr]    Compiling proc-macro-crate v0.1.5
[INFO] [stderr]    Compiling darling_core v0.20.10
[INFO] [stderr]    Compiling borsh-derive v0.10.4
[INFO] [stderr]    Compiling ark-serialize-derive v0.4.2
[INFO] [stderr]    Compiling derivative v2.2.0
[INFO] [stderr]    Compiling ark-ff-asm v0.4.2
[INFO] [stderr]    Compiling ark-ff-macros v0.4.2
[INFO] [stderr]    Compiling prost-derive v0.10.1
[INFO] [stderr]    Compiling serde_derive v1.0.214
[INFO] [stderr]    Compiling zerocopy-derive v0.7.35
[INFO] [stderr]    Compiling zeroize_derive v1.4.2
[INFO] [stderr]    Compiling syn_derive v0.1.8
[INFO] [stderr]    Compiling bytemuck_derive v1.8.0
[INFO] [stderr]    Compiling curve25519-dalek-derive v0.1.1
[INFO] [stderr]    Compiling solana-sdk-macro v2.1.0
[INFO] [stderr]    Compiling thiserror-impl v1.0.66
[INFO] [stderr]    Compiling num-derive v0.4.2
[INFO] [stderr]    Compiling cfg_eval v0.1.2
[INFO] [stderr]    Compiling num_enum_derive v0.7.3
[INFO] [stderr]    Compiling borsh-derive v1.5.1
[INFO] [stderr]    Compiling zeroize v1.3.0
[INFO] [stderr]    Compiling zerocopy v0.7.35
[INFO] [stderr]    Compiling num_enum v0.7.3
[INFO] [stderr]    Compiling thiserror v1.0.66
[INFO] [stderr]    Compiling bytemuck v1.19.0
[INFO] [stderr]    Compiling prost v0.10.4
[INFO] [stderr]    Compiling ppv-lite86 v0.2.20
[INFO] [stderr]    Compiling ahash v0.8.11
[INFO] [stderr]    Compiling darling_macro v0.20.10
[INFO] [stderr]    Compiling prost-types v0.10.1
[INFO] [stderr]    Compiling hashbrown v0.13.2
[INFO] [stderr]    Compiling borsh v1.5.1
[INFO] [stderr]    Compiling darling v0.20.10
[INFO] [stderr]    Compiling serde_with_macros v3.11.0
[INFO] [stderr]    Compiling rand_chacha v0.3.1
[INFO] [stderr]    Compiling rand_chacha v0.2.2
[INFO] [stderr]    Compiling rand v0.7.3
[INFO] [stderr]    Compiling rand v0.8.5
[INFO] [stderr]    Compiling borsh v0.10.4
[INFO] [stderr]    Compiling ark-std v0.4.0
[INFO] [stderr]    Compiling solana-borsh v2.1.0
[INFO] [stderr]    Compiling mollusk-svm-fuzz-fixture v0.0.6 (/opt/rustwide/workdir)
[INFO] [stderr]    Compiling solana-hash v2.1.0
[INFO] [stderr]    Compiling bincode v1.3.3
[INFO] [stderr]    Compiling solana-epoch-schedule v2.1.0
[INFO] [stderr]    Compiling bv v0.11.1
[INFO] [stderr]    Compiling bitflags v2.6.0
[INFO] [stderr]    Compiling solana-clock v2.1.0
[INFO] [stderr]    Compiling solana-last-restart-slot v2.1.0
[INFO] [stderr]    Compiling solana-rent v2.1.0
[INFO] [stderr]    Compiling serde_bytes v0.11.15
[INFO] [stderr]    Compiling solana-serde-varint v2.1.0
[INFO] [stderr]    Compiling solana-short-vec v2.1.0
[INFO] [stderr]    Compiling solana-fee-calculator v2.1.0
[INFO] [stderr]    Compiling serde_with v3.11.0
[INFO] [stderr]    Compiling serde_json v1.0.132
[INFO] [stderr]    Compiling solana-slot-hashes v2.1.0
[INFO] [stderr]    Compiling solana-inflation v2.1.0
[INFO] [stderr]    Compiling crypto-common v0.1.6
[INFO] [stderr]    Compiling block-buffer v0.10.4
[INFO] [stderr]    Compiling block-buffer v0.9.0
[INFO] [stderr]    Compiling crypto-mac v0.8.0
[INFO] [stderr]    Compiling curve25519-dalek v3.2.1
[INFO] [stderr]    Compiling digest v0.10.7
[INFO] [stderr]    Compiling hmac v0.8.1
[INFO] [stderr]    Compiling sha2 v0.9.9
[INFO] [stderr]    Compiling solana-slot-history v2.1.0
[INFO] [stderr]    Compiling hmac-drbg v0.3.0
[INFO] [stderr]    Compiling solana-packet v2.1.0
[INFO] [stderr]    Compiling sha2 v0.10.8
[INFO] [stderr]    Compiling ark-serialize v0.4.2
[INFO] [stderr]    Compiling sha3 v0.10.8
[INFO] [stderr]    Compiling hmac v0.12.1
[INFO] [stderr]    Compiling pbkdf2 v0.11.0
[INFO] [stderr]    Compiling ark-ff v0.4.2
[INFO] [stderr]    Compiling solana-sha256-hasher v2.1.0
[INFO] [stderr]    Compiling ed25519-dalek v1.0.1
[INFO] [stderr]    Compiling solana-signature v2.1.0
[INFO] [stderr]    Compiling ed25519-dalek-bip32 v0.2.0
[INFO] [stderr]    Compiling solana-pubkey v2.1.0
[INFO] [stderr]    Compiling solana-instruction v2.1.0
[INFO] [stderr]    Compiling solana-feature-set v2.1.0
[INFO] [stderr]    Compiling solana-program-error v2.1.0
[INFO] [stderr]    Compiling solana-transaction-error v2.1.0
[INFO] [stderr]    Compiling solana-bincode v2.1.0
[INFO] [stderr]    Compiling solana-serialize-utils v2.1.0
[INFO] [stderr]    Compiling solana-stable-layout v2.1.0
[INFO] [stderr]    Compiling solana-account-info v2.1.0
[INFO] [stderr]    Compiling solana-program-pack v2.1.0
[INFO] [stderr]    Compiling solana-cpi v2.1.0
[INFO] [stderr]    Compiling solana-program-entrypoint v2.1.0
[INFO] [stderr]    Compiling solana-secp256k1-recover v2.1.0
[INFO] [stderr]    Compiling solana-program v2.1.0
[INFO] [stderr]    Compiling ark-poly v0.4.2
[INFO] [stderr]    Compiling ark-ec v0.4.2
[INFO] [stderr]    Compiling solana-account v2.1.0
[INFO] [stderr]    Compiling ark-bn254 v0.4.0
[INFO] [stderr]    Compiling solana-bn254 v2.1.0
[INFO] [stderr]    Compiling solana-sdk v2.1.0
[INFO] [stderr]    Compiling solana-compute-budget v2.1.0
[INFO] [stdout] error[E0560]: struct `solana_compute_budget::compute_budget::ComputeBudget` has no field named `big_modular_exponentiation_cost`
[INFO] [stdout]   --> src/compute_budget.rs:94:13
[INFO] [stdout]    |
[INFO] [stdout] 94 |             big_modular_exponentiation_cost,
[INFO] [stdout]    |             ^^^^^^^^^^^^^^^^^^^^^^^^^^^^^^^ unknown field
[INFO] [stdout]    |
[INFO] [stdout] help: a field with a similar name exists
[INFO] [stdout]    |
[INFO] [stdout] 94 |             big_modular_exponentiation_base_cost,
[INFO] [stdout]    |             ~~~~~~~~~~~~~~~~~~~~~~~~~~~~~~~~~~~~
[INFO] [stdout] 
[INFO] [stdout] 
[INFO] [stdout] error[E0026]: struct `solana_compute_budget::compute_budget::ComputeBudget` does not have a field named `big_modular_exponentiation_cost`
[INFO] [stdout]    --> src/compute_budget.rs:145:13
[INFO] [stdout]     |
[INFO] [stdout] 145 |             big_modular_exponentiation_cost,
[INFO] [stdout]     |             ^^^^^^^^^^^^^^^^^^^^^^^^^^^^^^^ struct `solana_compute_budget::compute_budget::ComputeBudget` does not have this field
[INFO] [stdout] 
[INFO] [stdout] 
[INFO] [stdout] error[E0027]: pattern does not mention fields `big_modular_exponentiation_base_cost`, `big_modular_exponentiation_cost_divisor`
[INFO] [stdout]    --> src/compute_budget.rs:108:13
[INFO] [stdout]     |
[INFO] [stdout] 108 |           let ComputeBudget {
[INFO] [stdout]     |  _____________^
[INFO] [stdout] 109 | |             compute_unit_limit,
[INFO] [stdout] 110 | |             log_64_units,
[INFO] [stdout] 111 | |             create_program_address_units,
[INFO] [stdout] ...   |
[INFO] [stdout] 152 | |             alt_bn128_g2_decompress,
[INFO] [stdout] 153 | |         } = value;
[INFO] [stdout]     | |_________^ missing fields `big_modular_exponentiation_base_cost`, `big_modular_exponentiation_cost_divisor`
[INFO] [stdout]     |
[INFO] [stdout] help: include the missing fields in the pattern
[INFO] [stdout]     |
[INFO] [stdout] 152 |             alt_bn128_g2_decompress, big_modular_exponentiation_base_cost, big_modular_exponentiation_cost_divisor } = value;
[INFO] [stdout]     |                                    ~~~~~~~~~~~~~~~~~~~~~~~~~~~~~~~~~~~~~~~~~~~~~~~~~~~~~~~~~~~~~~~~~~~~~~~~~~~~~~~~~
[INFO] [stdout] help: if you don't care about these missing fields, you can explicitly ignore them
[INFO] [stdout]     |
[INFO] [stdout] 152 |             alt_bn128_g2_decompress, .. } = value;
[INFO] [stdout]     |                                    ~~~~~~
[INFO] [stdout] 
[INFO] [stdout] 
[INFO] [stdout] Some errors have detailed explanations: E0026, E0027, E0560.
[INFO] [stdout] 
[INFO] [stdout] For more information about an error, try `rustc --explain E0026`.
[INFO] [stdout] 
[INFO] [stderr] error: could not compile `mollusk-svm-fuzz-fixture` (lib) due to 3 previous errors
[INFO] running `Command { std: "docker" "inspect" "8270deea85c9c2cc69f27f5e08144a36f1c0533f5f7f31fccd189e9ba2a0a789", kill_on_drop: false }`
[INFO] running `Command { std: "docker" "rm" "-f" "8270deea85c9c2cc69f27f5e08144a36f1c0533f5f7f31fccd189e9ba2a0a789", kill_on_drop: false }`
[INFO] [stdout] 8270deea85c9c2cc69f27f5e08144a36f1c0533f5f7f31fccd189e9ba2a0a789
