[INFO] fetching crate mmids-core 2.0.0-dev.7...
[INFO] testing mmids-core-2.0.0-dev.7 against nightly-2024-10-28+rustflags=-Zrandomize-layout for randomize-layout
[INFO] extracting crate mmids-core 2.0.0-dev.7 into /workspace/builds/worker-7-tc2/source
[INFO] validating manifest of crates.io crate mmids-core 2.0.0-dev.7 on toolchain nightly-2024-10-28
[INFO] running `Command { std: CARGO_HOME="/workspace/cargo-home" RUSTUP_HOME="/workspace/rustup-home" "/workspace/cargo-home/bin/cargo" "+nightly-2024-10-28" "metadata" "--manifest-path" "Cargo.toml" "--no-deps", kill_on_drop: false }`
[INFO] started tweaking crates.io crate mmids-core 2.0.0-dev.7
[INFO] finished tweaking crates.io crate mmids-core 2.0.0-dev.7
[INFO] tweaked toml for crates.io crate mmids-core 2.0.0-dev.7 written to /workspace/builds/worker-7-tc2/source/Cargo.toml
[INFO] running `Command { std: CARGO_HOME="/workspace/cargo-home" RUSTUP_HOME="/workspace/rustup-home" "/workspace/cargo-home/bin/cargo" "+nightly-2024-10-28" "generate-lockfile" "--manifest-path" "Cargo.toml", kill_on_drop: false }`
[INFO] [stderr]     Updating crates.io index
[INFO] [stderr]      Locking 124 packages to latest compatible versions
[INFO] [stderr]       Adding async-recursion v0.3.2 (available: v1.1.1)
[INFO] [stderr]       Adding cidr-utils v0.5.11 (available: v0.6.1)
[INFO] [stderr]       Adding hyper v0.14.31 (available: v1.5.0)
[INFO] running `Command { std: CARGO_HOME="/workspace/cargo-home" RUSTUP_HOME="/workspace/rustup-home" "/workspace/cargo-home/bin/cargo" "+nightly-2024-10-28" "fetch" "--manifest-path" "Cargo.toml", kill_on_drop: false }`
[INFO] running `Command { std: "docker" "create" "-v" "/var/lib/crater-agent-workspace/builds/worker-7-tc2/target:/opt/rustwide/target:rw,Z" "-v" "/var/lib/crater-agent-workspace/builds/worker-7-tc2/source:/opt/rustwide/workdir:ro,Z" "-v" "/var/lib/crater-agent-workspace/cargo-home:/opt/rustwide/cargo-home:ro,Z" "-v" "/var/lib/crater-agent-workspace/rustup-home:/opt/rustwide/rustup-home:ro,Z" "-e" "SOURCE_DIR=/opt/rustwide/workdir" "-e" "CARGO_TARGET_DIR=/opt/rustwide/target" "-e" "CARGO_HOME=/opt/rustwide/cargo-home" "-e" "RUSTUP_HOME=/opt/rustwide/rustup-home" "-w" "/opt/rustwide/workdir" "-m" "1610612736" "--user" "0:0" "--network" "none" "ghcr.io/rust-lang/crates-build-env/linux@sha256:4a844ea9eb2546a2d2c7022eacef16ef2e8229c7fbb2c7d4d55a9ceca922f72d" "/opt/rustwide/cargo-home/bin/cargo" "+nightly-2024-10-28" "metadata" "--no-deps" "--format-version=1", kill_on_drop: false }`
[INFO] [stdout] 05585c4df0faf409e5821e2fbcfd375486923dea3cb7654667de9698ab3d8770
[INFO] running `Command { std: "docker" "start" "-a" "05585c4df0faf409e5821e2fbcfd375486923dea3cb7654667de9698ab3d8770", kill_on_drop: false }`
[INFO] running `Command { std: "docker" "inspect" "05585c4df0faf409e5821e2fbcfd375486923dea3cb7654667de9698ab3d8770", kill_on_drop: false }`
[INFO] running `Command { std: "docker" "rm" "-f" "05585c4df0faf409e5821e2fbcfd375486923dea3cb7654667de9698ab3d8770", kill_on_drop: false }`
[INFO] [stdout] 05585c4df0faf409e5821e2fbcfd375486923dea3cb7654667de9698ab3d8770
[INFO] running `Command { std: "docker" "create" "-v" "/var/lib/crater-agent-workspace/builds/worker-7-tc2/target:/opt/rustwide/target:rw,Z" "-v" "/var/lib/crater-agent-workspace/builds/worker-7-tc2/source:/opt/rustwide/workdir:ro,Z" "-v" "/var/lib/crater-agent-workspace/cargo-home:/opt/rustwide/cargo-home:ro,Z" "-v" "/var/lib/crater-agent-workspace/rustup-home:/opt/rustwide/rustup-home:ro,Z" "-e" "SOURCE_DIR=/opt/rustwide/workdir" "-e" "CARGO_TARGET_DIR=/opt/rustwide/target" "-e" "CARGO_INCREMENTAL=0" "-e" "RUST_BACKTRACE=full" "-e" "RUSTFLAGS=--cap-lints=forbid -Zrandomize-layout" "-e" "RUSTDOCFLAGS=--cap-lints=forbid" "-e" "CARGO_HOME=/opt/rustwide/cargo-home" "-e" "RUSTUP_HOME=/opt/rustwide/rustup-home" "-w" "/opt/rustwide/workdir" "-m" "1610612736" "--user" "0:0" "--network" "none" "ghcr.io/rust-lang/crates-build-env/linux@sha256:4a844ea9eb2546a2d2c7022eacef16ef2e8229c7fbb2c7d4d55a9ceca922f72d" "/opt/rustwide/cargo-home/bin/cargo" "+nightly-2024-10-28" "build" "--frozen" "--message-format=json", kill_on_drop: false }`
[INFO] [stdout] efb9b0b90891aaf0bce2dfc68cc70ced862397bbada7647cf2dba400ff440bcb
[INFO] running `Command { std: "docker" "start" "-a" "efb9b0b90891aaf0bce2dfc68cc70ced862397bbada7647cf2dba400ff440bcb", kill_on_drop: false }`
[INFO] [stderr]    Compiling pin-project-lite v0.2.15
[INFO] [stderr]    Compiling cc v1.1.31
[INFO] [stderr]    Compiling vcpkg v0.2.15
[INFO] [stderr]    Compiling pkg-config v0.3.31
[INFO] [stderr]    Compiling slab v0.4.9
[INFO] [stderr]    Compiling bytes v1.8.0
[INFO] [stderr]    Compiling syn v2.0.86
[INFO] [stderr]    Compiling futures-core v0.3.31
[INFO] [stderr]    Compiling futures-sink v0.3.31
[INFO] [stderr]    Compiling mio v1.0.2
[INFO] [stderr]    Compiling futures-channel v0.3.31
[INFO] [stderr]    Compiling socket2 v0.5.7
[INFO] [stderr]    Compiling futures-task v0.3.31
[INFO] [stderr]    Compiling futures-io v0.3.31
[INFO] [stderr]    Compiling openssl v0.10.68
[INFO] [stderr]    Compiling ucd-trie v0.1.7
[INFO] [stderr]    Compiling foreign-types-shared v0.1.1
[INFO] [stderr]    Compiling http v0.2.12
[INFO] [stderr]    Compiling foreign-types v0.3.2
[INFO] [stderr]    Compiling tracing-core v0.1.32
[INFO] [stderr]    Compiling aho-corasick v1.1.3
[INFO] [stderr]    Compiling native-tls v0.2.12
[INFO] [stderr]    Compiling httparse v1.9.5
[INFO] [stderr]    Compiling syn v1.0.109
[INFO] [stderr]    Compiling bitflags v2.6.0
[INFO] [stderr]    Compiling openssl-probe v0.1.5
[INFO] [stderr]    Compiling try-lock v0.2.5
[INFO] [stderr]    Compiling want v0.3.1
[INFO] [stderr]    Compiling getrandom v0.2.15
[INFO] [stderr]    Compiling debug-helper v0.3.13
[INFO] [stderr]    Compiling tower-service v0.3.3
[INFO] [stderr]    Compiling httpdate v1.0.3
[INFO] [stderr]    Compiling http-body v0.4.6
[INFO] [stderr]    Compiling uuid v1.11.0
[INFO] [stderr]    Compiling downcast-rs v1.2.1
[INFO] [stderr]    Compiling openssl-sys v0.9.104
[INFO] [stderr]    Compiling regex-automata v0.4.8
[INFO] [stderr]    Compiling futures-macro v0.3.31
[INFO] [stderr]    Compiling thiserror-impl v1.0.66
[INFO] [stderr]    Compiling tokio-macros v2.4.0
[INFO] [stderr]    Compiling tracing-attributes v0.1.27
[INFO] [stderr]    Compiling openssl-macros v0.1.1
[INFO] [stderr]    Compiling serde_derive v1.0.214
[INFO] [stderr]    Compiling async-recursion v0.3.2
[INFO] [stderr]    Compiling tokio v1.41.0
[INFO] [stderr]    Compiling regex v1.11.1
[INFO] [stderr]    Compiling futures-util v0.3.31
[INFO] [stderr]    Compiling thiserror v1.0.66
[INFO] [stderr]    Compiling pest v2.7.14
[INFO] [stderr]    Compiling cidr-utils v0.5.11
[INFO] [stderr]    Compiling tracing v0.1.40
[INFO] [stderr]    Compiling async-trait v0.1.83
[INFO] [stderr]    Compiling pest_meta v2.7.14
[INFO] [stderr]    Compiling futures-executor v0.3.31
[INFO] [stderr]    Compiling pest_generator v2.7.14
[INFO] [stderr]    Compiling serde v1.0.214
[INFO] [stderr]    Compiling futures v0.3.31
[INFO] [stderr]    Compiling tokio-util v0.7.12
[INFO] [stderr]    Compiling tokio-native-tls v0.3.1
[INFO] [stderr]    Compiling pest_derive v2.7.14
[INFO] [stderr]    Compiling h2 v0.3.26
[INFO] [stderr]    Compiling serde_json v1.0.132
[INFO] [stderr]    Compiling hyper v0.14.31
[INFO] [stderr]    Compiling mmids-core v2.0.0-dev.7 (/opt/rustwide/workdir)
[INFO] [stderr]     Finished `dev` profile [unoptimized + debuginfo] target(s) in 32.35s
[INFO] running `Command { std: "docker" "inspect" "efb9b0b90891aaf0bce2dfc68cc70ced862397bbada7647cf2dba400ff440bcb", kill_on_drop: false }`
[INFO] running `Command { std: "docker" "rm" "-f" "efb9b0b90891aaf0bce2dfc68cc70ced862397bbada7647cf2dba400ff440bcb", kill_on_drop: false }`
[INFO] [stdout] efb9b0b90891aaf0bce2dfc68cc70ced862397bbada7647cf2dba400ff440bcb
[INFO] running `Command { std: "docker" "create" "-v" "/var/lib/crater-agent-workspace/builds/worker-7-tc2/target:/opt/rustwide/target:rw,Z" "-v" "/var/lib/crater-agent-workspace/builds/worker-7-tc2/source:/opt/rustwide/workdir:ro,Z" "-v" "/var/lib/crater-agent-workspace/cargo-home:/opt/rustwide/cargo-home:ro,Z" "-v" "/var/lib/crater-agent-workspace/rustup-home:/opt/rustwide/rustup-home:ro,Z" "-e" "SOURCE_DIR=/opt/rustwide/workdir" "-e" "CARGO_TARGET_DIR=/opt/rustwide/target" "-e" "CARGO_INCREMENTAL=0" "-e" "RUST_BACKTRACE=full" "-e" "RUSTFLAGS=--cap-lints=forbid -Zrandomize-layout" "-e" "RUSTDOCFLAGS=--cap-lints=forbid" "-e" "CARGO_HOME=/opt/rustwide/cargo-home" "-e" "RUSTUP_HOME=/opt/rustwide/rustup-home" "-w" "/opt/rustwide/workdir" "-m" "1610612736" "--user" "0:0" "--network" "none" "ghcr.io/rust-lang/crates-build-env/linux@sha256:4a844ea9eb2546a2d2c7022eacef16ef2e8229c7fbb2c7d4d55a9ceca922f72d" "/opt/rustwide/cargo-home/bin/cargo" "+nightly-2024-10-28" "test" "--frozen" "--no-run" "--message-format=json", kill_on_drop: false }`
[INFO] [stdout] 0964165870b61b3fc0e51d8f9e31a7f4132b0cc51233278124693510ab976adf
[INFO] running `Command { std: "docker" "start" "-a" "0964165870b61b3fc0e51d8f9e31a7f4132b0cc51233278124693510ab976adf", kill_on_drop: false }`
[INFO] [stderr]    Compiling mmids-core v2.0.0-dev.7 (/opt/rustwide/workdir)
[INFO] [stdout] error[E0432]: unresolved import `crate::test_utils`
[INFO] [stdout]    --> src/event_hub.rs:280:9
[INFO] [stdout]     |
[INFO] [stdout] 280 |     use crate::test_utils;
[INFO] [stdout]     |         ^^^^^^^^^^^^^^^^^ no `test_utils` in the root
[INFO] [stdout]     |
[INFO] [stdout] note: found an item that was configured out
[INFO] [stdout]    --> src/lib.rs:21:9
[INFO] [stdout]     |
[INFO] [stdout] 21  | pub mod test_utils;
[INFO] [stdout]     |         ^^^^^^^^^^
[INFO] [stdout] note: the item is gated behind the `test-utils` feature
[INFO] [stdout]    --> src/lib.rs:20:7
[INFO] [stdout]     |
[INFO] [stdout] 20  | #[cfg(feature = "test-utils")]
[INFO] [stdout]     |       ^^^^^^^^^^^^^^^^^^^^^^
[INFO] [stdout] 
[INFO] [stdout] 
[INFO] [stdout] error[E0432]: unresolved import `crate::test_utils`
[INFO] [stdout]    --> src/reactors/manager.rs:215:9
[INFO] [stdout]     |
[INFO] [stdout] 215 |     use crate::test_utils;
[INFO] [stdout]     |         ^^^^^^^^^^^^^^^^^ no `test_utils` in the root
[INFO] [stdout]     |
[INFO] [stdout] note: found an item that was configured out
[INFO] [stdout]    --> src/lib.rs:21:9
[INFO] [stdout]     |
[INFO] [stdout] 21  | pub mod test_utils;
[INFO] [stdout]     |         ^^^^^^^^^^
[INFO] [stdout] note: the item is gated behind the `test-utils` feature
[INFO] [stdout]    --> src/lib.rs:20:7
[INFO] [stdout]     |
[INFO] [stdout] 20  | #[cfg(feature = "test-utils")]
[INFO] [stdout]     |       ^^^^^^^^^^^^^^^^^^^^^^
[INFO] [stdout] 
[INFO] [stdout] 
[INFO] [stdout] error[E0432]: unresolved import `crate::test_utils`
[INFO] [stdout]    --> src/reactors/reactor.rs:454:9
[INFO] [stdout]     |
[INFO] [stdout] 454 |     use crate::test_utils;
[INFO] [stdout]     |         ^^^^^^^^^^^^^^^^^ no `test_utils` in the root
[INFO] [stdout]     |
[INFO] [stdout] note: found an item that was configured out
[INFO] [stdout]    --> src/lib.rs:21:9
[INFO] [stdout]     |
[INFO] [stdout] 21  | pub mod test_utils;
[INFO] [stdout]     |         ^^^^^^^^^^
[INFO] [stdout] note: the item is gated behind the `test-utils` feature
[INFO] [stdout]    --> src/lib.rs:20:7
[INFO] [stdout]     |
[INFO] [stdout] 20  | #[cfg(feature = "test-utils")]
[INFO] [stdout]     |       ^^^^^^^^^^^^^^^^^^^^^^
[INFO] [stdout] 
[INFO] [stdout] 
[INFO] [stdout] error[E0432]: unresolved import `crate::test_utils`
[INFO] [stdout]    --> src/workflows/manager.rs:273:9
[INFO] [stdout]     |
[INFO] [stdout] 273 |     use crate::test_utils;
[INFO] [stdout]     |         ^^^^^^^^^^^^^^^^^ no `test_utils` in the root
[INFO] [stdout]     |
[INFO] [stdout] note: found an item that was configured out
[INFO] [stdout]    --> src/lib.rs:21:9
[INFO] [stdout]     |
[INFO] [stdout] 21  | pub mod test_utils;
[INFO] [stdout]     |         ^^^^^^^^^^
[INFO] [stdout] note: the item is gated behind the `test-utils` feature
[INFO] [stdout]    --> src/lib.rs:20:7
[INFO] [stdout]     |
[INFO] [stdout] 20  | #[cfg(feature = "test-utils")]
[INFO] [stdout]     |       ^^^^^^^^^^^^^^^^^^^^^^
[INFO] [stdout] 
[INFO] [stdout] 
[INFO] [stdout] error[E0432]: unresolved import `crate::test_utils`
[INFO] [stdout]   --> src/workflows/runner/tests.rs:10:13
[INFO] [stdout]    |
[INFO] [stdout] 10 | use crate::{test_utils, StreamId};
[INFO] [stdout]    |             ^^^^^^^^^^ no `test_utils` in the root
[INFO] [stdout]    |
[INFO] [stdout] note: found an item that was configured out
[INFO] [stdout]   --> src/lib.rs:21:9
[INFO] [stdout]    |
[INFO] [stdout] 21 | pub mod test_utils;
[INFO] [stdout]    |         ^^^^^^^^^^
[INFO] [stdout] note: the item is gated behind the `test-utils` feature
[INFO] [stdout]   --> src/lib.rs:20:7
[INFO] [stdout]    |
[INFO] [stdout] 20 | #[cfg(feature = "test-utils")]
[INFO] [stdout]    |       ^^^^^^^^^^^^^^^^^^^^^^
[INFO] [stdout] 
[INFO] [stdout] 
[INFO] [stdout] error[E0432]: unresolved import `crate::workflows::steps::StepTestContext`
[INFO] [stdout]    --> src/workflows/steps/workflow_forwarder/tests.rs:4:5
[INFO] [stdout]     |
[INFO] [stdout] 4   | use crate::workflows::steps::StepTestContext;
[INFO] [stdout]     |     ^^^^^^^^^^^^^^^^^^^^^^^^^^^^^^^^^^^^^^^^ no `StepTestContext` in `workflows::steps`
[INFO] [stdout]     |
[INFO] [stdout] note: found an item that was configured out
[INFO] [stdout]    --> src/workflows/steps/mod.rs:123:12
[INFO] [stdout]     |
[INFO] [stdout] 123 | pub struct StepTestContext {
[INFO] [stdout]     |            ^^^^^^^^^^^^^^^
[INFO] [stdout] note: the item is gated behind the `test-utils` feature
[INFO] [stdout]    --> src/workflows/steps/mod.rs:122:7
[INFO] [stdout]     |
[INFO] [stdout] 122 | #[cfg(feature = "test-utils")]
[INFO] [stdout]     |       ^^^^^^^^^^^^^^^^^^^^^^
[INFO] [stdout] 
[INFO] [stdout] 
[INFO] [stdout] error[E0432]: unresolved import `crate::test_utils`
[INFO] [stdout]   --> src/workflows/steps/workflow_forwarder/tests.rs:5:13
[INFO] [stdout]    |
[INFO] [stdout] 5  | use crate::{test_utils, VideoTimestamp};
[INFO] [stdout]    |             ^^^^^^^^^^ no `test_utils` in the root
[INFO] [stdout]    |
[INFO] [stdout] note: found an item that was configured out
[INFO] [stdout]   --> src/lib.rs:21:9
[INFO] [stdout]    |
[INFO] [stdout] 21 | pub mod test_utils;
[INFO] [stdout]    |         ^^^^^^^^^^
[INFO] [stdout] note: the item is gated behind the `test-utils` feature
[INFO] [stdout]   --> src/lib.rs:20:7
[INFO] [stdout]    |
[INFO] [stdout] 20 | #[cfg(feature = "test-utils")]
[INFO] [stdout]    |       ^^^^^^^^^^^^^^^^^^^^^^
[INFO] [stdout] 
[INFO] [stdout] 
[INFO] [stdout] error[E0308]: mismatched types
[INFO] [stdout]    --> src/workflows/steps/workflow_forwarder/tests.rs:307:31
[INFO] [stdout]     |
[INFO] [stdout] 307 |             assert_eq!(codec, &VideoCodec::H264, "Unexpected codec");
[INFO] [stdout]     |                               ^^^^^^^^^^^^^^^^^ expected `VideoCodec`, found `&VideoCodec`
[INFO] [stdout]     |
[INFO] [stdout] help: consider removing the borrow
[INFO] [stdout]     |
[INFO] [stdout] 307 -             assert_eq!(codec, &VideoCodec::H264, "Unexpected codec");
[INFO] [stdout] 307 +             assert_eq!(codec, VideoCodec::H264, "Unexpected codec");
[INFO] [stdout]     |
[INFO] [stdout] 
[INFO] [stdout] 
[INFO] [stdout] error[E0308]: mismatched types
[INFO] [stdout]    --> src/workflows/steps/workflow_forwarder/tests.rs:349:31
[INFO] [stdout]     |
[INFO] [stdout] 349 |             assert_eq!(codec, &AudioCodec::Aac, "Unexpected codec");
[INFO] [stdout]     |                               ^^^^^^^^^^^^^^^^ expected `AudioCodec`, found `&AudioCodec`
[INFO] [stdout]     |
[INFO] [stdout] help: consider removing the borrow
[INFO] [stdout]     |
[INFO] [stdout] 349 -             assert_eq!(codec, &AudioCodec::Aac, "Unexpected codec");
[INFO] [stdout] 349 +             assert_eq!(codec, AudioCodec::Aac, "Unexpected codec");
[INFO] [stdout]     |
[INFO] [stdout] 
[INFO] [stdout] 
[INFO] [stdout] error[E0308]: mismatched types
[INFO] [stdout]    --> src/workflows/steps/workflow_forwarder/tests.rs:350:35
[INFO] [stdout]     |
[INFO] [stdout] 350 |             assert_eq!(timestamp, &Duration::from_millis(5), "Unexpected timestamp");
[INFO] [stdout]     |                                   ^^^^^^^^^^^^^^^^^^^^^^^^^ expected `Duration`, found `&Duration`
[INFO] [stdout]     |
[INFO] [stdout] help: consider removing the borrow
[INFO] [stdout]     |
[INFO] [stdout] 350 -             assert_eq!(timestamp, &Duration::from_millis(5), "Unexpected timestamp");
[INFO] [stdout] 350 +             assert_eq!(timestamp, Duration::from_millis(5), "Unexpected timestamp");
[INFO] [stdout]     |
[INFO] [stdout] 
[INFO] [stdout] 
[INFO] [stdout] error[E0308]: mismatched types
[INFO] [stdout]    --> src/workflows/steps/workflow_forwarder/tests.rs:383:30
[INFO] [stdout]     |
[INFO] [stdout] 383 |             assert_eq!(data, &metadata, "Unexpected metadata");
[INFO] [stdout]     |                              ^^^^^^^^^ expected `HashMap<String, String>`, found `&HashMap<String, String>`
[INFO] [stdout]     |
[INFO] [stdout]     = note: expected struct `std::collections::HashMap<_, _>`
[INFO] [stdout]             found reference `&std::collections::HashMap<_, _>`
[INFO] [stdout] help: consider removing the borrow
[INFO] [stdout]     |
[INFO] [stdout] 383 -             assert_eq!(data, &metadata, "Unexpected metadata");
[INFO] [stdout] 383 +             assert_eq!(data, metadata, "Unexpected metadata");
[INFO] [stdout]     |
[INFO] [stdout] 
[INFO] [stdout] 
[INFO] [stdout] Some errors have detailed explanations: E0308, E0432.
[INFO] [stdout] 
[INFO] [stdout] For more information about an error, try `rustc --explain E0308`.
[INFO] [stdout] 
[INFO] [stderr] error: could not compile `mmids-core` (lib test) due to 11 previous errors
[INFO] running `Command { std: "docker" "inspect" "0964165870b61b3fc0e51d8f9e31a7f4132b0cc51233278124693510ab976adf", kill_on_drop: false }`
[INFO] running `Command { std: "docker" "rm" "-f" "0964165870b61b3fc0e51d8f9e31a7f4132b0cc51233278124693510ab976adf", kill_on_drop: false }`
[INFO] [stdout] 0964165870b61b3fc0e51d8f9e31a7f4132b0cc51233278124693510ab976adf
