[INFO] fetching crate mmap_bytey_derive 0.2.0...
[INFO] testing mmap_bytey_derive-0.2.0 against nightly-2024-10-28+rustflags=-Zrandomize-layout for randomize-layout
[INFO] extracting crate mmap_bytey_derive 0.2.0 into /workspace/builds/worker-5-tc2/source
[INFO] validating manifest of crates.io crate mmap_bytey_derive 0.2.0 on toolchain nightly-2024-10-28
[INFO] running `Command { std: CARGO_HOME="/workspace/cargo-home" RUSTUP_HOME="/workspace/rustup-home" "/workspace/cargo-home/bin/cargo" "+nightly-2024-10-28" "metadata" "--manifest-path" "Cargo.toml" "--no-deps", kill_on_drop: false }`
[INFO] started tweaking crates.io crate mmap_bytey_derive 0.2.0
[INFO] finished tweaking crates.io crate mmap_bytey_derive 0.2.0
[INFO] tweaked toml for crates.io crate mmap_bytey_derive 0.2.0 written to /workspace/builds/worker-5-tc2/source/Cargo.toml
[INFO] running `Command { std: CARGO_HOME="/workspace/cargo-home" RUSTUP_HOME="/workspace/rustup-home" "/workspace/cargo-home/bin/cargo" "+nightly-2024-10-28" "generate-lockfile" "--manifest-path" "Cargo.toml", kill_on_drop: false }`
[INFO] [stderr]     Updating crates.io index
[INFO] [stderr]      Locking 4 packages to latest compatible versions
[INFO] running `Command { std: CARGO_HOME="/workspace/cargo-home" RUSTUP_HOME="/workspace/rustup-home" "/workspace/cargo-home/bin/cargo" "+nightly-2024-10-28" "fetch" "--manifest-path" "Cargo.toml", kill_on_drop: false }`
[INFO] running `Command { std: "docker" "create" "-v" "/var/lib/crater-agent-workspace/builds/worker-5-tc2/target:/opt/rustwide/target:rw,Z" "-v" "/var/lib/crater-agent-workspace/builds/worker-5-tc2/source:/opt/rustwide/workdir:ro,Z" "-v" "/var/lib/crater-agent-workspace/cargo-home:/opt/rustwide/cargo-home:ro,Z" "-v" "/var/lib/crater-agent-workspace/rustup-home:/opt/rustwide/rustup-home:ro,Z" "-e" "SOURCE_DIR=/opt/rustwide/workdir" "-e" "CARGO_TARGET_DIR=/opt/rustwide/target" "-e" "CARGO_HOME=/opt/rustwide/cargo-home" "-e" "RUSTUP_HOME=/opt/rustwide/rustup-home" "-w" "/opt/rustwide/workdir" "-m" "1610612736" "--user" "0:0" "--network" "none" "ghcr.io/rust-lang/crates-build-env/linux@sha256:4a844ea9eb2546a2d2c7022eacef16ef2e8229c7fbb2c7d4d55a9ceca922f72d" "/opt/rustwide/cargo-home/bin/cargo" "+nightly-2024-10-28" "metadata" "--no-deps" "--format-version=1", kill_on_drop: false }`
[INFO] [stdout] 9aa58f33d6816319e8dc3daca0d54a9aa8bee5c15c33a80874dd3698cd80f39b
[INFO] running `Command { std: "docker" "start" "-a" "9aa58f33d6816319e8dc3daca0d54a9aa8bee5c15c33a80874dd3698cd80f39b", kill_on_drop: false }`
[INFO] running `Command { std: "docker" "inspect" "9aa58f33d6816319e8dc3daca0d54a9aa8bee5c15c33a80874dd3698cd80f39b", kill_on_drop: false }`
[INFO] running `Command { std: "docker" "rm" "-f" "9aa58f33d6816319e8dc3daca0d54a9aa8bee5c15c33a80874dd3698cd80f39b", kill_on_drop: false }`
[INFO] [stdout] 9aa58f33d6816319e8dc3daca0d54a9aa8bee5c15c33a80874dd3698cd80f39b
[INFO] running `Command { std: "docker" "create" "-v" "/var/lib/crater-agent-workspace/builds/worker-5-tc2/target:/opt/rustwide/target:rw,Z" "-v" "/var/lib/crater-agent-workspace/builds/worker-5-tc2/source:/opt/rustwide/workdir:ro,Z" "-v" "/var/lib/crater-agent-workspace/cargo-home:/opt/rustwide/cargo-home:ro,Z" "-v" "/var/lib/crater-agent-workspace/rustup-home:/opt/rustwide/rustup-home:ro,Z" "-e" "SOURCE_DIR=/opt/rustwide/workdir" "-e" "CARGO_TARGET_DIR=/opt/rustwide/target" "-e" "CARGO_INCREMENTAL=0" "-e" "RUST_BACKTRACE=full" "-e" "RUSTFLAGS=--cap-lints=forbid -Zrandomize-layout" "-e" "RUSTDOCFLAGS=--cap-lints=forbid" "-e" "CARGO_HOME=/opt/rustwide/cargo-home" "-e" "RUSTUP_HOME=/opt/rustwide/rustup-home" "-w" "/opt/rustwide/workdir" "-m" "1610612736" "--user" "0:0" "--network" "none" "ghcr.io/rust-lang/crates-build-env/linux@sha256:4a844ea9eb2546a2d2c7022eacef16ef2e8229c7fbb2c7d4d55a9ceca922f72d" "/opt/rustwide/cargo-home/bin/cargo" "+nightly-2024-10-28" "build" "--frozen" "--message-format=json", kill_on_drop: false }`
[INFO] [stdout] c8995723ce30cc0c7a8f025d8ef69729d00600902d277763c77fc5b813565f6f
[INFO] running `Command { std: "docker" "start" "-a" "c8995723ce30cc0c7a8f025d8ef69729d00600902d277763c77fc5b813565f6f", kill_on_drop: false }`
[INFO] [stderr]    Compiling syn v2.0.86
[INFO] [stderr]    Compiling mmap_bytey_derive v0.2.0 (/opt/rustwide/workdir)
[INFO] [stderr]     Finished `dev` profile [unoptimized + debuginfo] target(s) in 1.91s
[INFO] running `Command { std: "docker" "inspect" "c8995723ce30cc0c7a8f025d8ef69729d00600902d277763c77fc5b813565f6f", kill_on_drop: false }`
[INFO] running `Command { std: "docker" "rm" "-f" "c8995723ce30cc0c7a8f025d8ef69729d00600902d277763c77fc5b813565f6f", kill_on_drop: false }`
[INFO] [stdout] c8995723ce30cc0c7a8f025d8ef69729d00600902d277763c77fc5b813565f6f
[INFO] running `Command { std: "docker" "create" "-v" "/var/lib/crater-agent-workspace/builds/worker-5-tc2/target:/opt/rustwide/target:rw,Z" "-v" "/var/lib/crater-agent-workspace/builds/worker-5-tc2/source:/opt/rustwide/workdir:ro,Z" "-v" "/var/lib/crater-agent-workspace/cargo-home:/opt/rustwide/cargo-home:ro,Z" "-v" "/var/lib/crater-agent-workspace/rustup-home:/opt/rustwide/rustup-home:ro,Z" "-e" "SOURCE_DIR=/opt/rustwide/workdir" "-e" "CARGO_TARGET_DIR=/opt/rustwide/target" "-e" "CARGO_INCREMENTAL=0" "-e" "RUST_BACKTRACE=full" "-e" "RUSTFLAGS=--cap-lints=forbid -Zrandomize-layout" "-e" "RUSTDOCFLAGS=--cap-lints=forbid" "-e" "CARGO_HOME=/opt/rustwide/cargo-home" "-e" "RUSTUP_HOME=/opt/rustwide/rustup-home" "-w" "/opt/rustwide/workdir" "-m" "1610612736" "--user" "0:0" "--network" "none" "ghcr.io/rust-lang/crates-build-env/linux@sha256:4a844ea9eb2546a2d2c7022eacef16ef2e8229c7fbb2c7d4d55a9ceca922f72d" "/opt/rustwide/cargo-home/bin/cargo" "+nightly-2024-10-28" "test" "--frozen" "--no-run" "--message-format=json", kill_on_drop: false }`
[INFO] [stdout] 6567296e2ece46a1065a655cf2ef82e56b3b33866b7910c43ba663f6af0a3deb
[INFO] running `Command { std: "docker" "start" "-a" "6567296e2ece46a1065a655cf2ef82e56b3b33866b7910c43ba663f6af0a3deb", kill_on_drop: false }`
[INFO] [stderr]    Compiling proc-macro2 v1.0.89
[INFO] [stderr]    Compiling unicode-ident v1.0.13
[INFO] [stderr]    Compiling quote v1.0.37
[INFO] [stderr]    Compiling syn v2.0.86
[INFO] [stderr]    Compiling mmap_bytey_derive v0.2.0 (/opt/rustwide/workdir)
[INFO] [stdout] error[E0432]: unresolved import `mmap_bytey`
[INFO] [stdout]  --> tests/write_enum.rs:1:5
[INFO] [stdout]   |
[INFO] [stdout] 1 | use mmap_bytey::MByteBuffer;
[INFO] [stdout]   |     ^^^^^^^^^^ use of undeclared crate or module `mmap_bytey`
[INFO] [stdout] 
[INFO] [stdout] 
[INFO] [stdout] error[E0432]: unresolved import `mmap_bytey`
[INFO] [stdout]  --> tests/write_struct.rs:1:5
[INFO] [stdout]   |
[INFO] [stdout] 1 | use mmap_bytey::MByteBuffer;
[INFO] [stdout]   |     ^^^^^^^^^^ use of undeclared crate or module `mmap_bytey`
[INFO] [stdout] 
[INFO] [stdout] 
[INFO] [stdout] error[E0432]: unresolved import `mmap_bytey`
[INFO] [stdout]  --> tests/skip_struct.rs:1:5
[INFO] [stdout]   |
[INFO] [stdout] 1 | use mmap_bytey::MByteBuffer;
[INFO] [stdout]   |     ^^^^^^^^^^ use of undeclared crate or module `mmap_bytey`
[INFO] [stdout] 
[INFO] [stdout] 
[INFO] [stdout] error[E0432]: unresolved import `mmap_bytey`
[INFO] [stdout]  --> tests/read_struct.rs:1:5
[INFO] [stdout]   |
[INFO] [stdout] 1 | use mmap_bytey::MByteBuffer;
[INFO] [stdout]   |     ^^^^^^^^^^ use of undeclared crate or module `mmap_bytey`
[INFO] [stdout] 
[INFO] [stdout] 
[INFO] [stdout] error[E0432]: unresolved import `mmap_bytey`
[INFO] [stdout]  --> tests/read_enum.rs:1:5
[INFO] [stdout]   |
[INFO] [stdout] 1 | use mmap_bytey::MByteBuffer;
[INFO] [stdout]   |     ^^^^^^^^^^ use of undeclared crate or module `mmap_bytey`
[INFO] [stdout] 
[INFO] [stdout] 
[INFO] [stdout] error[E0433]: failed to resolve: could not find `mmap_bytey` in the list of imported crates
[INFO] [stdout]  --> tests/write_struct.rs:6:14
[INFO] [stdout]   |
[INFO] [stdout] 6 |     #[derive(MByteBufferWrite)]
[INFO] [stdout]   |              ^^^^^^^^^^^^^^^^ could not find `mmap_bytey` in the list of imported crates
[INFO] [stdout]   |
[INFO] [stdout]   = note: this error originates in the derive macro `MByteBufferWrite` (in Nightly builds, run with -Z macro-backtrace for more info)
[INFO] [stdout] 
[INFO] [stdout] 
[INFO] [stdout] error[E0433]: failed to resolve: could not find `mmap_bytey` in the list of imported crates
[INFO] [stdout]  --> tests/write_enum.rs:6:14
[INFO] [stdout]   |
[INFO] [stdout] 6 |     #[derive(MByteBufferWrite)]
[INFO] [stdout]   |              ^^^^^^^^^^^^^^^^ could not find `mmap_bytey` in the list of imported crates
[INFO] [stdout]   |
[INFO] [stdout]   = note: this error originates in the derive macro `MByteBufferWrite` (in Nightly builds, run with -Z macro-backtrace for more info)
[INFO] [stdout] 
[INFO] [stdout] 
[INFO] [stdout] error[E0433]: failed to resolve: could not find `mmap_bytey` in the list of imported crates
[INFO] [stdout]  --> tests/read_struct.rs:6:14
[INFO] [stdout]   |
[INFO] [stdout] 6 |     #[derive(MByteBufferWrite, MByteBufferRead, PartialEq, Debug)]
[INFO] [stdout]   |              ^^^^^^^^^^^^^^^^ could not find `mmap_bytey` in the list of imported crates
[INFO] [stdout]   |
[INFO] [stdout]   = note: this error originates in the derive macro `MByteBufferWrite` (in Nightly builds, run with -Z macro-backtrace for more info)
[INFO] [stdout] 
[INFO] [stdout] 
[INFO] [stdout] error[E0433]: failed to resolve: could not find `mmap_bytey` in the list of imported crates
[INFO] [stdout]  --> tests/skip_struct.rs:6:14
[INFO] [stdout]   |
[INFO] [stdout] 6 |     #[derive(MByteBufferWrite, MByteBufferRead, PartialEq, Debug)]
[INFO] [stdout]   |              ^^^^^^^^^^^^^^^^ could not find `mmap_bytey` in the list of imported crates
[INFO] [stdout]   |
[INFO] [stdout]   = note: this error originates in the derive macro `MByteBufferWrite` (in Nightly builds, run with -Z macro-backtrace for more info)
[INFO] [stdout] 
[INFO] [stdout] 
[INFO] [stdout] error[E0433]: failed to resolve: could not find `mmap_bytey` in the list of imported crates
[INFO] [stdout]  --> tests/read_enum.rs:6:14
[INFO] [stdout]   |
[INFO] [stdout] 6 |     #[derive(MByteBufferWrite, MByteBufferRead, PartialEq, Debug)]
[INFO] [stdout]   |              ^^^^^^^^^^^^^^^^ could not find `mmap_bytey` in the list of imported crates
[INFO] [stdout]   |
[INFO] [stdout]   = note: this error originates in the derive macro `MByteBufferWrite` (in Nightly builds, run with -Z macro-backtrace for more info)
[INFO] [stdout] 
[INFO] [stdout] 
[INFO] [stdout] error[E0433]: failed to resolve: could not find `mmap_bytey` in the list of imported crates
[INFO] [stdout]   --> tests/write_struct.rs:38:14
[INFO] [stdout]    |
[INFO] [stdout] 38 |     #[derive(MByteBufferWrite)]
[INFO] [stdout]    |              ^^^^^^^^^^^^^^^^ could not find `mmap_bytey` in the list of imported crates
[INFO] [stdout]    |
[INFO] [stdout]    = note: this error originates in the derive macro `MByteBufferWrite` (in Nightly builds, run with -Z macro-backtrace for more info)
[INFO] [stdout] 
[INFO] [stdout] 
[INFO] [stdout] Some errors have detailed explanations: E0432, E0433.
[INFO] [stdout] 
[INFO] [stdout] For more information about an error, try `rustc --explain E0432`.
[INFO] [stdout] 
[INFO] [stdout] error[E0433]: failed to resolve: could not find `mmap_bytey` in the list of imported crates
[INFO] [stdout]  --> tests/read_struct.rs:6:32
[INFO] [stdout]   |
[INFO] [stdout] 6 |     #[derive(MByteBufferWrite, MByteBufferRead, PartialEq, Debug)]
[INFO] [stdout]   |                                ^^^^^^^^^^^^^^^ could not find `mmap_bytey` in the list of imported crates
[INFO] [stdout]   |
[INFO] [stdout]   = note: this error originates in the derive macro `MByteBufferRead` (in Nightly builds, run with -Z macro-backtrace for more info)
[INFO] [stdout] 
[INFO] [stdout] 
[INFO] [stderr] error: could not compile `mmap_bytey_derive` (test "write_enum") due to 2 previous errors
[INFO] [stderr] warning: build failed, waiting for other jobs to finish...
[INFO] [stdout] error[E0433]: failed to resolve: could not find `mmap_bytey` in the list of imported crates
[INFO] [stdout]   --> tests/read_struct.rs:30:14
[INFO] [stdout]    |
[INFO] [stdout] 30 |     #[derive(MByteBufferWrite, MByteBufferRead, PartialEq, Debug)]
[INFO] [stdout]    |              ^^^^^^^^^^^^^^^^ could not find `mmap_bytey` in the list of imported crates
[INFO] [stdout]    |
[INFO] [stdout]    = note: this error originates in the derive macro `MByteBufferWrite` (in Nightly builds, run with -Z macro-backtrace for more info)
[INFO] [stdout] 
[INFO] [stdout] 
[INFO] [stdout] error[E0433]: failed to resolve: could not find `mmap_bytey` in the list of imported crates
[INFO] [stdout]  --> tests/skip_struct.rs:6:32
[INFO] [stdout]   |
[INFO] [stdout] 6 |     #[derive(MByteBufferWrite, MByteBufferRead, PartialEq, Debug)]
[INFO] [stdout]   |                                ^^^^^^^^^^^^^^^ could not find `mmap_bytey` in the list of imported crates
[INFO] [stdout]   |
[INFO] [stdout]   = note: this error originates in the derive macro `MByteBufferRead` (in Nightly builds, run with -Z macro-backtrace for more info)
[INFO] [stdout] 
[INFO] [stdout] 
[INFO] [stdout] error[E0433]: failed to resolve: could not find `mmap_bytey` in the list of imported crates
[INFO] [stdout]  --> tests/read_enum.rs:6:32
[INFO] [stdout]   |
[INFO] [stdout] 6 |     #[derive(MByteBufferWrite, MByteBufferRead, PartialEq, Debug)]
[INFO] [stdout]   |                                ^^^^^^^^^^^^^^^ could not find `mmap_bytey` in the list of imported crates
[INFO] [stdout]   |
[INFO] [stdout]   = note: this error originates in the derive macro `MByteBufferRead` (in Nightly builds, run with -Z macro-backtrace for more info)
[INFO] [stdout] 
[INFO] [stdout] 
[INFO] [stdout] Some errors have detailed explanations: E0432, E0433.
[INFO] [stdout] 
[INFO] [stdout] For more information about an error, try `rustc --explain E0432`.
[INFO] [stdout] 
[INFO] [stderr] error: could not compile `mmap_bytey_derive` (test "write_struct") due to 3 previous errors
[INFO] [stdout] error[E0433]: failed to resolve: could not find `mmap_bytey` in the list of imported crates
[INFO] [stdout]   --> tests/skip_struct.rs:32:14
[INFO] [stdout]    |
[INFO] [stdout] 32 |     #[derive(MByteBufferWrite, MByteBufferRead, PartialEq, Debug)]
[INFO] [stdout]    |              ^^^^^^^^^^^^^^^^ could not find `mmap_bytey` in the list of imported crates
[INFO] [stdout]    |
[INFO] [stdout]    = note: this error originates in the derive macro `MByteBufferWrite` (in Nightly builds, run with -Z macro-backtrace for more info)
[INFO] [stdout] 
[INFO] [stdout] 
[INFO] [stdout] error[E0433]: failed to resolve: could not find `mmap_bytey` in the list of imported crates
[INFO] [stdout]   --> tests/read_struct.rs:30:32
[INFO] [stdout]    |
[INFO] [stdout] 30 |     #[derive(MByteBufferWrite, MByteBufferRead, PartialEq, Debug)]
[INFO] [stdout]    |                                ^^^^^^^^^^^^^^^ could not find `mmap_bytey` in the list of imported crates
[INFO] [stdout]    |
[INFO] [stdout]    = note: this error originates in the derive macro `MByteBufferRead` (in Nightly builds, run with -Z macro-backtrace for more info)
[INFO] [stdout] 
[INFO] [stdout] 
[INFO] [stdout] Some errors have detailed explanations: E0432, E0433.
[INFO] [stdout] 
[INFO] [stdout] For more information about an error, try `rustc --explain E0432`.
[INFO] [stdout] 
[INFO] [stderr] error: could not compile `mmap_bytey_derive` (test "read_enum") due to 3 previous errors
[INFO] [stdout] error[E0433]: failed to resolve: could not find `mmap_bytey` in the list of imported crates
[INFO] [stdout]   --> tests/skip_struct.rs:32:32
[INFO] [stdout]    |
[INFO] [stdout] 32 |     #[derive(MByteBufferWrite, MByteBufferRead, PartialEq, Debug)]
[INFO] [stdout]    |                                ^^^^^^^^^^^^^^^ could not find `mmap_bytey` in the list of imported crates
[INFO] [stdout]    |
[INFO] [stdout]    = note: this error originates in the derive macro `MByteBufferRead` (in Nightly builds, run with -Z macro-backtrace for more info)
[INFO] [stdout] 
[INFO] [stdout] 
[INFO] [stdout] Some errors have detailed explanations: E0432, E0433.
[INFO] [stdout] 
[INFO] [stdout] For more information about an error, try `rustc --explain E0432`.
[INFO] [stdout] 
[INFO] [stderr] error: could not compile `mmap_bytey_derive` (test "read_struct") due to 5 previous errors
[INFO] [stdout] Some errors have detailed explanations: E0432, E0433.
[INFO] [stdout] 
[INFO] [stdout] For more information about an error, try `rustc --explain E0432`.
[INFO] [stdout] 
[INFO] [stderr] error: could not compile `mmap_bytey_derive` (test "skip_struct") due to 5 previous errors
[INFO] running `Command { std: "docker" "inspect" "6567296e2ece46a1065a655cf2ef82e56b3b33866b7910c43ba663f6af0a3deb", kill_on_drop: false }`
[INFO] running `Command { std: "docker" "rm" "-f" "6567296e2ece46a1065a655cf2ef82e56b3b33866b7910c43ba663f6af0a3deb", kill_on_drop: false }`
[INFO] [stdout] 6567296e2ece46a1065a655cf2ef82e56b3b33866b7910c43ba663f6af0a3deb
