[INFO] fetching crate mkbook 0.3.0...
[INFO] testing mkbook-0.3.0 against nightly-2024-10-28+rustflags=-Zrandomize-layout for randomize-layout
[INFO] extracting crate mkbook 0.3.0 into /workspace/builds/worker-6-tc2/source
[INFO] validating manifest of crates.io crate mkbook 0.3.0 on toolchain nightly-2024-10-28
[INFO] running `Command { std: CARGO_HOME="/workspace/cargo-home" RUSTUP_HOME="/workspace/rustup-home" "/workspace/cargo-home/bin/cargo" "+nightly-2024-10-28" "metadata" "--manifest-path" "Cargo.toml" "--no-deps", kill_on_drop: false }`
[INFO] started tweaking crates.io crate mkbook 0.3.0
[INFO] finished tweaking crates.io crate mkbook 0.3.0
[INFO] tweaked toml for crates.io crate mkbook 0.3.0 written to /workspace/builds/worker-6-tc2/source/Cargo.toml
[INFO] crate crates.io crate mkbook 0.3.0 already has a lockfile, it will not be regenerated
[INFO] running `Command { std: CARGO_HOME="/workspace/cargo-home" RUSTUP_HOME="/workspace/rustup-home" "/workspace/cargo-home/bin/cargo" "+nightly-2024-10-28" "fetch" "--manifest-path" "Cargo.toml", kill_on_drop: false }`
[INFO] running `Command { std: "docker" "create" "-v" "/var/lib/crater-agent-workspace/builds/worker-6-tc2/target:/opt/rustwide/target:rw,Z" "-v" "/var/lib/crater-agent-workspace/builds/worker-6-tc2/source:/opt/rustwide/workdir:ro,Z" "-v" "/var/lib/crater-agent-workspace/cargo-home:/opt/rustwide/cargo-home:ro,Z" "-v" "/var/lib/crater-agent-workspace/rustup-home:/opt/rustwide/rustup-home:ro,Z" "-e" "SOURCE_DIR=/opt/rustwide/workdir" "-e" "CARGO_TARGET_DIR=/opt/rustwide/target" "-e" "CARGO_HOME=/opt/rustwide/cargo-home" "-e" "RUSTUP_HOME=/opt/rustwide/rustup-home" "-w" "/opt/rustwide/workdir" "-m" "1610612736" "--user" "0:0" "--network" "none" "ghcr.io/rust-lang/crates-build-env/linux@sha256:4a844ea9eb2546a2d2c7022eacef16ef2e8229c7fbb2c7d4d55a9ceca922f72d" "/opt/rustwide/cargo-home/bin/cargo" "+nightly-2024-10-28" "metadata" "--no-deps" "--format-version=1", kill_on_drop: false }`
[INFO] [stdout] 152351e6b3c488e0a582af9454f785df375fe5b94b31cc2d23ee12d632b1d945
[INFO] running `Command { std: "docker" "start" "-a" "152351e6b3c488e0a582af9454f785df375fe5b94b31cc2d23ee12d632b1d945", kill_on_drop: false }`
[INFO] running `Command { std: "docker" "inspect" "152351e6b3c488e0a582af9454f785df375fe5b94b31cc2d23ee12d632b1d945", kill_on_drop: false }`
[INFO] running `Command { std: "docker" "rm" "-f" "152351e6b3c488e0a582af9454f785df375fe5b94b31cc2d23ee12d632b1d945", kill_on_drop: false }`
[INFO] [stdout] 152351e6b3c488e0a582af9454f785df375fe5b94b31cc2d23ee12d632b1d945
[INFO] running `Command { std: "docker" "create" "-v" "/var/lib/crater-agent-workspace/builds/worker-6-tc2/target:/opt/rustwide/target:rw,Z" "-v" "/var/lib/crater-agent-workspace/builds/worker-6-tc2/source:/opt/rustwide/workdir:ro,Z" "-v" "/var/lib/crater-agent-workspace/cargo-home:/opt/rustwide/cargo-home:ro,Z" "-v" "/var/lib/crater-agent-workspace/rustup-home:/opt/rustwide/rustup-home:ro,Z" "-e" "SOURCE_DIR=/opt/rustwide/workdir" "-e" "CARGO_TARGET_DIR=/opt/rustwide/target" "-e" "CARGO_INCREMENTAL=0" "-e" "RUST_BACKTRACE=full" "-e" "RUSTFLAGS=--cap-lints=forbid -Zrandomize-layout" "-e" "RUSTDOCFLAGS=--cap-lints=forbid" "-e" "CARGO_HOME=/opt/rustwide/cargo-home" "-e" "RUSTUP_HOME=/opt/rustwide/rustup-home" "-w" "/opt/rustwide/workdir" "-m" "1610612736" "--user" "0:0" "--network" "none" "ghcr.io/rust-lang/crates-build-env/linux@sha256:4a844ea9eb2546a2d2c7022eacef16ef2e8229c7fbb2c7d4d55a9ceca922f72d" "/opt/rustwide/cargo-home/bin/cargo" "+nightly-2024-10-28" "build" "--frozen" "--message-format=json", kill_on_drop: false }`
[INFO] [stdout] cf2f06df155a662c452a8827591349830eec7c6cc1156074d06a1d3038dd58c8
[INFO] running `Command { std: "docker" "start" "-a" "cf2f06df155a662c452a8827591349830eec7c6cc1156074d06a1d3038dd58c8", kill_on_drop: false }`
[INFO] [stderr]    Compiling libc v0.2.65
[INFO] [stderr]    Compiling proc-macro2 v1.0.6
[INFO] [stderr]    Compiling unicode-xid v0.2.0
[INFO] [stderr]    Compiling syn v1.0.8
[INFO] [stderr]    Compiling serde v1.0.103
[INFO] [stderr]    Compiling memchr v2.2.1
[INFO] [stderr]    Compiling byteorder v1.3.2
[INFO] [stderr]    Compiling log v0.4.8
[INFO] [stderr]    Compiling cc v1.0.47
[INFO] [stderr]    Compiling autocfg v0.1.7
[INFO] [stderr]    Compiling bitflags v1.2.1
[INFO] [stderr]    Compiling version_check v0.1.5
[INFO] [stderr]    Compiling proc-macro2 v0.4.30
[INFO] [stderr]    Compiling unicode-xid v0.1.0
[INFO] [stderr]    Compiling thread_local v0.3.6
[INFO] [stderr]    Compiling pkg-config v0.3.17
[INFO] [stderr]    Compiling regex-syntax v0.6.12
[INFO] [stderr]    Compiling glob v0.3.0
[INFO] [stderr]    Compiling quick-error v1.2.2
[INFO] [stderr]    Compiling rustc-demangle v0.1.16
[INFO] [stderr]    Compiling unicode-width v0.1.6
[INFO] [stderr]    Compiling humantime v1.3.0
[INFO] [stderr]    Compiling ansi_term v0.11.0
[INFO] [stderr]    Compiling nom v4.2.3
[INFO] [stderr]    Compiling num-traits v0.2.10
[INFO] [stderr]    Compiling textwrap v0.11.0
[INFO] [stderr]    Compiling strsim v0.8.0
[INFO] [stderr]    Compiling clang-sys v0.28.1
[INFO] [stderr]    Compiling vec_map v0.8.1
[INFO] [stderr]    Compiling typenum v1.11.2
[INFO] [stderr]    Compiling bindgen v0.50.1
[INFO] [stderr]    Compiling termcolor v1.0.5
[INFO] [stderr]    Compiling aho-corasick v0.7.6
[INFO] [stderr]    Compiling quote v0.6.13
[INFO] [stderr]    Compiling fxhash v0.2.1
[INFO] [stderr]    Compiling atty v0.2.13
[INFO] [stderr]    Compiling num_cpus v1.11.1
[INFO] [stderr]    Compiling peeking_take_while v0.1.2
[INFO] [stderr]    Compiling quote v1.0.2
[INFO] [stderr]    Compiling clap v2.33.0
[INFO] [stderr]    Compiling getrandom v0.1.13
[INFO] [stderr]    Compiling shlex v0.1.1
[INFO] [stderr]    Compiling iovec v0.1.4
[INFO] [stderr]    Compiling ucd-trie v0.1.2
[INFO] [stderr]    Compiling net2 v0.2.33
[INFO] [stderr]    Compiling backtrace-sys v0.1.32
[INFO] [stderr]    Compiling libloading v0.5.2
[INFO] [stderr]    Compiling sass-sys v0.4.15
[INFO] [stderr]    Compiling pest v2.1.2
[INFO] [stderr]    Compiling num-integer v0.1.41
[INFO] [stderr]    Compiling same-file v1.0.5
[INFO] [stderr]    Compiling cexpr v0.3.6
[INFO] [stderr]    Compiling ppv-lite86 v0.2.6
[INFO] [stderr]    Compiling lazycell v1.2.1
[INFO] [stderr]    Compiling ryu v1.0.2
[INFO] [stderr]    Compiling slab v0.4.2
[INFO] [stderr]    Compiling syn v0.15.44
[INFO] [stderr]    Compiling maplit v1.0.2
[INFO] [stderr]    Compiling crc32fast v1.2.0
[INFO] [stderr]    Compiling byte-tools v0.3.1
[INFO] [stderr]    Compiling matches v0.1.8
[INFO] [stderr]    Compiling smallvec v1.0.0
[INFO] [stderr]    Compiling generic-array v0.12.3
[INFO] [stderr]    Compiling unicode-bidi v0.3.4
[INFO] [stderr]    Compiling c2-chacha v0.2.3
[INFO] [stderr]    Compiling pest_meta v2.1.2
[INFO] [stderr]    Compiling block-padding v0.1.5
[INFO] [stderr]    Compiling unicode-normalization v0.1.11
[INFO] [stderr]    Compiling rand_core v0.5.1
[INFO] [stderr]    Compiling walkdir v2.2.9
[INFO] [stderr]    Compiling bincode v1.2.0
[INFO] [stderr]    Compiling safemem v0.3.3
[INFO] [stderr]    Compiling adler32 v1.0.4
[INFO] [stderr] error: could not compile `regex-syntax` (lib)
[INFO] [stderr] 
[INFO] [stderr] Caused by:
[INFO] [stderr]   process didn't exit successfully: `/opt/rustwide/rustup-home/toolchains/nightly-2024-10-28-x86_64-unknown-linux-gnu/bin/rustc --crate-name regex_syntax --edition=2015 /opt/rustwide/cargo-home/registry/src/index.crates.io-6f17d22bba15001f/regex-syntax-0.6.12/src/lib.rs --error-format=json --json=diagnostic-rendered-ansi,artifacts,future-incompat --crate-type lib --emit=dep-info,metadata,link -C embed-bitcode=no -C debuginfo=2 --cfg 'feature="default"' --cfg 'feature="unicode"' --cfg 'feature="unicode-age"' --cfg 'feature="unicode-bool"' --cfg 'feature="unicode-case"' --cfg 'feature="unicode-gencat"' --cfg 'feature="unicode-perl"' --cfg 'feature="unicode-script"' --cfg 'feature="unicode-segment"' --check-cfg 'cfg(docsrs)' --check-cfg 'cfg(feature, values("default", "unicode", "unicode-age", "unicode-bool", "unicode-case", "unicode-gencat", "unicode-perl", "unicode-script", "unicode-segment"))' -C metadata=1acccc79afe47bf1 -C extra-filename=-1acccc79afe47bf1 --out-dir /opt/rustwide/target/debug/deps -L dependency=/opt/rustwide/target/debug/deps --cap-lints allow --cap-lints=forbid -Zrandomize-layout` (signal: 9, SIGKILL: kill)
[INFO] [stderr] warning: build failed, waiting for other jobs to finish...
[INFO] [stderr] error: could not compile `clap` (lib)
[INFO] [stderr] 
[INFO] [stderr] Caused by:
[INFO] [stderr]   process didn't exit successfully: `/opt/rustwide/rustup-home/toolchains/nightly-2024-10-28-x86_64-unknown-linux-gnu/bin/rustc --crate-name clap --edition=2015 /opt/rustwide/cargo-home/registry/src/index.crates.io-6f17d22bba15001f/clap-2.33.0/src/lib.rs --error-format=json --json=diagnostic-rendered-ansi,artifacts,future-incompat --crate-type lib --emit=dep-info,metadata,link -C embed-bitcode=no -C debuginfo=2 --cfg 'feature="ansi_term"' --cfg 'feature="atty"' --cfg 'feature="color"' --cfg 'feature="default"' --cfg 'feature="strsim"' --cfg 'feature="suggestions"' --cfg 'feature="vec_map"' --check-cfg 'cfg(docsrs)' --check-cfg 'cfg(feature, values("ansi_term", "atty", "clippy", "color", "debug", "default", "doc", "lints", "nightly", "no_cargo", "strsim", "suggestions", "term_size", "unstable", "vec_map", "wrap_help", "yaml", "yaml-rust"))' -C metadata=60b69602eb7a30b0 -C extra-filename=-60b69602eb7a30b0 --out-dir /opt/rustwide/target/debug/deps -L dependency=/opt/rustwide/target/debug/deps --extern ansi_term=/opt/rustwide/target/debug/deps/libansi_term-c5d639f3e545ec5b.rmeta --extern atty=/opt/rustwide/target/debug/deps/libatty-e7e3abf9931b1056.rmeta --extern bitflags=/opt/rustwide/target/debug/deps/libbitflags-b8f2fcfec265dfb2.rmeta --extern strsim=/opt/rustwide/target/debug/deps/libstrsim-c58ca68092cf803b.rmeta --extern textwrap=/opt/rustwide/target/debug/deps/libtextwrap-f453d34384294d90.rmeta --extern unicode_width=/opt/rustwide/target/debug/deps/libunicode_width-060813eef1af7dba.rmeta --extern vec_map=/opt/rustwide/target/debug/deps/libvec_map-eac28ef77e7894f4.rmeta --cap-lints allow --cap-lints=forbid -Zrandomize-layout` (signal: 9, SIGKILL: kill)
[INFO] [stderr] error: could not compile `syn` (lib)
[INFO] [stderr] 
[INFO] [stderr] Caused by:
[INFO] [stderr]   process didn't exit successfully: `/opt/rustwide/rustup-home/toolchains/nightly-2024-10-28-x86_64-unknown-linux-gnu/bin/rustc --crate-name syn --edition=2018 /opt/rustwide/cargo-home/registry/src/index.crates.io-6f17d22bba15001f/syn-1.0.8/src/lib.rs --error-format=json --json=diagnostic-rendered-ansi,artifacts,future-incompat --crate-type lib --emit=dep-info,metadata,link -C embed-bitcode=no --cfg 'feature="clone-impls"' --cfg 'feature="default"' --cfg 'feature="derive"' --cfg 'feature="parsing"' --cfg 'feature="printing"' --cfg 'feature="proc-macro"' --cfg 'feature="quote"' --cfg 'feature="visit"' --check-cfg 'cfg(docsrs)' --check-cfg 'cfg(feature, values("clone-impls", "default", "derive", "extra-traits", "fold", "full", "parsing", "printing", "proc-macro", "quote", "visit", "visit-mut"))' -C metadata=0465753f70ba27eb -C extra-filename=-0465753f70ba27eb --out-dir /opt/rustwide/target/debug/deps -L dependency=/opt/rustwide/target/debug/deps --extern proc_macro2=/opt/rustwide/target/debug/deps/libproc_macro2-17269fb6e2da829e.rmeta --extern quote=/opt/rustwide/target/debug/deps/libquote-cec83264efaf983e.rmeta --extern unicode_xid=/opt/rustwide/target/debug/deps/libunicode_xid-b680059aca1bf4e1.rmeta --cap-lints allow --cap-lints=forbid -Zrandomize-layout` (signal: 9, SIGKILL: kill)
[INFO] [stderr] error: could not compile `pest_meta` (lib)
[INFO] [stderr] 
[INFO] [stderr] Caused by:
[INFO] [stderr]   process didn't exit successfully: `/opt/rustwide/rustup-home/toolchains/nightly-2024-10-28-x86_64-unknown-linux-gnu/bin/rustc --crate-name pest_meta --edition=2015 /opt/rustwide/cargo-home/registry/src/index.crates.io-6f17d22bba15001f/pest_meta-2.1.2/src/lib.rs --error-format=json --json=diagnostic-rendered-ansi,artifacts,future-incompat --crate-type lib --emit=dep-info,metadata,link -C embed-bitcode=no --check-cfg 'cfg(docsrs)' --check-cfg 'cfg(feature, values())' -C metadata=0dd0a0caa6c40b80 -C extra-filename=-0dd0a0caa6c40b80 --out-dir /opt/rustwide/target/debug/deps -L dependency=/opt/rustwide/target/debug/deps --extern maplit=/opt/rustwide/target/debug/deps/libmaplit-cfb3e506c4beaa00.rmeta --extern pest=/opt/rustwide/target/debug/deps/libpest-63e0bf109a317a7b.rmeta --cap-lints allow --cap-lints=forbid -Zrandomize-layout` (signal: 9, SIGKILL: kill)
[INFO] [stderr] error: could not compile `clang-sys` (lib)
[INFO] [stderr] 
[INFO] [stderr] Caused by:
[INFO] [stderr]   process didn't exit successfully: `/opt/rustwide/rustup-home/toolchains/nightly-2024-10-28-x86_64-unknown-linux-gnu/bin/rustc --crate-name clang_sys --edition=2015 /opt/rustwide/cargo-home/registry/src/index.crates.io-6f17d22bba15001f/clang-sys-0.28.1/src/lib.rs --error-format=json --json=diagnostic-rendered-ansi,artifacts,future-incompat --crate-type lib --emit=dep-info,metadata,link -C embed-bitcode=no --cfg 'feature="clang_6_0"' --cfg 'feature="gte_clang_3_6"' --cfg 'feature="gte_clang_3_7"' --cfg 'feature="gte_clang_3_8"' --cfg 'feature="gte_clang_3_9"' --cfg 'feature="gte_clang_4_0"' --cfg 'feature="gte_clang_5_0"' --cfg 'feature="gte_clang_6_0"' --cfg 'feature="libloading"' --cfg 'feature="runtime"' --check-cfg 'cfg(docsrs)' --check-cfg 'cfg(feature, values("clang_3_5", "clang_3_6", "clang_3_7", "clang_3_8", "clang_3_9", "clang_4_0", "clang_5_0", "clang_6_0", "clang_7_0", "clang_8_0", "gte_clang_3_6", "gte_clang_3_7", "gte_clang_3_8", "gte_clang_3_9", "gte_clang_4_0", "gte_clang_5_0", "gte_clang_6_0", "gte_clang_7_0", "gte_clang_8_0", "libloading", "runtime", "static"))' -C metadata=2b228b511dfb967e -C extra-filename=-2b228b511dfb967e --out-dir /opt/rustwide/target/debug/deps -L dependency=/opt/rustwide/target/debug/deps --extern glob=/opt/rustwide/target/debug/deps/libglob-77b7e279153a33f3.rmeta --extern libc=/opt/rustwide/target/debug/deps/liblibc-7a3c919e3f682a20.rmeta --extern libloading=/opt/rustwide/target/debug/deps/liblibloading-8956e36a386a3177.rmeta --cap-lints allow --cap-lints=forbid -Zrandomize-layout -L native=/opt/rustwide/target/debug/build/libloading-e00d219d63f1623d/out` (signal: 9, SIGKILL: kill)
[ERROR] error running command: no output for 300 seconds
[INFO] running `Command { std: "docker" "inspect" "cf2f06df155a662c452a8827591349830eec7c6cc1156074d06a1d3038dd58c8", kill_on_drop: false }`
[INFO] running `Command { std: "docker" "rm" "-f" "cf2f06df155a662c452a8827591349830eec7c6cc1156074d06a1d3038dd58c8", kill_on_drop: false }`
[INFO] [stderr] Error response from daemon: Could not kill running container cf2f06df155a662c452a8827591349830eec7c6cc1156074d06a1d3038dd58c8, cannot remove - tried to kill container, but did not receive an exit event
[ERROR] failed to delete container cf2f06df155a662c452a8827591349830eec7c6cc1156074d06a1d3038dd58c8
[ERROR] caused by: command failed: exit status: 1
