[INFO] fetching crate miniorm-macros 0.4.1...
[INFO] testing miniorm-macros-0.4.1 against nightly-2024-10-28+rustflags=-Zrandomize-layout for randomize-layout
[INFO] extracting crate miniorm-macros 0.4.1 into /workspace/builds/worker-1-tc2/source
[INFO] validating manifest of crates.io crate miniorm-macros 0.4.1 on toolchain nightly-2024-10-28
[INFO] running `Command { std: CARGO_HOME="/workspace/cargo-home" RUSTUP_HOME="/workspace/rustup-home" "/workspace/cargo-home/bin/cargo" "+nightly-2024-10-28" "metadata" "--manifest-path" "Cargo.toml" "--no-deps", kill_on_drop: false }`
[INFO] started tweaking crates.io crate miniorm-macros 0.4.1
[INFO] removed 0 missing tests
[INFO] finished tweaking crates.io crate miniorm-macros 0.4.1
[INFO] tweaked toml for crates.io crate miniorm-macros 0.4.1 written to /workspace/builds/worker-1-tc2/source/Cargo.toml
[INFO] running `Command { std: CARGO_HOME="/workspace/cargo-home" RUSTUP_HOME="/workspace/rustup-home" "/workspace/cargo-home/bin/cargo" "+nightly-2024-10-28" "generate-lockfile" "--manifest-path" "Cargo.toml", kill_on_drop: false }`
[INFO] [stderr]     Blocking waiting for file lock on package cache
[INFO] [stderr]     Updating crates.io index
[INFO] [stderr]      Locking 167 packages to latest compatible versions
[INFO] [stderr]       Adding itertools v0.12.1 (available: v0.13.0)
[INFO] [stderr]       Adding sqlx v0.7.4 (available: v0.8.2)
[INFO] running `Command { std: CARGO_HOME="/workspace/cargo-home" RUSTUP_HOME="/workspace/rustup-home" "/workspace/cargo-home/bin/cargo" "+nightly-2024-10-28" "fetch" "--manifest-path" "Cargo.toml", kill_on_drop: false }`
[INFO] running `Command { std: "docker" "create" "-v" "/var/lib/crater-agent-workspace/builds/worker-1-tc2/target:/opt/rustwide/target:rw,Z" "-v" "/var/lib/crater-agent-workspace/builds/worker-1-tc2/source:/opt/rustwide/workdir:ro,Z" "-v" "/var/lib/crater-agent-workspace/cargo-home:/opt/rustwide/cargo-home:ro,Z" "-v" "/var/lib/crater-agent-workspace/rustup-home:/opt/rustwide/rustup-home:ro,Z" "-e" "SOURCE_DIR=/opt/rustwide/workdir" "-e" "CARGO_TARGET_DIR=/opt/rustwide/target" "-e" "CARGO_HOME=/opt/rustwide/cargo-home" "-e" "RUSTUP_HOME=/opt/rustwide/rustup-home" "-w" "/opt/rustwide/workdir" "-m" "1610612736" "--user" "0:0" "--network" "none" "ghcr.io/rust-lang/crates-build-env/linux@sha256:4a844ea9eb2546a2d2c7022eacef16ef2e8229c7fbb2c7d4d55a9ceca922f72d" "/opt/rustwide/cargo-home/bin/cargo" "+nightly-2024-10-28" "metadata" "--no-deps" "--format-version=1", kill_on_drop: false }`
[INFO] [stdout] dd5c4c6c9025d660f93041748d2318ee7abdb2f2c7a73572d1bce1a0553dc18c
[INFO] running `Command { std: "docker" "start" "-a" "dd5c4c6c9025d660f93041748d2318ee7abdb2f2c7a73572d1bce1a0553dc18c", kill_on_drop: false }`
[INFO] running `Command { std: "docker" "inspect" "dd5c4c6c9025d660f93041748d2318ee7abdb2f2c7a73572d1bce1a0553dc18c", kill_on_drop: false }`
[INFO] running `Command { std: "docker" "rm" "-f" "dd5c4c6c9025d660f93041748d2318ee7abdb2f2c7a73572d1bce1a0553dc18c", kill_on_drop: false }`
[INFO] [stdout] dd5c4c6c9025d660f93041748d2318ee7abdb2f2c7a73572d1bce1a0553dc18c
[INFO] running `Command { std: "docker" "create" "-v" "/var/lib/crater-agent-workspace/builds/worker-1-tc2/target:/opt/rustwide/target:rw,Z" "-v" "/var/lib/crater-agent-workspace/builds/worker-1-tc2/source:/opt/rustwide/workdir:ro,Z" "-v" "/var/lib/crater-agent-workspace/cargo-home:/opt/rustwide/cargo-home:ro,Z" "-v" "/var/lib/crater-agent-workspace/rustup-home:/opt/rustwide/rustup-home:ro,Z" "-e" "SOURCE_DIR=/opt/rustwide/workdir" "-e" "CARGO_TARGET_DIR=/opt/rustwide/target" "-e" "CARGO_INCREMENTAL=0" "-e" "RUST_BACKTRACE=full" "-e" "RUSTFLAGS=--cap-lints=forbid -Zrandomize-layout" "-e" "RUSTDOCFLAGS=--cap-lints=forbid" "-e" "CARGO_HOME=/opt/rustwide/cargo-home" "-e" "RUSTUP_HOME=/opt/rustwide/rustup-home" "-w" "/opt/rustwide/workdir" "-m" "1610612736" "--user" "0:0" "--network" "none" "ghcr.io/rust-lang/crates-build-env/linux@sha256:4a844ea9eb2546a2d2c7022eacef16ef2e8229c7fbb2c7d4d55a9ceca922f72d" "/opt/rustwide/cargo-home/bin/cargo" "+nightly-2024-10-28" "build" "--frozen" "--message-format=json", kill_on_drop: false }`
[INFO] [stdout] b2b15975cd7403ca2a427691a30ed5ec587ec8914f8945ec3ea288318524b4d6
[INFO] running `Command { std: "docker" "start" "-a" "b2b15975cd7403ca2a427691a30ed5ec587ec8914f8945ec3ea288318524b4d6", kill_on_drop: false }`
[INFO] [stderr]    Compiling rustversion v1.0.18
[INFO] [stderr]    Compiling fnv v1.0.7
[INFO] [stderr]    Compiling ident_case v1.0.1
[INFO] [stderr]    Compiling strsim v0.11.1
[INFO] [stderr]    Compiling heck v0.5.0
[INFO] [stderr]    Compiling either v1.13.0
[INFO] [stderr]    Compiling syn v2.0.86
[INFO] [stderr]    Compiling itertools v0.12.1
[INFO] [stderr]    Compiling darling_core v0.20.10
[INFO] [stderr]    Compiling strum_macros v0.26.4
[INFO] [stderr]    Compiling darling_macro v0.20.10
[INFO] [stderr]    Compiling strum v0.26.3
[INFO] [stderr]    Compiling darling v0.20.10
[INFO] [stderr]    Compiling miniorm-macros v0.4.1 (/opt/rustwide/workdir)
[INFO] [stderr]     Finished `dev` profile [unoptimized + debuginfo] target(s) in 8.00s
[INFO] running `Command { std: "docker" "inspect" "b2b15975cd7403ca2a427691a30ed5ec587ec8914f8945ec3ea288318524b4d6", kill_on_drop: false }`
[INFO] running `Command { std: "docker" "rm" "-f" "b2b15975cd7403ca2a427691a30ed5ec587ec8914f8945ec3ea288318524b4d6", kill_on_drop: false }`
[INFO] [stdout] b2b15975cd7403ca2a427691a30ed5ec587ec8914f8945ec3ea288318524b4d6
[INFO] running `Command { std: "docker" "create" "-v" "/var/lib/crater-agent-workspace/builds/worker-1-tc2/target:/opt/rustwide/target:rw,Z" "-v" "/var/lib/crater-agent-workspace/builds/worker-1-tc2/source:/opt/rustwide/workdir:ro,Z" "-v" "/var/lib/crater-agent-workspace/cargo-home:/opt/rustwide/cargo-home:ro,Z" "-v" "/var/lib/crater-agent-workspace/rustup-home:/opt/rustwide/rustup-home:ro,Z" "-e" "SOURCE_DIR=/opt/rustwide/workdir" "-e" "CARGO_TARGET_DIR=/opt/rustwide/target" "-e" "CARGO_INCREMENTAL=0" "-e" "RUST_BACKTRACE=full" "-e" "RUSTFLAGS=--cap-lints=forbid -Zrandomize-layout" "-e" "RUSTDOCFLAGS=--cap-lints=forbid" "-e" "CARGO_HOME=/opt/rustwide/cargo-home" "-e" "RUSTUP_HOME=/opt/rustwide/rustup-home" "-w" "/opt/rustwide/workdir" "-m" "1610612736" "--user" "0:0" "--network" "none" "ghcr.io/rust-lang/crates-build-env/linux@sha256:4a844ea9eb2546a2d2c7022eacef16ef2e8229c7fbb2c7d4d55a9ceca922f72d" "/opt/rustwide/cargo-home/bin/cargo" "+nightly-2024-10-28" "test" "--frozen" "--no-run" "--message-format=json", kill_on_drop: false }`
[INFO] [stdout] 0084eb3dbf082882d51853f5568d639f9e2c06fda7a418e75d1d0d528afcbb4f
[INFO] running `Command { std: "docker" "start" "-a" "0084eb3dbf082882d51853f5568d639f9e2c06fda7a418e75d1d0d528afcbb4f", kill_on_drop: false }`
[INFO] [stderr]    Compiling proc-macro2 v1.0.89
[INFO] [stderr]    Compiling unicode-ident v1.0.13
[INFO] [stderr]    Compiling version_check v0.9.5
[INFO] [stderr]    Compiling typenum v1.17.0
[INFO] [stderr]    Compiling subtle v2.6.1
[INFO] [stderr]    Compiling byteorder v1.5.0
[INFO] [stderr]    Compiling serde v1.0.214
[INFO] [stderr]    Compiling futures-core v0.3.31
[INFO] [stderr]    Compiling tinyvec_macros v0.1.1
[INFO] [stderr]    Compiling memchr v2.7.4
[INFO] [stderr]    Compiling tinyvec v1.8.0
[INFO] [stderr]    Compiling slab v0.4.9
[INFO] [stderr]    Compiling futures-sink v0.3.31
[INFO] [stderr]    Compiling num-traits v0.2.19
[INFO] [stderr]    Compiling crossbeam-utils v0.8.20
[INFO] [stderr]    Compiling unicode-bidi v0.3.17
[INFO] [stderr]    Compiling generic-array v0.14.7
[INFO] [stderr]    Compiling ahash v0.8.11
[INFO] [stderr]    Compiling quote v1.0.37
[INFO] [stderr]    Compiling percent-encoding v2.3.1
[INFO] [stderr]    Compiling cpufeatures v0.2.14
[INFO] [stderr]    Compiling syn v2.0.86
[INFO] [stderr]    Compiling minimal-lexical v0.2.1
[INFO] [stderr]    Compiling pin-utils v0.1.0
[INFO] [stderr]    Compiling futures-task v0.3.31
[INFO] [stderr]    Compiling futures-io v0.3.31
[INFO] [stderr]    Compiling serde_json v1.0.132
[INFO] [stderr]    Compiling allocator-api2 v0.2.18
[INFO] [stderr]    Compiling futures-util v0.3.31
[INFO] [stderr]    Compiling nom v7.1.3
[INFO] [stderr]    Compiling form_urlencoded v1.2.1
[INFO] [stderr]    Compiling unicode-normalization v0.1.24
[INFO] [stderr]    Compiling unicode_categories v0.1.1
[INFO] [stderr]    Compiling idna v0.5.0
[INFO] [stderr]    Compiling crc-catalog v2.4.0
[INFO] [stderr]    Compiling log v0.4.22
[INFO] [stderr]    Compiling crossbeam-queue v0.3.11
[INFO] [stderr]    Compiling crc v3.2.1
[INFO] [stderr]    Compiling futures-intrusive v0.5.0
[INFO] [stderr]    Compiling block-buffer v0.10.4
[INFO] [stderr]    Compiling crypto-common v0.1.6
[INFO] [stderr]    Compiling url v2.5.2
[INFO] [stderr]    Compiling digest v0.10.7
[INFO] [stderr]    Compiling atoi v2.0.0
[INFO] [stderr]    Compiling futures-channel v0.3.31
[INFO] [stderr]    Compiling hex v0.4.3
[INFO] [stderr]    Compiling shlex v1.3.0
[INFO] [stderr]    Compiling bytes v1.8.0
[INFO] [stderr]    Compiling event-listener v2.5.3
[INFO] [stderr]    Compiling cc v1.1.31
[INFO] [stderr]    Compiling vcpkg v0.2.15
[INFO] [stderr]    Compiling pkg-config v0.3.31
[INFO] [stderr]    Compiling sqlformat v0.2.6
[INFO] [stderr]    Compiling sha2 v0.10.8
[INFO] [stderr]    Compiling spin v0.9.8
[INFO] [stderr]    Compiling unicode-properties v0.1.3
[INFO] [stderr]    Compiling bitflags v2.6.0
[INFO] [stderr]    Compiling rustix v0.38.38
[INFO] [stderr]    Compiling stringprep v0.1.5
[INFO] [stderr]    Compiling flume v0.11.1
[INFO] [stderr]    Compiling hmac v0.12.1
[INFO] [stderr]    Compiling libsqlite3-sys v0.27.0
[INFO] [stderr]    Compiling futures-executor v0.3.31
[INFO] [stderr]    Compiling dotenvy v0.15.7
[INFO] [stderr]    Compiling syn v1.0.109
[INFO] [stderr]    Compiling linux-raw-sys v0.4.14
[INFO] [stderr]    Compiling whoami v1.5.2
[INFO] [stderr]    Compiling fnv v1.0.7
[INFO] [stderr]    Compiling urlencoding v2.1.3
[INFO] [stderr]    Compiling base64 v0.21.7
[INFO] [stderr]    Compiling ident_case v1.0.1
[INFO] [stderr]    Compiling home v0.5.9
[INFO] [stderr]    Compiling strsim v0.11.1
[INFO] [stderr]    Compiling hkdf v0.12.4
[INFO] [stderr]    Compiling md-5 v0.10.6
[INFO] [stderr]    Compiling fastrand v2.1.1
[INFO] [stderr]    Compiling unicode-segmentation v1.12.0
[INFO] [stderr]    Compiling darling_core v0.20.10
[INFO] [stderr]    Compiling heck v0.4.1
[INFO] [stderr]    Compiling tempfile v3.13.0
[INFO] [stderr]    Compiling zerocopy-derive v0.7.35
[INFO] [stderr]    Compiling serde_derive v1.0.214
[INFO] [stderr]    Compiling thiserror-impl v1.0.66
[INFO] [stderr]    Compiling tracing-attributes v0.1.27
[INFO] [stderr]    Compiling zerocopy v0.7.35
[INFO] [stderr]    Compiling hashbrown v0.14.5
[INFO] [stderr]    Compiling tracing v0.1.40
[INFO] [stderr]    Compiling thiserror v1.0.66
[INFO] [stderr]    Compiling ppv-lite86 v0.2.20
[INFO] [stderr]    Compiling strum_macros v0.26.4
[INFO] [stderr]    Compiling hashlink v0.8.4
[INFO] [stderr]    Compiling rand_chacha v0.3.1
[INFO] [stderr]    Compiling rand v0.8.5
[INFO] [stderr]    Compiling darling_macro v0.20.10
[INFO] [stderr]    Compiling darling v0.20.10
[INFO] [stderr]    Compiling strum v0.26.3
[INFO] [stderr]    Compiling either v1.13.0
[INFO] [stderr]    Compiling itertools v0.12.1
[INFO] [stderr]    Compiling sqlx-core v0.7.4
[INFO] [stderr]    Compiling miniorm-macros v0.4.1 (/opt/rustwide/workdir)
[INFO] [stderr]    Compiling sqlx-sqlite v0.7.4
[INFO] [stderr]    Compiling sqlx-postgres v0.7.4
[INFO] [stderr]    Compiling sqlx-macros-core v0.7.4
[INFO] [stderr]    Compiling sqlx-macros v0.7.4
[INFO] [stderr]    Compiling sqlx v0.7.4
[INFO] [stdout] error[E0433]: failed to resolve: use of undeclared crate or module `miniorm`
[INFO] [stdout]  --> tests/sqlite.rs:1:5
[INFO] [stdout]   |
[INFO] [stdout] 1 | use miniorm::prelude::*;
[INFO] [stdout]   |     ^^^^^^^ use of undeclared crate or module `miniorm`
[INFO] [stdout] 
[INFO] [stdout] 
[INFO] [stdout] error[E0433]: failed to resolve: use of undeclared crate or module `miniorm`
[INFO] [stdout]  --> tests/postgres.rs:1:5
[INFO] [stdout]   |
[INFO] [stdout] 1 | use miniorm::prelude::*;
[INFO] [stdout]   |     ^^^^^^^ use of undeclared crate or module `miniorm`
[INFO] [stdout] 
[INFO] [stdout] 
[INFO] [stdout] error[E0433]: failed to resolve: use of undeclared crate or module `miniorm`
[INFO] [stdout]   --> tests/sqlite.rs:74:18
[INFO] [stdout]    |
[INFO] [stdout] 74 |         #[derive(miniorm::Entity)]
[INFO] [stdout]    |                  ^^^^^^^ use of undeclared crate or module `miniorm`
[INFO] [stdout] 
[INFO] [stdout] 
[INFO] [stdout] error: cannot find derive macro `Entity` in this scope
[INFO] [stdout]  --> tests/sqlite.rs:9:18
[INFO] [stdout]   |
[INFO] [stdout] 9 |         #[derive(Entity)]
[INFO] [stdout]   |                  ^^^^^^
[INFO] [stdout]   |
[INFO] [stdout] help: consider importing this derive macro
[INFO] [stdout]   |
[INFO] [stdout] 5 +     use miniorm_macros::Entity;
[INFO] [stdout]   |
[INFO] [stdout] 
[INFO] [stdout] 
[INFO] [stdout] error: cannot find derive macro `Entity` in this scope
[INFO] [stdout]  --> tests/postgres.rs:9:18
[INFO] [stdout]   |
[INFO] [stdout] 9 |         #[derive(Entity)]
[INFO] [stdout]   |                  ^^^^^^
[INFO] [stdout]   |
[INFO] [stdout] help: consider importing this derive macro
[INFO] [stdout]   |
[INFO] [stdout] 5 +     use miniorm_macros::Entity;
[INFO] [stdout]   |
[INFO] [stdout] 
[INFO] [stdout] 
[INFO] [stdout] error: cannot find attribute `sqlite` in this scope
[INFO] [stdout]   --> tests/sqlite.rs:11:15
[INFO] [stdout]    |
[INFO] [stdout] 11 |             #[sqlite(INTEGER NOT NULL)]
[INFO] [stdout]    |               ^^^^^^
[INFO] [stdout] 
[INFO] [stdout] 
[INFO] [stdout] error: cannot find attribute `postgres` in this scope
[INFO] [stdout]   --> tests/postgres.rs:11:15
[INFO] [stdout]    |
[INFO] [stdout] 11 |             #[postgres(INTEGER NOT NULL)]
[INFO] [stdout]    |               ^^^^^^^^
[INFO] [stdout] 
[INFO] [stdout] 
[INFO] [stdout] error: cannot find attribute `sqlite` in this scope
[INFO] [stdout]   --> tests/sqlite.rs:13:15
[INFO] [stdout]    |
[INFO] [stdout] 13 |             #[sqlite(INTEGER NOT NULL)]
[INFO] [stdout]    |               ^^^^^^
[INFO] [stdout] 
[INFO] [stdout] 
[INFO] [stdout] error: cannot find attribute `postgres` in this scope
[INFO] [stdout]   --> tests/postgres.rs:13:15
[INFO] [stdout]    |
[INFO] [stdout] 13 |             #[postgres(INTEGER NOT NULL)]
[INFO] [stdout]    |               ^^^^^^^^
[INFO] [stdout] 
[INFO] [stdout] 
[INFO] [stdout] error: cannot find derive macro `Entity` in this scope
[INFO] [stdout]   --> tests/sqlite.rs:22:18
[INFO] [stdout]    |
[INFO] [stdout] 22 |         #[derive(Entity)]
[INFO] [stdout]    |                  ^^^^^^
[INFO] [stdout]    |
[INFO] [stdout] help: consider importing this derive macro
[INFO] [stdout]    |
[INFO] [stdout] 5  +     use miniorm_macros::Entity;
[INFO] [stdout]    |
[INFO] [stdout] 
[INFO] [stdout] 
[INFO] [stdout] error: cannot find derive macro `Entity` in this scope
[INFO] [stdout]   --> tests/postgres.rs:22:18
[INFO] [stdout]    |
[INFO] [stdout] 22 |         #[derive(Entity)]
[INFO] [stdout]    |                  ^^^^^^
[INFO] [stdout]    |
[INFO] [stdout] help: consider importing this derive macro
[INFO] [stdout]    |
[INFO] [stdout] 5  +     use miniorm_macros::Entity;
[INFO] [stdout]    |
[INFO] [stdout] 
[INFO] [stdout] 
[INFO] [stdout] error[E0433]: failed to resolve: use of undeclared crate or module `miniorm`
[INFO] [stdout]  --> tests/mysql.rs:1:5
[INFO] [stdout]   |
[INFO] [stdout] 1 | use miniorm::prelude::*;
[INFO] [stdout]   |     ^^^^^^^ use of undeclared crate or module `miniorm`
[INFO] [stdout] 
[INFO] [stdout] 
[INFO] [stdout] error: cannot find attribute `sqlx` in this scope
[INFO] [stdout]   --> tests/sqlite.rs:23:11
[INFO] [stdout]    |
[INFO] [stdout] 23 |         #[sqlx(rename = "coord")]
[INFO] [stdout]    |           ^^^^
[INFO] [stdout]    |
[INFO] [stdout]    = note: `sqlx` is in scope, but it is a crate, not an attribute
[INFO] [stdout] 
[INFO] [stdout] 
[INFO] [stdout] error: cannot find attribute `sqlite` in this scope
[INFO] [stdout]   --> tests/sqlite.rs:25:15
[INFO] [stdout]    |
[INFO] [stdout] 25 |             #[sqlite(INTEGER NOT NULL)]
[INFO] [stdout]    |               ^^^^^^
[INFO] [stdout] 
[INFO] [stdout] 
[INFO] [stdout] error: cannot find attribute `sqlx` in this scope
[INFO] [stdout]   --> tests/postgres.rs:23:11
[INFO] [stdout]    |
[INFO] [stdout] 23 |         #[sqlx(rename = "coord")]
[INFO] [stdout]    |           ^^^^
[INFO] [stdout]    |
[INFO] [stdout]    = note: `sqlx` is in scope, but it is a crate, not an attribute
[INFO] [stdout] 
[INFO] [stdout] 
[INFO] [stdout] error: cannot find attribute `sqlite` in this scope
[INFO] [stdout]   --> tests/sqlite.rs:27:15
[INFO] [stdout]    |
[INFO] [stdout] 27 |             #[sqlite(INTEGER NOT NULL)]
[INFO] [stdout]    |               ^^^^^^
[INFO] [stdout] 
[INFO] [stdout] 
[INFO] [stdout] error: cannot find attribute `postgres` in this scope
[INFO] [stdout]   --> tests/postgres.rs:25:15
[INFO] [stdout]    |
[INFO] [stdout] 25 |             #[postgres(INTEGER NOT NULL)]
[INFO] [stdout]    |               ^^^^^^^^
[INFO] [stdout] 
[INFO] [stdout] 
[INFO] [stdout] error: cannot find derive macro `Entity` in this scope
[INFO] [stdout]   --> tests/sqlite.rs:40:18
[INFO] [stdout]    |
[INFO] [stdout] 40 |         #[derive(Entity)]
[INFO] [stdout]    |                  ^^^^^^
[INFO] [stdout]    |
[INFO] [stdout] help: consider importing this derive macro
[INFO] [stdout]    |
[INFO] [stdout] 36 +     use miniorm_macros::Entity;
[INFO] [stdout]    |
[INFO] [stdout] 
[INFO] [stdout] 
[INFO] [stdout] error: cannot find attribute `postgres` in this scope
[INFO] [stdout]   --> tests/postgres.rs:27:15
[INFO] [stdout]    |
[INFO] [stdout] 27 |             #[postgres(INTEGER NOT NULL)]
[INFO] [stdout]    |               ^^^^^^^^
[INFO] [stdout] 
[INFO] [stdout] 
[INFO] [stdout] error: cannot find derive macro `Entity` in this scope
[INFO] [stdout]   --> tests/postgres.rs:40:18
[INFO] [stdout]    |
[INFO] [stdout] 40 |         #[derive(Entity)]
[INFO] [stdout]    |                  ^^^^^^
[INFO] [stdout]    |
[INFO] [stdout] help: consider importing this derive macro
[INFO] [stdout]    |
[INFO] [stdout] 36 +     use miniorm_macros::Entity;
[INFO] [stdout]    |
[INFO] [stdout] 
[INFO] [stdout] 
[INFO] [stdout] error: cannot find attribute `sqlite` in this scope
[INFO] [stdout]   --> tests/sqlite.rs:42:15
[INFO] [stdout]    |
[INFO] [stdout] 42 |             #[sqlite(XXX YYY)]
[INFO] [stdout]    |               ^^^^^^
[INFO] [stdout] 
[INFO] [stdout] 
[INFO] [stdout] error: cannot find attribute `sqlite` in this scope
[INFO] [stdout]   --> tests/sqlite.rs:44:15
[INFO] [stdout]    |
[INFO] [stdout] 44 |             #[sqlite(AAA BBB)]
[INFO] [stdout]    |               ^^^^^^
[INFO] [stdout] 
[INFO] [stdout] 
[INFO] [stdout] error: cannot find attribute `postgres` in this scope
[INFO] [stdout]   --> tests/postgres.rs:42:15
[INFO] [stdout]    |
[INFO] [stdout] 42 |             #[postgres(XXX YYY)]
[INFO] [stdout]    |               ^^^^^^^^
[INFO] [stdout] 
[INFO] [stdout] 
[INFO] [stdout] error: cannot find derive macro `Entity` in this scope
[INFO] [stdout]   --> tests/sqlite.rs:57:18
[INFO] [stdout]    |
[INFO] [stdout] 57 |         #[derive(Entity)]
[INFO] [stdout]    |                  ^^^^^^
[INFO] [stdout]    |
[INFO] [stdout] help: consider importing this derive macro
[INFO] [stdout]    |
[INFO] [stdout] 36 +     use miniorm_macros::Entity;
[INFO] [stdout]    |
[INFO] [stdout] 
[INFO] [stdout] 
[INFO] [stdout] error: cannot find attribute `postgres` in this scope
[INFO] [stdout]   --> tests/postgres.rs:44:15
[INFO] [stdout]    |
[INFO] [stdout] 44 |             #[postgres(AAA BBB)]
[INFO] [stdout]    |               ^^^^^^^^
[INFO] [stdout] 
[INFO] [stdout] 
[INFO] [stdout] error: cannot find attribute `sqlite` in this scope
[INFO] [stdout]   --> tests/sqlite.rs:59:15
[INFO] [stdout]    |
[INFO] [stdout] 59 |             #[sqlite(XXX YYY)]
[INFO] [stdout]    |               ^^^^^^
[INFO] [stdout] 
[INFO] [stdout] 
[INFO] [stdout] error: cannot find derive macro `Entity` in this scope
[INFO] [stdout]   --> tests/postgres.rs:57:18
[INFO] [stdout]    |
[INFO] [stdout] 57 |         #[derive(Entity)]
[INFO] [stdout]    |                  ^^^^^^
[INFO] [stdout]    |
[INFO] [stdout] help: consider importing this derive macro
[INFO] [stdout]    |
[INFO] [stdout] 36 +     use miniorm_macros::Entity;
[INFO] [stdout]    |
[INFO] [stdout] 
[INFO] [stdout] 
[INFO] [stdout] error: cannot find attribute `sqlx` in this scope
[INFO] [stdout]   --> tests/sqlite.rs:61:15
[INFO] [stdout]    |
[INFO] [stdout] 61 |             #[sqlx(skip)]
[INFO] [stdout]    |               ^^^^
[INFO] [stdout]    |
[INFO] [stdout]    = note: `sqlx` is in scope, but it is a crate, not an attribute
[INFO] [stdout] 
[INFO] [stdout] 
[INFO] [stdout] error: cannot find attribute `sqlite` in this scope
[INFO] [stdout]   --> tests/sqlite.rs:76:15
[INFO] [stdout]    |
[INFO] [stdout] 76 |             #[sqlite(XXX YYY)]
[INFO] [stdout]    |               ^^^^^^
[INFO] [stdout] 
[INFO] [stdout] 
[INFO] [stdout] error: cannot find attribute `postgres` in this scope
[INFO] [stdout]   --> tests/postgres.rs:59:15
[INFO] [stdout]    |
[INFO] [stdout] 59 |             #[postgres(XXX YYY)]
[INFO] [stdout]    |               ^^^^^^^^
[INFO] [stdout] 
[INFO] [stdout] 
[INFO] [stdout] error: cannot find attribute `sqlx` in this scope
[INFO] [stdout]   --> tests/postgres.rs:61:15
[INFO] [stdout]    |
[INFO] [stdout] 61 |             #[sqlx(skip)]
[INFO] [stdout]    |               ^^^^
[INFO] [stdout]    |
[INFO] [stdout]    = note: `sqlx` is in scope, but it is a crate, not an attribute
[INFO] [stdout] 
[INFO] [stdout] 
[INFO] [stdout] error: cannot find derive macro `Entity` in this scope
[INFO] [stdout]   --> tests/postgres.rs:74:18
[INFO] [stdout]    |
[INFO] [stdout] 74 |         #[derive(Entity)]
[INFO] [stdout]    |                  ^^^^^^
[INFO] [stdout]    |
[INFO] [stdout] help: consider importing this derive macro
[INFO] [stdout]    |
[INFO] [stdout] 36 +     use miniorm_macros::Entity;
[INFO] [stdout]    |
[INFO] [stdout] 
[INFO] [stdout] 
[INFO] [stdout] error: cannot find attribute `sqlite` in this scope
[INFO] [stdout]   --> tests/sqlite.rs:78:15
[INFO] [stdout]    |
[INFO] [stdout] 78 |             #[sqlite(AAA BBB)]
[INFO] [stdout]    |               ^^^^^^
[INFO] [stdout] 
[INFO] [stdout] 
[INFO] [stdout] error: cannot find attribute `sqlx` in this scope
[INFO] [stdout]   --> tests/sqlite.rs:79:15
[INFO] [stdout]    |
[INFO] [stdout] 79 |             #[sqlx(rename = "z")]
[INFO] [stdout]    |               ^^^^
[INFO] [stdout]    |
[INFO] [stdout]    = note: `sqlx` is in scope, but it is a crate, not an attribute
[INFO] [stdout] 
[INFO] [stdout] 
[INFO] [stdout] error: cannot find attribute `postgres` in this scope
[INFO] [stdout]   --> tests/postgres.rs:76:15
[INFO] [stdout]    |
[INFO] [stdout] 76 |             #[postgres(XXX YYY)]
[INFO] [stdout]    |               ^^^^^^^^
[INFO] [stdout] 
[INFO] [stdout] 
[INFO] [stdout] error: cannot find attribute `postgres` in this scope
[INFO] [stdout]   --> tests/postgres.rs:78:15
[INFO] [stdout]    |
[INFO] [stdout] 78 |             #[postgres(AAA BBB)]
[INFO] [stdout]    |               ^^^^^^^^
[INFO] [stdout] 
[INFO] [stdout] 
[INFO] [stdout] error: cannot find attribute `sqlx` in this scope
[INFO] [stdout]   --> tests/postgres.rs:79:15
[INFO] [stdout]    |
[INFO] [stdout] 79 |             #[sqlx(rename = "z")]
[INFO] [stdout]    |               ^^^^
[INFO] [stdout]    |
[INFO] [stdout]    = note: `sqlx` is in scope, but it is a crate, not an attribute
[INFO] [stdout] 
[INFO] [stdout] 
[INFO] [stdout] error[E0405]: cannot find trait `Schema` in this scope
[INFO] [stdout]   --> tests/sqlite.rs:17:30
[INFO] [stdout]    |
[INFO] [stdout] 17 |         assert_eq!(<Point as Schema<Sqlite>>::MINIORM_TABLE_NAME, "point");
[INFO] [stdout]    |                              ^^^^^^ not found in this scope
[INFO] [stdout] 
[INFO] [stdout] 
[INFO] [stdout] error[E0405]: cannot find trait `Schema` in this scope
[INFO] [stdout]   --> tests/sqlite.rs:31:30
[INFO] [stdout]    |
[INFO] [stdout] 31 |         assert_eq!(<Point as Schema<Sqlite>>::MINIORM_TABLE_NAME, "coord");
[INFO] [stdout]    |                              ^^^^^^ not found in this scope
[INFO] [stdout] 
[INFO] [stdout] 
[INFO] [stdout] error[E0405]: cannot find trait `Schema` in this scope
[INFO] [stdout]   --> tests/sqlite.rs:48:33
[INFO] [stdout]    |
[INFO] [stdout] 48 |         let columns = <Point as Schema<Sqlite>>::MINIORM_COLUMNS;
[INFO] [stdout]    |                                 ^^^^^^ not found in this scope
[INFO] [stdout] 
[INFO] [stdout] 
[INFO] [stdout] error[E0405]: cannot find trait `Schema` in this scope
[INFO] [stdout]   --> tests/sqlite.rs:66:33
[INFO] [stdout]    |
[INFO] [stdout] 66 |         let columns = <Point as Schema<Sqlite>>::MINIORM_COLUMNS;
[INFO] [stdout]    |                                 ^^^^^^ not found in this scope
[INFO] [stdout] 
[INFO] [stdout] 
[INFO] [stdout] error[E0405]: cannot find trait `Schema` in this scope
[INFO] [stdout]   --> tests/sqlite.rs:83:33
[INFO] [stdout]    |
[INFO] [stdout] 83 |         let columns = <Point as Schema<Sqlite>>::MINIORM_COLUMNS;
[INFO] [stdout]    |                                 ^^^^^^ not found in this scope
[INFO] [stdout] 
[INFO] [stdout] 
[INFO] [stdout] Some errors have detailed explanations: E0405, E0433.
[INFO] [stdout] 
[INFO] [stdout] For more information about an error, try `rustc --explain E0405`.
[INFO] [stdout] 
[INFO] [stderr] error: could not compile `miniorm-macros` (test "sqlite") due to 23 previous errors
[INFO] [stderr] warning: build failed, waiting for other jobs to finish...
[INFO] [stdout] error[E0405]: cannot find trait `Schema` in this scope
[INFO] [stdout]   --> tests/postgres.rs:17:30
[INFO] [stdout]    |
[INFO] [stdout] 17 |         assert_eq!(<Point as Schema<Postgres>>::MINIORM_TABLE_NAME, "point");
[INFO] [stdout]    |                              ^^^^^^ not found in this scope
[INFO] [stdout] 
[INFO] [stdout] 
[INFO] [stdout] error[E0405]: cannot find trait `Schema` in this scope
[INFO] [stdout]   --> tests/postgres.rs:31:30
[INFO] [stdout]    |
[INFO] [stdout] 31 |         assert_eq!(<Point as Schema<Postgres>>::MINIORM_TABLE_NAME, "coord");
[INFO] [stdout]    |                              ^^^^^^ not found in this scope
[INFO] [stdout] 
[INFO] [stdout] 
[INFO] [stdout] error[E0405]: cannot find trait `Schema` in this scope
[INFO] [stdout]   --> tests/postgres.rs:48:33
[INFO] [stdout]    |
[INFO] [stdout] 48 |         let columns = <Point as Schema<Postgres>>::MINIORM_COLUMNS;
[INFO] [stdout]    |                                 ^^^^^^ not found in this scope
[INFO] [stdout] 
[INFO] [stdout] 
[INFO] [stdout] error[E0405]: cannot find trait `Schema` in this scope
[INFO] [stdout]   --> tests/postgres.rs:66:33
[INFO] [stdout]    |
[INFO] [stdout] 66 |         let columns = <Point as Schema<Postgres>>::MINIORM_COLUMNS;
[INFO] [stdout]    |                                 ^^^^^^ not found in this scope
[INFO] [stdout] 
[INFO] [stdout] 
[INFO] [stdout] error[E0405]: cannot find trait `Schema` in this scope
[INFO] [stdout]   --> tests/postgres.rs:83:33
[INFO] [stdout]    |
[INFO] [stdout] 83 |         let columns = <Point as Schema<Postgres>>::MINIORM_COLUMNS;
[INFO] [stdout]    |                                 ^^^^^^ not found in this scope
[INFO] [stdout] 
[INFO] [stdout] 
[INFO] [stdout] error[E0432]: unresolved import `sqlx::MySql`
[INFO] [stdout]   --> tests/mysql.rs:2:5
[INFO] [stdout]    |
[INFO] [stdout] 2  | use sqlx::MySql;
[INFO] [stdout]    |     ^^^^^^^^^^^ no `MySql` in the root
[INFO] [stdout]    |
[INFO] [stdout] note: found an item that was configured out
[INFO] [stdout]   --> /opt/rustwide/cargo-home/registry/src/index.crates.io-6f17d22bba15001f/sqlx-0.7.4/src/lib.rs:36:37
[INFO] [stdout]    |
[INFO] [stdout] 36 | pub use sqlx_mysql::{self as mysql, MySql, MySqlConnection, MySqlExecutor, MySqlPool};
[INFO] [stdout]    |                                     ^^^^^
[INFO] [stdout] note: the item is gated behind the `mysql` feature
[INFO] [stdout]   --> /opt/rustwide/cargo-home/registry/src/index.crates.io-6f17d22bba15001f/sqlx-0.7.4/src/lib.rs:33:7
[INFO] [stdout]    |
[INFO] [stdout] 33 | #[cfg(feature = "mysql")]
[INFO] [stdout]    |       ^^^^^^^^^^^^^^^^^
[INFO] [stdout] 
[INFO] [stdout] 
[INFO] [stdout] error: cannot find derive macro `Entity` in this scope
[INFO] [stdout]  --> tests/mysql.rs:9:18
[INFO] [stdout]   |
[INFO] [stdout] 9 |         #[derive(Entity)]
[INFO] [stdout]   |                  ^^^^^^
[INFO] [stdout]   |
[INFO] [stdout] help: consider importing this derive macro
[INFO] [stdout]   |
[INFO] [stdout] 5 +     use miniorm_macros::Entity;
[INFO] [stdout]   |
[INFO] [stdout] 
[INFO] [stdout] 
[INFO] [stdout] error: cannot find attribute `mysql` in this scope
[INFO] [stdout]   --> tests/mysql.rs:11:15
[INFO] [stdout]    |
[INFO] [stdout] 11 |             #[mysql(INTEGER NOT NULL)]
[INFO] [stdout]    |               ^^^^^
[INFO] [stdout] 
[INFO] [stdout] 
[INFO] [stdout] error: cannot find attribute `mysql` in this scope
[INFO] [stdout]   --> tests/mysql.rs:13:15
[INFO] [stdout]    |
[INFO] [stdout] 13 |             #[mysql(INTEGER NOT NULL)]
[INFO] [stdout]    |               ^^^^^
[INFO] [stdout] 
[INFO] [stdout] 
[INFO] [stdout] error: cannot find derive macro `Entity` in this scope
[INFO] [stdout]   --> tests/mysql.rs:22:18
[INFO] [stdout]    |
[INFO] [stdout] 22 |         #[derive(Entity)]
[INFO] [stdout]    |                  ^^^^^^
[INFO] [stdout]    |
[INFO] [stdout] help: consider importing this derive macro
[INFO] [stdout]    |
[INFO] [stdout] 5  +     use miniorm_macros::Entity;
[INFO] [stdout]    |
[INFO] [stdout] 
[INFO] [stdout] 
[INFO] [stdout] error: cannot find attribute `sqlx` in this scope
[INFO] [stdout]   --> tests/mysql.rs:23:11
[INFO] [stdout]    |
[INFO] [stdout] 23 |         #[sqlx(rename = "coord")]
[INFO] [stdout]    |           ^^^^
[INFO] [stdout]    |
[INFO] [stdout]    = note: `sqlx` is in scope, but it is a crate, not an attribute
[INFO] [stdout] 
[INFO] [stdout] 
[INFO] [stdout] error: cannot find attribute `mysql` in this scope
[INFO] [stdout]   --> tests/mysql.rs:25:15
[INFO] [stdout]    |
[INFO] [stdout] 25 |             #[mysql(INTEGER NOT NULL)]
[INFO] [stdout]    |               ^^^^^
[INFO] [stdout] 
[INFO] [stdout] 
[INFO] [stdout] Some errors have detailed explanations: E0405, E0433.
[INFO] [stdout] 
[INFO] [stdout] For more information about an error, try `rustc --explain E0405`.
[INFO] [stdout] 
[INFO] [stdout] error: cannot find attribute `mysql` in this scope
[INFO] [stdout]   --> tests/mysql.rs:27:15
[INFO] [stdout]    |
[INFO] [stdout] 27 |             #[mysql(INTEGER NOT NULL)]
[INFO] [stdout]    |               ^^^^^
[INFO] [stdout] 
[INFO] [stdout] 
[INFO] [stdout] error: cannot find derive macro `Entity` in this scope
[INFO] [stdout]   --> tests/mysql.rs:40:18
[INFO] [stdout]    |
[INFO] [stdout] 40 |         #[derive(Entity)]
[INFO] [stdout]    |                  ^^^^^^
[INFO] [stdout]    |
[INFO] [stdout] help: consider importing this derive macro
[INFO] [stdout]    |
[INFO] [stdout] 36 +     use miniorm_macros::Entity;
[INFO] [stdout]    |
[INFO] [stdout] 
[INFO] [stdout] 
[INFO] [stdout] error: cannot find attribute `mysql` in this scope
[INFO] [stdout]   --> tests/mysql.rs:42:15
[INFO] [stdout]    |
[INFO] [stdout] 42 |             #[mysql(XXX YYY)]
[INFO] [stdout]    |               ^^^^^
[INFO] [stdout] 
[INFO] [stdout] 
[INFO] [stdout] error: cannot find attribute `mysql` in this scope
[INFO] [stdout]   --> tests/mysql.rs:44:15
[INFO] [stdout]    |
[INFO] [stdout] 44 |             #[mysql(AAA BBB)]
[INFO] [stdout]    |               ^^^^^
[INFO] [stdout] 
[INFO] [stdout] 
[INFO] [stdout] error: cannot find derive macro `Entity` in this scope
[INFO] [stdout]   --> tests/mysql.rs:57:18
[INFO] [stdout]    |
[INFO] [stdout] 57 |         #[derive(Entity)]
[INFO] [stdout]    |                  ^^^^^^
[INFO] [stdout]    |
[INFO] [stdout] help: consider importing this derive macro
[INFO] [stdout]    |
[INFO] [stdout] 36 +     use miniorm_macros::Entity;
[INFO] [stdout]    |
[INFO] [stdout] 
[INFO] [stdout] 
[INFO] [stdout] error: cannot find attribute `mysql` in this scope
[INFO] [stdout]   --> tests/mysql.rs:59:15
[INFO] [stdout]    |
[INFO] [stdout] 59 |             #[mysql(XXX YYY)]
[INFO] [stdout]    |               ^^^^^
[INFO] [stdout] 
[INFO] [stdout] 
[INFO] [stdout] error: cannot find attribute `sqlx` in this scope
[INFO] [stdout]   --> tests/mysql.rs:61:15
[INFO] [stdout]    |
[INFO] [stdout] 61 |             #[sqlx(skip)]
[INFO] [stdout]    |               ^^^^
[INFO] [stdout]    |
[INFO] [stdout]    = note: `sqlx` is in scope, but it is a crate, not an attribute
[INFO] [stdout] 
[INFO] [stdout] 
[INFO] [stderr] error: could not compile `miniorm-macros` (test "postgres") due to 23 previous errors
[INFO] [stdout] error: cannot find derive macro `Entity` in this scope
[INFO] [stdout]   --> tests/mysql.rs:74:18
[INFO] [stdout]    |
[INFO] [stdout] 74 |         #[derive(Entity)]
[INFO] [stdout]    |                  ^^^^^^
[INFO] [stdout]    |
[INFO] [stdout] help: consider importing this derive macro
[INFO] [stdout]    |
[INFO] [stdout] 36 +     use miniorm_macros::Entity;
[INFO] [stdout]    |
[INFO] [stdout] 
[INFO] [stdout] 
[INFO] [stdout] error: cannot find attribute `mysql` in this scope
[INFO] [stdout]   --> tests/mysql.rs:76:15
[INFO] [stdout]    |
[INFO] [stdout] 76 |             #[mysql(XXX YYY)]
[INFO] [stdout]    |               ^^^^^
[INFO] [stdout] 
[INFO] [stdout] 
[INFO] [stdout] error: cannot find attribute `mysql` in this scope
[INFO] [stdout]   --> tests/mysql.rs:78:15
[INFO] [stdout]    |
[INFO] [stdout] 78 |             #[mysql(AAA BBB)]
[INFO] [stdout]    |               ^^^^^
[INFO] [stdout] 
[INFO] [stdout] 
[INFO] [stdout] error: cannot find attribute `sqlx` in this scope
[INFO] [stdout]   --> tests/mysql.rs:79:15
[INFO] [stdout]    |
[INFO] [stdout] 79 |             #[sqlx(rename = "z")]
[INFO] [stdout]    |               ^^^^
[INFO] [stdout]    |
[INFO] [stdout]    = note: `sqlx` is in scope, but it is a crate, not an attribute
[INFO] [stdout] 
[INFO] [stdout] 
[INFO] [stdout] error[E0405]: cannot find trait `Schema` in this scope
[INFO] [stdout]   --> tests/mysql.rs:17:30
[INFO] [stdout]    |
[INFO] [stdout] 17 |         assert_eq!(<Point as Schema<MySql>>::MINIORM_TABLE_NAME, "point");
[INFO] [stdout]    |                              ^^^^^^ not found in this scope
[INFO] [stdout] 
[INFO] [stdout] 
[INFO] [stdout] error[E0405]: cannot find trait `Schema` in this scope
[INFO] [stdout]   --> tests/mysql.rs:31:30
[INFO] [stdout]    |
[INFO] [stdout] 31 |         assert_eq!(<Point as Schema<MySql>>::MINIORM_TABLE_NAME, "coord");
[INFO] [stdout]    |                              ^^^^^^ not found in this scope
[INFO] [stdout] 
[INFO] [stdout] 
[INFO] [stdout] error[E0405]: cannot find trait `Schema` in this scope
[INFO] [stdout]   --> tests/mysql.rs:48:33
[INFO] [stdout]    |
[INFO] [stdout] 48 |         let columns = <Point as Schema<MySql>>::MINIORM_COLUMNS;
[INFO] [stdout]    |                                 ^^^^^^ not found in this scope
[INFO] [stdout] 
[INFO] [stdout] 
[INFO] [stdout] error[E0405]: cannot find trait `Schema` in this scope
[INFO] [stdout]   --> tests/mysql.rs:66:33
[INFO] [stdout]    |
[INFO] [stdout] 66 |         let columns = <Point as Schema<MySql>>::MINIORM_COLUMNS;
[INFO] [stdout]    |                                 ^^^^^^ not found in this scope
[INFO] [stdout] 
[INFO] [stdout] 
[INFO] [stdout] error[E0405]: cannot find trait `Schema` in this scope
[INFO] [stdout]   --> tests/mysql.rs:83:33
[INFO] [stdout]    |
[INFO] [stdout] 83 |         let columns = <Point as Schema<MySql>>::MINIORM_COLUMNS;
[INFO] [stdout]    |                                 ^^^^^^ not found in this scope
[INFO] [stdout] 
[INFO] [stdout] 
[INFO] [stdout] Some errors have detailed explanations: E0405, E0432, E0433.
[INFO] [stdout] 
[INFO] [stdout] For more information about an error, try `rustc --explain E0405`.
[INFO] [stdout] 
[INFO] [stderr] error: could not compile `miniorm-macros` (test "mysql") due to 24 previous errors
[INFO] running `Command { std: "docker" "inspect" "0084eb3dbf082882d51853f5568d639f9e2c06fda7a418e75d1d0d528afcbb4f", kill_on_drop: false }`
[INFO] running `Command { std: "docker" "rm" "-f" "0084eb3dbf082882d51853f5568d639f9e2c06fda7a418e75d1d0d528afcbb4f", kill_on_drop: false }`
[INFO] [stdout] 0084eb3dbf082882d51853f5568d639f9e2c06fda7a418e75d1d0d528afcbb4f
