[INFO] fetching crate minidump 0.22.2...
[INFO] testing minidump-0.22.2 against nightly-2024-10-28+rustflags=-Zrandomize-layout for randomize-layout
[INFO] extracting crate minidump 0.22.2 into /workspace/builds/worker-7-tc2/source
[INFO] validating manifest of crates.io crate minidump 0.22.2 on toolchain nightly-2024-10-28
[INFO] running `Command { std: CARGO_HOME="/workspace/cargo-home" RUSTUP_HOME="/workspace/rustup-home" "/workspace/cargo-home/bin/cargo" "+nightly-2024-10-28" "metadata" "--manifest-path" "Cargo.toml" "--no-deps", kill_on_drop: false }`
[INFO] started tweaking crates.io crate minidump 0.22.2
[INFO] removed 0 missing tests
[INFO] finished tweaking crates.io crate minidump 0.22.2
[INFO] tweaked toml for crates.io crate minidump 0.22.2 written to /workspace/builds/worker-7-tc2/source/Cargo.toml
[INFO] running `Command { std: CARGO_HOME="/workspace/cargo-home" RUSTUP_HOME="/workspace/rustup-home" "/workspace/cargo-home/bin/cargo" "+nightly-2024-10-28" "generate-lockfile" "--manifest-path" "Cargo.toml", kill_on_drop: false }`
[INFO] [stderr]     Updating crates.io index
[INFO] [stderr]      Locking 70 packages to latest compatible versions
[INFO] running `Command { std: CARGO_HOME="/workspace/cargo-home" RUSTUP_HOME="/workspace/rustup-home" "/workspace/cargo-home/bin/cargo" "+nightly-2024-10-28" "fetch" "--manifest-path" "Cargo.toml", kill_on_drop: false }`
[INFO] running `Command { std: "docker" "create" "-v" "/var/lib/crater-agent-workspace/builds/worker-7-tc2/target:/opt/rustwide/target:rw,Z" "-v" "/var/lib/crater-agent-workspace/builds/worker-7-tc2/source:/opt/rustwide/workdir:ro,Z" "-v" "/var/lib/crater-agent-workspace/cargo-home:/opt/rustwide/cargo-home:ro,Z" "-v" "/var/lib/crater-agent-workspace/rustup-home:/opt/rustwide/rustup-home:ro,Z" "-e" "SOURCE_DIR=/opt/rustwide/workdir" "-e" "CARGO_TARGET_DIR=/opt/rustwide/target" "-e" "CARGO_HOME=/opt/rustwide/cargo-home" "-e" "RUSTUP_HOME=/opt/rustwide/rustup-home" "-w" "/opt/rustwide/workdir" "-m" "1610612736" "--user" "0:0" "--network" "none" "ghcr.io/rust-lang/crates-build-env/linux@sha256:4a844ea9eb2546a2d2c7022eacef16ef2e8229c7fbb2c7d4d55a9ceca922f72d" "/opt/rustwide/cargo-home/bin/cargo" "+nightly-2024-10-28" "metadata" "--no-deps" "--format-version=1", kill_on_drop: false }`
[INFO] [stdout] ce9af29b4c690f2c3794f75f2ac755779feb5afb3ff2c0c0aff69bb82cb9b304
[INFO] running `Command { std: "docker" "start" "-a" "ce9af29b4c690f2c3794f75f2ac755779feb5afb3ff2c0c0aff69bb82cb9b304", kill_on_drop: false }`
[INFO] running `Command { std: "docker" "inspect" "ce9af29b4c690f2c3794f75f2ac755779feb5afb3ff2c0c0aff69bb82cb9b304", kill_on_drop: false }`
[INFO] running `Command { std: "docker" "rm" "-f" "ce9af29b4c690f2c3794f75f2ac755779feb5afb3ff2c0c0aff69bb82cb9b304", kill_on_drop: false }`
[INFO] [stdout] ce9af29b4c690f2c3794f75f2ac755779feb5afb3ff2c0c0aff69bb82cb9b304
[INFO] running `Command { std: "docker" "create" "-v" "/var/lib/crater-agent-workspace/builds/worker-7-tc2/target:/opt/rustwide/target:rw,Z" "-v" "/var/lib/crater-agent-workspace/builds/worker-7-tc2/source:/opt/rustwide/workdir:ro,Z" "-v" "/var/lib/crater-agent-workspace/cargo-home:/opt/rustwide/cargo-home:ro,Z" "-v" "/var/lib/crater-agent-workspace/rustup-home:/opt/rustwide/rustup-home:ro,Z" "-e" "SOURCE_DIR=/opt/rustwide/workdir" "-e" "CARGO_TARGET_DIR=/opt/rustwide/target" "-e" "CARGO_INCREMENTAL=0" "-e" "RUST_BACKTRACE=full" "-e" "RUSTFLAGS=--cap-lints=forbid -Zrandomize-layout" "-e" "RUSTDOCFLAGS=--cap-lints=forbid" "-e" "CARGO_HOME=/opt/rustwide/cargo-home" "-e" "RUSTUP_HOME=/opt/rustwide/rustup-home" "-w" "/opt/rustwide/workdir" "-m" "1610612736" "--user" "0:0" "--network" "none" "ghcr.io/rust-lang/crates-build-env/linux@sha256:4a844ea9eb2546a2d2c7022eacef16ef2e8229c7fbb2c7d4d55a9ceca922f72d" "/opt/rustwide/cargo-home/bin/cargo" "+nightly-2024-10-28" "build" "--frozen" "--message-format=json", kill_on_drop: false }`
[INFO] [stdout] 237fdcef41e59d675353879c4869261a771cf5f1e37c855409c9b537c0b6c02b
[INFO] running `Command { std: "docker" "start" "-a" "237fdcef41e59d675353879c4869261a771cf5f1e37c855409c9b537c0b6c02b", kill_on_drop: false }`
[INFO] [stderr]    Compiling num-traits v0.2.19
[INFO] [stderr]    Compiling powerfmt v0.2.0
[INFO] [stderr]    Compiling uuid v1.11.0
[INFO] [stderr]    Compiling time-core v0.1.2
[INFO] [stderr]    Compiling num-conv v0.1.0
[INFO] [stderr]    Compiling procfs-core v0.17.0
[INFO] [stderr]    Compiling syn v2.0.86
[INFO] [stderr]    Compiling memmap2 v0.9.5
[INFO] [stderr]    Compiling deranged v0.3.11
[INFO] [stderr]    Compiling debugid v0.8.0
[INFO] [stderr]    Compiling time v0.3.36
[INFO] [stderr]    Compiling range-map v0.2.0
[INFO] [stderr]    Compiling scroll_derive v0.12.0
[INFO] [stderr]    Compiling smart-default v0.7.1
[INFO] [stderr]    Compiling tracing-attributes v0.1.27
[INFO] [stderr]    Compiling thiserror-impl v1.0.66
[INFO] [stderr]    Compiling num-derive v0.4.2
[INFO] [stderr]    Compiling scroll v0.12.0
[INFO] [stderr]    Compiling thiserror v1.0.66
[INFO] [stderr]    Compiling tracing v0.1.40
[INFO] [stderr]    Compiling minidump-common v0.22.2
[INFO] [stderr]    Compiling minidump v0.22.2 (/opt/rustwide/workdir)
[INFO] [stderr]     Finished `dev` profile [unoptimized + debuginfo] target(s) in 10.58s
[INFO] running `Command { std: "docker" "inspect" "237fdcef41e59d675353879c4869261a771cf5f1e37c855409c9b537c0b6c02b", kill_on_drop: false }`
[INFO] running `Command { std: "docker" "rm" "-f" "237fdcef41e59d675353879c4869261a771cf5f1e37c855409c9b537c0b6c02b", kill_on_drop: false }`
[INFO] [stdout] 237fdcef41e59d675353879c4869261a771cf5f1e37c855409c9b537c0b6c02b
[INFO] running `Command { std: "docker" "create" "-v" "/var/lib/crater-agent-workspace/builds/worker-7-tc2/target:/opt/rustwide/target:rw,Z" "-v" "/var/lib/crater-agent-workspace/builds/worker-7-tc2/source:/opt/rustwide/workdir:ro,Z" "-v" "/var/lib/crater-agent-workspace/cargo-home:/opt/rustwide/cargo-home:ro,Z" "-v" "/var/lib/crater-agent-workspace/rustup-home:/opt/rustwide/rustup-home:ro,Z" "-e" "SOURCE_DIR=/opt/rustwide/workdir" "-e" "CARGO_TARGET_DIR=/opt/rustwide/target" "-e" "CARGO_INCREMENTAL=0" "-e" "RUST_BACKTRACE=full" "-e" "RUSTFLAGS=--cap-lints=forbid -Zrandomize-layout" "-e" "RUSTDOCFLAGS=--cap-lints=forbid" "-e" "CARGO_HOME=/opt/rustwide/cargo-home" "-e" "RUSTUP_HOME=/opt/rustwide/rustup-home" "-w" "/opt/rustwide/workdir" "-m" "1610612736" "--user" "0:0" "--network" "none" "ghcr.io/rust-lang/crates-build-env/linux@sha256:4a844ea9eb2546a2d2c7022eacef16ef2e8229c7fbb2c7d4d55a9ceca922f72d" "/opt/rustwide/cargo-home/bin/cargo" "+nightly-2024-10-28" "test" "--frozen" "--no-run" "--message-format=json", kill_on_drop: false }`
[INFO] [stdout] 9f2b1b91014ffa474771a4507d7c830c0a54e9af9206e7b3a7e6c985fbcbefd0
[INFO] running `Command { std: "docker" "start" "-a" "9f2b1b91014ffa474771a4507d7c830c0a54e9af9206e7b3a7e6c985fbcbefd0", kill_on_drop: false }`
[INFO] [stderr]    Compiling log v0.4.22
[INFO] [stderr]    Compiling regex-syntax v0.8.5
[INFO] [stderr]    Compiling utf8parse v0.2.2
[INFO] [stderr]    Compiling anstyle-query v1.1.2
[INFO] [stderr]    Compiling anstyle v1.0.9
[INFO] [stderr]    Compiling aho-corasick v1.1.3
[INFO] [stderr]    Compiling is_terminal_polyfill v1.70.1
[INFO] [stderr]    Compiling colorchoice v1.0.3
[INFO] [stderr]    Compiling ctor v0.2.8
[INFO] [stderr]    Compiling test-assembler v0.1.6
[INFO] [stderr]    Compiling anstyle-parse v0.2.6
[INFO] [stderr]    Compiling tracing v0.1.40
[INFO] [stderr]    Compiling anstream v0.6.17
[INFO] [stderr]    Compiling minidump v0.22.2 (/opt/rustwide/workdir)
[INFO] [stderr]    Compiling regex-automata v0.4.8
[INFO] [stderr]    Compiling regex v1.11.1
[INFO] [stderr]    Compiling env_filter v0.1.2
[INFO] [stderr]    Compiling env_logger v0.11.5
[INFO] [stdout] error: couldn't read `tests/../../testdata/invalid-range.dmp`: No such file or directory (os error 2)
[INFO] [stdout]    --> tests/test_minidump.rs:318:16
[INFO] [stdout]     |
[INFO] [stdout] 318 |     let data = include_bytes!("../../testdata/invalid-range.dmp");
[INFO] [stdout]     |                ^^^^^^^^^^^^^^^^^^^^^^^^^^^^^^^^^^^^^^^^^^^^^^^^^^
[INFO] [stdout]     |
[INFO] [stdout]     = note: this error originates in the macro `include_bytes` (in Nightly builds, run with -Z macro-backtrace for more info)
[INFO] [stdout] 
[INFO] [stdout] 
[INFO] [stdout] error: couldn't read `tests/../../testdata/invalid-record-count.dmp`: No such file or directory (os error 2)
[INFO] [stdout]    --> tests/test_minidump.rs:337:16
[INFO] [stdout]     |
[INFO] [stdout] 337 |     let data = include_bytes!("../../testdata/invalid-record-count.dmp");
[INFO] [stdout]     |                ^^^^^^^^^^^^^^^^^^^^^^^^^^^^^^^^^^^^^^^^^^^^^^^^^^^^^^^^^
[INFO] [stdout]     |
[INFO] [stdout]     = note: this error originates in the macro `include_bytes` (in Nightly builds, run with -Z macro-backtrace for more info)
[INFO] [stdout] 
[INFO] [stdout] 
[INFO] [stdout] error[E0432]: unresolved import `minidump_synth`
[INFO] [stdout]     --> src/minidump.rs:5742:9
[INFO] [stdout]      |
[INFO] [stdout] 5742 |     use minidump_synth::{
[INFO] [stdout]      |         ^^^^^^^^^^^^^^ use of undeclared crate or module `minidump_synth`
[INFO] [stdout] 
[INFO] [stdout] 
[INFO] [stderr] error: could not compile `minidump` (test "test_minidump") due to 2 previous errors
[INFO] [stderr] warning: build failed, waiting for other jobs to finish...
[INFO] [stdout] error[E0433]: failed to resolve: use of undeclared crate or module `minidump_synth`
[INFO] [stdout]     --> src/minidump.rs:7031:23
[INFO] [stdout]      |
[INFO] [stdout] 7031 |         let context = minidump_synth::x86_context(Endian::Little, 0xabcd1234, 0x1010);
[INFO] [stdout]      |                       ^^^^^^^^^^^^^^ use of undeclared crate or module `minidump_synth`
[INFO] [stdout] 
[INFO] [stdout] 
[INFO] [stdout] error[E0433]: failed to resolve: use of undeclared crate or module `minidump_synth`
[INFO] [stdout]     --> src/minidump.rs:7069:13
[INFO] [stdout]      |
[INFO] [stdout] 7069 |             minidump_synth::amd64_context(Endian::Little, 0x1234abcd1234abcd, 0x1000000010000000);
[INFO] [stdout]      |             ^^^^^^^^^^^^^^ use of undeclared crate or module `minidump_synth`
[INFO] [stdout] 
[INFO] [stdout] 
[INFO] [stdout] Some errors have detailed explanations: E0432, E0433.
[INFO] [stdout] 
[INFO] [stdout] For more information about an error, try `rustc --explain E0432`.
[INFO] [stdout] 
[INFO] [stderr] error: could not compile `minidump` (lib test) due to 3 previous errors
[INFO] running `Command { std: "docker" "inspect" "9f2b1b91014ffa474771a4507d7c830c0a54e9af9206e7b3a7e6c985fbcbefd0", kill_on_drop: false }`
[INFO] running `Command { std: "docker" "rm" "-f" "9f2b1b91014ffa474771a4507d7c830c0a54e9af9206e7b3a7e6c985fbcbefd0", kill_on_drop: false }`
[INFO] [stdout] 9f2b1b91014ffa474771a4507d7c830c0a54e9af9206e7b3a7e6c985fbcbefd0
