[INFO] fetching crate miniblink 0.3.0...
[INFO] testing miniblink-0.3.0 against nightly-2024-10-28 for randomize-layout
[INFO] extracting crate miniblink 0.3.0 into /workspace/builds/worker-1-tc1/source
[INFO] validating manifest of crates.io crate miniblink 0.3.0 on toolchain nightly-2024-10-28
[INFO] running `Command { std: CARGO_HOME="/workspace/cargo-home" RUSTUP_HOME="/workspace/rustup-home" "/workspace/cargo-home/bin/cargo" "+nightly-2024-10-28" "metadata" "--manifest-path" "Cargo.toml" "--no-deps", kill_on_drop: false }`
[INFO] started tweaking crates.io crate miniblink 0.3.0
[INFO] finished tweaking crates.io crate miniblink 0.3.0
[INFO] tweaked toml for crates.io crate miniblink 0.3.0 written to /workspace/builds/worker-1-tc1/source/Cargo.toml
[INFO] crate crates.io crate miniblink 0.3.0 already has a lockfile, it will not be regenerated
[INFO] running `Command { std: CARGO_HOME="/workspace/cargo-home" RUSTUP_HOME="/workspace/rustup-home" "/workspace/cargo-home/bin/cargo" "+nightly-2024-10-28" "fetch" "--manifest-path" "Cargo.toml", kill_on_drop: false }`
[INFO] [stderr]     Updating crates.io index
[INFO] [stderr]  Downloading crates ...
[INFO] [stderr]   Downloaded miniblink-sys v0.3.0
[INFO] running `Command { std: "docker" "create" "-v" "/var/lib/crater-agent-workspace/builds/worker-1-tc1/target:/opt/rustwide/target:rw,Z" "-v" "/var/lib/crater-agent-workspace/builds/worker-1-tc1/source:/opt/rustwide/workdir:ro,Z" "-v" "/var/lib/crater-agent-workspace/cargo-home:/opt/rustwide/cargo-home:ro,Z" "-v" "/var/lib/crater-agent-workspace/rustup-home:/opt/rustwide/rustup-home:ro,Z" "-e" "SOURCE_DIR=/opt/rustwide/workdir" "-e" "CARGO_TARGET_DIR=/opt/rustwide/target" "-e" "CARGO_HOME=/opt/rustwide/cargo-home" "-e" "RUSTUP_HOME=/opt/rustwide/rustup-home" "-w" "/opt/rustwide/workdir" "-m" "1610612736" "--user" "0:0" "--network" "none" "ghcr.io/rust-lang/crates-build-env/linux@sha256:4a844ea9eb2546a2d2c7022eacef16ef2e8229c7fbb2c7d4d55a9ceca922f72d" "/opt/rustwide/cargo-home/bin/cargo" "+nightly-2024-10-28" "metadata" "--no-deps" "--format-version=1", kill_on_drop: false }`
[INFO] [stdout] f6fa318088d150bff613d02334a9161e5c815bceb7bfc724e03f132f221847b6
[INFO] running `Command { std: "docker" "start" "-a" "f6fa318088d150bff613d02334a9161e5c815bceb7bfc724e03f132f221847b6", kill_on_drop: false }`
[INFO] running `Command { std: "docker" "inspect" "f6fa318088d150bff613d02334a9161e5c815bceb7bfc724e03f132f221847b6", kill_on_drop: false }`
[INFO] running `Command { std: "docker" "rm" "-f" "f6fa318088d150bff613d02334a9161e5c815bceb7bfc724e03f132f221847b6", kill_on_drop: false }`
[INFO] [stdout] f6fa318088d150bff613d02334a9161e5c815bceb7bfc724e03f132f221847b6
[INFO] running `Command { std: "docker" "create" "-v" "/var/lib/crater-agent-workspace/builds/worker-1-tc1/target:/opt/rustwide/target:rw,Z" "-v" "/var/lib/crater-agent-workspace/builds/worker-1-tc1/source:/opt/rustwide/workdir:ro,Z" "-v" "/var/lib/crater-agent-workspace/cargo-home:/opt/rustwide/cargo-home:ro,Z" "-v" "/var/lib/crater-agent-workspace/rustup-home:/opt/rustwide/rustup-home:ro,Z" "-e" "SOURCE_DIR=/opt/rustwide/workdir" "-e" "CARGO_TARGET_DIR=/opt/rustwide/target" "-e" "CARGO_INCREMENTAL=0" "-e" "RUST_BACKTRACE=full" "-e" "RUSTFLAGS=--cap-lints=forbid" "-e" "RUSTDOCFLAGS=--cap-lints=forbid" "-e" "CARGO_HOME=/opt/rustwide/cargo-home" "-e" "RUSTUP_HOME=/opt/rustwide/rustup-home" "-w" "/opt/rustwide/workdir" "-m" "1610612736" "--user" "0:0" "--network" "none" "ghcr.io/rust-lang/crates-build-env/linux@sha256:4a844ea9eb2546a2d2c7022eacef16ef2e8229c7fbb2c7d4d55a9ceca922f72d" "/opt/rustwide/cargo-home/bin/cargo" "+nightly-2024-10-28" "build" "--frozen" "--message-format=json", kill_on_drop: false }`
[INFO] [stdout] eba4a7aad4f9836afbc6eaeabd51e1142d921df5778521371302129ccfd8b753
[INFO] running `Command { std: "docker" "start" "-a" "eba4a7aad4f9836afbc6eaeabd51e1142d921df5778521371302129ccfd8b753", kill_on_drop: false }`
[INFO] [stderr]    Compiling cfg-if v1.0.0
[INFO] [stderr]    Compiling libloading v0.8.3
[INFO] [stderr]    Compiling miniblink-sys v0.3.0
[INFO] [stderr]    Compiling miniblink v0.3.0 (/opt/rustwide/workdir)
[INFO] [stdout] error[E0570]: `"stdcall"` is not a supported ABI for the current target
[INFO] [stdout]    --> src/webview/mod.rs:283:9
[INFO] [stdout]     |
[INFO] [stdout] 283 | /         unsafe extern "stdcall" fn shim<F>(
[INFO] [stdout] 284 | |             webview: mbWebView,
[INFO] [stdout] 285 | |             param: *mut ::std::os::raw::c_void,
[INFO] [stdout] 286 | |             title: *const utf8,
[INFO] [stdout] 287 | |         ) where
[INFO] [stdout] 288 | |             F: FnMut(&mut WebView, String) + 'static,
[INFO] [stdout]     | |_____________________________________________________^
[INFO] [stdout] 
[INFO] [stdout] 
[INFO] [stdout] error[E0570]: `"stdcall"` is not a supported ABI for the current target
[INFO] [stdout]    --> src/webview/mod.rs:308:9
[INFO] [stdout]     |
[INFO] [stdout] 308 | /         unsafe extern "stdcall" fn shim<F>(
[INFO] [stdout] 309 | |             webview: mbWebView,
[INFO] [stdout] 310 | |             param: *mut ::std::os::raw::c_void,
[INFO] [stdout] 311 | |             url: *const utf8,
[INFO] [stdout] ...   |
[INFO] [stdout] 314 | |         ) where
[INFO] [stdout] 315 | |             F: FnMut(&mut WebView, String, bool, bool) + 'static,
[INFO] [stdout]     | |_________________________________________________________________^
[INFO] [stdout] 
[INFO] [stdout] 
[INFO] [stdout] error[E0570]: `"stdcall"` is not a supported ABI for the current target
[INFO] [stdout]    --> src/webview/mod.rs:339:9
[INFO] [stdout]     |
[INFO] [stdout] 339 | /         unsafe extern "stdcall" fn shim<F>(
[INFO] [stdout] 340 | |             webwiew: mbWebView,
[INFO] [stdout] 341 | |             param: *mut ::std::os::raw::c_void,
[INFO] [stdout] 342 | |             frame_id: mbWebFrameHandle,
[INFO] [stdout] 343 | |         ) where
[INFO] [stdout] 344 | |             F: FnMut(&mut WebView, WebFrameHandle) + 'static,
[INFO] [stdout]     | |_____________________________________________________________^
[INFO] [stdout] 
[INFO] [stdout] 
[INFO] [stdout] error[E0570]: `"stdcall"` is not a supported ABI for the current target
[INFO] [stdout]    --> src/webview/mod.rs:365:9
[INFO] [stdout]     |
[INFO] [stdout] 365 | /         unsafe extern "stdcall" fn shim<F>(
[INFO] [stdout] 366 | |             webview: mbWebView,
[INFO] [stdout] 367 | |             param: *mut ::std::os::raw::c_void,
[INFO] [stdout] 368 | |             _unuse: *mut ::std::os::raw::c_void,
[INFO] [stdout] 369 | |         ) -> BOOL
[INFO] [stdout] 370 | |         where
[INFO] [stdout] 371 | |             F: FnMut(&mut WebView) -> bool + 'static,
[INFO] [stdout]     | |_____________________________________________________^
[INFO] [stdout] 
[INFO] [stdout] 
[INFO] [stdout] error[E0570]: `"stdcall"` is not a supported ABI for the current target
[INFO] [stdout]    --> src/webview/mod.rs:396:9
[INFO] [stdout]     |
[INFO] [stdout] 396 | /         unsafe extern "stdcall" fn shim<F>(
[INFO] [stdout] 397 | |             webview: mbWebView,
[INFO] [stdout] 398 | |             param: *mut ::std::os::raw::c_void,
[INFO] [stdout] 399 | |             _unuse: *mut ::std::os::raw::c_void,
[INFO] [stdout] 400 | |         ) -> BOOL
[INFO] [stdout] 401 | |         where
[INFO] [stdout] 402 | |             F: FnMut(&mut WebView) -> bool + 'static,
[INFO] [stdout]     | |_____________________________________________________^
[INFO] [stdout] 
[INFO] [stdout] 
[INFO] [stdout] error[E0570]: `"stdcall"` is not a supported ABI for the current target
[INFO] [stdout]    --> src/webview/mod.rs:446:9
[INFO] [stdout]     |
[INFO] [stdout] 446 | /         unsafe extern "stdcall" fn shim<F>(
[INFO] [stdout] 447 | |             webview: mbWebView,
[INFO] [stdout] 448 | |             param: *mut ::std::os::raw::c_void,
[INFO] [stdout] 449 | |             _es: mbJsExecState,
[INFO] [stdout] ...   |
[INFO] [stdout] 453 | |         ) where
[INFO] [stdout] 454 | |             F: FnMut(&mut WebView, QueryMessage, String) -> (QueryMessage, String) + 'static,
[INFO] [stdout]     | |_____________________________________________________________________________________________^
[INFO] [stdout] 
[INFO] [stdout] 
[INFO] [stdout] For more information about this error, try `rustc --explain E0570`.
[INFO] [stdout] 
[INFO] [stderr] error: could not compile `miniblink` (lib) due to 6 previous errors
[INFO] [stderr] warning: build failed, waiting for other jobs to finish...
[INFO] running `Command { std: "docker" "inspect" "eba4a7aad4f9836afbc6eaeabd51e1142d921df5778521371302129ccfd8b753", kill_on_drop: false }`
[INFO] running `Command { std: "docker" "rm" "-f" "eba4a7aad4f9836afbc6eaeabd51e1142d921df5778521371302129ccfd8b753", kill_on_drop: false }`
[INFO] [stdout] eba4a7aad4f9836afbc6eaeabd51e1142d921df5778521371302129ccfd8b753
