[INFO] fetching crate minhash-rs 0.2.0...
[INFO] testing minhash-rs-0.2.0 against nightly-2024-10-28+rustflags=-Zrandomize-layout for randomize-layout
[INFO] extracting crate minhash-rs 0.2.0 into /workspace/builds/worker-3-tc2/source
[INFO] validating manifest of crates.io crate minhash-rs 0.2.0 on toolchain nightly-2024-10-28
[INFO] running `Command { std: CARGO_HOME="/workspace/cargo-home" RUSTUP_HOME="/workspace/rustup-home" "/workspace/cargo-home/bin/cargo" "+nightly-2024-10-28" "metadata" "--manifest-path" "Cargo.toml" "--no-deps", kill_on_drop: false }`
[INFO] started tweaking crates.io crate minhash-rs 0.2.0
[INFO] finished tweaking crates.io crate minhash-rs 0.2.0
[INFO] tweaked toml for crates.io crate minhash-rs 0.2.0 written to /workspace/builds/worker-3-tc2/source/Cargo.toml
[INFO] running `Command { std: CARGO_HOME="/workspace/cargo-home" RUSTUP_HOME="/workspace/rustup-home" "/workspace/cargo-home/bin/cargo" "+nightly-2024-10-28" "generate-lockfile" "--manifest-path" "Cargo.toml", kill_on_drop: false }`
[INFO] [stderr]     Updating crates.io index
[INFO] [stderr]      Locking 40 packages to latest compatible versions
[INFO] [stderr]       Adding indicatif v0.15.0 (available: v0.17.8)
[INFO] [stderr]       Adding siphasher v0.3.11 (available: v1.0.1)
[INFO] running `Command { std: CARGO_HOME="/workspace/cargo-home" RUSTUP_HOME="/workspace/rustup-home" "/workspace/cargo-home/bin/cargo" "+nightly-2024-10-28" "fetch" "--manifest-path" "Cargo.toml", kill_on_drop: false }`
[INFO] running `Command { std: "docker" "create" "-v" "/var/lib/crater-agent-workspace/builds/worker-3-tc2/target:/opt/rustwide/target:rw,Z" "-v" "/var/lib/crater-agent-workspace/builds/worker-3-tc2/source:/opt/rustwide/workdir:ro,Z" "-v" "/var/lib/crater-agent-workspace/cargo-home:/opt/rustwide/cargo-home:ro,Z" "-v" "/var/lib/crater-agent-workspace/rustup-home:/opt/rustwide/rustup-home:ro,Z" "-e" "SOURCE_DIR=/opt/rustwide/workdir" "-e" "CARGO_TARGET_DIR=/opt/rustwide/target" "-e" "CARGO_HOME=/opt/rustwide/cargo-home" "-e" "RUSTUP_HOME=/opt/rustwide/rustup-home" "-w" "/opt/rustwide/workdir" "-m" "1610612736" "--user" "0:0" "--network" "none" "ghcr.io/rust-lang/crates-build-env/linux@sha256:4a844ea9eb2546a2d2c7022eacef16ef2e8229c7fbb2c7d4d55a9ceca922f72d" "/opt/rustwide/cargo-home/bin/cargo" "+nightly-2024-10-28" "metadata" "--no-deps" "--format-version=1", kill_on_drop: false }`
[INFO] [stdout] 75983a412885c21cb8e05162451360bcd65427bcd034921fb626df970fd0fb10
[INFO] running `Command { std: "docker" "start" "-a" "75983a412885c21cb8e05162451360bcd65427bcd034921fb626df970fd0fb10", kill_on_drop: false }`
[INFO] running `Command { std: "docker" "inspect" "75983a412885c21cb8e05162451360bcd65427bcd034921fb626df970fd0fb10", kill_on_drop: false }`
[INFO] running `Command { std: "docker" "rm" "-f" "75983a412885c21cb8e05162451360bcd65427bcd034921fb626df970fd0fb10", kill_on_drop: false }`
[INFO] [stdout] 75983a412885c21cb8e05162451360bcd65427bcd034921fb626df970fd0fb10
[INFO] running `Command { std: "docker" "create" "-v" "/var/lib/crater-agent-workspace/builds/worker-3-tc2/target:/opt/rustwide/target:rw,Z" "-v" "/var/lib/crater-agent-workspace/builds/worker-3-tc2/source:/opt/rustwide/workdir:ro,Z" "-v" "/var/lib/crater-agent-workspace/cargo-home:/opt/rustwide/cargo-home:ro,Z" "-v" "/var/lib/crater-agent-workspace/rustup-home:/opt/rustwide/rustup-home:ro,Z" "-e" "SOURCE_DIR=/opt/rustwide/workdir" "-e" "CARGO_TARGET_DIR=/opt/rustwide/target" "-e" "CARGO_INCREMENTAL=0" "-e" "RUST_BACKTRACE=full" "-e" "RUSTFLAGS=--cap-lints=forbid -Zrandomize-layout" "-e" "RUSTDOCFLAGS=--cap-lints=forbid" "-e" "CARGO_HOME=/opt/rustwide/cargo-home" "-e" "RUSTUP_HOME=/opt/rustwide/rustup-home" "-w" "/opt/rustwide/workdir" "-m" "1610612736" "--user" "0:0" "--network" "none" "ghcr.io/rust-lang/crates-build-env/linux@sha256:4a844ea9eb2546a2d2c7022eacef16ef2e8229c7fbb2c7d4d55a9ceca922f72d" "/opt/rustwide/cargo-home/bin/cargo" "+nightly-2024-10-28" "build" "--frozen" "--message-format=json", kill_on_drop: false }`
[INFO] [stdout] cd6d5b15b39b113df5d17d32353a8252546154be9a087090e63c0dd1837e40b0
[INFO] running `Command { std: "docker" "start" "-a" "cd6d5b15b39b113df5d17d32353a8252546154be9a087090e63c0dd1837e40b0", kill_on_drop: false }`
[INFO] [stderr]    Compiling serde v1.0.214
[INFO] [stderr]    Compiling siphasher v0.3.11
[INFO] [stderr]    Compiling quote v1.0.37
[INFO] [stderr]    Compiling syn v2.0.86
[INFO] [stderr]    Compiling serde_derive v1.0.214
[INFO] [stderr]    Compiling minhash-rs v0.2.0 (/opt/rustwide/workdir)
[INFO] [stdout] warning: the feature `return_position_impl_trait_in_trait` has been stable since 1.75.0 and no longer requires an attribute to enable
[INFO] [stdout]  --> src/lib.rs:1:12
[INFO] [stdout]   |
[INFO] [stdout] 1 | #![feature(return_position_impl_trait_in_trait)]
[INFO] [stdout]   |            ^^^^^^^^^^^^^^^^^^^^^^^^^^^^^^^^^^^
[INFO] [stdout]   |
[INFO] [stdout]   = note: `#[warn(stable_features)]` on by default
[INFO] [stdout] 
[INFO] [stdout] 
[INFO] [stderr]     Finished `dev` profile [unoptimized + debuginfo] target(s) in 6.66s
[INFO] running `Command { std: "docker" "inspect" "cd6d5b15b39b113df5d17d32353a8252546154be9a087090e63c0dd1837e40b0", kill_on_drop: false }`
[INFO] running `Command { std: "docker" "rm" "-f" "cd6d5b15b39b113df5d17d32353a8252546154be9a087090e63c0dd1837e40b0", kill_on_drop: false }`
[INFO] [stdout] cd6d5b15b39b113df5d17d32353a8252546154be9a087090e63c0dd1837e40b0
[INFO] running `Command { std: "docker" "create" "-v" "/var/lib/crater-agent-workspace/builds/worker-3-tc2/target:/opt/rustwide/target:rw,Z" "-v" "/var/lib/crater-agent-workspace/builds/worker-3-tc2/source:/opt/rustwide/workdir:ro,Z" "-v" "/var/lib/crater-agent-workspace/cargo-home:/opt/rustwide/cargo-home:ro,Z" "-v" "/var/lib/crater-agent-workspace/rustup-home:/opt/rustwide/rustup-home:ro,Z" "-e" "SOURCE_DIR=/opt/rustwide/workdir" "-e" "CARGO_TARGET_DIR=/opt/rustwide/target" "-e" "CARGO_INCREMENTAL=0" "-e" "RUST_BACKTRACE=full" "-e" "RUSTFLAGS=--cap-lints=forbid -Zrandomize-layout" "-e" "RUSTDOCFLAGS=--cap-lints=forbid" "-e" "CARGO_HOME=/opt/rustwide/cargo-home" "-e" "RUSTUP_HOME=/opt/rustwide/rustup-home" "-w" "/opt/rustwide/workdir" "-m" "1610612736" "--user" "0:0" "--network" "none" "ghcr.io/rust-lang/crates-build-env/linux@sha256:4a844ea9eb2546a2d2c7022eacef16ef2e8229c7fbb2c7d4d55a9ceca922f72d" "/opt/rustwide/cargo-home/bin/cargo" "+nightly-2024-10-28" "test" "--frozen" "--no-run" "--message-format=json", kill_on_drop: false }`
[INFO] [stdout] 38860c401cb2ac699f644dabed6018f82a66d5c70b47a12c8cd5db156e0d625d
[INFO] running `Command { std: "docker" "start" "-a" "38860c401cb2ac699f644dabed6018f82a66d5c70b47a12c8cd5db156e0d625d", kill_on_drop: false }`
[INFO] [stderr]    Compiling proc-macro2 v1.0.89
[INFO] [stderr]    Compiling unicode-ident v1.0.13
[INFO] [stderr]    Compiling crossbeam-utils v0.8.20
[INFO] [stderr]    Compiling serde v1.0.214
[INFO] [stderr]    Compiling rayon-core v1.12.1
[INFO] [stderr]    Compiling libc v0.2.161
[INFO] [stderr]    Compiling regex-syntax v0.8.5
[INFO] [stderr]    Compiling lazy_static v1.5.0
[INFO] [stderr]    Compiling either v1.13.0
[INFO] [stderr]    Compiling unicode-width v0.1.14
[INFO] [stderr]    Compiling serde_json v1.0.132
[INFO] [stderr]    Compiling itoa v1.0.11
[INFO] [stderr]    Compiling siphasher v0.3.11
[INFO] [stderr]    Compiling ryu v1.0.18
[INFO] [stderr]    Compiling memchr v2.7.4
[INFO] [stderr]    Compiling fnv v1.0.7
[INFO] [stderr]    Compiling number_prefix v0.3.0
[INFO] [stderr]    Compiling crossbeam-epoch v0.9.18
[INFO] [stderr]    Compiling quote v1.0.37
[INFO] [stderr]    Compiling console v0.15.8
[INFO] [stderr]    Compiling syn v2.0.86
[INFO] [stderr]    Compiling crossbeam-deque v0.8.5
[INFO] [stderr]    Compiling regex-automata v0.4.8
[INFO] [stderr]    Compiling rayon v1.10.0
[INFO] [stderr]    Compiling serde_derive v1.0.214
[INFO] [stderr]    Compiling regex v1.11.1
[INFO] [stderr]    Compiling indicatif v0.15.0
[INFO] [stderr]    Compiling hyperloglog-rs v0.1.56
[INFO] [stderr]    Compiling minhash-rs v0.2.0 (/opt/rustwide/workdir)
[INFO] [stdout] warning: the feature `return_position_impl_trait_in_trait` has been stable since 1.75.0 and no longer requires an attribute to enable
[INFO] [stdout]  --> src/lib.rs:1:12
[INFO] [stdout]   |
[INFO] [stdout] 1 | #![feature(return_position_impl_trait_in_trait)]
[INFO] [stdout]   |            ^^^^^^^^^^^^^^^^^^^^^^^^^^^^^^^^^^^
[INFO] [stdout]   |
[INFO] [stdout]   = note: `#[warn(stable_features)]` on by default
[INFO] [stdout] 
[INFO] [stdout] 
[INFO] [stdout] warning: the feature `return_position_impl_trait_in_trait` has been stable since 1.75.0 and no longer requires an attribute to enable
[INFO] [stdout]  --> src/lib.rs:1:12
[INFO] [stdout]   |
[INFO] [stdout] 1 | #![feature(return_position_impl_trait_in_trait)]
[INFO] [stdout]   |            ^^^^^^^^^^^^^^^^^^^^^^^^^^^^^^^^^^^
[INFO] [stdout]   |
[INFO] [stdout]   = note: `#[warn(stable_features)]` on by default
[INFO] [stdout] 
[INFO] [stdout] 
[INFO] [stdout] error[E0599]: no method named `estimate_jaccard_cardinality` found for struct `hyperloglog_rs::HyperLogLog` in the current scope
[INFO] [stdout]    --> tests/test_jaccard.rs:82:34
[INFO] [stdout]     |
[INFO] [stdout] 82  |     let estimated_jaccard = hll1.estimate_jaccard_cardinality(&hll2);
[INFO] [stdout]     |                                  ^^^^^^^^^^^^^^^^^^^^^^^^^^^^
[INFO] [stdout]     |
[INFO] [stdout] help: there is a method `estimate_cardinality` with a similar name, but with different arguments
[INFO] [stdout]    --> /opt/rustwide/cargo-home/registry/src/index.crates.io-6f17d22bba15001f/hyperloglog-rs-0.1.56/src/hyperloglog_trait.rs:133:5
[INFO] [stdout]     |
[INFO] [stdout] 133 |     fn estimate_cardinality(&self) -> f32 {
[INFO] [stdout]     |     ^^^^^^^^^^^^^^^^^^^^^^^^^^^^^^^^^^^^^
[INFO] [stdout] 
[INFO] [stdout] 
[INFO] [stdout] error[E0599]: no method named `get_number_of_registers` found for struct `hyperloglog_rs::HyperLogLog` in the current scope
[INFO] [stdout]   --> tests/test_jaccard.rs:92:19
[INFO] [stdout]    |
[INFO] [stdout] 92 |             (hll1.get_number_of_registers() + hll1.get_number_of_padding_registers()) * BITS,
[INFO] [stdout]    |                   ^^^^^^^^^^^^^^^^^^^^^^^
[INFO] [stdout]    |
[INFO] [stdout] help: there is a method `get_number_of_zero_registers` with a similar name
[INFO] [stdout]    |
[INFO] [stdout] 92 |             (hll1.get_number_of_zero_registers() + hll1.get_number_of_padding_registers()) * BITS,
[INFO] [stdout]    |                   ~~~~~~~~~~~~~~~~~~~~~~~~~~~~
[INFO] [stdout] 
[INFO] [stdout] 
[INFO] [stdout] error[E0599]: no method named `get_number_of_padding_registers` found for struct `hyperloglog_rs::HyperLogLog` in the current scope
[INFO] [stdout]    --> tests/test_jaccard.rs:92:52
[INFO] [stdout]     |
[INFO] [stdout] 92  |             (hll1.get_number_of_registers() + hll1.get_number_of_padding_registers()) * BITS,
[INFO] [stdout]     |                                                    ^^^^^^^^^^^^^^^^^^^^^^^^^^^^^^^ this is an associated function, not a method
[INFO] [stdout]     |
[INFO] [stdout]     = note: found the following associated functions; to be used as methods, functions must have a `self` parameter
[INFO] [stdout] note: the candidate is defined in the trait `hyperloglog_rs::prelude::HyperLogLogTrait`
[INFO] [stdout]    --> /opt/rustwide/cargo-home/registry/src/index.crates.io-6f17d22bba15001f/hyperloglog-rs-0.1.56/src/hyperloglog_trait.rs:462:5
[INFO] [stdout]     |
[INFO] [stdout] 462 |     fn get_number_of_padding_registers() -> usize {
[INFO] [stdout]     |     ^^^^^^^^^^^^^^^^^^^^^^^^^^^^^^^^^^^^^^^^^^^^^
[INFO] [stdout] help: use associated function syntax instead
[INFO] [stdout]     |
[INFO] [stdout] 92  |             (hll1.get_number_of_registers() + hyperloglog_rs::HyperLogLog<PRECISION, BITS>::get_number_of_padding_registers()) * BITS,
[INFO] [stdout]     |                                               ~~~~~~~~~~~~~~~~~~~~~~~~~~~~~~~~~~~~~~~~~~~~~~~~~~~~~~~~~~~~~~~~~~~~~~~~~~~~~~~
[INFO] [stdout] help: there is a method `get_number_of_zero_registers` with a similar name
[INFO] [stdout]     |
[INFO] [stdout] 92  |             (hll1.get_number_of_registers() + hll1.get_number_of_zero_registers()) * BITS,
[INFO] [stdout]     |                                                    ~~~~~~~~~~~~~~~~~~~~~~~~~~~~
[INFO] [stdout] 
[INFO] [stdout] 
[INFO] [stdout] For more information about this error, try `rustc --explain E0599`.
[INFO] [stdout] 
[INFO] [stderr] error: could not compile `minhash-rs` (test "test_jaccard") due to 3 previous errors
[INFO] [stderr] warning: build failed, waiting for other jobs to finish...
[INFO] running `Command { std: "docker" "inspect" "38860c401cb2ac699f644dabed6018f82a66d5c70b47a12c8cd5db156e0d625d", kill_on_drop: false }`
[INFO] running `Command { std: "docker" "rm" "-f" "38860c401cb2ac699f644dabed6018f82a66d5c70b47a12c8cd5db156e0d625d", kill_on_drop: false }`
[INFO] [stdout] 38860c401cb2ac699f644dabed6018f82a66d5c70b47a12c8cd5db156e0d625d
