[INFO] fetching crate miden-vm 0.10.5...
[INFO] testing miden-vm-0.10.5 against nightly-2024-10-28 for randomize-layout
[INFO] extracting crate miden-vm 0.10.5 into /workspace/builds/worker-1-tc1/source
[INFO] validating manifest of crates.io crate miden-vm 0.10.5 on toolchain nightly-2024-10-28
[INFO] running `Command { std: CARGO_HOME="/workspace/cargo-home" RUSTUP_HOME="/workspace/rustup-home" "/workspace/cargo-home/bin/cargo" "+nightly-2024-10-28" "metadata" "--manifest-path" "Cargo.toml" "--no-deps", kill_on_drop: false }`
[INFO] started tweaking crates.io crate miden-vm 0.10.5
[INFO] removed 0 missing tests
[INFO] finished tweaking crates.io crate miden-vm 0.10.5
[INFO] tweaked toml for crates.io crate miden-vm 0.10.5 written to /workspace/builds/worker-1-tc1/source/Cargo.toml
[INFO] crate crates.io crate miden-vm 0.10.5 already has a lockfile, it will not be regenerated
[INFO] running `Command { std: CARGO_HOME="/workspace/cargo-home" RUSTUP_HOME="/workspace/rustup-home" "/workspace/cargo-home/bin/cargo" "+nightly-2024-10-28" "fetch" "--manifest-path" "Cargo.toml", kill_on_drop: false }`
[INFO] [stderr]     Updating crates.io index
[INFO] [stderr]  Downloading crates ...
[INFO] [stderr]   Downloaded winter-fri v0.9.0
[INFO] [stderr]   Downloaded tracing-forest v0.1.6
[INFO] [stderr]   Downloaded miden-verifier v0.10.5
[INFO] [stderr]   Downloaded winter-utils v0.9.1
[INFO] [stderr]   Downloaded winter-verifier v0.9.0
[INFO] [stderr]   Downloaded winter-maybe-async v0.9.0
[INFO] [stderr]   Downloaded escargot v0.5.12
[INFO] [stderr]   Downloaded miden-prover v0.10.5
[INFO] [stderr]   Downloaded winter-math v0.9.0
[INFO] [stderr]   Downloaded generator v0.8.2
[INFO] [stderr]   Downloaded winter-prover v0.9.0
[INFO] [stderr]   Downloaded miden-gpu v0.2.0
[INFO] [stderr]   Downloaded miden-air v0.10.5
[INFO] [stderr]   Downloaded miden-processor v0.10.5
[INFO] [stderr]   Downloaded rustyline v13.0.0
[INFO] [stderr]   Downloaded trybuild v1.0.99
[INFO] [stderr]   Downloaded supports-color v3.0.0
[INFO] [stderr]   Downloaded winter-air v0.9.0
[INFO] [stderr]   Downloaded miden-crypto v0.10.0
[INFO] [stderr]   Downloaded miden-stdlib v0.10.5
[INFO] running `Command { std: "docker" "create" "-v" "/var/lib/crater-agent-workspace/builds/worker-1-tc1/target:/opt/rustwide/target:rw,Z" "-v" "/var/lib/crater-agent-workspace/builds/worker-1-tc1/source:/opt/rustwide/workdir:ro,Z" "-v" "/var/lib/crater-agent-workspace/cargo-home:/opt/rustwide/cargo-home:ro,Z" "-v" "/var/lib/crater-agent-workspace/rustup-home:/opt/rustwide/rustup-home:ro,Z" "-e" "SOURCE_DIR=/opt/rustwide/workdir" "-e" "CARGO_TARGET_DIR=/opt/rustwide/target" "-e" "CARGO_HOME=/opt/rustwide/cargo-home" "-e" "RUSTUP_HOME=/opt/rustwide/rustup-home" "-w" "/opt/rustwide/workdir" "-m" "1610612736" "--user" "0:0" "--network" "none" "ghcr.io/rust-lang/crates-build-env/linux@sha256:4a844ea9eb2546a2d2c7022eacef16ef2e8229c7fbb2c7d4d55a9ceca922f72d" "/opt/rustwide/cargo-home/bin/cargo" "+nightly-2024-10-28" "metadata" "--no-deps" "--format-version=1", kill_on_drop: false }`
[INFO] [stdout] 909e19377a48098727a056eac82a7e6c5a13aa0cf15774d0efb36d16061b7250
[INFO] running `Command { std: "docker" "start" "-a" "909e19377a48098727a056eac82a7e6c5a13aa0cf15774d0efb36d16061b7250", kill_on_drop: false }`
[INFO] running `Command { std: "docker" "inspect" "909e19377a48098727a056eac82a7e6c5a13aa0cf15774d0efb36d16061b7250", kill_on_drop: false }`
[INFO] running `Command { std: "docker" "rm" "-f" "909e19377a48098727a056eac82a7e6c5a13aa0cf15774d0efb36d16061b7250", kill_on_drop: false }`
[INFO] [stdout] 909e19377a48098727a056eac82a7e6c5a13aa0cf15774d0efb36d16061b7250
[INFO] running `Command { std: "docker" "create" "-v" "/var/lib/crater-agent-workspace/builds/worker-1-tc1/target:/opt/rustwide/target:rw,Z" "-v" "/var/lib/crater-agent-workspace/builds/worker-1-tc1/source:/opt/rustwide/workdir:ro,Z" "-v" "/var/lib/crater-agent-workspace/cargo-home:/opt/rustwide/cargo-home:ro,Z" "-v" "/var/lib/crater-agent-workspace/rustup-home:/opt/rustwide/rustup-home:ro,Z" "-e" "SOURCE_DIR=/opt/rustwide/workdir" "-e" "CARGO_TARGET_DIR=/opt/rustwide/target" "-e" "CARGO_INCREMENTAL=0" "-e" "RUST_BACKTRACE=full" "-e" "RUSTFLAGS=--cap-lints=forbid" "-e" "RUSTDOCFLAGS=--cap-lints=forbid" "-e" "CARGO_HOME=/opt/rustwide/cargo-home" "-e" "RUSTUP_HOME=/opt/rustwide/rustup-home" "-w" "/opt/rustwide/workdir" "-m" "1610612736" "--user" "0:0" "--network" "none" "ghcr.io/rust-lang/crates-build-env/linux@sha256:4a844ea9eb2546a2d2c7022eacef16ef2e8229c7fbb2c7d4d55a9ceca922f72d" "/opt/rustwide/cargo-home/bin/cargo" "+nightly-2024-10-28" "build" "--frozen" "--message-format=json", kill_on_drop: false }`
[INFO] [stdout] 48dcccb84c824bc7b06f97462bd1cd4c7abb593b2258c3c2948714b93b96a2f6
[INFO] running `Command { std: "docker" "start" "-a" "48dcccb84c824bc7b06f97462bd1cd4c7abb593b2258c3c2948714b93b96a2f6", kill_on_drop: false }`
[INFO] [stderr]    Compiling libc v0.2.158
[INFO] [stderr]    Compiling cfg-if v1.0.0
[INFO] [stderr]    Compiling proc-macro2 v1.0.86
[INFO] [stderr]    Compiling unicode-ident v1.0.12
[INFO] [stderr]    Compiling shlex v1.3.0
[INFO] [stderr]    Compiling autocfg v1.3.0
[INFO] [stderr]    Compiling memchr v2.7.4
[INFO] [stderr]    Compiling version_check v0.9.5
[INFO] [stderr]    Compiling typenum v1.17.0
[INFO] [stderr]    Compiling libm v0.2.8
[INFO] [stderr]    Compiling equivalent v1.0.1
[INFO] [stderr]    Compiling hashbrown v0.14.5
[INFO] [stderr]    Compiling serde v1.0.208
[INFO] [stderr]    Compiling regex-syntax v0.8.4
[INFO] [stderr]    Compiling constant_time_eq v0.3.0
[INFO] [stderr]    Compiling arrayvec v0.7.6
[INFO] [stderr]    Compiling arrayref v0.3.8
[INFO] [stderr]    Compiling parking_lot_core v0.9.10
[INFO] [stderr]    Compiling keccak v0.1.5
[INFO] [stderr]    Compiling winter-utils v0.9.1
[INFO] [stderr]    Compiling scopeguard v1.2.0
[INFO] [stderr]    Compiling glob v0.3.1
[INFO] [stderr]    Compiling smallvec v1.13.2
[INFO] [stderr]    Compiling pin-project-lite v0.2.14
[INFO] [stderr]    Compiling futures-core v0.3.30
[INFO] [stderr]    Compiling winnow v0.6.18
[INFO] [stderr]    Compiling winter-math v0.9.0
[INFO] [stderr]    Compiling num-traits v0.2.19
[INFO] [stderr]    Compiling generic-array v0.14.7
[INFO] [stderr]    Compiling lock_api v0.4.12
[INFO] [stderr]    Compiling futures-sink v0.3.30
[INFO] [stderr]    Compiling serde_json v1.0.125
[INFO] [stderr]    Compiling byteorder v1.5.0
[INFO] [stderr]    Compiling aho-corasick v1.1.3
[INFO] [stderr]    Compiling ryu v1.0.18
[INFO] [stderr]    Compiling indexmap v2.4.0
[INFO] [stderr]    Compiling utf8parse v0.2.2
[INFO] [stderr]    Compiling trybuild v1.0.99
[INFO] [stderr]    Compiling futures-task v0.3.30
[INFO] [stderr]    Compiling itoa v1.0.11
[INFO] [stderr]    Compiling pin-utils v0.1.0
[INFO] [stderr]    Compiling rustversion v1.0.17
[INFO] [stderr]    Compiling futures-util v0.3.30
[INFO] [stderr]    Compiling futures-channel v0.3.30
[INFO] [stderr]    Compiling quote v1.0.36
[INFO] [stderr]    Compiling adler v1.0.2
[INFO] [stderr]    Compiling gimli v0.29.0
[INFO] [stderr]    Compiling termcolor v1.4.1
[INFO] [stderr]    Compiling rustix v0.38.34
[INFO] [stderr]    Compiling jobserver v0.1.32
[INFO] [stderr]    Compiling syn v2.0.75
[INFO] [stderr]    Compiling getrandom v0.2.15
[INFO] [stderr]    Compiling vte_generate_state_changes v0.1.2
[INFO] [stderr]    Compiling rand_core v0.6.4
[INFO] [stderr]    Compiling futures-io v0.3.30
[INFO] [stderr]    Compiling cc v1.1.13
[INFO] [stderr]    Compiling parking_lot v0.12.3
[INFO] [stderr]    Compiling dissimilar v1.0.9
[INFO] [stderr]    Compiling vte v0.11.1
[INFO] [stderr]    Compiling miniz_oxide v0.7.4
[INFO] [stderr]    Compiling object v0.36.3
[INFO] [stderr]    Compiling num-integer v0.1.46
[INFO] [stderr]    Compiling num-complex v0.4.6
[INFO] [stderr]    Compiling lazy_static v1.5.0
[INFO] [stderr]    Compiling miden-thiserror v1.0.59
[INFO] [stderr]    Compiling num-bigint v0.4.6
[INFO] [stderr]    Compiling crypto-common v0.1.6
[INFO] [stderr]    Compiling block-buffer v0.10.4
[INFO] [stderr]    Compiling num-iter v0.1.45
[INFO] [stderr]    Compiling unicode-width v0.1.13
[INFO] [stderr]    Compiling regex-automata v0.4.7
[INFO] [stderr]    Compiling indenter v0.3.3
[INFO] [stderr]    Compiling rustc-demangle v0.1.24
[INFO] [stderr]    Compiling digest v0.10.7
[INFO] [stderr]    Compiling strip-ansi-escapes v0.2.0
[INFO] [stderr]    Compiling bitflags v2.6.0
[INFO] [stderr]    Compiling linux-raw-sys v0.4.14
[INFO] [stderr]    Compiling sha3 v0.10.8
[INFO] [stderr]    Compiling dirs-sys-next v0.1.2
[INFO] [stderr]    Compiling is_ci v1.2.0
[INFO] [stderr]    Compiling unicode-linebreak v0.1.5
[INFO] [stderr]    Compiling crunchy v0.2.2
[INFO] [stderr]    Compiling futures v0.3.30
[INFO] [stderr]    Compiling smawk v0.3.2
[INFO] [stderr]    Compiling dirs-next v2.0.0
[INFO] [stderr]    Compiling supports-color v3.0.0
[INFO] [stderr]    Compiling supports-unicode v3.0.0
[INFO] [stderr]    Compiling textwrap v0.16.1
[INFO] [stderr]    Compiling semver v1.0.23
[INFO] [stderr]    Compiling owo-colors v4.0.0
[INFO] [stderr]    Compiling siphasher v0.3.11
[INFO] [stderr]    Compiling tiny-keccak v2.0.2
[INFO] [stderr]    Compiling spin v0.9.8
[INFO] [stderr]    Compiling supports-hyperlinks v3.0.0
[INFO] [stderr]    Compiling phf_shared v0.10.0
[INFO] [stderr]    Compiling term v0.7.0
[INFO] [stderr]    Compiling miden-formatting v0.1.1
[INFO] [stderr]    Compiling either v1.13.0
[INFO] [stderr]    Compiling new_debug_unreachable v1.0.6
[INFO] [stderr]    Compiling bit-vec v0.6.3
[INFO] [stderr]    Compiling fixedbitset v0.4.2
[INFO] [stderr]    Compiling addr2line v0.22.0
[INFO] [stderr]    Compiling num-rational v0.4.2
[INFO] [stderr]    Compiling blake3 v1.5.4
[INFO] [stderr]    Compiling backtrace v0.3.73
[INFO] [stderr]    Compiling miden-crypto v0.10.0
[INFO] [stderr]    Compiling terminal_size v0.3.0
[INFO] [stderr]    Compiling serde_spanned v0.6.7
[INFO] [stderr]    Compiling toml_datetime v0.6.8
[INFO] [stderr]    Compiling once_cell v1.19.0
[INFO] [stderr]    Compiling same-file v1.0.6
[INFO] [stderr]    Compiling precomputed-hash v0.1.1
[INFO] [stderr]    Compiling tracing-core v0.1.32
[INFO] [stderr]    Compiling log v0.4.22
[INFO] [stderr]    Compiling walkdir v2.5.0
[INFO] [stderr]    Compiling num v0.4.3
[INFO] [stderr]    Compiling petgraph v0.6.5
[INFO] [stderr]    Compiling toml_edit v0.22.20
[INFO] [stderr]    Compiling bit-set v0.5.3
[INFO] [stderr]    Compiling ena v0.14.3
[INFO] [stderr]    Compiling string_cache v0.8.7
[INFO] [stderr]    Compiling itertools v0.11.0
[INFO] [stderr]    Compiling ascii-canvas v3.0.0
[INFO] [stderr]    Compiling unicode-xid v0.2.5
[INFO] [stderr]    Compiling lalrpop-util v0.20.2
[INFO] [stderr]    Compiling rustc_version v0.4.0
[INFO] [stderr]    Compiling winter-crypto v0.9.0
[INFO] [stderr]    Compiling regex v1.10.6
[INFO] [stderr]    Compiling winter-fri v0.9.0
[INFO] [stderr]    Compiling lalrpop v0.20.2
[INFO] [stderr]    Compiling winter-air v0.9.0
[INFO] [stderr]    Compiling zerocopy-derive v0.7.35
[INFO] [stderr]    Compiling serde_derive v1.0.208
[INFO] [stderr]    Compiling miden-thiserror-impl v1.0.59
[INFO] [stderr]    Compiling miden-miette-derive v7.1.0
[INFO] [stderr]    Compiling tracing-attributes v0.1.27
[INFO] [stderr]    Compiling num-derive v0.4.2
[INFO] [stderr]    Compiling winter-maybe-async v0.9.0
[INFO] [stderr]    Compiling winter-verifier v0.9.0
[INFO] [stderr]    Compiling toml v0.8.19
[INFO] [stderr]    Compiling backtrace-ext v0.2.1
[INFO] [stderr]    Compiling zerocopy v0.7.35
[INFO] [stderr]    Compiling tracing v0.1.40
[INFO] [stderr]    Compiling winter-prover v0.9.0
[INFO] [stderr]    Compiling ppv-lite86 v0.2.20
[INFO] [stderr]    Compiling rand_chacha v0.3.1
[INFO] [stderr]    Compiling rand v0.8.5
[INFO] [stderr]    Compiling miden-miette v7.1.1
[INFO] [stderr]    Compiling miden-core v0.10.5
[INFO] [stderr]    Compiling miden-air v0.10.5
[INFO] [stderr]    Compiling miden-processor v0.10.5
[INFO] [stderr]    Compiling miden-verifier v0.10.5
[INFO] [stderr]    Compiling miden-assembly v0.10.5
[INFO] [stderr]    Compiling miden-prover v0.10.5
[INFO] [stderr]    Compiling miden-stdlib v0.10.5
[INFO] [stderr]    Compiling miden-vm v0.10.5 (/opt/rustwide/workdir)
[INFO] [stderr]     Finished `dev` profile [unoptimized + debuginfo] target(s) in 31.44s
[INFO] running `Command { std: "docker" "inspect" "48dcccb84c824bc7b06f97462bd1cd4c7abb593b2258c3c2948714b93b96a2f6", kill_on_drop: false }`
[INFO] running `Command { std: "docker" "rm" "-f" "48dcccb84c824bc7b06f97462bd1cd4c7abb593b2258c3c2948714b93b96a2f6", kill_on_drop: false }`
[INFO] [stdout] 48dcccb84c824bc7b06f97462bd1cd4c7abb593b2258c3c2948714b93b96a2f6
[INFO] running `Command { std: "docker" "create" "-v" "/var/lib/crater-agent-workspace/builds/worker-1-tc1/target:/opt/rustwide/target:rw,Z" "-v" "/var/lib/crater-agent-workspace/builds/worker-1-tc1/source:/opt/rustwide/workdir:ro,Z" "-v" "/var/lib/crater-agent-workspace/cargo-home:/opt/rustwide/cargo-home:ro,Z" "-v" "/var/lib/crater-agent-workspace/rustup-home:/opt/rustwide/rustup-home:ro,Z" "-e" "SOURCE_DIR=/opt/rustwide/workdir" "-e" "CARGO_TARGET_DIR=/opt/rustwide/target" "-e" "CARGO_INCREMENTAL=0" "-e" "RUST_BACKTRACE=full" "-e" "RUSTFLAGS=--cap-lints=forbid" "-e" "RUSTDOCFLAGS=--cap-lints=forbid" "-e" "CARGO_HOME=/opt/rustwide/cargo-home" "-e" "RUSTUP_HOME=/opt/rustwide/rustup-home" "-w" "/opt/rustwide/workdir" "-m" "1610612736" "--user" "0:0" "--network" "none" "ghcr.io/rust-lang/crates-build-env/linux@sha256:4a844ea9eb2546a2d2c7022eacef16ef2e8229c7fbb2c7d4d55a9ceca922f72d" "/opt/rustwide/cargo-home/bin/cargo" "+nightly-2024-10-28" "test" "--frozen" "--no-run" "--message-format=json", kill_on_drop: false }`
[INFO] [stdout] e898b2ce6f4723ca15c79f175e58bf0c7a55b7867c318f8b112b6343f8fece4a
[INFO] running `Command { std: "docker" "start" "-a" "e898b2ce6f4723ca15c79f175e58bf0c7a55b7867c318f8b112b6343f8fece4a", kill_on_drop: false }`
[INFO] [stderr]    Compiling regex-syntax v0.8.4
[INFO] [stderr]    Compiling aho-corasick v1.1.3
[INFO] [stderr]    Compiling num-traits v0.2.19
[INFO] [stderr]    Compiling serde_json v1.0.125
[INFO] [stderr]    Compiling itoa v1.0.11
[INFO] [stderr]    Compiling ryu v1.0.18
[INFO] [stderr]    Compiling either v1.13.0
[INFO] [stderr]    Compiling once_cell v1.19.0
[INFO] [stderr]    Compiling same-file v1.0.6
[INFO] [stderr]    Compiling log v0.4.22
[INFO] [stderr]    Compiling rand_chacha v0.3.1
[INFO] [stderr]    Compiling winter-fri v0.9.0
[INFO] [stderr]    Compiling serde v1.0.208
[INFO] [stderr]    Compiling crossbeam-utils v0.8.20
[INFO] [stderr]    Compiling anstyle v1.0.8
[INFO] [stderr]    Compiling walkdir v2.5.0
[INFO] [stderr]    Compiling string_cache v0.8.7
[INFO] [stderr]    Compiling itertools v0.11.0
[INFO] [stderr]    Compiling rayon-core v1.12.1
[INFO] [stderr]    Compiling ena v0.14.3
[INFO] [stderr]    Compiling rand v0.8.5
[INFO] [stderr]    Compiling winter-air v0.9.0
[INFO] [stderr]    Compiling half v2.4.1
[INFO] [stderr]    Compiling clap_lex v0.7.2
[INFO] [stderr]    Compiling predicates-core v1.0.8
[INFO] [stderr]    Compiling ciborium-io v0.2.2
[INFO] [stderr]    Compiling plotters-backend v0.3.6
[INFO] [stderr]    Compiling doc-comment v0.3.3
[INFO] [stderr]    Compiling ciborium-ll v0.2.2
[INFO] [stderr]    Compiling clap_builder v4.5.15
[INFO] [stderr]    Compiling itertools v0.10.5
[INFO] [stderr]    Compiling num-integer v0.1.46
[INFO] [stderr]    Compiling num-complex v0.4.6
[INFO] [stderr]    Compiling winter-prover v0.9.0
[INFO] [stderr]    Compiling crossbeam-epoch v0.9.18
[INFO] [stderr]    Compiling num-bigint v0.4.6
[INFO] [stderr]    Compiling num-iter v0.1.45
[INFO] [stderr]    Compiling crossbeam-deque v0.8.5
[INFO] [stderr]    Compiling float-cmp v0.9.0
[INFO] [stderr]    Compiling plotters-svg v0.3.6
[INFO] [stderr]    Compiling trybuild v1.0.99
[INFO] [stderr]    Compiling winter-verifier v0.9.0
[INFO] [stderr]    Compiling difflib v0.4.0
[INFO] [stderr]    Compiling termtree v0.4.1
[INFO] [stderr]    Compiling escargot v0.5.12
[INFO] [stderr]    Compiling cast v0.3.0
[INFO] [stderr]    Compiling assert_cmd v2.0.16
[INFO] [stderr]    Compiling normalize-line-endings v0.3.0
[INFO] [stderr]    Compiling predicates-tree v1.0.11
[INFO] [stderr]    Compiling plotters v0.3.6
[INFO] [stderr]    Compiling is-terminal v0.4.13
[INFO] [stderr]    Compiling wait-timeout v0.2.0
[INFO] [stderr]    Compiling anes v0.1.6
[INFO] [stderr]    Compiling oorandom v11.1.4
[INFO] [stderr]    Compiling rayon v1.10.0
[INFO] [stderr]    Compiling regex-automata v0.4.7
[INFO] [stderr]    Compiling criterion-plot v0.5.0
[INFO] [stderr]    Compiling num-rational v0.4.2
[INFO] [stderr]    Compiling clap v4.5.16
[INFO] [stderr]    Compiling num v0.4.3
[INFO] [stderr]    Compiling miden-crypto v0.10.0
[INFO] [stderr]    Compiling ciborium v0.2.2
[INFO] [stderr]    Compiling tinytemplate v1.2.1
[INFO] [stderr]    Compiling regex v1.10.6
[INFO] [stderr]    Compiling lalrpop v0.20.2
[INFO] [stderr]    Compiling miden-miette v7.1.1
[INFO] [stderr]    Compiling bstr v1.10.0
[INFO] [stderr]    Compiling predicates v3.1.2
[INFO] [stderr]    Compiling criterion v0.5.1
[INFO] [stderr]    Compiling miden-core v0.10.5
[INFO] [stderr]    Compiling miden-air v0.10.5
[INFO] [stderr]    Compiling miden-processor v0.10.5
[INFO] [stderr]    Compiling miden-verifier v0.10.5
[INFO] [stderr]    Compiling miden-prover v0.10.5
[INFO] [stderr]    Compiling miden-assembly v0.10.5
[INFO] [stderr]    Compiling miden-stdlib v0.10.5
[INFO] [stderr]    Compiling miden-vm v0.10.5 (/opt/rustwide/workdir)
[INFO] [stdout] error[E0432]: unresolved import `assembly::regex`
[INFO] [stdout]  --> tests/integration/operations/field_ops.rs:1:5
[INFO] [stdout]   |
[INFO] [stdout] 1 | use assembly::regex;
[INFO] [stdout]   |     ^^^^^^^^^^^^^^^ no `regex` in the root
[INFO] [stdout] 
[INFO] [stdout] 
[INFO] [stdout] error[E0432]: unresolved import `assembly::regex`
[INFO] [stdout]  --> tests/integration/operations/stack_ops.rs:1:5
[INFO] [stdout]   |
[INFO] [stdout] 1 | use assembly::regex;
[INFO] [stdout]   |     ^^^^^^^^^^^^^^^ no `regex` in the root
[INFO] [stdout] 
[INFO] [stdout] 
[INFO] [stdout] error[E0432]: unresolved import `test_utils`
[INFO] [stdout]  --> tests/integration/main.rs:3:5
[INFO] [stdout]   |
[INFO] [stdout] 3 | use test_utils::build_test;
[INFO] [stdout]   |     ^^^^^^^^^^ use of undeclared crate or module `test_utils`
[INFO] [stdout] 
[INFO] [stdout] 
[INFO] [stdout] error[E0433]: failed to resolve: use of undeclared crate or module `test_utils`
[INFO] [stdout]  --> tests/integration/air/chiplets/mod.rs:1:5
[INFO] [stdout]   |
[INFO] [stdout] 1 | use test_utils::{build_test, rand::rand_vector};
[INFO] [stdout]   |     ^^^^^^^^^^ use of undeclared crate or module `test_utils`
[INFO] [stdout] 
[INFO] [stdout] 
[INFO] [stdout] error[E0432]: unresolved import `test_utils`
[INFO] [stdout]  --> tests/integration/air/chiplets/mod.rs:1:5
[INFO] [stdout]   |
[INFO] [stdout] 1 | use test_utils::{build_test, rand::rand_vector};
[INFO] [stdout]   |     ^^^^^^^^^^ use of undeclared crate or module `test_utils`
[INFO] [stdout] 
[INFO] [stdout] 
[INFO] [stdout] error[E0432]: unresolved import `test_utils`
[INFO] [stdout]  --> tests/integration/air/chiplets/bitwise.rs:1:5
[INFO] [stdout]   |
[INFO] [stdout] 1 | use test_utils::{build_op_test, build_test};
[INFO] [stdout]   |     ^^^^^^^^^^ use of undeclared crate or module `test_utils`
[INFO] [stdout] 
[INFO] [stdout] 
[INFO] [stdout] error[E0433]: failed to resolve: use of undeclared crate or module `test_utils`
[INFO] [stdout]  --> tests/integration/air/chiplets/hasher.rs:1:5
[INFO] [stdout]   |
[INFO] [stdout] 1 | use test_utils::{
[INFO] [stdout]   |     ^^^^^^^^^^ use of undeclared crate or module `test_utils`
[INFO] [stdout] 
[INFO] [stdout] 
[INFO] [stdout] error[E0432]: unresolved import `test_utils`
[INFO] [stdout]  --> tests/integration/air/chiplets/hasher.rs:1:5
[INFO] [stdout]   |
[INFO] [stdout] 1 | use test_utils::{
[INFO] [stdout]   |     ^^^^^^^^^^ use of undeclared crate or module `test_utils`
[INFO] [stdout] 
[INFO] [stdout] 
[INFO] [stdout] error[E0432]: unresolved import `test_utils`
[INFO] [stdout]  --> tests/integration/air/chiplets/memory.rs:1:5
[INFO] [stdout]   |
[INFO] [stdout] 1 | use test_utils::{build_op_test, build_test, ToElements};
[INFO] [stdout]   |     ^^^^^^^^^^ use of undeclared crate or module `test_utils`
[INFO] [stdout] 
[INFO] [stdout] 
[INFO] [stdout] error[E0432]: unresolved import `test_utils`
[INFO] [stdout]  --> tests/integration/air/range.rs:1:5
[INFO] [stdout]   |
[INFO] [stdout] 1 | use test_utils::{build_op_test, build_test};
[INFO] [stdout]   |     ^^^^^^^^^^ use of undeclared crate or module `test_utils`
[INFO] [stdout] 
[INFO] [stdout] 
[INFO] [stdout] error[E0432]: unresolved import `test_utils`
[INFO] [stdout]  --> tests/integration/air/stack/mod.rs:1:5
[INFO] [stdout]   |
[INFO] [stdout] 1 | use test_utils::build_op_test;
[INFO] [stdout]   |     ^^^^^^^^^^ use of undeclared crate or module `test_utils`
[INFO] [stdout] 
[INFO] [stdout] 
[INFO] [stdout] error[E0432]: unresolved import `test_utils`
[INFO] [stdout]  --> tests/integration/air/stack/field_ops.rs:1:5
[INFO] [stdout]   |
[INFO] [stdout] 1 | use test_utils::build_op_test;
[INFO] [stdout]   |     ^^^^^^^^^^ use of undeclared crate or module `test_utils`
[INFO] [stdout] 
[INFO] [stdout] 
[INFO] [stdout] error[E0432]: unresolved import `test_utils`
[INFO] [stdout]  --> tests/integration/air/stack/stack_manipualtion_ops.rs:1:5
[INFO] [stdout]   |
[INFO] [stdout] 1 | use test_utils::build_op_test;
[INFO] [stdout]   |     ^^^^^^^^^^ use of undeclared crate or module `test_utils`
[INFO] [stdout] 
[INFO] [stdout] 
[INFO] [stdout] error[E0432]: unresolved import `test_utils`
[INFO] [stdout]  --> tests/integration/exec_iters.rs:2:5
[INFO] [stdout]   |
[INFO] [stdout] 2 | use test_utils::{assert_eq, build_debug_test, Felt, ToElements, ONE};
[INFO] [stdout]   |     ^^^^^^^^^^ use of undeclared crate or module `test_utils`
[INFO] [stdout] 
[INFO] [stdout] 
[INFO] [stdout] error[E0432]: unresolved import `test_utils`
[INFO] [stdout]  --> tests/integration/flow_control/mod.rs:8:5
[INFO] [stdout]   |
[INFO] [stdout] 8 | use test_utils::{build_test, expect_exec_error, StackInputs, Test};
[INFO] [stdout]   |     ^^^^^^^^^^ use of undeclared crate or module `test_utils`
[INFO] [stdout] 
[INFO] [stdout] 
[INFO] [stdout] error[E0433]: failed to resolve: use of undeclared crate or module `test_utils`
[INFO] [stdout]  --> tests/integration/operations/crypto_ops.rs:1:5
[INFO] [stdout]   |
[INFO] [stdout] 1 | use test_utils::{
[INFO] [stdout]   |     ^^^^^^^^^^ use of undeclared crate or module `test_utils`
[INFO] [stdout] 
[INFO] [stdout] 
[INFO] [stdout] error[E0432]: unresolved import `test_utils`
[INFO] [stdout]  --> tests/integration/operations/crypto_ops.rs:1:5
[INFO] [stdout]   |
[INFO] [stdout] 1 | use test_utils::{
[INFO] [stdout]   |     ^^^^^^^^^^ use of undeclared crate or module `test_utils`
[INFO] [stdout] 
[INFO] [stdout] 
[INFO] [stdout] error[E0433]: failed to resolve: use of undeclared crate or module `test_utils`
[INFO] [stdout]  --> tests/integration/operations/decorators/advice.rs:4:5
[INFO] [stdout]   |
[INFO] [stdout] 4 | use test_utils::{
[INFO] [stdout]   |     ^^^^^^^^^^ use of undeclared crate or module `test_utils`
[INFO] [stdout] 
[INFO] [stdout] 
[INFO] [stdout] error[E0432]: unresolved import `test_utils`
[INFO] [stdout]  --> tests/integration/operations/decorators/advice.rs:4:5
[INFO] [stdout]   |
[INFO] [stdout] 4 | use test_utils::{
[INFO] [stdout]   |     ^^^^^^^^^^ use of undeclared crate or module `test_utils`
[INFO] [stdout] 
[INFO] [stdout] 
[INFO] [stdout] error[E0432]: unresolved import `test_utils`
[INFO] [stdout]  --> tests/integration/operations/decorators/asmop.rs:2:5
[INFO] [stdout]   |
[INFO] [stdout] 2 | use test_utils::{assert_eq, build_debug_test};
[INFO] [stdout]   |     ^^^^^^^^^^ use of undeclared crate or module `test_utils`
[INFO] [stdout] 
[INFO] [stdout] 
[INFO] [stdout] error[E0433]: failed to resolve: use of undeclared crate or module `test_utils`
[INFO] [stdout]  --> tests/integration/operations/ext2_ops.rs:1:5
[INFO] [stdout]   |
[INFO] [stdout] 1 | use test_utils::{build_op_test, rand::rand_value, FieldElement, QuadFelt};
[INFO] [stdout]   |     ^^^^^^^^^^ use of undeclared crate or module `test_utils`
[INFO] [stdout] 
[INFO] [stdout] 
[INFO] [stdout] error[E0432]: unresolved import `test_utils`
[INFO] [stdout]  --> tests/integration/operations/ext2_ops.rs:1:5
[INFO] [stdout]   |
[INFO] [stdout] 1 | use test_utils::{build_op_test, rand::rand_value, FieldElement, QuadFelt};
[INFO] [stdout]   |     ^^^^^^^^^^ use of undeclared crate or module `test_utils`
[INFO] [stdout] 
[INFO] [stdout] 
[INFO] [stdout] error[E0433]: failed to resolve: use of undeclared crate or module `test_utils`
[INFO] [stdout]  --> tests/integration/operations/fri_ops.rs:1:5
[INFO] [stdout]   |
[INFO] [stdout] 1 | use test_utils::{build_test, rand::rand_array, Felt, FieldElement};
[INFO] [stdout]   |     ^^^^^^^^^^ use of undeclared crate or module `test_utils`
[INFO] [stdout] 
[INFO] [stdout] 
[INFO] [stdout] error[E0432]: unresolved import `test_utils`
[INFO] [stdout]  --> tests/integration/operations/fri_ops.rs:1:5
[INFO] [stdout]   |
[INFO] [stdout] 1 | use test_utils::{build_test, rand::rand_array, Felt, FieldElement};
[INFO] [stdout]   |     ^^^^^^^^^^ use of undeclared crate or module `test_utils`
[INFO] [stdout] 
[INFO] [stdout] 
[INFO] [stdout] error[E0432]: unresolved import `test_utils`
[INFO] [stdout]  --> tests/integration/operations/io_ops/mod.rs:1:5
[INFO] [stdout]   |
[INFO] [stdout] 1 | use test_utils::{assert_eq, build_op_test, build_test, Felt, ToElements};
[INFO] [stdout]   |     ^^^^^^^^^^ use of undeclared crate or module `test_utils`
[INFO] [stdout] 
[INFO] [stdout] 
[INFO] [stdout] error[E0432]: unresolved import `test_utils`
[INFO] [stdout]  --> tests/integration/operations/io_ops/adv_ops.rs:2:5
[INFO] [stdout]   |
[INFO] [stdout] 2 | use test_utils::expect_exec_error;
[INFO] [stdout]   |     ^^^^^^^^^^ use of undeclared crate or module `test_utils`
[INFO] [stdout] 
[INFO] [stdout] 
[INFO] [stdout] error[E0432]: unresolved import `test_utils`
[INFO] [stdout]  --> tests/integration/operations/io_ops/env_ops.rs:3:5
[INFO] [stdout]   |
[INFO] [stdout] 3 | use test_utils::{build_op_test, build_test, StackInputs, Test, Word, STACK_TOP_SIZE};
[INFO] [stdout]   |     ^^^^^^^^^^ use of undeclared crate or module `test_utils`
[INFO] [stdout] 
[INFO] [stdout] 
[INFO] [stdout] error[E0432]: unresolved import `test_utils`
[INFO] [stdout]  --> tests/integration/operations/sys_ops.rs:2:5
[INFO] [stdout]   |
[INFO] [stdout] 2 | use test_utils::{build_op_test, expect_exec_error};
[INFO] [stdout]   |     ^^^^^^^^^^ use of undeclared crate or module `test_utils`
[INFO] [stdout] 
[INFO] [stdout] 
[INFO] [stdout] error[E0433]: failed to resolve: use of undeclared crate or module `test_utils`
[INFO] [stdout]  --> tests/integration/operations/field_ops.rs:3:5
[INFO] [stdout]   |
[INFO] [stdout] 3 | use test_utils::{
[INFO] [stdout]   |     ^^^^^^^^^^ use of undeclared crate or module `test_utils`
[INFO] [stdout] 
[INFO] [stdout] 
[INFO] [stdout] error[E0433]: failed to resolve: use of undeclared crate or module `test_utils`
[INFO] [stdout]  --> tests/integration/operations/stack_ops.rs:2:5
[INFO] [stdout]   |
[INFO] [stdout] 2 | use test_utils::{
[INFO] [stdout]   |     ^^^^^^^^^^ use of undeclared crate or module `test_utils`
[INFO] [stdout] 
[INFO] [stdout] 
[INFO] [stdout] error[E0433]: failed to resolve: use of undeclared crate or module `test_utils`
[INFO] [stdout]  --> tests/integration/operations/u32_ops/arithmetic_ops.rs:2:5
[INFO] [stdout]   |
[INFO] [stdout] 2 | use test_utils::{
[INFO] [stdout]   |     ^^^^^^^^^^ use of undeclared crate or module `test_utils`
[INFO] [stdout] 
[INFO] [stdout] 
[INFO] [stdout] error[E0433]: failed to resolve: use of undeclared crate or module `test_utils`
[INFO] [stdout]  --> tests/integration/operations/u32_ops/bitwise_ops.rs:2:5
[INFO] [stdout]   |
[INFO] [stdout] 2 | use test_utils::{
[INFO] [stdout]   |     ^^^^^^^^^^ use of undeclared crate or module `test_utils`
[INFO] [stdout] 
[INFO] [stdout] 
[INFO] [stdout] error[E0433]: failed to resolve: use of undeclared crate or module `test_utils`
[INFO] [stdout]  --> tests/integration/operations/u32_ops/comparison_ops.rs:3:5
[INFO] [stdout]   |
[INFO] [stdout] 3 | use test_utils::{build_op_test, proptest::prelude::*, rand::rand_value};
[INFO] [stdout]   |     ^^^^^^^^^^ use of undeclared crate or module `test_utils`
[INFO] [stdout] 
[INFO] [stdout] 
[INFO] [stdout] error[E0433]: failed to resolve: use of undeclared crate or module `test_utils`
[INFO] [stdout]  --> tests/integration/operations/u32_ops/conversion_ops.rs:2:5
[INFO] [stdout]   |
[INFO] [stdout] 2 | use test_utils::{
[INFO] [stdout]   |     ^^^^^^^^^^ use of undeclared crate or module `test_utils`
[INFO] [stdout] 
[INFO] [stdout] 
[INFO] [stdout] error[E0432]: unresolved import `test_utils`
[INFO] [stdout]  --> tests/integration/operations/u32_ops/mod.rs:2:5
[INFO] [stdout]   |
[INFO] [stdout] 2 | use test_utils::{build_op_test, expect_exec_error, prop_randw, Felt, U32_BOUND, ZERO};
[INFO] [stdout]   |     ^^^^^^^^^^ use of undeclared crate or module `test_utils`
[INFO] [stdout] 
[INFO] [stdout] 
[INFO] [stdout] error[E0432]: unresolved import `test_utils`
[INFO] [stdout]  --> tests/integration/operations/field_ops.rs:3:5
[INFO] [stdout]   |
[INFO] [stdout] 3 | use test_utils::{
[INFO] [stdout]   |     ^^^^^^^^^^ use of undeclared crate or module `test_utils`
[INFO] [stdout] 
[INFO] [stdout] 
[INFO] [stdout] error[E0432]: unresolved import `test_utils`
[INFO] [stdout]  --> tests/integration/operations/stack_ops.rs:2:5
[INFO] [stdout]   |
[INFO] [stdout] 2 | use test_utils::{
[INFO] [stdout]   |     ^^^^^^^^^^ use of undeclared crate or module `test_utils`
[INFO] [stdout] 
[INFO] [stdout] 
[INFO] [stdout] error[E0432]: unresolved import `test_utils`
[INFO] [stdout]  --> tests/integration/operations/u32_ops/arithmetic_ops.rs:2:5
[INFO] [stdout]   |
[INFO] [stdout] 2 | use test_utils::{
[INFO] [stdout]   |     ^^^^^^^^^^ use of undeclared crate or module `test_utils`
[INFO] [stdout] 
[INFO] [stdout] 
[INFO] [stdout] error[E0432]: unresolved import `test_utils`
[INFO] [stdout]  --> tests/integration/operations/u32_ops/bitwise_ops.rs:2:5
[INFO] [stdout]   |
[INFO] [stdout] 2 | use test_utils::{
[INFO] [stdout]   |     ^^^^^^^^^^ use of undeclared crate or module `test_utils`
[INFO] [stdout] 
[INFO] [stdout] 
[INFO] [stdout] error[E0432]: unresolved import `test_utils`
[INFO] [stdout]  --> tests/integration/operations/u32_ops/comparison_ops.rs:3:5
[INFO] [stdout]   |
[INFO] [stdout] 3 | use test_utils::{build_op_test, proptest::prelude::*, rand::rand_value};
[INFO] [stdout]   |     ^^^^^^^^^^ use of undeclared crate or module `test_utils`
[INFO] [stdout] 
[INFO] [stdout] 
[INFO] [stdout] error[E0432]: unresolved import `test_utils`
[INFO] [stdout]  --> tests/integration/operations/u32_ops/conversion_ops.rs:2:5
[INFO] [stdout]   |
[INFO] [stdout] 2 | use test_utils::{
[INFO] [stdout]   |     ^^^^^^^^^^ use of undeclared crate or module `test_utils`
[INFO] [stdout] 
[INFO] [stdout] 
[INFO] [stdout] error: cannot find macro `proptest` in this scope
[INFO] [stdout]    --> tests/integration/operations/field_ops.rs:611:1
[INFO] [stdout]     |
[INFO] [stdout] 611 | proptest! {
[INFO] [stdout]     | ^^^^^^^^
[INFO] [stdout] 
[INFO] [stdout] 
[INFO] [stdout] error: cannot find macro `proptest` in this scope
[INFO] [stdout]    --> tests/integration/operations/field_ops.rs:762:1
[INFO] [stdout]     |
[INFO] [stdout] 762 | proptest! {
[INFO] [stdout]     | ^^^^^^^^
[INFO] [stdout] 
[INFO] [stdout] 
[INFO] [stdout] error: cannot find macro `proptest` in this scope
[INFO] [stdout]    --> tests/integration/operations/stack_ops.rs:419:1
[INFO] [stdout]     |
[INFO] [stdout] 419 | proptest! {
[INFO] [stdout]     | ^^^^^^^^
[INFO] [stdout] 
[INFO] [stdout] 
[INFO] [stdout] error: cannot find macro `proptest` in this scope
[INFO] [stdout]    --> tests/integration/operations/u32_ops/arithmetic_ops.rs:566:1
[INFO] [stdout]     |
[INFO] [stdout] 566 | proptest! {
[INFO] [stdout]     | ^^^^^^^^
[INFO] [stdout] 
[INFO] [stdout] 
[INFO] [stdout] error: cannot find macro `proptest` in this scope
[INFO] [stdout]    --> tests/integration/operations/u32_ops/bitwise_ops.rs:590:1
[INFO] [stdout]     |
[INFO] [stdout] 590 | proptest! {
[INFO] [stdout]     | ^^^^^^^^
[INFO] [stdout] 
[INFO] [stdout] 
[INFO] [stdout] error: cannot find macro `proptest` in this scope
[INFO] [stdout]   --> tests/integration/operations/u32_ops/comparison_ops.rs:79:1
[INFO] [stdout]    |
[INFO] [stdout] 79 | proptest! {
[INFO] [stdout]    | ^^^^^^^^
[INFO] [stdout] 
[INFO] [stdout] 
[INFO] [stdout] error: cannot find macro `proptest` in this scope
[INFO] [stdout]    --> tests/integration/operations/u32_ops/conversion_ops.rs:219:1
[INFO] [stdout]     |
[INFO] [stdout] 219 | proptest! {
[INFO] [stdout]     | ^^^^^^^^
[INFO] [stdout] 
[INFO] [stdout] 
[INFO] [stdout] warning: unused import: `processor::ExecutionError`
[INFO] [stdout]  --> tests/integration/flow_control/mod.rs:5:5
[INFO] [stdout]   |
[INFO] [stdout] 5 | use processor::ExecutionError;
[INFO] [stdout]   |     ^^^^^^^^^^^^^^^^^^^^^^^^^
[INFO] [stdout]   |
[INFO] [stdout]   = note: `#[warn(unused_imports)]` on by default
[INFO] [stdout] 
[INFO] [stdout] 
[INFO] [stdout] warning: unused import: `processor::ExecutionError`
[INFO] [stdout]  --> tests/integration/operations/decorators/advice.rs:2:5
[INFO] [stdout]   |
[INFO] [stdout] 2 | use processor::ExecutionError;
[INFO] [stdout]   |     ^^^^^^^^^^^^^^^^^^^^^^^^^
[INFO] [stdout] 
[INFO] [stdout] 
[INFO] [stdout] warning: unused import: `processor::ExecutionError`
[INFO] [stdout]  --> tests/integration/operations/field_ops.rs:2:5
[INFO] [stdout]   |
[INFO] [stdout] 2 | use processor::ExecutionError;
[INFO] [stdout]   |     ^^^^^^^^^^^^^^^^^^^^^^^^^
[INFO] [stdout] 
[INFO] [stdout] 
[INFO] [stdout] warning: unused imports: `ExecutionError::AdviceStackReadFailed` and `ExecutionError`
[INFO] [stdout]  --> tests/integration/operations/io_ops/adv_ops.rs:1:17
[INFO] [stdout]   |
[INFO] [stdout] 1 | use processor::{ExecutionError, ExecutionError::AdviceStackReadFailed};
[INFO] [stdout]   |                 ^^^^^^^^^^^^^^  ^^^^^^^^^^^^^^^^^^^^^^^^^^^^^^^^^^^^^
[INFO] [stdout] 
[INFO] [stdout] 
[INFO] [stdout] warning: unused import: `processor::ExecutionError`
[INFO] [stdout]  --> tests/integration/operations/sys_ops.rs:1:5
[INFO] [stdout]   |
[INFO] [stdout] 1 | use processor::ExecutionError;
[INFO] [stdout]   |     ^^^^^^^^^^^^^^^^^^^^^^^^^
[INFO] [stdout] 
[INFO] [stdout] 
[INFO] [stdout] warning: unused import: `processor::ExecutionError`
[INFO] [stdout]  --> tests/integration/operations/u32_ops/mod.rs:1:5
[INFO] [stdout]   |
[INFO] [stdout] 1 | use processor::ExecutionError;
[INFO] [stdout]   |     ^^^^^^^^^^^^^^^^^^^^^^^^^
[INFO] [stdout] 
[INFO] [stdout] 
[INFO] [stdout] warning: unused import: `processor::ExecutionError`
[INFO] [stdout]  --> tests/integration/operations/u32_ops/arithmetic_ops.rs:1:5
[INFO] [stdout]   |
[INFO] [stdout] 1 | use processor::ExecutionError;
[INFO] [stdout]   |     ^^^^^^^^^^^^^^^^^^^^^^^^^
[INFO] [stdout] 
[INFO] [stdout] 
[INFO] [stdout] warning: unused imports: `ExecutionError` and `math::Felt`
[INFO] [stdout]  --> tests/integration/operations/u32_ops/bitwise_ops.rs:1:17
[INFO] [stdout]   |
[INFO] [stdout] 1 | use processor::{math::Felt, ExecutionError};
[INFO] [stdout]   |                 ^^^^^^^^^^  ^^^^^^^^^^^^^^
[INFO] [stdout] 
[INFO] [stdout] 
[INFO] [stdout] warning: unused import: `processor::ExecutionError`
[INFO] [stdout]  --> tests/integration/operations/u32_ops/conversion_ops.rs:1:5
[INFO] [stdout]   |
[INFO] [stdout] 1 | use processor::ExecutionError;
[INFO] [stdout]   |     ^^^^^^^^^^^^^^^^^^^^^^^^^
[INFO] [stdout] 
[INFO] [stdout] 
[INFO] [stdout] error[E0599]: no method named `to_elements` found for array `[{integer}; 6]` in the current scope
[INFO] [stdout]   --> tests/integration/air/chiplets/memory.rs:29:43
[INFO] [stdout]    |
[INFO] [stdout] 29 |     let helper_regs = [10, 9, 8, 0, 0, 0].to_elements();
[INFO] [stdout]    |                                           ^^^^^^^^^^^ method not found in `[{integer}; 6]`
[INFO] [stdout]    |
[INFO] [stdout]   ::: /opt/rustwide/cargo-home/registry/src/index.crates.io-6f17d22bba15001f/miden-core-0.10.5/src/utils/mod.rs:29:8
[INFO] [stdout]    |
[INFO] [stdout] 29 |     fn to_elements(&self) -> Vec<Felt>;
[INFO] [stdout]    |        ----------- the method is available for `[{integer}; 6]` here
[INFO] [stdout]    |
[INFO] [stdout]    = help: items from traits can only be used if the trait is in scope
[INFO] [stdout] help: trait `ToElements` which provides `to_elements` is implemented but not in scope; perhaps you want to import it
[INFO] [stdout]    |
[INFO] [stdout] 1  + use miden_processor::utils::ToElements;
[INFO] [stdout]    |
[INFO] [stdout] 
[INFO] [stdout] 
[INFO] [stdout] error[E0599]: no method named `to_elements` found for array `[{integer}; 6]` in the current scope
[INFO] [stdout]   --> tests/integration/air/chiplets/memory.rs:33:42
[INFO] [stdout]    |
[INFO] [stdout] 33 |     let helper_regs = [0, 0, 0, 0, 0, 0].to_elements();
[INFO] [stdout]    |                                          ^^^^^^^^^^^ method not found in `[{integer}; 6]`
[INFO] [stdout]    |
[INFO] [stdout]   ::: /opt/rustwide/cargo-home/registry/src/index.crates.io-6f17d22bba15001f/miden-core-0.10.5/src/utils/mod.rs:29:8
[INFO] [stdout]    |
[INFO] [stdout] 29 |     fn to_elements(&self) -> Vec<Felt>;
[INFO] [stdout]    |        ----------- the method is available for `[{integer}; 6]` here
[INFO] [stdout]    |
[INFO] [stdout]    = help: items from traits can only be used if the trait is in scope
[INFO] [stdout] help: trait `ToElements` which provides `to_elements` is implemented but not in scope; perhaps you want to import it
[INFO] [stdout]    |
[INFO] [stdout] 1  + use miden_processor::utils::ToElements;
[INFO] [stdout]    |
[INFO] [stdout] 
[INFO] [stdout] 
[INFO] [stdout] error[E0599]: no method named `to_elements` found for array `[{integer}; 6]` in the current scope
[INFO] [stdout]   --> tests/integration/air/chiplets/memory.rs:37:42
[INFO] [stdout]    |
[INFO] [stdout] 37 |     let helper_regs = [5, 4, 3, 0, 0, 0].to_elements();
[INFO] [stdout]    |                                          ^^^^^^^^^^^ method not found in `[{integer}; 6]`
[INFO] [stdout]    |
[INFO] [stdout]   ::: /opt/rustwide/cargo-home/registry/src/index.crates.io-6f17d22bba15001f/miden-core-0.10.5/src/utils/mod.rs:29:8
[INFO] [stdout]    |
[INFO] [stdout] 29 |     fn to_elements(&self) -> Vec<Felt>;
[INFO] [stdout]    |        ----------- the method is available for `[{integer}; 6]` here
[INFO] [stdout]    |
[INFO] [stdout]    = help: items from traits can only be used if the trait is in scope
[INFO] [stdout] help: trait `ToElements` which provides `to_elements` is implemented but not in scope; perhaps you want to import it
[INFO] [stdout]    |
[INFO] [stdout] 1  + use miden_processor::utils::ToElements;
[INFO] [stdout]    |
[INFO] [stdout] 
[INFO] [stdout] 
[INFO] [stdout] error[E0599]: no method named `to_elements` found for array `[{integer}; 6]` in the current scope
[INFO] [stdout]   --> tests/integration/air/chiplets/memory.rs:74:42
[INFO] [stdout]    |
[INFO] [stdout] 74 |     let helper_regs = [1, 2, 3, 0, 0, 0].to_elements();
[INFO] [stdout]    |                                          ^^^^^^^^^^^ method not found in `[{integer}; 6]`
[INFO] [stdout]    |
[INFO] [stdout]   ::: /opt/rustwide/cargo-home/registry/src/index.crates.io-6f17d22bba15001f/miden-core-0.10.5/src/utils/mod.rs:29:8
[INFO] [stdout]    |
[INFO] [stdout] 29 |     fn to_elements(&self) -> Vec<Felt>;
[INFO] [stdout]    |        ----------- the method is available for `[{integer}; 6]` here
[INFO] [stdout]    |
[INFO] [stdout]    = help: items from traits can only be used if the trait is in scope
[INFO] [stdout] help: trait `ToElements` which provides `to_elements` is implemented but not in scope; perhaps you want to import it
[INFO] [stdout]    |
[INFO] [stdout] 1  + use miden_processor::utils::ToElements;
[INFO] [stdout]    |
[INFO] [stdout] 
[INFO] [stdout] 
[INFO] [stdout] error[E0599]: no method named `to_elements` found for array `[{integer}; 16]` in the current scope
[INFO] [stdout]   --> tests/integration/exec_iters.rs:48:76
[INFO] [stdout]    |
[INFO] [stdout] 48 |             stack: [16, 15, 14, 13, 12, 11, 10, 9, 8, 7, 6, 5, 4, 3, 2, 1].to_elements(),
[INFO] [stdout]    |                                                                            ^^^^^^^^^^^ method not found in `[{integer}; 16]`
[INFO] [stdout]    |
[INFO] [stdout]   ::: /opt/rustwide/cargo-home/registry/src/index.crates.io-6f17d22bba15001f/miden-core-0.10.5/src/utils/mod.rs:29:8
[INFO] [stdout]    |
[INFO] [stdout] 29 |     fn to_elements(&self) -> Vec<Felt>;
[INFO] [stdout]    |        ----------- the method is available for `[{integer}; 16]` here
[INFO] [stdout]    |
[INFO] [stdout]    = help: items from traits can only be used if the trait is in scope
[INFO] [stdout] help: trait `ToElements` which provides `to_elements` is implemented but not in scope; perhaps you want to import it
[INFO] [stdout]    |
[INFO] [stdout] 1  + use miden_processor::utils::ToElements;
[INFO] [stdout]    |
[INFO] [stdout] 
[INFO] [stdout] 
[INFO] [stdout] error[E0599]: no method named `to_elements` found for array `[{integer}; 16]` in the current scope
[INFO] [stdout]   --> tests/integration/exec_iters.rs:57:76
[INFO] [stdout]    |
[INFO] [stdout] 57 |             stack: [16, 15, 14, 13, 12, 11, 10, 9, 8, 7, 6, 5, 4, 3, 2, 1].to_elements(),
[INFO] [stdout]    |                                                                            ^^^^^^^^^^^ method not found in `[{integer}; 16]`
[INFO] [stdout]    |
[INFO] [stdout]   ::: /opt/rustwide/cargo-home/registry/src/index.crates.io-6f17d22bba15001f/miden-core-0.10.5/src/utils/mod.rs:29:8
[INFO] [stdout]    |
[INFO] [stdout] 29 |     fn to_elements(&self) -> Vec<Felt>;
[INFO] [stdout]    |        ----------- the method is available for `[{integer}; 16]` here
[INFO] [stdout]    |
[INFO] [stdout]    = help: items from traits can only be used if the trait is in scope
[INFO] [stdout] help: trait `ToElements` which provides `to_elements` is implemented but not in scope; perhaps you want to import it
[INFO] [stdout]    |
[INFO] [stdout] 1  + use miden_processor::utils::ToElements;
[INFO] [stdout]    |
[INFO] [stdout] 
[INFO] [stdout] 
[INFO] [stdout] error[E0599]: no method named `to_elements` found for array `[{integer}; 17]` in the current scope
[INFO] [stdout]   --> tests/integration/exec_iters.rs:66:79
[INFO] [stdout]    |
[INFO] [stdout] 66 |             stack: [16, 15, 14, 13, 12, 11, 10, 9, 8, 7, 6, 5, 4, 3, 2, 1, 1].to_elements(),
[INFO] [stdout]    |                                                                               ^^^^^^^^^^^ method not found in `[{integer}; 17]`
[INFO] [stdout]    |
[INFO] [stdout]   ::: /opt/rustwide/cargo-home/registry/src/index.crates.io-6f17d22bba15001f/miden-core-0.10.5/src/utils/mod.rs:29:8
[INFO] [stdout]    |
[INFO] [stdout] 29 |     fn to_elements(&self) -> Vec<Felt>;
[INFO] [stdout]    |        ----------- the method is available for `[{integer}; 17]` here
[INFO] [stdout]    |
[INFO] [stdout]    = help: items from traits can only be used if the trait is in scope
[INFO] [stdout] help: trait `ToElements` which provides `to_elements` is implemented but not in scope; perhaps you want to import it
[INFO] [stdout]    |
[INFO] [stdout] 1  + use miden_processor::utils::ToElements;
[INFO] [stdout]    |
[INFO] [stdout] 
[INFO] [stdout] 
[INFO] [stdout] error[E0599]: no method named `to_elements` found for array `[{integer}; 17]` in the current scope
[INFO] [stdout]   --> tests/integration/exec_iters.rs:84:79
[INFO] [stdout]    |
[INFO] [stdout] 84 |             stack: [0, 16, 15, 14, 13, 12, 11, 10, 9, 8, 7, 6, 5, 4, 3, 2, 1].to_elements(),
[INFO] [stdout]    |                                                                               ^^^^^^^^^^^ method not found in `[{integer}; 17]`
[INFO] [stdout]    |
[INFO] [stdout]   ::: /opt/rustwide/cargo-home/registry/src/index.crates.io-6f17d22bba15001f/miden-core-0.10.5/src/utils/mod.rs:29:8
[INFO] [stdout]    |
[INFO] [stdout] 29 |     fn to_elements(&self) -> Vec<Felt>;
[INFO] [stdout]    |        ----------- the method is available for `[{integer}; 17]` here
[INFO] [stdout]    |
[INFO] [stdout]    = help: items from traits can only be used if the trait is in scope
[INFO] [stdout] help: trait `ToElements` which provides `to_elements` is implemented but not in scope; perhaps you want to import it
[INFO] [stdout]    |
[INFO] [stdout] 1  + use miden_processor::utils::ToElements;
[INFO] [stdout]    |
[INFO] [stdout] 
[INFO] [stdout] 
[INFO] [stdout] error[E0599]: no method named `to_elements` found for array `[{integer}; 16]` in the current scope
[INFO] [stdout]    --> tests/integration/exec_iters.rs:102:76
[INFO] [stdout]     |
[INFO] [stdout] 102 |             stack: [1, 16, 15, 14, 13, 12, 11, 10, 9, 8, 7, 6, 5, 4, 3, 2].to_elements(),
[INFO] [stdout]     |                                                                            ^^^^^^^^^^^ method not found in `[{integer}; 16]`
[INFO] [stdout]     |
[INFO] [stdout]    ::: /opt/rustwide/cargo-home/registry/src/index.crates.io-6f17d22bba15001f/miden-core-0.10.5/src/utils/mod.rs:29:8
[INFO] [stdout]     |
[INFO] [stdout] 29  |     fn to_elements(&self) -> Vec<Felt>;
[INFO] [stdout]     |        ----------- the method is available for `[{integer}; 16]` here
[INFO] [stdout]     |
[INFO] [stdout]     = help: items from traits can only be used if the trait is in scope
[INFO] [stdout] help: trait `ToElements` which provides `to_elements` is implemented but not in scope; perhaps you want to import it
[INFO] [stdout]     |
[INFO] [stdout] 1   + use miden_processor::utils::ToElements;
[INFO] [stdout]     |
[INFO] [stdout] 
[INFO] [stdout] 
[INFO] [stdout] error[E0599]: no method named `to_elements` found for array `[{integer}; 16]` in the current scope
[INFO] [stdout]    --> tests/integration/exec_iters.rs:120:76
[INFO] [stdout]     |
[INFO] [stdout] 120 |             stack: [16, 15, 14, 13, 12, 11, 10, 9, 8, 7, 6, 5, 4, 3, 2, 1].to_elements(),
[INFO] [stdout]     |                                                                            ^^^^^^^^^^^ method not found in `[{integer}; 16]`
[INFO] [stdout]     |
[INFO] [stdout]    ::: /opt/rustwide/cargo-home/registry/src/index.crates.io-6f17d22bba15001f/miden-core-0.10.5/src/utils/mod.rs:29:8
[INFO] [stdout]     |
[INFO] [stdout] 29  |     fn to_elements(&self) -> Vec<Felt>;
[INFO] [stdout]     |        ----------- the method is available for `[{integer}; 16]` here
[INFO] [stdout]     |
[INFO] [stdout]     = help: items from traits can only be used if the trait is in scope
[INFO] [stdout] help: trait `ToElements` which provides `to_elements` is implemented but not in scope; perhaps you want to import it
[INFO] [stdout]     |
[INFO] [stdout] 1   + use miden_processor::utils::ToElements;
[INFO] [stdout]     |
[INFO] [stdout] 
[INFO] [stdout] 
[INFO] [stdout] error[E0599]: no method named `to_elements` found for array `[{integer}; 16]` in the current scope
[INFO] [stdout]    --> tests/integration/exec_iters.rs:138:75
[INFO] [stdout]     |
[INFO] [stdout] 138 |             stack: [15, 14, 13, 12, 11, 10, 9, 8, 7, 6, 5, 4, 3, 2, 1, 0].to_elements(),
[INFO] [stdout]     |                                                                           ^^^^^^^^^^^ method not found in `[{integer}; 16]`
[INFO] [stdout]     |
[INFO] [stdout]    ::: /opt/rustwide/cargo-home/registry/src/index.crates.io-6f17d22bba15001f/miden-core-0.10.5/src/utils/mod.rs:29:8
[INFO] [stdout]     |
[INFO] [stdout] 29  |     fn to_elements(&self) -> Vec<Felt>;
[INFO] [stdout]     |        ----------- the method is available for `[{integer}; 16]` here
[INFO] [stdout]     |
[INFO] [stdout]     = help: items from traits can only be used if the trait is in scope
[INFO] [stdout] help: trait `ToElements` which provides `to_elements` is implemented but not in scope; perhaps you want to import it
[INFO] [stdout]     |
[INFO] [stdout] 1   + use miden_processor::utils::ToElements;
[INFO] [stdout]     |
[INFO] [stdout] 
[INFO] [stdout] 
[INFO] [stdout] error[E0599]: no method named `to_elements` found for array `[{integer}; 16]` in the current scope
[INFO] [stdout]    --> tests/integration/exec_iters.rs:156:74
[INFO] [stdout]     |
[INFO] [stdout] 156 |             stack: [14, 13, 12, 11, 10, 9, 8, 7, 6, 5, 4, 3, 2, 1, 0, 0].to_elements(),
[INFO] [stdout]     |                                                                          ^^^^^^^^^^^ method not found in `[{integer}; 16]`
[INFO] [stdout]     |
[INFO] [stdout]    ::: /opt/rustwide/cargo-home/registry/src/index.crates.io-6f17d22bba15001f/miden-core-0.10.5/src/utils/mod.rs:29:8
[INFO] [stdout]     |
[INFO] [stdout] 29  |     fn to_elements(&self) -> Vec<Felt>;
[INFO] [stdout]     |        ----------- the method is available for `[{integer}; 16]` here
[INFO] [stdout]     |
[INFO] [stdout]     = help: items from traits can only be used if the trait is in scope
[INFO] [stdout] help: trait `ToElements` which provides `to_elements` is implemented but not in scope; perhaps you want to import it
[INFO] [stdout]     |
[INFO] [stdout] 1   + use miden_processor::utils::ToElements;
[INFO] [stdout]     |
[INFO] [stdout] 
[INFO] [stdout] 
[INFO] [stdout] error[E0599]: no method named `to_elements` found for array `[{integer}; 16]` in the current scope
[INFO] [stdout]    --> tests/integration/exec_iters.rs:174:73
[INFO] [stdout]     |
[INFO] [stdout] 174 |             stack: [13, 12, 11, 10, 9, 8, 7, 6, 5, 4, 3, 2, 1, 0, 0, 0].to_elements(),
[INFO] [stdout]     |                                                                         ^^^^^^^^^^^ method not found in `[{integer}; 16]`
[INFO] [stdout]     |
[INFO] [stdout]    ::: /opt/rustwide/cargo-home/registry/src/index.crates.io-6f17d22bba15001f/miden-core-0.10.5/src/utils/mod.rs:29:8
[INFO] [stdout]     |
[INFO] [stdout] 29  |     fn to_elements(&self) -> Vec<Felt>;
[INFO] [stdout]     |        ----------- the method is available for `[{integer}; 16]` here
[INFO] [stdout]     |
[INFO] [stdout]     = help: items from traits can only be used if the trait is in scope
[INFO] [stdout] help: trait `ToElements` which provides `to_elements` is implemented but not in scope; perhaps you want to import it
[INFO] [stdout]     |
[INFO] [stdout] 1   + use miden_processor::utils::ToElements;
[INFO] [stdout]     |
[INFO] [stdout] 
[INFO] [stdout] 
[INFO] [stdout] error[E0599]: no method named `to_elements` found for array `[{integer}; 17]` in the current scope
[INFO] [stdout]    --> tests/integration/exec_iters.rs:192:75
[INFO] [stdout]     |
[INFO] [stdout] 192 |             stack: [12, 11, 10, 9, 8, 7, 6, 5, 4, 3, 2, 1, 0, 0, 0, 0, 0].to_elements(),
[INFO] [stdout]     |                                                                           ^^^^^^^^^^^ method not found in `[{integer}; 17]`
[INFO] [stdout]     |
[INFO] [stdout]    ::: /opt/rustwide/cargo-home/registry/src/index.crates.io-6f17d22bba15001f/miden-core-0.10.5/src/utils/mod.rs:29:8
[INFO] [stdout]     |
[INFO] [stdout] 29  |     fn to_elements(&self) -> Vec<Felt>;
[INFO] [stdout]     |        ----------- the method is available for `[{integer}; 17]` here
[INFO] [stdout]     |
[INFO] [stdout]     = help: items from traits can only be used if the trait is in scope
[INFO] [stdout] help: trait `ToElements` which provides `to_elements` is implemented but not in scope; perhaps you want to import it
[INFO] [stdout]     |
[INFO] [stdout] 1   + use miden_processor::utils::ToElements;
[INFO] [stdout]     |
[INFO] [stdout] 
[INFO] [stdout] 
[INFO] [stdout] error[E0599]: no method named `to_elements` found for array `[{integer}; 17]` in the current scope
[INFO] [stdout]    --> tests/integration/exec_iters.rs:210:76
[INFO] [stdout]     |
[INFO] [stdout] 210 |             stack: [17, 12, 11, 10, 9, 8, 7, 6, 5, 4, 3, 2, 1, 0, 0, 0, 0].to_elements(),
[INFO] [stdout]     |                                                                            ^^^^^^^^^^^ method not found in `[{integer}; 17]`
[INFO] [stdout]     |
[INFO] [stdout]    ::: /opt/rustwide/cargo-home/registry/src/index.crates.io-6f17d22bba15001f/miden-core-0.10.5/src/utils/mod.rs:29:8
[INFO] [stdout]     |
[INFO] [stdout] 29  |     fn to_elements(&self) -> Vec<Felt>;
[INFO] [stdout]     |        ----------- the method is available for `[{integer}; 17]` here
[INFO] [stdout]     |
[INFO] [stdout]     = help: items from traits can only be used if the trait is in scope
[INFO] [stdout] help: trait `ToElements` which provides `to_elements` is implemented but not in scope; perhaps you want to import it
[INFO] [stdout]     |
[INFO] [stdout] 1   + use miden_processor::utils::ToElements;
[INFO] [stdout]     |
[INFO] [stdout] 
[INFO] [stdout] 
[INFO] [stdout] error[E0599]: no method named `to_elements` found for array `[{integer}; 17]` in the current scope
[INFO] [stdout]    --> tests/integration/exec_iters.rs:219:76
[INFO] [stdout]     |
[INFO] [stdout] 219 |             stack: [17, 12, 11, 10, 9, 8, 7, 6, 5, 4, 3, 2, 1, 0, 0, 0, 0].to_elements(),
[INFO] [stdout]     |                                                                            ^^^^^^^^^^^ method not found in `[{integer}; 17]`
[INFO] [stdout]     |
[INFO] [stdout]    ::: /opt/rustwide/cargo-home/registry/src/index.crates.io-6f17d22bba15001f/miden-core-0.10.5/src/utils/mod.rs:29:8
[INFO] [stdout]     |
[INFO] [stdout] 29  |     fn to_elements(&self) -> Vec<Felt>;
[INFO] [stdout]     |        ----------- the method is available for `[{integer}; 17]` here
[INFO] [stdout]     |
[INFO] [stdout]     = help: items from traits can only be used if the trait is in scope
[INFO] [stdout] help: trait `ToElements` which provides `to_elements` is implemented but not in scope; perhaps you want to import it
[INFO] [stdout]     |
[INFO] [stdout] 1   + use miden_processor::utils::ToElements;
[INFO] [stdout]     |
[INFO] [stdout] 
[INFO] [stdout] 
[INFO] [stdout] error[E0599]: no method named `to_elements` found for array `[{integer}; 17]` in the current scope
[INFO] [stdout]    --> tests/integration/exec_iters.rs:228:76
[INFO] [stdout]     |
[INFO] [stdout] 228 |             stack: [17, 12, 11, 10, 9, 8, 7, 6, 5, 4, 3, 2, 1, 0, 0, 0, 0].to_elements(),
[INFO] [stdout]     |                                                                            ^^^^^^^^^^^ method not found in `[{integer}; 17]`
[INFO] [stdout]     |
[INFO] [stdout]    ::: /opt/rustwide/cargo-home/registry/src/index.crates.io-6f17d22bba15001f/miden-core-0.10.5/src/utils/mod.rs:29:8
[INFO] [stdout]     |
[INFO] [stdout] 29  |     fn to_elements(&self) -> Vec<Felt>;
[INFO] [stdout]     |        ----------- the method is available for `[{integer}; 17]` here
[INFO] [stdout]     |
[INFO] [stdout]     = help: items from traits can only be used if the trait is in scope
[INFO] [stdout] help: trait `ToElements` which provides `to_elements` is implemented but not in scope; perhaps you want to import it
[INFO] [stdout]     |
[INFO] [stdout] 1   + use miden_processor::utils::ToElements;
[INFO] [stdout]     |
[INFO] [stdout] 
[INFO] [stdout] 
[INFO] [stdout] error[E0599]: no method named `to_elements` found for array `[{integer}; 18]` in the current scope
[INFO] [stdout]    --> tests/integration/exec_iters.rs:237:79
[INFO] [stdout]     |
[INFO] [stdout] 237 |             stack: [17, 12, 11, 10, 9, 8, 7, 6, 5, 4, 3, 2, 1, 0, 0, 0, 0, 0].to_elements(),
[INFO] [stdout]     |                                                                               ^^^^^^^^^^^ method not found in `[{integer}; 18]`
[INFO] [stdout]     |
[INFO] [stdout]    ::: /opt/rustwide/cargo-home/registry/src/index.crates.io-6f17d22bba15001f/miden-core-0.10.5/src/utils/mod.rs:29:8
[INFO] [stdout]     |
[INFO] [stdout] 29  |     fn to_elements(&self) -> Vec<Felt>;
[INFO] [stdout]     |        ----------- the method is available for `[{integer}; 18]` here
[INFO] [stdout]     |
[INFO] [stdout]     = help: items from traits can only be used if the trait is in scope
[INFO] [stdout] help: trait `ToElements` which provides `to_elements` is implemented but not in scope; perhaps you want to import it
[INFO] [stdout]     |
[INFO] [stdout] 1   + use miden_processor::utils::ToElements;
[INFO] [stdout]     |
[INFO] [stdout] 
[INFO] [stdout] 
[INFO] [stdout] error[E0599]: no method named `to_elements` found for array `[{integer}; 17]` in the current scope
[INFO] [stdout]    --> tests/integration/exec_iters.rs:246:76
[INFO] [stdout]     |
[INFO] [stdout] 246 |             stack: [1, 17, 12, 11, 10, 9, 8, 7, 6, 5, 4, 3, 2, 1, 0, 0, 0].to_elements(),
[INFO] [stdout]     |                                                                            ^^^^^^^^^^^ method not found in `[{integer}; 17]`
[INFO] [stdout]     |
[INFO] [stdout]    ::: /opt/rustwide/cargo-home/registry/src/index.crates.io-6f17d22bba15001f/miden-core-0.10.5/src/utils/mod.rs:29:8
[INFO] [stdout]     |
[INFO] [stdout] 29  |     fn to_elements(&self) -> Vec<Felt>;
[INFO] [stdout]     |        ----------- the method is available for `[{integer}; 17]` here
[INFO] [stdout]     |
[INFO] [stdout]     = help: items from traits can only be used if the trait is in scope
[INFO] [stdout] help: trait `ToElements` which provides `to_elements` is implemented but not in scope; perhaps you want to import it
[INFO] [stdout]     |
[INFO] [stdout] 1   + use miden_processor::utils::ToElements;
[INFO] [stdout]     |
[INFO] [stdout] 
[INFO] [stdout] 
[INFO] [stdout] error[E0599]: no method named `to_elements` found for array `[{integer}; 18]` in the current scope
[INFO] [stdout]    --> tests/integration/exec_iters.rs:255:79
[INFO] [stdout]     |
[INFO] [stdout] 255 |             stack: [17, 12, 11, 10, 9, 8, 7, 6, 5, 4, 3, 2, 1, 0, 0, 0, 0, 0].to_elements(),
[INFO] [stdout]     |                                                                               ^^^^^^^^^^^ method not found in `[{integer}; 18]`
[INFO] [stdout]     |
[INFO] [stdout]    ::: /opt/rustwide/cargo-home/registry/src/index.crates.io-6f17d22bba15001f/miden-core-0.10.5/src/utils/mod.rs:29:8
[INFO] [stdout]     |
[INFO] [stdout] 29  |     fn to_elements(&self) -> Vec<Felt>;
[INFO] [stdout]     |        ----------- the method is available for `[{integer}; 18]` here
[INFO] [stdout]     |
[INFO] [stdout]     = help: items from traits can only be used if the trait is in scope
[INFO] [stdout] help: trait `ToElements` which provides `to_elements` is implemented but not in scope; perhaps you want to import it
[INFO] [stdout]     |
[INFO] [stdout] 1   + use miden_processor::utils::ToElements;
[INFO] [stdout]     |
[INFO] [stdout] 
[INFO] [stdout] 
[INFO] [stdout] error[E0599]: no method named `to_elements` found for array `[{integer}; 18]` in the current scope
[INFO] [stdout]    --> tests/integration/exec_iters.rs:273:79
[INFO] [stdout]     |
[INFO] [stdout] 273 |             stack: [0, 17, 12, 11, 10, 9, 8, 7, 6, 5, 4, 3, 2, 1, 0, 0, 0, 0].to_elements(),
[INFO] [stdout]     |                                                                               ^^^^^^^^^^^ method not found in `[{integer}; 18]`
[INFO] [stdout]     |
[INFO] [stdout]    ::: /opt/rustwide/cargo-home/registry/src/index.crates.io-6f17d22bba15001f/miden-core-0.10.5/src/utils/mod.rs:29:8
[INFO] [stdout]     |
[INFO] [stdout] 29  |     fn to_elements(&self) -> Vec<Felt>;
[INFO] [stdout]     |        ----------- the method is available for `[{integer}; 18]` here
[INFO] [stdout]     |
[INFO] [stdout]     = help: items from traits can only be used if the trait is in scope
[INFO] [stdout] help: trait `ToElements` which provides `to_elements` is implemented but not in scope; perhaps you want to import it
[INFO] [stdout]     |
[INFO] [stdout] 1   + use miden_processor::utils::ToElements;
[INFO] [stdout]     |
[INFO] [stdout] 
[INFO] [stdout] 
[INFO] [stdout] error[E0599]: no method named `to_elements` found for array `[u64; 17]` in the current scope
[INFO] [stdout]    --> tests/integration/exec_iters.rs:292:18
[INFO] [stdout]     |
[INFO] [stdout] 291 |               stack: [2u64.pow(30) + 1, 17, 12, 11, 10, 9, 8, 7, 6, 5, 4, 3, 2, 1, 0, 0, 0]
[INFO] [stdout]     |  ____________________-
[INFO] [stdout] 292 | |                 .to_elements(),
[INFO] [stdout]     | |                 -^^^^^^^^^^^ method not found in `[u64; 17]`
[INFO] [stdout]     | |_________________|
[INFO] [stdout]     |
[INFO] [stdout]     |
[INFO] [stdout]    ::: /opt/rustwide/cargo-home/registry/src/index.crates.io-6f17d22bba15001f/miden-core-0.10.5/src/utils/mod.rs:29:8
[INFO] [stdout]     |
[INFO] [stdout] 29  |       fn to_elements(&self) -> Vec<Felt>;
[INFO] [stdout]     |          ----------- the method is available for `[u64; 17]` here
[INFO] [stdout]     |
[INFO] [stdout]     = help: items from traits can only be used if the trait is in scope
[INFO] [stdout] help: trait `ToElements` which provides `to_elements` is implemented but not in scope; perhaps you want to import it
[INFO] [stdout]     |
[INFO] [stdout] 1   + use miden_processor::utils::ToElements;
[INFO] [stdout]     |
[INFO] [stdout] 
[INFO] [stdout] 
[INFO] [stdout] error[E0599]: no method named `to_elements` found for array `[{integer}; 16]` in the current scope
[INFO] [stdout]    --> tests/integration/exec_iters.rs:310:73
[INFO] [stdout]     |
[INFO] [stdout] 310 |             stack: [17, 12, 11, 10, 9, 8, 7, 6, 5, 4, 3, 2, 1, 0, 0, 0].to_elements(),
[INFO] [stdout]     |                                                                         ^^^^^^^^^^^ method not found in `[{integer}; 16]`
[INFO] [stdout]     |
[INFO] [stdout]    ::: /opt/rustwide/cargo-home/registry/src/index.crates.io-6f17d22bba15001f/miden-core-0.10.5/src/utils/mod.rs:29:8
[INFO] [stdout]     |
[INFO] [stdout] 29  |     fn to_elements(&self) -> Vec<Felt>;
[INFO] [stdout]     |        ----------- the method is available for `[{integer}; 16]` here
[INFO] [stdout]     |
[INFO] [stdout]     = help: items from traits can only be used if the trait is in scope
[INFO] [stdout] help: trait `ToElements` which provides `to_elements` is implemented but not in scope; perhaps you want to import it
[INFO] [stdout]     |
[INFO] [stdout] 1   + use miden_processor::utils::ToElements;
[INFO] [stdout]     |
[INFO] [stdout] 
[INFO] [stdout] 
[INFO] [stdout] error[E0599]: no method named `to_elements` found for array `[{integer}; 17]` in the current scope
[INFO] [stdout]    --> tests/integration/exec_iters.rs:331:75
[INFO] [stdout]     |
[INFO] [stdout] 331 |             stack: [12, 11, 10, 9, 8, 7, 6, 5, 4, 3, 2, 1, 0, 0, 0, 0, 0].to_elements(),
[INFO] [stdout]     |                                                                           ^^^^^^^^^^^ method not found in `[{integer}; 17]`
[INFO] [stdout]     |
[INFO] [stdout]    ::: /opt/rustwide/cargo-home/registry/src/index.crates.io-6f17d22bba15001f/miden-core-0.10.5/src/utils/mod.rs:29:8
[INFO] [stdout]     |
[INFO] [stdout] 29  |     fn to_elements(&self) -> Vec<Felt>;
[INFO] [stdout]     |        ----------- the method is available for `[{integer}; 17]` here
[INFO] [stdout]     |
[INFO] [stdout]     = help: items from traits can only be used if the trait is in scope
[INFO] [stdout] help: trait `ToElements` which provides `to_elements` is implemented but not in scope; perhaps you want to import it
[INFO] [stdout]     |
[INFO] [stdout] 1   + use miden_processor::utils::ToElements;
[INFO] [stdout]     |
[INFO] [stdout] 
[INFO] [stdout] 
[INFO] [stdout] error[E0599]: no method named `to_elements` found for array `[{integer}; 16]` in the current scope
[INFO] [stdout]    --> tests/integration/exec_iters.rs:344:18
[INFO] [stdout]     |
[INFO] [stdout] 343 |               stack: [18446744069414584320, 12, 11, 10, 9, 8, 7, 6, 5, 4, 3, 2, 1, 0, 0, 0]
[INFO] [stdout]     |  ____________________-
[INFO] [stdout] 344 | |                 .to_elements(),
[INFO] [stdout]     | |                 -^^^^^^^^^^^ method not found in `[{integer}; 16]`
[INFO] [stdout]     | |_________________|
[INFO] [stdout]     |
[INFO] [stdout]     |
[INFO] [stdout]    ::: /opt/rustwide/cargo-home/registry/src/index.crates.io-6f17d22bba15001f/miden-core-0.10.5/src/utils/mod.rs:29:8
[INFO] [stdout]     |
[INFO] [stdout] 29  |       fn to_elements(&self) -> Vec<Felt>;
[INFO] [stdout]     |          ----------- the method is available for `[{integer}; 16]` here
[INFO] [stdout]     |
[INFO] [stdout]     = help: items from traits can only be used if the trait is in scope
[INFO] [stdout] help: trait `ToElements` which provides `to_elements` is implemented but not in scope; perhaps you want to import it
[INFO] [stdout]     |
[INFO] [stdout] 1   + use miden_processor::utils::ToElements;
[INFO] [stdout]     |
[INFO] [stdout] 
[INFO] [stdout] 
[INFO] [stdout] error[E0599]: no method named `to_elements` found for array `[{integer}; 16]` in the current scope
[INFO] [stdout]    --> tests/integration/exec_iters.rs:356:72
[INFO] [stdout]     |
[INFO] [stdout] 356 |             stack: [12, 11, 10, 9, 8, 7, 6, 5, 4, 3, 2, 1, 0, 0, 0, 0].to_elements(),
[INFO] [stdout]     |                                                                        ^^^^^^^^^^^ method not found in `[{integer}; 16]`
[INFO] [stdout]     |
[INFO] [stdout]    ::: /opt/rustwide/cargo-home/registry/src/index.crates.io-6f17d22bba15001f/miden-core-0.10.5/src/utils/mod.rs:29:8
[INFO] [stdout]     |
[INFO] [stdout] 29  |     fn to_elements(&self) -> Vec<Felt>;
[INFO] [stdout]     |        ----------- the method is available for `[{integer}; 16]` here
[INFO] [stdout]     |
[INFO] [stdout]     = help: items from traits can only be used if the trait is in scope
[INFO] [stdout] help: trait `ToElements` which provides `to_elements` is implemented but not in scope; perhaps you want to import it
[INFO] [stdout]     |
[INFO] [stdout] 1   + use miden_processor::utils::ToElements;
[INFO] [stdout]     |
[INFO] [stdout] 
[INFO] [stdout] 
[INFO] [stdout] error[E0599]: no method named `to_elements` found for array `[{integer}; 16]` in the current scope
[INFO] [stdout]    --> tests/integration/exec_iters.rs:368:72
[INFO] [stdout]     |
[INFO] [stdout] 368 |             stack: [12, 11, 10, 9, 8, 7, 6, 5, 4, 3, 2, 1, 0, 0, 0, 0].to_elements(),
[INFO] [stdout]     |                                                                        ^^^^^^^^^^^ method not found in `[{integer}; 16]`
[INFO] [stdout]     |
[INFO] [stdout]    ::: /opt/rustwide/cargo-home/registry/src/index.crates.io-6f17d22bba15001f/miden-core-0.10.5/src/utils/mod.rs:29:8
[INFO] [stdout]     |
[INFO] [stdout] 29  |     fn to_elements(&self) -> Vec<Felt>;
[INFO] [stdout]     |        ----------- the method is available for `[{integer}; 16]` here
[INFO] [stdout]     |
[INFO] [stdout]     = help: items from traits can only be used if the trait is in scope
[INFO] [stdout] help: trait `ToElements` which provides `to_elements` is implemented but not in scope; perhaps you want to import it
[INFO] [stdout]     |
[INFO] [stdout] 1   + use miden_processor::utils::ToElements;
[INFO] [stdout]     |
[INFO] [stdout] 
[INFO] [stdout] 
[INFO] [stdout] error[E0599]: no method named `to_elements` found for array `[{integer}; 16]` in the current scope
[INFO] [stdout]    --> tests/integration/exec_iters.rs:380:72
[INFO] [stdout]     |
[INFO] [stdout] 380 |             stack: [12, 11, 10, 9, 8, 7, 6, 5, 4, 3, 2, 1, 0, 0, 0, 0].to_elements(),
[INFO] [stdout]     |                                                                        ^^^^^^^^^^^ method not found in `[{integer}; 16]`
[INFO] [stdout]     |
[INFO] [stdout]    ::: /opt/rustwide/cargo-home/registry/src/index.crates.io-6f17d22bba15001f/miden-core-0.10.5/src/utils/mod.rs:29:8
[INFO] [stdout]     |
[INFO] [stdout] 29  |     fn to_elements(&self) -> Vec<Felt>;
[INFO] [stdout]     |        ----------- the method is available for `[{integer}; 16]` here
[INFO] [stdout]     |
[INFO] [stdout]     = help: items from traits can only be used if the trait is in scope
[INFO] [stdout] help: trait `ToElements` which provides `to_elements` is implemented but not in scope; perhaps you want to import it
[INFO] [stdout]     |
[INFO] [stdout] 1   + use miden_processor::utils::ToElements;
[INFO] [stdout]     |
[INFO] [stdout] 
[INFO] [stdout] 
[INFO] [stdout] error[E0599]: no method named `to_elements` found for array `[{integer}; 16]` in the current scope
[INFO] [stdout]    --> tests/integration/exec_iters.rs:392:72
[INFO] [stdout]     |
[INFO] [stdout] 392 |             stack: [12, 11, 10, 9, 8, 7, 6, 5, 4, 3, 2, 1, 0, 0, 0, 0].to_elements(),
[INFO] [stdout]     |                                                                        ^^^^^^^^^^^ method not found in `[{integer}; 16]`
[INFO] [stdout]     |
[INFO] [stdout]    ::: /opt/rustwide/cargo-home/registry/src/index.crates.io-6f17d22bba15001f/miden-core-0.10.5/src/utils/mod.rs:29:8
[INFO] [stdout]     |
[INFO] [stdout] 29  |     fn to_elements(&self) -> Vec<Felt>;
[INFO] [stdout]     |        ----------- the method is available for `[{integer}; 16]` here
[INFO] [stdout]     |
[INFO] [stdout]     = help: items from traits can only be used if the trait is in scope
[INFO] [stdout] help: trait `ToElements` which provides `to_elements` is implemented but not in scope; perhaps you want to import it
[INFO] [stdout]     |
[INFO] [stdout] 1   + use miden_processor::utils::ToElements;
[INFO] [stdout]     |
[INFO] [stdout] 
[INFO] [stdout] 
[INFO] [stdout] error[E0599]: no method named `to_elements` found for array `[u64; 12]` in the current scope
[INFO] [stdout]    --> tests/integration/operations/io_ops/mem_ops.rs:113:53
[INFO] [stdout]     |
[INFO] [stdout] 113 |         [12_u64, 11, 10, 9, 1, 2, 3, 4, 5, 6, 7, 8].to_elements().try_into().unwrap();
[INFO] [stdout]     |                                                     ^^^^^^^^^^^ method not found in `[u64; 12]`
[INFO] [stdout]     |
[INFO] [stdout]    ::: /opt/rustwide/cargo-home/registry/src/index.crates.io-6f17d22bba15001f/miden-core-0.10.5/src/utils/mod.rs:29:8
[INFO] [stdout]     |
[INFO] [stdout] 29  |     fn to_elements(&self) -> Vec<Felt>;
[INFO] [stdout]     |        ----------- the method is available for `[u64; 12]` here
[INFO] [stdout]     |
[INFO] [stdout]     = help: items from traits can only be used if the trait is in scope
[INFO] [stdout] help: trait `ToElements` which provides `to_elements` is implemented but not in scope; perhaps you want to import it
[INFO] [stdout]     |
[INFO] [stdout] 1   + use miden_processor::utils::ToElements;
[INFO] [stdout]     |
[INFO] [stdout] 
[INFO] [stdout] 
[INFO] [stdout] error[E0599]: no method named `to_elements` found for array `[u64; 12]` in the current scope
[INFO] [stdout]    --> tests/integration/operations/io_ops/mem_ops.rs:146:53
[INFO] [stdout]     |
[INFO] [stdout] 146 |         [12_u64, 11, 10, 9, 1, 2, 3, 4, 5, 6, 7, 8].to_elements().try_into().unwrap();
[INFO] [stdout]     |                                                     ^^^^^^^^^^^ method not found in `[u64; 12]`
[INFO] [stdout]     |
[INFO] [stdout]    ::: /opt/rustwide/cargo-home/registry/src/index.crates.io-6f17d22bba15001f/miden-core-0.10.5/src/utils/mod.rs:29:8
[INFO] [stdout]     |
[INFO] [stdout] 29  |     fn to_elements(&self) -> Vec<Felt>;
[INFO] [stdout]     |        ----------- the method is available for `[u64; 12]` here
[INFO] [stdout]     |
[INFO] [stdout]     = help: items from traits can only be used if the trait is in scope
[INFO] [stdout] help: trait `ToElements` which provides `to_elements` is implemented but not in scope; perhaps you want to import it
[INFO] [stdout]     |
[INFO] [stdout] 1   + use miden_processor::utils::ToElements;
[INFO] [stdout]     |
[INFO] [stdout] 
[INFO] [stdout] 
[INFO] [stdout] error[E0599]: no method named `to_elements` found for array `[{integer}; 12]` in the current scope
[INFO] [stdout]   --> tests/integration/operations/io_ops/mod.rs:62:46
[INFO] [stdout]    |
[INFO] [stdout] 62 |         [0, 0, 0, 0, 1, 2, 3, 4, 5, 6, 7, 8].to_elements().try_into().unwrap();
[INFO] [stdout]    |                                              ^^^^^^^^^^^ method not found in `[{integer}; 12]`
[INFO] [stdout]    |
[INFO] [stdout]   ::: /opt/rustwide/cargo-home/registry/src/index.crates.io-6f17d22bba15001f/miden-core-0.10.5/src/utils/mod.rs:29:8
[INFO] [stdout]    |
[INFO] [stdout] 29 |     fn to_elements(&self) -> Vec<Felt>;
[INFO] [stdout]    |        ----------- the method is available for `[{integer}; 12]` here
[INFO] [stdout]    |
[INFO] [stdout]    = help: items from traits can only be used if the trait is in scope
[INFO] [stdout] help: trait `ToElements` which provides `to_elements` is implemented but not in scope; perhaps you want to import it
[INFO] [stdout]    |
[INFO] [stdout] 1  + use miden_processor::utils::ToElements;
[INFO] [stdout]    |
[INFO] [stdout] 
[INFO] [stdout] 
[INFO] [stdout] Some errors have detailed explanations: E0432, E0433, E0599.
[INFO] [stdout] 
[INFO] [stdout] For more information about an error, try `rustc --explain E0432`.
[INFO] [stdout] 
[INFO] [stderr] error: could not compile `miden-vm` (test "miden") due to 80 previous errors; 9 warnings emitted
[INFO] running `Command { std: "docker" "inspect" "e898b2ce6f4723ca15c79f175e58bf0c7a55b7867c318f8b112b6343f8fece4a", kill_on_drop: false }`
[INFO] running `Command { std: "docker" "rm" "-f" "e898b2ce6f4723ca15c79f175e58bf0c7a55b7867c318f8b112b6343f8fece4a", kill_on_drop: false }`
[INFO] [stdout] e898b2ce6f4723ca15c79f175e58bf0c7a55b7867c318f8b112b6343f8fece4a
