[INFO] fetching crate miden-tx 0.5.0...
[INFO] testing miden-tx-0.5.0 against nightly-2024-10-28+rustflags=-Zrandomize-layout for randomize-layout
[INFO] extracting crate miden-tx 0.5.0 into /workspace/builds/worker-3-tc2/source
[INFO] validating manifest of crates.io crate miden-tx 0.5.0 on toolchain nightly-2024-10-28
[INFO] running `Command { std: CARGO_HOME="/workspace/cargo-home" RUSTUP_HOME="/workspace/rustup-home" "/workspace/cargo-home/bin/cargo" "+nightly-2024-10-28" "metadata" "--manifest-path" "Cargo.toml" "--no-deps", kill_on_drop: false }`
[INFO] started tweaking crates.io crate miden-tx 0.5.0
[INFO] removed 0 missing tests
[INFO] finished tweaking crates.io crate miden-tx 0.5.0
[INFO] tweaked toml for crates.io crate miden-tx 0.5.0 written to /workspace/builds/worker-3-tc2/source/Cargo.toml
[INFO] running `Command { std: CARGO_HOME="/workspace/cargo-home" RUSTUP_HOME="/workspace/rustup-home" "/workspace/cargo-home/bin/cargo" "+nightly-2024-10-28" "generate-lockfile" "--manifest-path" "Cargo.toml", kill_on_drop: false }`
[INFO] [stderr]     Updating crates.io index
[INFO] [stderr]      Locking 219 packages to latest compatible versions
[INFO] running `Command { std: CARGO_HOME="/workspace/cargo-home" RUSTUP_HOME="/workspace/rustup-home" "/workspace/cargo-home/bin/cargo" "+nightly-2024-10-28" "fetch" "--manifest-path" "Cargo.toml", kill_on_drop: false }`
[INFO] running `Command { std: "docker" "create" "-v" "/var/lib/crater-agent-workspace/builds/worker-3-tc2/target:/opt/rustwide/target:rw,Z" "-v" "/var/lib/crater-agent-workspace/builds/worker-3-tc2/source:/opt/rustwide/workdir:ro,Z" "-v" "/var/lib/crater-agent-workspace/cargo-home:/opt/rustwide/cargo-home:ro,Z" "-v" "/var/lib/crater-agent-workspace/rustup-home:/opt/rustwide/rustup-home:ro,Z" "-e" "SOURCE_DIR=/opt/rustwide/workdir" "-e" "CARGO_TARGET_DIR=/opt/rustwide/target" "-e" "CARGO_HOME=/opt/rustwide/cargo-home" "-e" "RUSTUP_HOME=/opt/rustwide/rustup-home" "-w" "/opt/rustwide/workdir" "-m" "1610612736" "--user" "0:0" "--network" "none" "ghcr.io/rust-lang/crates-build-env/linux@sha256:4a844ea9eb2546a2d2c7022eacef16ef2e8229c7fbb2c7d4d55a9ceca922f72d" "/opt/rustwide/cargo-home/bin/cargo" "+nightly-2024-10-28" "metadata" "--no-deps" "--format-version=1", kill_on_drop: false }`
[INFO] [stdout] 4fb36cb5f4ab0c86f146f2569faa540a6114fbda464fabe98952461f3cbcf8a1
[INFO] running `Command { std: "docker" "start" "-a" "4fb36cb5f4ab0c86f146f2569faa540a6114fbda464fabe98952461f3cbcf8a1", kill_on_drop: false }`
[INFO] running `Command { std: "docker" "inspect" "4fb36cb5f4ab0c86f146f2569faa540a6114fbda464fabe98952461f3cbcf8a1", kill_on_drop: false }`
[INFO] running `Command { std: "docker" "rm" "-f" "4fb36cb5f4ab0c86f146f2569faa540a6114fbda464fabe98952461f3cbcf8a1", kill_on_drop: false }`
[INFO] [stdout] 4fb36cb5f4ab0c86f146f2569faa540a6114fbda464fabe98952461f3cbcf8a1
[INFO] running `Command { std: "docker" "create" "-v" "/var/lib/crater-agent-workspace/builds/worker-3-tc2/target:/opt/rustwide/target:rw,Z" "-v" "/var/lib/crater-agent-workspace/builds/worker-3-tc2/source:/opt/rustwide/workdir:ro,Z" "-v" "/var/lib/crater-agent-workspace/cargo-home:/opt/rustwide/cargo-home:ro,Z" "-v" "/var/lib/crater-agent-workspace/rustup-home:/opt/rustwide/rustup-home:ro,Z" "-e" "SOURCE_DIR=/opt/rustwide/workdir" "-e" "CARGO_TARGET_DIR=/opt/rustwide/target" "-e" "CARGO_INCREMENTAL=0" "-e" "RUST_BACKTRACE=full" "-e" "RUSTFLAGS=--cap-lints=forbid -Zrandomize-layout" "-e" "RUSTDOCFLAGS=--cap-lints=forbid" "-e" "CARGO_HOME=/opt/rustwide/cargo-home" "-e" "RUSTUP_HOME=/opt/rustwide/rustup-home" "-w" "/opt/rustwide/workdir" "-m" "1610612736" "--user" "0:0" "--network" "none" "ghcr.io/rust-lang/crates-build-env/linux@sha256:4a844ea9eb2546a2d2c7022eacef16ef2e8229c7fbb2c7d4d55a9ceca922f72d" "/opt/rustwide/cargo-home/bin/cargo" "+nightly-2024-10-28" "build" "--frozen" "--message-format=json", kill_on_drop: false }`
[INFO] [stdout] dd08f293425a9554c219b0b39a9388601b9b67c3ece3fc8a4b6cda4bc5739b34
[INFO] running `Command { std: "docker" "start" "-a" "dd08f293425a9554c219b0b39a9388601b9b67c3ece3fc8a4b6cda4bc5739b34", kill_on_drop: false }`
[INFO] [stderr]    Compiling equivalent v1.0.1
[INFO] [stderr]    Compiling libm v0.2.11
[INFO] [stderr]    Compiling hashbrown v0.15.0
[INFO] [stderr]    Compiling serde v1.0.214
[INFO] [stderr]    Compiling lock_api v0.4.12
[INFO] [stderr]    Compiling num-traits v0.2.19
[INFO] [stderr]    Compiling smallvec v1.13.2
[INFO] [stderr]    Compiling constant_time_eq v0.3.1
[INFO] [stderr]    Compiling arrayref v0.3.9
[INFO] [stderr]    Compiling jobserver v0.1.32
[INFO] [stderr]    Compiling generic-array v0.14.7
[INFO] [stderr]    Compiling arrayvec v0.7.6
[INFO] [stderr]    Compiling winter-utils v0.9.3
[INFO] [stderr]    Compiling syn v2.0.86
[INFO] [stderr]    Compiling futures-sink v0.3.31
[INFO] [stderr]    Compiling target-triple v0.1.3
[INFO] [stderr]    Compiling futures-core v0.3.31
[INFO] [stderr]    Compiling winnow v0.6.20
[INFO] [stderr]    Compiling serde_json v1.0.132
[INFO] [stderr]    Compiling vte_generate_state_changes v0.1.2
[INFO] [stderr]    Compiling ryu v1.0.18
[INFO] [stderr]    Compiling parking_lot_core v0.9.10
[INFO] [stderr]    Compiling utf8parse v0.2.2
[INFO] [stderr]    Compiling semver-parser v0.7.0
[INFO] [stderr]    Compiling winter-math v0.9.3
[INFO] [stderr]    Compiling futures-task v0.3.31
[INFO] [stderr]    Compiling pin-utils v0.1.0
[INFO] [stderr]    Compiling itoa v1.0.11
[INFO] [stderr]    Compiling futures-util v0.3.31
[INFO] [stderr]    Compiling futures-channel v0.3.31
[INFO] [stderr]    Compiling cc v1.1.31
[INFO] [stderr]    Compiling parking_lot v0.12.3
[INFO] [stderr]    Compiling getrandom v0.2.15
[INFO] [stderr]    Compiling rustix v0.38.38
[INFO] [stderr]    Compiling vte v0.11.1
[INFO] [stderr]    Compiling indexmap v2.6.0
[INFO] [stderr]    Compiling semver v0.9.0
[INFO] [stderr]    Compiling dissimilar v1.0.9
[INFO] [stderr]    Compiling gimli v0.31.1
[INFO] [stderr]    Compiling futures-io v0.3.31
[INFO] [stderr]    Compiling termcolor v1.4.1
[INFO] [stderr]    Compiling rustc_version v0.2.3
[INFO] [stderr]    Compiling crypto-common v0.1.6
[INFO] [stderr]    Compiling block-buffer v0.10.4
[INFO] [stderr]    Compiling miniz_oxide v0.8.0
[INFO] [stderr]    Compiling rand_core v0.6.4
[INFO] [stderr]    Compiling dirs-sys-next v0.1.2
[INFO] [stderr]    Compiling digest v0.10.7
[INFO] [stderr]    Compiling object v0.36.5
[INFO] [stderr]    Compiling strip-ansi-escapes v0.2.0
[INFO] [stderr]    Compiling rustc-demangle v0.1.24
[INFO] [stderr]    Compiling indenter v0.3.3
[INFO] [stderr]    Compiling unicode-width v0.1.14
[INFO] [stderr]    Compiling sha3 v0.10.8
[INFO] [stderr]    Compiling owo-colors v4.1.0
[INFO] [stderr]    Compiling crunchy v0.2.2
[INFO] [stderr]    Compiling miden-thiserror v1.0.59
[INFO] [stderr]    Compiling num-integer v0.1.46
[INFO] [stderr]    Compiling num-complex v0.4.6
[INFO] [stderr]    Compiling dirs-next v2.0.0
[INFO] [stderr]    Compiling tiny-keccak v2.0.2
[INFO] [stderr]    Compiling siphasher v0.3.11
[INFO] [stderr]    Compiling smawk v0.3.2
[INFO] [stderr]    Compiling is_ci v1.2.0
[INFO] [stderr]    Compiling unicode-linebreak v0.1.5
[INFO] [stderr]    Compiling semver v1.0.23
[INFO] [stderr]    Compiling num-bigint v0.4.6
[INFO] [stderr]    Compiling num-iter v0.1.45
[INFO] [stderr]    Compiling supports-color v3.0.1
[INFO] [stderr]    Compiling phf_shared v0.10.0
[INFO] [stderr]    Compiling term v0.7.0
[INFO] [stderr]    Compiling textwrap v0.16.1
[INFO] [stderr]    Compiling bit-vec v0.6.3
[INFO] [stderr]    Compiling precomputed-hash v0.1.1
[INFO] [stderr]    Compiling same-file v1.0.6
[INFO] [stderr]    Compiling supports-unicode v3.0.0
[INFO] [stderr]    Compiling tracing-core v0.1.32
[INFO] [stderr]    Compiling supports-hyperlinks v3.0.0
[INFO] [stderr]    Compiling terminal_size v0.3.0
[INFO] [stderr]    Compiling new_debug_unreachable v1.0.6
[INFO] [stderr]    Compiling fixedbitset v0.4.2
[INFO] [stderr]    Compiling once_cell v1.20.2
[INFO] [stderr]    Compiling spin v0.9.8
[INFO] [stderr]    Compiling itertools v0.11.0
[INFO] [stderr]    Compiling ena v0.14.3
[INFO] [stderr]    Compiling petgraph v0.6.5
[INFO] [stderr]    Compiling string_cache v0.8.7
[INFO] [stderr]    Compiling blake3 v1.5.4
[INFO] [stderr]    Compiling miden-crypto v0.10.3
[INFO] [stderr]    Compiling ascii-canvas v3.0.0
[INFO] [stderr]    Compiling bit-set v0.5.3
[INFO] [stderr]    Compiling walkdir v2.5.0
[INFO] [stderr]    Compiling futures v0.3.31
[INFO] [stderr]    Compiling miden-formatting v0.1.1
[INFO] [stderr]    Compiling lalrpop-util v0.20.2
[INFO] [stderr]    Compiling unicode-xid v0.2.6
[INFO] [stderr]    Compiling aho-corasick v1.1.3
[INFO] [stderr]    Compiling rustc_version v0.4.1
[INFO] [stderr]    Compiling num-rational v0.4.2
[INFO] [stderr]    Compiling toml_datetime v0.6.8
[INFO] [stderr]    Compiling serde_spanned v0.6.8
[INFO] [stderr]    Compiling addr2line v0.24.2
[INFO] [stderr]    Compiling winter-crypto v0.9.0
[INFO] [stderr]    Compiling toml_edit v0.22.22
[INFO] [stderr]    Compiling num v0.4.3
[INFO] [stderr]    Compiling lalrpop v0.20.2
[INFO] [stderr]    Compiling winter-fri v0.9.0
[INFO] [stderr]    Compiling winter-air v0.9.0
[INFO] [stderr]    Compiling zerocopy-derive v0.7.35
[INFO] [stderr]    Compiling serde_derive v1.0.214
[INFO] [stderr]    Compiling miden-thiserror-impl v1.0.59
[INFO] [stderr]    Compiling tracing-attributes v0.1.27
[INFO] [stderr]    Compiling miden-miette-derive v7.1.0
[INFO] [stderr]    Compiling num-derive v0.4.2
[INFO] [stderr]    Compiling winter-maybe-async v0.9.0
[INFO] [stderr]    Compiling winter-maybe-async v0.10.1
[INFO] [stderr]    Compiling backtrace v0.3.74
[INFO] [stderr]    Compiling winter-verifier v0.9.0
[INFO] [stderr]    Compiling zerocopy v0.7.35
[INFO] [stderr]    Compiling backtrace-ext v0.2.1
[INFO] [stderr]    Compiling tracing v0.1.40
[INFO] [stderr]    Compiling winter-prover v0.9.0
[INFO] [stderr]    Compiling toml v0.8.19
[INFO] [stderr]    Compiling ppv-lite86 v0.2.20
[INFO] [stderr]    Compiling rand_chacha v0.3.1
[INFO] [stderr]    Compiling rand v0.8.5
[INFO] [stderr]    Compiling trybuild v1.0.101
[INFO] [stderr]    Compiling miden-miette v7.1.1
[INFO] [stderr]    Compiling miden-core v0.10.5
[INFO] [stderr]    Compiling miden-air v0.10.5
[INFO] [stderr]    Compiling miden-processor v0.10.6
[INFO] [stderr]    Compiling miden-verifier v0.10.5
[INFO] [stderr]    Compiling miden-assembly v0.10.5
[INFO] [stderr]    Compiling miden-prover v0.10.5
[INFO] [stderr]    Compiling miden-objects v0.5.1
[INFO] [stderr]    Compiling miden-stdlib v0.10.5
[INFO] [stderr]    Compiling miden-lib v0.5.0
[INFO] [stderr]    Compiling miden-tx v0.5.0 (/opt/rustwide/workdir)
[INFO] [stderr]     Finished `dev` profile [unoptimized + debuginfo] target(s) in 38.94s
[INFO] running `Command { std: "docker" "inspect" "dd08f293425a9554c219b0b39a9388601b9b67c3ece3fc8a4b6cda4bc5739b34", kill_on_drop: false }`
[INFO] running `Command { std: "docker" "rm" "-f" "dd08f293425a9554c219b0b39a9388601b9b67c3ece3fc8a4b6cda4bc5739b34", kill_on_drop: false }`
[INFO] [stdout] dd08f293425a9554c219b0b39a9388601b9b67c3ece3fc8a4b6cda4bc5739b34
[INFO] running `Command { std: "docker" "create" "-v" "/var/lib/crater-agent-workspace/builds/worker-3-tc2/target:/opt/rustwide/target:rw,Z" "-v" "/var/lib/crater-agent-workspace/builds/worker-3-tc2/source:/opt/rustwide/workdir:ro,Z" "-v" "/var/lib/crater-agent-workspace/cargo-home:/opt/rustwide/cargo-home:ro,Z" "-v" "/var/lib/crater-agent-workspace/rustup-home:/opt/rustwide/rustup-home:ro,Z" "-e" "SOURCE_DIR=/opt/rustwide/workdir" "-e" "CARGO_TARGET_DIR=/opt/rustwide/target" "-e" "CARGO_INCREMENTAL=0" "-e" "RUST_BACKTRACE=full" "-e" "RUSTFLAGS=--cap-lints=forbid -Zrandomize-layout" "-e" "RUSTDOCFLAGS=--cap-lints=forbid" "-e" "CARGO_HOME=/opt/rustwide/cargo-home" "-e" "RUSTUP_HOME=/opt/rustwide/rustup-home" "-w" "/opt/rustwide/workdir" "-m" "1610612736" "--user" "0:0" "--network" "none" "ghcr.io/rust-lang/crates-build-env/linux@sha256:4a844ea9eb2546a2d2c7022eacef16ef2e8229c7fbb2c7d4d55a9ceca922f72d" "/opt/rustwide/cargo-home/bin/cargo" "+nightly-2024-10-28" "test" "--frozen" "--no-run" "--message-format=json", kill_on_drop: false }`
[INFO] [stdout] 87740310b929271c008f33ce53dbd17008e52e8704470a2ca87a0cf1b97ca5d2
[INFO] running `Command { std: "docker" "start" "-a" "87740310b929271c008f33ce53dbd17008e52e8704470a2ca87a0cf1b97ca5d2", kill_on_drop: false }`
[INFO] [stderr]    Compiling miden-tx v0.5.0 (/opt/rustwide/workdir)
[INFO] [stdout] error[E0432]: unresolved imports `miden_objects::accounts::account_id::testing`, `miden_objects::testing`
[INFO] [stdout]    --> tests/integration/scripts/faucet.rs:8:21
[INFO] [stdout]     |
[INFO] [stdout] 8   |         account_id::testing::ACCOUNT_ID_FUNGIBLE_FAUCET_OFF_CHAIN, Account, AccountCode, AccountId,
[INFO] [stdout]     |                     ^^^^^^^ could not find `testing` in `account_id`
[INFO] [stdout] ...
[INFO] [stdout] 13  |     testing::prepare_word,
[INFO] [stdout]     |     ^^^^^^^ could not find `testing` in `miden_objects`
[INFO] [stdout]     |
[INFO] [stdout] note: found an item that was configured out
[INFO] [stdout]    --> /opt/rustwide/cargo-home/registry/src/index.crates.io-6f17d22bba15001f/miden-objects-0.5.1/src/accounts/account_id.rs:435:9
[INFO] [stdout]     |
[INFO] [stdout] 435 | pub mod testing {
[INFO] [stdout]     |         ^^^^^^^
[INFO] [stdout] note: the item is gated here
[INFO] [stdout]    --> /opt/rustwide/cargo-home/registry/src/index.crates.io-6f17d22bba15001f/miden-objects-0.5.1/src/accounts/account_id.rs:434:1
[INFO] [stdout]     |
[INFO] [stdout] 434 | #[cfg(any(feature = "testing", test))]
[INFO] [stdout]     | ^^^^^^^^^^^^^^^^^^^^^^^^^^^^^^^^^^^^^^
[INFO] [stdout] note: found an item that was configured out
[INFO] [stdout]    --> /opt/rustwide/cargo-home/registry/src/index.crates.io-6f17d22bba15001f/miden-objects-0.5.1/src/lib.rs:17:9
[INFO] [stdout]     |
[INFO] [stdout] 17  | pub mod testing;
[INFO] [stdout]     |         ^^^^^^^
[INFO] [stdout] note: the item is gated behind the `testing` feature
[INFO] [stdout]    --> /opt/rustwide/cargo-home/registry/src/index.crates.io-6f17d22bba15001f/miden-objects-0.5.1/src/lib.rs:16:7
[INFO] [stdout]     |
[INFO] [stdout] 16  | #[cfg(feature = "testing")]
[INFO] [stdout]     |       ^^^^^^^^^^^^^^^^^^^
[INFO] [stdout] 
[INFO] [stdout] 
[INFO] [stdout] error[E0432]: unresolved import `miden_tx::testing`
[INFO] [stdout]   --> tests/integration/scripts/faucet.rs:16:16
[INFO] [stdout]    |
[INFO] [stdout] 16 | use miden_tx::{testing::TransactionContextBuilder, TransactionExecutor};
[INFO] [stdout]    |                ^^^^^^^ could not find `testing` in `miden_tx`
[INFO] [stdout]    |
[INFO] [stdout] note: found an item that was configured out
[INFO] [stdout]   --> /opt/rustwide/workdir/src/lib.rs:32:9
[INFO] [stdout]    |
[INFO] [stdout] 32 | pub mod testing;
[INFO] [stdout]    |         ^^^^^^^
[INFO] [stdout] note: the item is gated behind the `testing` feature
[INFO] [stdout]   --> /opt/rustwide/workdir/src/lib.rs:31:7
[INFO] [stdout]    |
[INFO] [stdout] 31 | #[cfg(feature = "testing")]
[INFO] [stdout]    |       ^^^^^^^^^^^^^^^^^^^
[INFO] [stdout] 
[INFO] [stdout] 
[INFO] [stdout] error[E0433]: failed to resolve: could not find `testing` in `miden_objects`
[INFO] [stdout]   --> tests/integration/scripts/p2id.rs:17:5
[INFO] [stdout]    |
[INFO] [stdout] 17 |     testing::{account::AccountBuilder, account_code::DEFAULT_AUTH_SCRIPT},
[INFO] [stdout]    |     ^^^^^^^ could not find `testing` in `miden_objects`
[INFO] [stdout]    |
[INFO] [stdout] note: found an item that was configured out
[INFO] [stdout]   --> /opt/rustwide/cargo-home/registry/src/index.crates.io-6f17d22bba15001f/miden-objects-0.5.1/src/lib.rs:17:9
[INFO] [stdout]    |
[INFO] [stdout] 17 | pub mod testing;
[INFO] [stdout]    |         ^^^^^^^
[INFO] [stdout] note: the item is gated behind the `testing` feature
[INFO] [stdout]   --> /opt/rustwide/cargo-home/registry/src/index.crates.io-6f17d22bba15001f/miden-objects-0.5.1/src/lib.rs:16:7
[INFO] [stdout]    |
[INFO] [stdout] 16 | #[cfg(feature = "testing")]
[INFO] [stdout]    |       ^^^^^^^^^^^^^^^^^^^
[INFO] [stdout] 
[INFO] [stdout] 
[INFO] [stdout] error[E0433]: failed to resolve: could not find `testing` in `miden_tx`
[INFO] [stdout]   --> tests/integration/scripts/p2id.rs:23:5
[INFO] [stdout]    |
[INFO] [stdout] 23 |     testing::{
[INFO] [stdout]    |     ^^^^^^^ could not find `testing` in `miden_tx`
[INFO] [stdout]    |
[INFO] [stdout] note: found an item that was configured out
[INFO] [stdout]   --> /opt/rustwide/workdir/src/lib.rs:32:9
[INFO] [stdout]    |
[INFO] [stdout] 32 | pub mod testing;
[INFO] [stdout]    |         ^^^^^^^
[INFO] [stdout] note: the item is gated behind the `testing` feature
[INFO] [stdout]   --> /opt/rustwide/workdir/src/lib.rs:31:7
[INFO] [stdout]    |
[INFO] [stdout] 31 | #[cfg(feature = "testing")]
[INFO] [stdout]    |       ^^^^^^^^^^^^^^^^^^^
[INFO] [stdout] 
[INFO] [stdout] 
[INFO] [stdout] error[E0432]: unresolved import `miden_objects::accounts::account_id::testing`
[INFO] [stdout]    --> tests/integration/scripts/p2id.rs:6:21
[INFO] [stdout]     |
[INFO] [stdout] 6   |         account_id::testing::{
[INFO] [stdout]     |                     ^^^^^^^ could not find `testing` in `account_id`
[INFO] [stdout]     |
[INFO] [stdout] note: found an item that was configured out
[INFO] [stdout]    --> /opt/rustwide/cargo-home/registry/src/index.crates.io-6f17d22bba15001f/miden-objects-0.5.1/src/accounts/account_id.rs:435:9
[INFO] [stdout]     |
[INFO] [stdout] 435 | pub mod testing {
[INFO] [stdout]     |         ^^^^^^^
[INFO] [stdout] note: the item is gated here
[INFO] [stdout]    --> /opt/rustwide/cargo-home/registry/src/index.crates.io-6f17d22bba15001f/miden-objects-0.5.1/src/accounts/account_id.rs:434:1
[INFO] [stdout]     |
[INFO] [stdout] 434 | #[cfg(any(feature = "testing", test))]
[INFO] [stdout]     | ^^^^^^^^^^^^^^^^^^^^^^^^^^^^^^^^^^^^^^
[INFO] [stdout] 
[INFO] [stdout] 
[INFO] [stdout] error[E0432]: unresolved import `miden_tx::testing`
[INFO] [stdout]   --> tests/integration/scripts/p2id.rs:23:5
[INFO] [stdout]    |
[INFO] [stdout] 23 |     testing::{
[INFO] [stdout]    |     ^^^^^^^ could not find `testing` in `miden_tx`
[INFO] [stdout]    |
[INFO] [stdout] note: found an item that was configured out
[INFO] [stdout]   --> /opt/rustwide/workdir/src/lib.rs:32:9
[INFO] [stdout]    |
[INFO] [stdout] 32 | pub mod testing;
[INFO] [stdout]    |         ^^^^^^^
[INFO] [stdout] note: the item is gated behind the `testing` feature
[INFO] [stdout]   --> /opt/rustwide/workdir/src/lib.rs:31:7
[INFO] [stdout]    |
[INFO] [stdout] 31 | #[cfg(feature = "testing")]
[INFO] [stdout]    |       ^^^^^^^^^^^^^^^^^^^
[INFO] [stdout] 
[INFO] [stdout] 
[INFO] [stdout] error[E0432]: unresolved import `miden_objects::accounts::account_id::testing`
[INFO] [stdout]    --> tests/integration/scripts/p2idr.rs:4:21
[INFO] [stdout]     |
[INFO] [stdout] 4   |         account_id::testing::{
[INFO] [stdout]     |                     ^^^^^^^ could not find `testing` in `account_id`
[INFO] [stdout]     |
[INFO] [stdout] note: found an item that was configured out
[INFO] [stdout]    --> /opt/rustwide/cargo-home/registry/src/index.crates.io-6f17d22bba15001f/miden-objects-0.5.1/src/accounts/account_id.rs:435:9
[INFO] [stdout]     |
[INFO] [stdout] 435 | pub mod testing {
[INFO] [stdout]     |         ^^^^^^^
[INFO] [stdout] note: the item is gated here
[INFO] [stdout]    --> /opt/rustwide/cargo-home/registry/src/index.crates.io-6f17d22bba15001f/miden-objects-0.5.1/src/accounts/account_id.rs:434:1
[INFO] [stdout]     |
[INFO] [stdout] 434 | #[cfg(any(feature = "testing", test))]
[INFO] [stdout]     | ^^^^^^^^^^^^^^^^^^^^^^^^^^^^^^^^^^^^^^
[INFO] [stdout] 
[INFO] [stdout] 
[INFO] [stdout] error[E0432]: unresolved import `miden_tx::testing`
[INFO] [stdout]   --> tests/integration/scripts/p2idr.rs:17:16
[INFO] [stdout]    |
[INFO] [stdout] 17 | use miden_tx::{testing::TransactionContextBuilder, TransactionExecutor};
[INFO] [stdout]    |                ^^^^^^^ could not find `testing` in `miden_tx`
[INFO] [stdout]    |
[INFO] [stdout] note: found an item that was configured out
[INFO] [stdout]   --> /opt/rustwide/workdir/src/lib.rs:32:9
[INFO] [stdout]    |
[INFO] [stdout] 32 | pub mod testing;
[INFO] [stdout]    |         ^^^^^^^
[INFO] [stdout] note: the item is gated behind the `testing` feature
[INFO] [stdout]   --> /opt/rustwide/workdir/src/lib.rs:31:7
[INFO] [stdout]    |
[INFO] [stdout] 31 | #[cfg(feature = "testing")]
[INFO] [stdout]    |       ^^^^^^^^^^^^^^^^^^^
[INFO] [stdout] 
[INFO] [stdout] 
[INFO] [stdout] error[E0433]: failed to resolve: could not find `testing` in `miden_objects`
[INFO] [stdout]   --> tests/integration/scripts/swap.rs:10:5
[INFO] [stdout]    |
[INFO] [stdout] 10 |     testing::account_code::DEFAULT_AUTH_SCRIPT,
[INFO] [stdout]    |     ^^^^^^^ could not find `testing` in `miden_objects`
[INFO] [stdout]    |
[INFO] [stdout] note: found an item that was configured out
[INFO] [stdout]   --> /opt/rustwide/cargo-home/registry/src/index.crates.io-6f17d22bba15001f/miden-objects-0.5.1/src/lib.rs:17:9
[INFO] [stdout]    |
[INFO] [stdout] 17 | pub mod testing;
[INFO] [stdout]    |         ^^^^^^^
[INFO] [stdout] note: the item is gated behind the `testing` feature
[INFO] [stdout]   --> /opt/rustwide/cargo-home/registry/src/index.crates.io-6f17d22bba15001f/miden-objects-0.5.1/src/lib.rs:16:7
[INFO] [stdout]    |
[INFO] [stdout] 16 | #[cfg(feature = "testing")]
[INFO] [stdout]    |       ^^^^^^^^^^^^^^^^^^^
[INFO] [stdout] 
[INFO] [stdout] 
[INFO] [stdout] error[E0433]: failed to resolve: could not find `testing` in `miden_tx`
[INFO] [stdout]   --> tests/integration/scripts/swap.rs:14:15
[INFO] [stdout]    |
[INFO] [stdout] 14 | use miden_tx::testing::mock_chain::{Auth, MockChain};
[INFO] [stdout]    |               ^^^^^^^ could not find `testing` in `miden_tx`
[INFO] [stdout]    |
[INFO] [stdout] note: found an item that was configured out
[INFO] [stdout]   --> /opt/rustwide/workdir/src/lib.rs:32:9
[INFO] [stdout]    |
[INFO] [stdout] 32 | pub mod testing;
[INFO] [stdout]    |         ^^^^^^^
[INFO] [stdout] note: the item is gated behind the `testing` feature
[INFO] [stdout]   --> /opt/rustwide/workdir/src/lib.rs:31:7
[INFO] [stdout]    |
[INFO] [stdout] 31 | #[cfg(feature = "testing")]
[INFO] [stdout]    |       ^^^^^^^^^^^^^^^^^^^
[INFO] [stdout] 
[INFO] [stdout] 
[INFO] [stdout] error[E0432]: unresolved import `miden_objects::accounts::account_id::testing`
[INFO] [stdout]    --> tests/integration/scripts/swap.rs:3:28
[INFO] [stdout]     |
[INFO] [stdout] 3   |     accounts::{account_id::testing::ACCOUNT_ID_NON_FUNGIBLE_FAUCET_ON_CHAIN, Account, AccountId},
[INFO] [stdout]     |                            ^^^^^^^ could not find `testing` in `account_id`
[INFO] [stdout]     |
[INFO] [stdout] note: found an item that was configured out
[INFO] [stdout]    --> /opt/rustwide/cargo-home/registry/src/index.crates.io-6f17d22bba15001f/miden-objects-0.5.1/src/accounts/account_id.rs:435:9
[INFO] [stdout]     |
[INFO] [stdout] 435 | pub mod testing {
[INFO] [stdout]     |         ^^^^^^^
[INFO] [stdout] note: the item is gated here
[INFO] [stdout]    --> /opt/rustwide/cargo-home/registry/src/index.crates.io-6f17d22bba15001f/miden-objects-0.5.1/src/accounts/account_id.rs:434:1
[INFO] [stdout]     |
[INFO] [stdout] 434 | #[cfg(any(feature = "testing", test))]
[INFO] [stdout]     | ^^^^^^^^^^^^^^^^^^^^^^^^^^^^^^^^^^^^^^
[INFO] [stdout] 
[INFO] [stdout] 
[INFO] [stdout] error[E0432]: unresolved imports `miden_objects::accounts::account_id::testing`, `miden_objects::testing`
[INFO] [stdout]    --> tests/integration/wallet/mod.rs:6:21
[INFO] [stdout]     |
[INFO] [stdout] 6   |         account_id::testing::{
[INFO] [stdout]     |                     ^^^^^^^ could not find `testing` in `account_id`
[INFO] [stdout] ...
[INFO] [stdout] 15  |     testing::prepare_word,
[INFO] [stdout]     |     ^^^^^^^ could not find `testing` in `miden_objects`
[INFO] [stdout]     |
[INFO] [stdout] note: found an item that was configured out
[INFO] [stdout]    --> /opt/rustwide/cargo-home/registry/src/index.crates.io-6f17d22bba15001f/miden-objects-0.5.1/src/accounts/account_id.rs:435:9
[INFO] [stdout]     |
[INFO] [stdout] 435 | pub mod testing {
[INFO] [stdout]     |         ^^^^^^^
[INFO] [stdout] note: the item is gated here
[INFO] [stdout]    --> /opt/rustwide/cargo-home/registry/src/index.crates.io-6f17d22bba15001f/miden-objects-0.5.1/src/accounts/account_id.rs:434:1
[INFO] [stdout]     |
[INFO] [stdout] 434 | #[cfg(any(feature = "testing", test))]
[INFO] [stdout]     | ^^^^^^^^^^^^^^^^^^^^^^^^^^^^^^^^^^^^^^
[INFO] [stdout] note: found an item that was configured out
[INFO] [stdout]    --> /opt/rustwide/cargo-home/registry/src/index.crates.io-6f17d22bba15001f/miden-objects-0.5.1/src/lib.rs:17:9
[INFO] [stdout]     |
[INFO] [stdout] 17  | pub mod testing;
[INFO] [stdout]     |         ^^^^^^^
[INFO] [stdout] note: the item is gated behind the `testing` feature
[INFO] [stdout]    --> /opt/rustwide/cargo-home/registry/src/index.crates.io-6f17d22bba15001f/miden-objects-0.5.1/src/lib.rs:16:7
[INFO] [stdout]     |
[INFO] [stdout] 16  | #[cfg(feature = "testing")]
[INFO] [stdout]     |       ^^^^^^^^^^^^^^^^^^^
[INFO] [stdout] 
[INFO] [stdout] 
[INFO] [stdout] error[E0432]: unresolved import `miden_tx::testing`
[INFO] [stdout]   --> tests/integration/wallet/mod.rs:19:16
[INFO] [stdout]    |
[INFO] [stdout] 19 | use miden_tx::{testing::TransactionContextBuilder, TransactionExecutor};
[INFO] [stdout]    |                ^^^^^^^ could not find `testing` in `miden_tx`
[INFO] [stdout]    |
[INFO] [stdout] note: found an item that was configured out
[INFO] [stdout]   --> /opt/rustwide/workdir/src/lib.rs:32:9
[INFO] [stdout]    |
[INFO] [stdout] 32 | pub mod testing;
[INFO] [stdout]    |         ^^^^^^^
[INFO] [stdout] note: the item is gated behind the `testing` feature
[INFO] [stdout]   --> /opt/rustwide/workdir/src/lib.rs:31:7
[INFO] [stdout]    |
[INFO] [stdout] 31 | #[cfg(feature = "testing")]
[INFO] [stdout]    |       ^^^^^^^^^^^^^^^^^^^
[INFO] [stdout] 
[INFO] [stdout] 
[INFO] [stdout] error[E0433]: failed to resolve: could not find `testing` in `miden_objects`
[INFO] [stdout]   --> tests/integration/main.rs:13:5
[INFO] [stdout]    |
[INFO] [stdout] 13 |     testing::account_code::DEFAULT_AUTH_SCRIPT,
[INFO] [stdout]    |     ^^^^^^^ could not find `testing` in `miden_objects`
[INFO] [stdout]    |
[INFO] [stdout] note: found an item that was configured out
[INFO] [stdout]   --> /opt/rustwide/cargo-home/registry/src/index.crates.io-6f17d22bba15001f/miden-objects-0.5.1/src/lib.rs:17:9
[INFO] [stdout]    |
[INFO] [stdout] 17 | pub mod testing;
[INFO] [stdout]    |         ^^^^^^^
[INFO] [stdout] note: the item is gated behind the `testing` feature
[INFO] [stdout]   --> /opt/rustwide/cargo-home/registry/src/index.crates.io-6f17d22bba15001f/miden-objects-0.5.1/src/lib.rs:16:7
[INFO] [stdout]    |
[INFO] [stdout] 16 | #[cfg(feature = "testing")]
[INFO] [stdout]    |       ^^^^^^^^^^^^^^^^^^^
[INFO] [stdout] 
[INFO] [stdout] 
[INFO] [stdout] error[E0433]: failed to resolve: could not find `testing` in `miden_objects`
[INFO] [stdout]   --> tests/integration/main.rs:77:24
[INFO] [stdout]    |
[INFO] [stdout] 77 |     use miden_objects::testing::account_code::DEFAULT_ACCOUNT_CODE;
[INFO] [stdout]    |                        ^^^^^^^ could not find `testing` in `miden_objects`
[INFO] [stdout]    |
[INFO] [stdout] note: found an item that was configured out
[INFO] [stdout]   --> /opt/rustwide/cargo-home/registry/src/index.crates.io-6f17d22bba15001f/miden-objects-0.5.1/src/lib.rs:17:9
[INFO] [stdout]    |
[INFO] [stdout] 17 | pub mod testing;
[INFO] [stdout]    |         ^^^^^^^
[INFO] [stdout] note: the item is gated behind the `testing` feature
[INFO] [stdout]   --> /opt/rustwide/cargo-home/registry/src/index.crates.io-6f17d22bba15001f/miden-objects-0.5.1/src/lib.rs:16:7
[INFO] [stdout]    |
[INFO] [stdout] 16 | #[cfg(feature = "testing")]
[INFO] [stdout]    |       ^^^^^^^^^^^^^^^^^^^
[INFO] [stdout] 
[INFO] [stdout] 
[INFO] [stdout] error[E0432]: unresolved import `miden_objects::accounts::account_id::testing`
[INFO] [stdout]    --> tests/integration/main.rs:7:21
[INFO] [stdout]     |
[INFO] [stdout] 7   |         account_id::testing::ACCOUNT_ID_SENDER, Account, AccountCode, AccountId, AccountStorage,
[INFO] [stdout]     |                     ^^^^^^^ could not find `testing` in `account_id`
[INFO] [stdout]     |
[INFO] [stdout] note: found an item that was configured out
[INFO] [stdout]    --> /opt/rustwide/cargo-home/registry/src/index.crates.io-6f17d22bba15001f/miden-objects-0.5.1/src/accounts/account_id.rs:435:9
[INFO] [stdout]     |
[INFO] [stdout] 435 | pub mod testing {
[INFO] [stdout]     |         ^^^^^^^
[INFO] [stdout] note: the item is gated here
[INFO] [stdout]    --> /opt/rustwide/cargo-home/registry/src/index.crates.io-6f17d22bba15001f/miden-objects-0.5.1/src/accounts/account_id.rs:434:1
[INFO] [stdout]     |
[INFO] [stdout] 434 | #[cfg(any(feature = "testing", test))]
[INFO] [stdout]     | ^^^^^^^^^^^^^^^^^^^^^^^^^^^^^^^^^^^^^^
[INFO] [stdout] 
[INFO] [stdout] 
[INFO] [stdout] error[E0432]: unresolved import `miden_objects::accounts::account_id::testing`
[INFO] [stdout]    --> tests/integration/wallet/mod.rs:185:21
[INFO] [stdout]     |
[INFO] [stdout] 185 |         account_id::testing::ACCOUNT_ID_SENDER, AccountStorageType, AccountType,
[INFO] [stdout]     |                     ^^^^^^^ could not find `testing` in `account_id`
[INFO] [stdout]     |
[INFO] [stdout] note: found an item that was configured out
[INFO] [stdout]    --> /opt/rustwide/cargo-home/registry/src/index.crates.io-6f17d22bba15001f/miden-objects-0.5.1/src/accounts/account_id.rs:435:9
[INFO] [stdout]     |
[INFO] [stdout] 435 | pub mod testing {
[INFO] [stdout]     |         ^^^^^^^
[INFO] [stdout] note: the item is gated here
[INFO] [stdout]    --> /opt/rustwide/cargo-home/registry/src/index.crates.io-6f17d22bba15001f/miden-objects-0.5.1/src/accounts/account_id.rs:434:1
[INFO] [stdout]     |
[INFO] [stdout] 434 | #[cfg(any(feature = "testing", test))]
[INFO] [stdout]     | ^^^^^^^^^^^^^^^^^^^^^^^^^^^^^^^^^^^^^^
[INFO] [stdout] 
[INFO] [stdout] 
[INFO] [stdout] error[E0433]: failed to resolve: could not find `testing` in `miden_objects`
[INFO] [stdout]   --> src/tests/mod.rs:18:5
[INFO] [stdout]    |
[INFO] [stdout] 18 |     testing::{
[INFO] [stdout]    |     ^^^^^^^ could not find `testing` in `miden_objects`
[INFO] [stdout]    |
[INFO] [stdout] note: found an item that was configured out
[INFO] [stdout]   --> /opt/rustwide/cargo-home/registry/src/index.crates.io-6f17d22bba15001f/miden-objects-0.5.1/src/lib.rs:17:9
[INFO] [stdout]    |
[INFO] [stdout] 17 | pub mod testing;
[INFO] [stdout]    |         ^^^^^^^
[INFO] [stdout] note: the item is gated behind the `testing` feature
[INFO] [stdout]   --> /opt/rustwide/cargo-home/registry/src/index.crates.io-6f17d22bba15001f/miden-objects-0.5.1/src/lib.rs:16:7
[INFO] [stdout]    |
[INFO] [stdout] 16 | #[cfg(feature = "testing")]
[INFO] [stdout]    |       ^^^^^^^^^^^^^^^^^^^
[INFO] [stdout] 
[INFO] [stdout] 
[INFO] [stdout] error[E0432]: unresolved imports `miden_objects::accounts::account_id::testing`, `miden_objects::testing`
[INFO] [stdout]    --> src/tests/mod.rs:6:21
[INFO] [stdout]     |
[INFO] [stdout] 6   |         account_id::testing::{
[INFO] [stdout]     |                     ^^^^^^^ could not find `testing` in `account_id`
[INFO] [stdout] ...
[INFO] [stdout] 18  |     testing::{
[INFO] [stdout]     |     ^^^^^^^ could not find `testing` in `miden_objects`
[INFO] [stdout]     |
[INFO] [stdout] note: found an item that was configured out
[INFO] [stdout]    --> /opt/rustwide/cargo-home/registry/src/index.crates.io-6f17d22bba15001f/miden-objects-0.5.1/src/accounts/account_id.rs:435:9
[INFO] [stdout]     |
[INFO] [stdout] 435 | pub mod testing {
[INFO] [stdout]     |         ^^^^^^^
[INFO] [stdout] note: the item is gated here
[INFO] [stdout]    --> /opt/rustwide/cargo-home/registry/src/index.crates.io-6f17d22bba15001f/miden-objects-0.5.1/src/accounts/account_id.rs:434:1
[INFO] [stdout]     |
[INFO] [stdout] 434 | #[cfg(any(feature = "testing", test))]
[INFO] [stdout]     | ^^^^^^^^^^^^^^^^^^^^^^^^^^^^^^^^^^^^^^
[INFO] [stdout] note: found an item that was configured out
[INFO] [stdout]    --> /opt/rustwide/cargo-home/registry/src/index.crates.io-6f17d22bba15001f/miden-objects-0.5.1/src/lib.rs:17:9
[INFO] [stdout]     |
[INFO] [stdout] 17  | pub mod testing;
[INFO] [stdout]     |         ^^^^^^^
[INFO] [stdout] note: the item is gated behind the `testing` feature
[INFO] [stdout]    --> /opt/rustwide/cargo-home/registry/src/index.crates.io-6f17d22bba15001f/miden-objects-0.5.1/src/lib.rs:16:7
[INFO] [stdout]     |
[INFO] [stdout] 16  | #[cfg(feature = "testing")]
[INFO] [stdout]     |       ^^^^^^^^^^^^^^^^^^^
[INFO] [stdout] 
[INFO] [stdout] 
[INFO] [stdout] error[E0432]: unresolved import `crate::testing`
[INFO] [stdout]   --> src/tests/mod.rs:39:13
[INFO] [stdout]    |
[INFO] [stdout] 39 | use crate::{testing::TransactionContextBuilder, TransactionMastStore};
[INFO] [stdout]    |             ^^^^^^^ could not find `testing` in the crate root
[INFO] [stdout]    |
[INFO] [stdout] note: found an item that was configured out
[INFO] [stdout]   --> src/lib.rs:32:9
[INFO] [stdout]    |
[INFO] [stdout] 32 | pub mod testing;
[INFO] [stdout]    |         ^^^^^^^
[INFO] [stdout] note: the item is gated behind the `testing` feature
[INFO] [stdout]   --> src/lib.rs:31:7
[INFO] [stdout]    |
[INFO] [stdout] 31 | #[cfg(feature = "testing")]
[INFO] [stdout]    |       ^^^^^^^^^^^^^^^^^^^
[INFO] [stdout] 
[INFO] [stdout] 
[INFO] [stdout] error[E0433]: failed to resolve: could not find `testing` in `miden_objects`
[INFO] [stdout]   --> src/tests/kernel_tests/mod.rs:9:5
[INFO] [stdout]    |
[INFO] [stdout] 9  |     testing::{prepare_word, storage::prepare_assets},
[INFO] [stdout]    |     ^^^^^^^ could not find `testing` in `miden_objects`
[INFO] [stdout]    |
[INFO] [stdout] note: found an item that was configured out
[INFO] [stdout]   --> /opt/rustwide/cargo-home/registry/src/index.crates.io-6f17d22bba15001f/miden-objects-0.5.1/src/lib.rs:17:9
[INFO] [stdout]    |
[INFO] [stdout] 17 | pub mod testing;
[INFO] [stdout]    |         ^^^^^^^
[INFO] [stdout] note: the item is gated behind the `testing` feature
[INFO] [stdout]   --> /opt/rustwide/cargo-home/registry/src/index.crates.io-6f17d22bba15001f/miden-objects-0.5.1/src/lib.rs:16:7
[INFO] [stdout]    |
[INFO] [stdout] 16 | #[cfg(feature = "testing")]
[INFO] [stdout]    |       ^^^^^^^^^^^^^^^^^^^
[INFO] [stdout] 
[INFO] [stdout] 
[INFO] [stdout] error[E0432]: unresolved import `miden_objects::testing`
[INFO] [stdout]   --> src/tests/kernel_tests/mod.rs:9:5
[INFO] [stdout]    |
[INFO] [stdout] 9  |     testing::{prepare_word, storage::prepare_assets},
[INFO] [stdout]    |     ^^^^^^^ could not find `testing` in `miden_objects`
[INFO] [stdout]    |
[INFO] [stdout] note: found an item that was configured out
[INFO] [stdout]   --> /opt/rustwide/cargo-home/registry/src/index.crates.io-6f17d22bba15001f/miden-objects-0.5.1/src/lib.rs:17:9
[INFO] [stdout]    |
[INFO] [stdout] 17 | pub mod testing;
[INFO] [stdout]    |         ^^^^^^^
[INFO] [stdout] note: the item is gated behind the `testing` feature
[INFO] [stdout]   --> /opt/rustwide/cargo-home/registry/src/index.crates.io-6f17d22bba15001f/miden-objects-0.5.1/src/lib.rs:16:7
[INFO] [stdout]    |
[INFO] [stdout] 16 | #[cfg(feature = "testing")]
[INFO] [stdout]    |       ^^^^^^^^^^^^^^^^^^^
[INFO] [stdout] 
[INFO] [stdout] 
[INFO] [stdout] error[E0433]: failed to resolve: could not find `testing` in `miden_objects`
[INFO] [stdout]   --> src/tests/kernel_tests/test_account.rs:13:5
[INFO] [stdout]    |
[INFO] [stdout] 13 |     testing::{prepare_word, storage::STORAGE_LEAVES_2},
[INFO] [stdout]    |     ^^^^^^^ could not find `testing` in `miden_objects`
[INFO] [stdout]    |
[INFO] [stdout] note: found an item that was configured out
[INFO] [stdout]   --> /opt/rustwide/cargo-home/registry/src/index.crates.io-6f17d22bba15001f/miden-objects-0.5.1/src/lib.rs:17:9
[INFO] [stdout]    |
[INFO] [stdout] 17 | pub mod testing;
[INFO] [stdout]    |         ^^^^^^^
[INFO] [stdout] note: the item is gated behind the `testing` feature
[INFO] [stdout]   --> /opt/rustwide/cargo-home/registry/src/index.crates.io-6f17d22bba15001f/miden-objects-0.5.1/src/lib.rs:16:7
[INFO] [stdout]    |
[INFO] [stdout] 16 | #[cfg(feature = "testing")]
[INFO] [stdout]    |       ^^^^^^^^^^^^^^^^^^^
[INFO] [stdout] 
[INFO] [stdout] 
[INFO] [stdout] error[E0433]: failed to resolve: could not find `testing` in the crate root
[INFO] [stdout]   --> src/tests/kernel_tests/test_account.rs:19:5
[INFO] [stdout]    |
[INFO] [stdout] 19 |     testing::{executor::CodeExecutor, TransactionContextBuilder},
[INFO] [stdout]    |     ^^^^^^^ could not find `testing` in the crate root
[INFO] [stdout]    |
[INFO] [stdout] note: found an item that was configured out
[INFO] [stdout]   --> src/lib.rs:32:9
[INFO] [stdout]    |
[INFO] [stdout] 32 | pub mod testing;
[INFO] [stdout]    |         ^^^^^^^
[INFO] [stdout] note: the item is gated behind the `testing` feature
[INFO] [stdout]   --> src/lib.rs:31:7
[INFO] [stdout]    |
[INFO] [stdout] 31 | #[cfg(feature = "testing")]
[INFO] [stdout]    |       ^^^^^^^^^^^^^^^^^^^
[INFO] [stdout] 
[INFO] [stdout] 
[INFO] [stdout] error[E0432]: unresolved imports `miden_objects::accounts::account_id::testing`, `miden_objects::testing`
[INFO] [stdout]    --> src/tests/kernel_tests/test_account.rs:4:21
[INFO] [stdout]     |
[INFO] [stdout] 4   |         account_id::testing::{
[INFO] [stdout]     |                     ^^^^^^^ could not find `testing` in `account_id`
[INFO] [stdout] ...
[INFO] [stdout] 13  |     testing::{prepare_word, storage::STORAGE_LEAVES_2},
[INFO] [stdout]     |     ^^^^^^^ could not find `testing` in `miden_objects`
[INFO] [stdout]     |
[INFO] [stdout] note: found an item that was configured out
[INFO] [stdout]    --> /opt/rustwide/cargo-home/registry/src/index.crates.io-6f17d22bba15001f/miden-objects-0.5.1/src/accounts/account_id.rs:435:9
[INFO] [stdout]     |
[INFO] [stdout] 435 | pub mod testing {
[INFO] [stdout]     |         ^^^^^^^
[INFO] [stdout] note: the item is gated here
[INFO] [stdout]    --> /opt/rustwide/cargo-home/registry/src/index.crates.io-6f17d22bba15001f/miden-objects-0.5.1/src/accounts/account_id.rs:434:1
[INFO] [stdout]     |
[INFO] [stdout] 434 | #[cfg(any(feature = "testing", test))]
[INFO] [stdout]     | ^^^^^^^^^^^^^^^^^^^^^^^^^^^^^^^^^^^^^^
[INFO] [stdout] note: found an item that was configured out
[INFO] [stdout]    --> /opt/rustwide/cargo-home/registry/src/index.crates.io-6f17d22bba15001f/miden-objects-0.5.1/src/lib.rs:17:9
[INFO] [stdout]     |
[INFO] [stdout] 17  | pub mod testing;
[INFO] [stdout]     |         ^^^^^^^
[INFO] [stdout] note: the item is gated behind the `testing` feature
[INFO] [stdout]    --> /opt/rustwide/cargo-home/registry/src/index.crates.io-6f17d22bba15001f/miden-objects-0.5.1/src/lib.rs:16:7
[INFO] [stdout]     |
[INFO] [stdout] 16  | #[cfg(feature = "testing")]
[INFO] [stdout]     |       ^^^^^^^^^^^^^^^^^^^
[INFO] [stdout] 
[INFO] [stdout] 
[INFO] [stdout] error[E0432]: unresolved import `crate::testing`
[INFO] [stdout]   --> src/tests/kernel_tests/test_account.rs:19:5
[INFO] [stdout]    |
[INFO] [stdout] 19 |     testing::{executor::CodeExecutor, TransactionContextBuilder},
[INFO] [stdout]    |     ^^^^^^^ could not find `testing` in the crate root
[INFO] [stdout]    |
[INFO] [stdout] note: found an item that was configured out
[INFO] [stdout]   --> src/lib.rs:32:9
[INFO] [stdout]    |
[INFO] [stdout] 32 | pub mod testing;
[INFO] [stdout]    |         ^^^^^^^
[INFO] [stdout] note: the item is gated behind the `testing` feature
[INFO] [stdout]   --> src/lib.rs:31:7
[INFO] [stdout]    |
[INFO] [stdout] 31 | #[cfg(feature = "testing")]
[INFO] [stdout]    |       ^^^^^^^^^^^^^^^^^^^
[INFO] [stdout] 
[INFO] [stdout] 
[INFO] [stdout] error[E0433]: failed to resolve: could not find `testing` in `miden_objects`
[INFO] [stdout]   --> src/tests/kernel_tests/test_asset.rs:6:5
[INFO] [stdout]    |
[INFO] [stdout] 6  |     testing::{
[INFO] [stdout]    |     ^^^^^^^ could not find `testing` in `miden_objects`
[INFO] [stdout]    |
[INFO] [stdout] note: found an item that was configured out
[INFO] [stdout]   --> /opt/rustwide/cargo-home/registry/src/index.crates.io-6f17d22bba15001f/miden-objects-0.5.1/src/lib.rs:17:9
[INFO] [stdout]    |
[INFO] [stdout] 17 | pub mod testing;
[INFO] [stdout]    |         ^^^^^^^
[INFO] [stdout] note: the item is gated behind the `testing` feature
[INFO] [stdout]   --> /opt/rustwide/cargo-home/registry/src/index.crates.io-6f17d22bba15001f/miden-objects-0.5.1/src/lib.rs:16:7
[INFO] [stdout]    |
[INFO] [stdout] 16 | #[cfg(feature = "testing")]
[INFO] [stdout]    |       ^^^^^^^^^^^^^^^^^^^
[INFO] [stdout] 
[INFO] [stdout] 
[INFO] [stdout] error[E0432]: unresolved imports `miden_objects::accounts::account_id::testing`, `miden_objects::testing`
[INFO] [stdout]    --> src/tests/kernel_tests/test_asset.rs:2:27
[INFO] [stdout]     |
[INFO] [stdout] 2   |     accounts::account_id::testing::{
[INFO] [stdout]     |                           ^^^^^^^ could not find `testing` in `account_id`
[INFO] [stdout] ...
[INFO] [stdout] 6   |     testing::{
[INFO] [stdout]     |     ^^^^^^^ could not find `testing` in `miden_objects`
[INFO] [stdout]     |
[INFO] [stdout] note: found an item that was configured out
[INFO] [stdout]    --> /opt/rustwide/cargo-home/registry/src/index.crates.io-6f17d22bba15001f/miden-objects-0.5.1/src/accounts/account_id.rs:435:9
[INFO] [stdout]     |
[INFO] [stdout] 435 | pub mod testing {
[INFO] [stdout]     |         ^^^^^^^
[INFO] [stdout] note: the item is gated here
[INFO] [stdout]    --> /opt/rustwide/cargo-home/registry/src/index.crates.io-6f17d22bba15001f/miden-objects-0.5.1/src/accounts/account_id.rs:434:1
[INFO] [stdout]     |
[INFO] [stdout] 434 | #[cfg(any(feature = "testing", test))]
[INFO] [stdout]     | ^^^^^^^^^^^^^^^^^^^^^^^^^^^^^^^^^^^^^^
[INFO] [stdout] note: found an item that was configured out
[INFO] [stdout]    --> /opt/rustwide/cargo-home/registry/src/index.crates.io-6f17d22bba15001f/miden-objects-0.5.1/src/lib.rs:17:9
[INFO] [stdout]     |
[INFO] [stdout] 17  | pub mod testing;
[INFO] [stdout]     |         ^^^^^^^
[INFO] [stdout] note: the item is gated behind the `testing` feature
[INFO] [stdout]    --> /opt/rustwide/cargo-home/registry/src/index.crates.io-6f17d22bba15001f/miden-objects-0.5.1/src/lib.rs:16:7
[INFO] [stdout]     |
[INFO] [stdout] 16  | #[cfg(feature = "testing")]
[INFO] [stdout]     |       ^^^^^^^^^^^^^^^^^^^
[INFO] [stdout] 
[INFO] [stdout] 
[INFO] [stdout] error[E0432]: unresolved import `crate::testing`
[INFO] [stdout]   --> src/tests/kernel_tests/test_asset.rs:16:12
[INFO] [stdout]    |
[INFO] [stdout] 16 | use crate::testing::TransactionContextBuilder;
[INFO] [stdout]    |            ^^^^^^^ could not find `testing` in the crate root
[INFO] [stdout]    |
[INFO] [stdout] note: found an item that was configured out
[INFO] [stdout]   --> src/lib.rs:32:9
[INFO] [stdout]    |
[INFO] [stdout] 32 | pub mod testing;
[INFO] [stdout]    |         ^^^^^^^
[INFO] [stdout] note: the item is gated behind the `testing` feature
[INFO] [stdout]   --> src/lib.rs:31:7
[INFO] [stdout]    |
[INFO] [stdout] 31 | #[cfg(feature = "testing")]
[INFO] [stdout]    |       ^^^^^^^^^^^^^^^^^^^
[INFO] [stdout] 
[INFO] [stdout] 
[INFO] [stdout] error[E0433]: failed to resolve: could not find `testing` in `miden_objects`
[INFO] [stdout]   --> src/tests/kernel_tests/test_asset_vault.rs:11:5
[INFO] [stdout]    |
[INFO] [stdout] 11 |     testing::{
[INFO] [stdout]    |     ^^^^^^^ could not find `testing` in `miden_objects`
[INFO] [stdout]    |
[INFO] [stdout] note: found an item that was configured out
[INFO] [stdout]   --> /opt/rustwide/cargo-home/registry/src/index.crates.io-6f17d22bba15001f/miden-objects-0.5.1/src/lib.rs:17:9
[INFO] [stdout]    |
[INFO] [stdout] 17 | pub mod testing;
[INFO] [stdout]    |         ^^^^^^^
[INFO] [stdout] note: the item is gated behind the `testing` feature
[INFO] [stdout]   --> /opt/rustwide/cargo-home/registry/src/index.crates.io-6f17d22bba15001f/miden-objects-0.5.1/src/lib.rs:16:7
[INFO] [stdout]    |
[INFO] [stdout] 16 | #[cfg(feature = "testing")]
[INFO] [stdout]    |       ^^^^^^^^^^^^^^^^^^^
[INFO] [stdout] 
[INFO] [stdout] 
[INFO] [stdout] error[E0432]: unresolved imports `miden_objects::accounts::account_id::testing`, `miden_objects::testing`
[INFO] [stdout]    --> src/tests/kernel_tests/test_asset_vault.rs:4:21
[INFO] [stdout]     |
[INFO] [stdout] 4   |         account_id::testing::{
[INFO] [stdout]     |                     ^^^^^^^ could not find `testing` in `account_id`
[INFO] [stdout] ...
[INFO] [stdout] 11  |     testing::{
[INFO] [stdout]     |     ^^^^^^^ could not find `testing` in `miden_objects`
[INFO] [stdout]     |
[INFO] [stdout] note: found an item that was configured out
[INFO] [stdout]    --> /opt/rustwide/cargo-home/registry/src/index.crates.io-6f17d22bba15001f/miden-objects-0.5.1/src/accounts/account_id.rs:435:9
[INFO] [stdout]     |
[INFO] [stdout] 435 | pub mod testing {
[INFO] [stdout]     |         ^^^^^^^
[INFO] [stdout] note: the item is gated here
[INFO] [stdout]    --> /opt/rustwide/cargo-home/registry/src/index.crates.io-6f17d22bba15001f/miden-objects-0.5.1/src/accounts/account_id.rs:434:1
[INFO] [stdout]     |
[INFO] [stdout] 434 | #[cfg(any(feature = "testing", test))]
[INFO] [stdout]     | ^^^^^^^^^^^^^^^^^^^^^^^^^^^^^^^^^^^^^^
[INFO] [stdout] note: found an item that was configured out
[INFO] [stdout]    --> /opt/rustwide/cargo-home/registry/src/index.crates.io-6f17d22bba15001f/miden-objects-0.5.1/src/lib.rs:17:9
[INFO] [stdout]     |
[INFO] [stdout] 17  | pub mod testing;
[INFO] [stdout]     |         ^^^^^^^
[INFO] [stdout] note: the item is gated behind the `testing` feature
[INFO] [stdout]    --> /opt/rustwide/cargo-home/registry/src/index.crates.io-6f17d22bba15001f/miden-objects-0.5.1/src/lib.rs:16:7
[INFO] [stdout]     |
[INFO] [stdout] 16  | #[cfg(feature = "testing")]
[INFO] [stdout]     |       ^^^^^^^^^^^^^^^^^^^
[INFO] [stdout] 
[INFO] [stdout] 
[INFO] [stdout] error[E0432]: unresolved import `crate::testing`
[INFO] [stdout]   --> src/tests/kernel_tests/test_asset_vault.rs:19:13
[INFO] [stdout]    |
[INFO] [stdout] 19 | use crate::{testing::TransactionContextBuilder, tests::kernel_tests::read_root_mem_value};
[INFO] [stdout]    |             ^^^^^^^ could not find `testing` in the crate root
[INFO] [stdout]    |
[INFO] [stdout] note: found an item that was configured out
[INFO] [stdout]   --> src/lib.rs:32:9
[INFO] [stdout]    |
[INFO] [stdout] 32 | pub mod testing;
[INFO] [stdout]    |         ^^^^^^^
[INFO] [stdout] note: the item is gated behind the `testing` feature
[INFO] [stdout]   --> src/lib.rs:31:7
[INFO] [stdout]    |
[INFO] [stdout] 31 | #[cfg(feature = "testing")]
[INFO] [stdout]    |       ^^^^^^^^^^^^^^^^^^^
[INFO] [stdout] 
[INFO] [stdout] 
[INFO] [stdout] error[E0432]: unresolved import `crate::testing`
[INFO] [stdout]   --> src/tests/kernel_tests/test_epilogue.rs:14:13
[INFO] [stdout]    |
[INFO] [stdout] 14 | use crate::{testing::TransactionContextBuilder, tests::kernel_tests::read_root_mem_value};
[INFO] [stdout]    |             ^^^^^^^ could not find `testing` in the crate root
[INFO] [stdout]    |
[INFO] [stdout] note: found an item that was configured out
[INFO] [stdout]   --> src/lib.rs:32:9
[INFO] [stdout]    |
[INFO] [stdout] 32 | pub mod testing;
[INFO] [stdout]    |         ^^^^^^^
[INFO] [stdout] note: the item is gated behind the `testing` feature
[INFO] [stdout]   --> src/lib.rs:31:7
[INFO] [stdout]    |
[INFO] [stdout] 31 | #[cfg(feature = "testing")]
[INFO] [stdout]    |       ^^^^^^^^^^^^^^^^^^^
[INFO] [stdout] 
[INFO] [stdout] 
[INFO] [stdout] error[E0433]: failed to resolve: could not find `testing` in `miden_objects`
[INFO] [stdout]   --> src/tests/kernel_tests/test_faucet.rs:7:5
[INFO] [stdout]    |
[INFO] [stdout] 7  |     testing::{
[INFO] [stdout]    |     ^^^^^^^ could not find `testing` in `miden_objects`
[INFO] [stdout]    |
[INFO] [stdout] note: found an item that was configured out
[INFO] [stdout]   --> /opt/rustwide/cargo-home/registry/src/index.crates.io-6f17d22bba15001f/miden-objects-0.5.1/src/lib.rs:17:9
[INFO] [stdout]    |
[INFO] [stdout] 17 | pub mod testing;
[INFO] [stdout]    |         ^^^^^^^
[INFO] [stdout] note: the item is gated behind the `testing` feature
[INFO] [stdout]   --> /opt/rustwide/cargo-home/registry/src/index.crates.io-6f17d22bba15001f/miden-objects-0.5.1/src/lib.rs:16:7
[INFO] [stdout]    |
[INFO] [stdout] 16 | #[cfg(feature = "testing")]
[INFO] [stdout]    |       ^^^^^^^^^^^^^^^^^^^
[INFO] [stdout] 
[INFO] [stdout] 
[INFO] [stdout] error[E0432]: unresolved imports `miden_objects::accounts::account_id::testing`, `miden_objects::testing`
[INFO] [stdout]    --> src/tests/kernel_tests/test_faucet.rs:2:27
[INFO] [stdout]     |
[INFO] [stdout] 2   |     accounts::account_id::testing::{
[INFO] [stdout]     |                           ^^^^^^^ could not find `testing` in `account_id`
[INFO] [stdout] ...
[INFO] [stdout] 7   |     testing::{
[INFO] [stdout]     |     ^^^^^^^ could not find `testing` in `miden_objects`
[INFO] [stdout]     |
[INFO] [stdout] note: found an item that was configured out
[INFO] [stdout]    --> /opt/rustwide/cargo-home/registry/src/index.crates.io-6f17d22bba15001f/miden-objects-0.5.1/src/accounts/account_id.rs:435:9
[INFO] [stdout]     |
[INFO] [stdout] 435 | pub mod testing {
[INFO] [stdout]     |         ^^^^^^^
[INFO] [stdout] note: the item is gated here
[INFO] [stdout]    --> /opt/rustwide/cargo-home/registry/src/index.crates.io-6f17d22bba15001f/miden-objects-0.5.1/src/accounts/account_id.rs:434:1
[INFO] [stdout]     |
[INFO] [stdout] 434 | #[cfg(any(feature = "testing", test))]
[INFO] [stdout]     | ^^^^^^^^^^^^^^^^^^^^^^^^^^^^^^^^^^^^^^
[INFO] [stdout] note: found an item that was configured out
[INFO] [stdout]    --> /opt/rustwide/cargo-home/registry/src/index.crates.io-6f17d22bba15001f/miden-objects-0.5.1/src/lib.rs:17:9
[INFO] [stdout]     |
[INFO] [stdout] 17  | pub mod testing;
[INFO] [stdout]     |         ^^^^^^^
[INFO] [stdout] note: the item is gated behind the `testing` feature
[INFO] [stdout]    --> /opt/rustwide/cargo-home/registry/src/index.crates.io-6f17d22bba15001f/miden-objects-0.5.1/src/lib.rs:16:7
[INFO] [stdout]     |
[INFO] [stdout] 16  | #[cfg(feature = "testing")]
[INFO] [stdout]     |       ^^^^^^^^^^^^^^^^^^^
[INFO] [stdout] 
[INFO] [stdout] 
[INFO] [stdout] error[E0432]: unresolved import `crate::testing`
[INFO] [stdout]   --> src/tests/kernel_tests/test_faucet.rs:19:12
[INFO] [stdout]    |
[INFO] [stdout] 19 | use crate::testing::TransactionContextBuilder;
[INFO] [stdout]    |            ^^^^^^^ could not find `testing` in the crate root
[INFO] [stdout]    |
[INFO] [stdout] note: found an item that was configured out
[INFO] [stdout]   --> src/lib.rs:32:9
[INFO] [stdout]    |
[INFO] [stdout] 32 | pub mod testing;
[INFO] [stdout]    |         ^^^^^^^
[INFO] [stdout] note: the item is gated behind the `testing` feature
[INFO] [stdout]   --> src/lib.rs:31:7
[INFO] [stdout]    |
[INFO] [stdout] 31 | #[cfg(feature = "testing")]
[INFO] [stdout]    |       ^^^^^^^^^^^^^^^^^^^
[INFO] [stdout] 
[INFO] [stdout] 
[INFO] [stdout] error[E0433]: failed to resolve: could not find `testing` in the crate root
[INFO] [stdout]   --> src/tests/kernel_tests/test_note.rs:11:5
[INFO] [stdout]    |
[INFO] [stdout] 11 |     testing::{
[INFO] [stdout]    |     ^^^^^^^ could not find `testing` in the crate root
[INFO] [stdout]    |
[INFO] [stdout] note: found an item that was configured out
[INFO] [stdout]   --> src/lib.rs:32:9
[INFO] [stdout]    |
[INFO] [stdout] 32 | pub mod testing;
[INFO] [stdout]    |         ^^^^^^^
[INFO] [stdout] note: the item is gated behind the `testing` feature
[INFO] [stdout]   --> src/lib.rs:31:7
[INFO] [stdout]    |
[INFO] [stdout] 31 | #[cfg(feature = "testing")]
[INFO] [stdout]    |       ^^^^^^^^^^^^^^^^^^^
[INFO] [stdout] 
[INFO] [stdout] 
[INFO] [stdout] error[E0432]: unresolved import `miden_objects::testing`
[INFO] [stdout]   --> src/tests/kernel_tests/test_note.rs:5:18
[INFO] [stdout]    |
[INFO] [stdout] 5  |     notes::Note, testing::prepare_word, transaction::TransactionArgs, Hasher, WORD_SIZE,
[INFO] [stdout]    |                  ^^^^^^^ could not find `testing` in `miden_objects`
[INFO] [stdout]    |
[INFO] [stdout] note: found an item that was configured out
[INFO] [stdout]   --> /opt/rustwide/cargo-home/registry/src/index.crates.io-6f17d22bba15001f/miden-objects-0.5.1/src/lib.rs:17:9
[INFO] [stdout]    |
[INFO] [stdout] 17 | pub mod testing;
[INFO] [stdout]    |         ^^^^^^^
[INFO] [stdout] note: the item is gated behind the `testing` feature
[INFO] [stdout]   --> /opt/rustwide/cargo-home/registry/src/index.crates.io-6f17d22bba15001f/miden-objects-0.5.1/src/lib.rs:16:7
[INFO] [stdout]    |
[INFO] [stdout] 16 | #[cfg(feature = "testing")]
[INFO] [stdout]    |       ^^^^^^^^^^^^^^^^^^^
[INFO] [stdout] 
[INFO] [stdout] 
[INFO] [stdout] error[E0433]: failed to resolve: could not find `testing` in `miden_objects`
[INFO] [stdout]   --> src/tests/kernel_tests/test_prologue.rs:19:5
[INFO] [stdout]    |
[INFO] [stdout] 19 |     testing::{
[INFO] [stdout]    |     ^^^^^^^ could not find `testing` in `miden_objects`
[INFO] [stdout]    |
[INFO] [stdout] note: found an item that was configured out
[INFO] [stdout]   --> /opt/rustwide/cargo-home/registry/src/index.crates.io-6f17d22bba15001f/miden-objects-0.5.1/src/lib.rs:17:9
[INFO] [stdout]    |
[INFO] [stdout] 17 | pub mod testing;
[INFO] [stdout]    |         ^^^^^^^
[INFO] [stdout] note: the item is gated behind the `testing` feature
[INFO] [stdout]   --> /opt/rustwide/cargo-home/registry/src/index.crates.io-6f17d22bba15001f/miden-objects-0.5.1/src/lib.rs:16:7
[INFO] [stdout]    |
[INFO] [stdout] 16 | #[cfg(feature = "testing")]
[INFO] [stdout]    |       ^^^^^^^^^^^^^^^^^^^
[INFO] [stdout] 
[INFO] [stdout] 
[INFO] [stdout] error[E0433]: failed to resolve: could not find `testing` in the crate root
[INFO] [stdout]   --> src/tests/kernel_tests/test_prologue.rs:33:5
[INFO] [stdout]    |
[INFO] [stdout] 33 |     testing::{
[INFO] [stdout]    |     ^^^^^^^ could not find `testing` in the crate root
[INFO] [stdout]    |
[INFO] [stdout] note: found an item that was configured out
[INFO] [stdout]   --> src/lib.rs:32:9
[INFO] [stdout]    |
[INFO] [stdout] 32 | pub mod testing;
[INFO] [stdout]    |         ^^^^^^^
[INFO] [stdout] note: the item is gated behind the `testing` feature
[INFO] [stdout]   --> src/lib.rs:31:7
[INFO] [stdout]    |
[INFO] [stdout] 31 | #[cfg(feature = "testing")]
[INFO] [stdout]    |       ^^^^^^^^^^^^^^^^^^^
[INFO] [stdout] 
[INFO] [stdout] 
[INFO] [stdout] error[E0432]: unresolved import `crate::testing`
[INFO] [stdout]   --> src/tests/kernel_tests/test_note.rs:11:5
[INFO] [stdout]    |
[INFO] [stdout] 11 |     testing::{
[INFO] [stdout]    |     ^^^^^^^ could not find `testing` in the crate root
[INFO] [stdout]    |
[INFO] [stdout] note: found an item that was configured out
[INFO] [stdout]   --> src/lib.rs:32:9
[INFO] [stdout]    |
[INFO] [stdout] 32 | pub mod testing;
[INFO] [stdout]    |         ^^^^^^^
[INFO] [stdout] note: the item is gated behind the `testing` feature
[INFO] [stdout]   --> src/lib.rs:31:7
[INFO] [stdout]    |
[INFO] [stdout] 31 | #[cfg(feature = "testing")]
[INFO] [stdout]    |       ^^^^^^^^^^^^^^^^^^^
[INFO] [stdout] 
[INFO] [stdout] 
[INFO] [stdout] error[E0432]: unresolved import `crate::testing`
[INFO] [stdout]   --> src/tests/kernel_tests/test_prologue.rs:33:5
[INFO] [stdout]    |
[INFO] [stdout] 33 |     testing::{
[INFO] [stdout]    |     ^^^^^^^ could not find `testing` in the crate root
[INFO] [stdout]    |
[INFO] [stdout] note: found an item that was configured out
[INFO] [stdout]   --> src/lib.rs:32:9
[INFO] [stdout]    |
[INFO] [stdout] 32 | pub mod testing;
[INFO] [stdout]    |         ^^^^^^^
[INFO] [stdout] note: the item is gated behind the `testing` feature
[INFO] [stdout]   --> src/lib.rs:31:7
[INFO] [stdout]    |
[INFO] [stdout] 31 | #[cfg(feature = "testing")]
[INFO] [stdout]    |       ^^^^^^^^^^^^^^^^^^^
[INFO] [stdout] 
[INFO] [stdout] 
[INFO] [stdout] error[E0433]: failed to resolve: could not find `testing` in `miden_objects`
[INFO] [stdout]   --> src/tests/kernel_tests/test_tx.rs:16:5
[INFO] [stdout]    |
[INFO] [stdout] 16 |     testing::{constants::NON_FUNGIBLE_ASSET_DATA_2, prepare_word},
[INFO] [stdout]    |     ^^^^^^^ could not find `testing` in `miden_objects`
[INFO] [stdout]    |
[INFO] [stdout] note: found an item that was configured out
[INFO] [stdout]   --> /opt/rustwide/cargo-home/registry/src/index.crates.io-6f17d22bba15001f/miden-objects-0.5.1/src/lib.rs:17:9
[INFO] [stdout]    |
[INFO] [stdout] 17 | pub mod testing;
[INFO] [stdout]    |         ^^^^^^^
[INFO] [stdout] note: the item is gated behind the `testing` feature
[INFO] [stdout]   --> /opt/rustwide/cargo-home/registry/src/index.crates.io-6f17d22bba15001f/miden-objects-0.5.1/src/lib.rs:16:7
[INFO] [stdout]    |
[INFO] [stdout] 16 | #[cfg(feature = "testing")]
[INFO] [stdout]    |       ^^^^^^^^^^^^^^^^^^^
[INFO] [stdout] 
[INFO] [stdout] 
[INFO] [stdout] error[E0433]: failed to resolve: could not find `testing` in the crate root
[INFO] [stdout]   --> src/tests/kernel_tests/test_tx.rs:22:5
[INFO] [stdout]    |
[INFO] [stdout] 22 |     testing::{executor::CodeExecutor, TransactionContextBuilder},
[INFO] [stdout]    |     ^^^^^^^ could not find `testing` in the crate root
[INFO] [stdout]    |
[INFO] [stdout] note: found an item that was configured out
[INFO] [stdout]   --> src/lib.rs:32:9
[INFO] [stdout]    |
[INFO] [stdout] 32 | pub mod testing;
[INFO] [stdout]    |         ^^^^^^^
[INFO] [stdout] note: the item is gated behind the `testing` feature
[INFO] [stdout]   --> src/lib.rs:31:7
[INFO] [stdout]    |
[INFO] [stdout] 31 | #[cfg(feature = "testing")]
[INFO] [stdout]    |       ^^^^^^^^^^^^^^^^^^^
[INFO] [stdout] 
[INFO] [stdout] 
[INFO] [stdout] error[E0432]: unresolved imports `miden_objects::accounts::account_id::testing`, `miden_objects::testing`
[INFO] [stdout]    --> src/tests/kernel_tests/test_tx.rs:8:27
[INFO] [stdout]     |
[INFO] [stdout] 8   |     accounts::account_id::testing::{
[INFO] [stdout]     |                           ^^^^^^^ could not find `testing` in `account_id`
[INFO] [stdout] ...
[INFO] [stdout] 16  |     testing::{constants::NON_FUNGIBLE_ASSET_DATA_2, prepare_word},
[INFO] [stdout]     |     ^^^^^^^ could not find `testing` in `miden_objects`
[INFO] [stdout]     |
[INFO] [stdout] note: found an item that was configured out
[INFO] [stdout]    --> /opt/rustwide/cargo-home/registry/src/index.crates.io-6f17d22bba15001f/miden-objects-0.5.1/src/accounts/account_id.rs:435:9
[INFO] [stdout]     |
[INFO] [stdout] 435 | pub mod testing {
[INFO] [stdout]     |         ^^^^^^^
[INFO] [stdout] note: the item is gated here
[INFO] [stdout]    --> /opt/rustwide/cargo-home/registry/src/index.crates.io-6f17d22bba15001f/miden-objects-0.5.1/src/accounts/account_id.rs:434:1
[INFO] [stdout]     |
[INFO] [stdout] 434 | #[cfg(any(feature = "testing", test))]
[INFO] [stdout]     | ^^^^^^^^^^^^^^^^^^^^^^^^^^^^^^^^^^^^^^
[INFO] [stdout] note: found an item that was configured out
[INFO] [stdout]    --> /opt/rustwide/cargo-home/registry/src/index.crates.io-6f17d22bba15001f/miden-objects-0.5.1/src/lib.rs:17:9
[INFO] [stdout]     |
[INFO] [stdout] 17  | pub mod testing;
[INFO] [stdout]     |         ^^^^^^^
[INFO] [stdout] note: the item is gated behind the `testing` feature
[INFO] [stdout]    --> /opt/rustwide/cargo-home/registry/src/index.crates.io-6f17d22bba15001f/miden-objects-0.5.1/src/lib.rs:16:7
[INFO] [stdout]     |
[INFO] [stdout] 16  | #[cfg(feature = "testing")]
[INFO] [stdout]     |       ^^^^^^^^^^^^^^^^^^^
[INFO] [stdout] 
[INFO] [stdout] 
[INFO] [stdout] error[E0432]: unresolved import `crate::testing`
[INFO] [stdout]   --> src/tests/kernel_tests/test_tx.rs:22:5
[INFO] [stdout]    |
[INFO] [stdout] 22 |     testing::{executor::CodeExecutor, TransactionContextBuilder},
[INFO] [stdout]    |     ^^^^^^^ could not find `testing` in the crate root
[INFO] [stdout]    |
[INFO] [stdout] note: found an item that was configured out
[INFO] [stdout]   --> src/lib.rs:32:9
[INFO] [stdout]    |
[INFO] [stdout] 32 | pub mod testing;
[INFO] [stdout]    |         ^^^^^^^
[INFO] [stdout] note: the item is gated behind the `testing` feature
[INFO] [stdout]   --> src/lib.rs:31:7
[INFO] [stdout]    |
[INFO] [stdout] 31 | #[cfg(feature = "testing")]
[INFO] [stdout]    |       ^^^^^^^^^^^^^^^^^^^
[INFO] [stdout] 
[INFO] [stdout] 
[INFO] [stdout] Some errors have detailed explanations: E0432, E0433.
[INFO] [stdout] 
[INFO] [stdout] For more information about an error, try `rustc --explain E0432`.
[INFO] [stdout] 
[INFO] [stderr] error: could not compile `miden-tx` (test "miden-tx") due to 17 previous errors
[INFO] [stderr] warning: build failed, waiting for other jobs to finish...
[INFO] [stdout] error[E0599]: no function or associated item named `mock_item_0` found for struct `AccountStorage` in the current scope
[INFO] [stdout]    --> src/tests/kernel_tests/test_account.rs:216:42
[INFO] [stdout]     |
[INFO] [stdout] 216 |     for storage_item in [AccountStorage::mock_item_0(), AccountStorage::mock_item_1()] {
[INFO] [stdout]     |                                          ^^^^^^^^^^^ function or associated item not found in `AccountStorage`
[INFO] [stdout]     |
[INFO] [stdout] note: if you're trying to build a new `AccountStorage`, consider using `AccountStorage::new` which returns `Result<AccountStorage, AccountError>`
[INFO] [stdout]    --> /opt/rustwide/cargo-home/registry/src/index.crates.io-6f17d22bba15001f/miden-objects-0.5.1/src/accounts/storage/mod.rs:159:5
[INFO] [stdout]     |
[INFO] [stdout] 159 | /     pub fn new(
[INFO] [stdout] 160 | |         items: Vec<SlotItem>,
[INFO] [stdout] 161 | |         maps: BTreeMap<u8, StorageMap>,
[INFO] [stdout] 162 | |     ) -> Result<AccountStorage, AccountError> {
[INFO] [stdout]     | |_____________________________________________^
[INFO] [stdout] 
[INFO] [stdout] 
[INFO] [stdout] error[E0599]: no function or associated item named `mock_item_1` found for struct `AccountStorage` in the current scope
[INFO] [stdout]    --> src/tests/kernel_tests/test_account.rs:216:73
[INFO] [stdout]     |
[INFO] [stdout] 216 |     for storage_item in [AccountStorage::mock_item_0(), AccountStorage::mock_item_1()] {
[INFO] [stdout]     |                                                                         ^^^^^^^^^^^ function or associated item not found in `AccountStorage`
[INFO] [stdout]     |
[INFO] [stdout] note: if you're trying to build a new `AccountStorage`, consider using `AccountStorage::new` which returns `Result<AccountStorage, AccountError>`
[INFO] [stdout]    --> /opt/rustwide/cargo-home/registry/src/index.crates.io-6f17d22bba15001f/miden-objects-0.5.1/src/accounts/storage/mod.rs:159:5
[INFO] [stdout]     |
[INFO] [stdout] 159 | /     pub fn new(
[INFO] [stdout] 160 | |         items: Vec<SlotItem>,
[INFO] [stdout] 161 | |         maps: BTreeMap<u8, StorageMap>,
[INFO] [stdout] 162 | |     ) -> Result<AccountStorage, AccountError> {
[INFO] [stdout]     | |_____________________________________________^
[INFO] [stdout] 
[INFO] [stdout] 
[INFO] [stdout] error[E0599]: no function or associated item named `mock_item_0` found for struct `AccountStorage` in the current scope
[INFO] [stdout]    --> src/tests/kernel_tests/test_account.rs:294:25
[INFO] [stdout]     |
[INFO] [stdout] 294 |         AccountStorage::mock_item_0(),
[INFO] [stdout]     |                         ^^^^^^^^^^^ function or associated item not found in `AccountStorage`
[INFO] [stdout]     |
[INFO] [stdout] note: if you're trying to build a new `AccountStorage`, consider using `AccountStorage::new` which returns `Result<AccountStorage, AccountError>`
[INFO] [stdout]    --> /opt/rustwide/cargo-home/registry/src/index.crates.io-6f17d22bba15001f/miden-objects-0.5.1/src/accounts/storage/mod.rs:159:5
[INFO] [stdout]     |
[INFO] [stdout] 159 | /     pub fn new(
[INFO] [stdout] 160 | |         items: Vec<SlotItem>,
[INFO] [stdout] 161 | |         maps: BTreeMap<u8, StorageMap>,
[INFO] [stdout] 162 | |     ) -> Result<AccountStorage, AccountError> {
[INFO] [stdout]     | |_____________________________________________^
[INFO] [stdout] 
[INFO] [stdout] 
[INFO] [stdout] error[E0599]: no function or associated item named `mock_item_1` found for struct `AccountStorage` in the current scope
[INFO] [stdout]    --> src/tests/kernel_tests/test_account.rs:295:25
[INFO] [stdout]     |
[INFO] [stdout] 295 |         AccountStorage::mock_item_1(),
[INFO] [stdout]     |                         ^^^^^^^^^^^ function or associated item not found in `AccountStorage`
[INFO] [stdout]     |
[INFO] [stdout] note: if you're trying to build a new `AccountStorage`, consider using `AccountStorage::new` which returns `Result<AccountStorage, AccountError>`
[INFO] [stdout]    --> /opt/rustwide/cargo-home/registry/src/index.crates.io-6f17d22bba15001f/miden-objects-0.5.1/src/accounts/storage/mod.rs:159:5
[INFO] [stdout]     |
[INFO] [stdout] 159 | /     pub fn new(
[INFO] [stdout] 160 | |         items: Vec<SlotItem>,
[INFO] [stdout] 161 | |         maps: BTreeMap<u8, StorageMap>,
[INFO] [stdout] 162 | |     ) -> Result<AccountStorage, AccountError> {
[INFO] [stdout]     | |_____________________________________________^
[INFO] [stdout] 
[INFO] [stdout] 
[INFO] [stdout] error[E0599]: no function or associated item named `mock_item_2` found for struct `AccountStorage` in the current scope
[INFO] [stdout]    --> src/tests/kernel_tests/test_account.rs:296:25
[INFO] [stdout]     |
[INFO] [stdout] 296 |         AccountStorage::mock_item_2(),
[INFO] [stdout]     |                         ^^^^^^^^^^^ function or associated item not found in `AccountStorage`
[INFO] [stdout]     |
[INFO] [stdout] note: if you're trying to build a new `AccountStorage`, consider using `AccountStorage::new` which returns `Result<AccountStorage, AccountError>`
[INFO] [stdout]    --> /opt/rustwide/cargo-home/registry/src/index.crates.io-6f17d22bba15001f/miden-objects-0.5.1/src/accounts/storage/mod.rs:159:5
[INFO] [stdout]     |
[INFO] [stdout] 159 | /     pub fn new(
[INFO] [stdout] 160 | |         items: Vec<SlotItem>,
[INFO] [stdout] 161 | |         maps: BTreeMap<u8, StorageMap>,
[INFO] [stdout] 162 | |     ) -> Result<AccountStorage, AccountError> {
[INFO] [stdout]     | |_____________________________________________^
[INFO] [stdout] 
[INFO] [stdout] 
[INFO] [stdout] error[E0599]: no function or associated item named `mock_item_2` found for struct `AccountStorage` in the current scope
[INFO] [stdout]    --> src/tests/kernel_tests/test_account.rs:348:40
[INFO] [stdout]     |
[INFO] [stdout] 348 |     let storage_item = AccountStorage::mock_item_2();
[INFO] [stdout]     |                                        ^^^^^^^^^^^ function or associated item not found in `AccountStorage`
[INFO] [stdout]     |
[INFO] [stdout] note: if you're trying to build a new `AccountStorage`, consider using `AccountStorage::new` which returns `Result<AccountStorage, AccountError>`
[INFO] [stdout]    --> /opt/rustwide/cargo-home/registry/src/index.crates.io-6f17d22bba15001f/miden-objects-0.5.1/src/accounts/storage/mod.rs:159:5
[INFO] [stdout]     |
[INFO] [stdout] 159 | /     pub fn new(
[INFO] [stdout] 160 | |         items: Vec<SlotItem>,
[INFO] [stdout] 161 | |         maps: BTreeMap<u8, StorageMap>,
[INFO] [stdout] 162 | |     ) -> Result<AccountStorage, AccountError> {
[INFO] [stdout]     | |_____________________________________________^
[INFO] [stdout] 
[INFO] [stdout] 
[INFO] [stdout] error[E0599]: no function or associated item named `mock_item_2` found for struct `AccountStorage` in the current scope
[INFO] [stdout]    --> src/tests/kernel_tests/test_account.rs:401:40
[INFO] [stdout]     |
[INFO] [stdout] 401 |     let storage_item = AccountStorage::mock_item_2();
[INFO] [stdout]     |                                        ^^^^^^^^^^^ function or associated item not found in `AccountStorage`
[INFO] [stdout]     |
[INFO] [stdout] note: if you're trying to build a new `AccountStorage`, consider using `AccountStorage::new` which returns `Result<AccountStorage, AccountError>`
[INFO] [stdout]    --> /opt/rustwide/cargo-home/registry/src/index.crates.io-6f17d22bba15001f/miden-objects-0.5.1/src/accounts/storage/mod.rs:159:5
[INFO] [stdout]     |
[INFO] [stdout] 159 | /     pub fn new(
[INFO] [stdout] 160 | |         items: Vec<SlotItem>,
[INFO] [stdout] 161 | |         maps: BTreeMap<u8, StorageMap>,
[INFO] [stdout] 162 | |     ) -> Result<AccountStorage, AccountError> {
[INFO] [stdout]     | |_____________________________________________^
[INFO] [stdout] 
[INFO] [stdout] 
[INFO] [stdout] error[E0599]: no function or associated item named `mock_map_2` found for struct `AccountStorage` in the current scope
[INFO] [stdout]    --> src/tests/kernel_tests/test_account.rs:429:47
[INFO] [stdout]     |
[INFO] [stdout] 429 |     let mut new_storage_map = AccountStorage::mock_map_2();
[INFO] [stdout]     |                                               ^^^^^^^^^^ function or associated item not found in `AccountStorage`
[INFO] [stdout]     |
[INFO] [stdout] note: if you're trying to build a new `AccountStorage`, consider using `AccountStorage::new` which returns `Result<AccountStorage, AccountError>`
[INFO] [stdout]    --> /opt/rustwide/cargo-home/registry/src/index.crates.io-6f17d22bba15001f/miden-objects-0.5.1/src/accounts/storage/mod.rs:159:5
[INFO] [stdout]     |
[INFO] [stdout] 159 | /     pub fn new(
[INFO] [stdout] 160 | |         items: Vec<SlotItem>,
[INFO] [stdout] 161 | |         maps: BTreeMap<u8, StorageMap>,
[INFO] [stdout] 162 | |     ) -> Result<AccountStorage, AccountError> {
[INFO] [stdout]     | |_____________________________________________^
[INFO] [stdout] 
[INFO] [stdout] 
[INFO] [stdout] error[E0599]: no variant or associated item named `mock_non_fungible` found for enum `Asset` in the current scope
[INFO] [stdout]    --> src/tests/kernel_tests/test_asset.rs:65:16
[INFO] [stdout]     |
[INFO] [stdout] 65  |         Asset::mock_non_fungible(ACCOUNT_ID_NON_FUNGIBLE_FAUCET_ON_CHAIN, &NON_FUNGIBLE_ASSET_DATA);
[INFO] [stdout]     |                ^^^^^^^^^^^^^^^^^ variant or associated item not found in `Asset`
[INFO] [stdout]     |
[INFO] [stdout] help: there is a method `unwrap_non_fungible` with a similar name, but with different arguments
[INFO] [stdout]    --> /opt/rustwide/cargo-home/registry/src/index.crates.io-6f17d22bba15001f/miden-objects-0.5.1/src/assets/mod.rs:127:5
[INFO] [stdout]     |
[INFO] [stdout] 127 |     pub fn unwrap_non_fungible(&mut self) -> NonFungibleAsset {
[INFO] [stdout]     |     ^^^^^^^^^^^^^^^^^^^^^^^^^^^^^^^^^^^^^^^^^^^^^^^^^^^^^^^^^
[INFO] [stdout] 
[INFO] [stdout] 
[INFO] [stdout] error[E0599]: no variant or associated item named `mock_non_fungible` found for enum `Asset` in the current scope
[INFO] [stdout]    --> src/tests/kernel_tests/test_asset.rs:98:16
[INFO] [stdout]     |
[INFO] [stdout] 98  |         Asset::mock_non_fungible(ACCOUNT_ID_NON_FUNGIBLE_FAUCET_ON_CHAIN, &[1, 2, 3]);
[INFO] [stdout]     |                ^^^^^^^^^^^^^^^^^ variant or associated item not found in `Asset`
[INFO] [stdout]     |
[INFO] [stdout] help: there is a method `unwrap_non_fungible` with a similar name, but with different arguments
[INFO] [stdout]    --> /opt/rustwide/cargo-home/registry/src/index.crates.io-6f17d22bba15001f/miden-objects-0.5.1/src/assets/mod.rs:127:5
[INFO] [stdout]     |
[INFO] [stdout] 127 |     pub fn unwrap_non_fungible(&mut self) -> NonFungibleAsset {
[INFO] [stdout]     |     ^^^^^^^^^^^^^^^^^^^^^^^^^^^^^^^^^^^^^^^^^^^^^^^^^^^^^^^^^
[INFO] [stdout] 
[INFO] [stdout] 
[INFO] [stdout] error[E0599]: no function or associated item named `mock` found for struct `Account` in the current scope
[INFO] [stdout]   --> src/tests/kernel_tests/test_epilogue.rs:48:34
[INFO] [stdout]    |
[INFO] [stdout] 48 |     let final_account = Account::mock(
[INFO] [stdout]    |                                  ^^^^ function or associated item not found in `Account`
[INFO] [stdout]    |
[INFO] [stdout] note: if you're trying to build a new `Account` consider using one of the following associated functions:
[INFO] [stdout]       Account::new
[INFO] [stdout]       Account::from_parts
[INFO] [stdout]   --> /opt/rustwide/cargo-home/registry/src/index.crates.io-6f17d22bba15001f/miden-objects-0.5.1/src/accounts/mod.rs:75:5
[INFO] [stdout]    |
[INFO] [stdout] 75 | /     pub fn new(
[INFO] [stdout] 76 | |         seed: Word,
[INFO] [stdout] 77 | |         code: AccountCode,
[INFO] [stdout] 78 | |         storage: AccountStorage,
[INFO] [stdout] 79 | |     ) -> Result<Self, AccountError> {
[INFO] [stdout]    | |___________________________________^
[INFO] [stdout] ...
[INFO] [stdout] 87 | /     pub fn from_parts(
[INFO] [stdout] 88 | |         id: AccountId,
[INFO] [stdout] 89 | |         vault: AssetVault,
[INFO] [stdout] 90 | |         storage: AccountStorage,
[INFO] [stdout] 91 | |         code: AccountCode,
[INFO] [stdout] 92 | |         nonce: Felt,
[INFO] [stdout] 93 | |     ) -> Self {
[INFO] [stdout]    | |_____________^
[INFO] [stdout] 
[INFO] [stdout] 
[INFO] [stdout] error[E0599]: no variant or associated item named `mock_non_fungible` found for enum `Asset` in the current scope
[INFO] [stdout]    --> src/tests/kernel_tests/test_faucet.rs:152:16
[INFO] [stdout]     |
[INFO] [stdout] 152 |         Asset::mock_non_fungible(ACCOUNT_ID_NON_FUNGIBLE_FAUCET_ON_CHAIN, &NON_FUNGIBLE_ASSET_DATA);
[INFO] [stdout]     |                ^^^^^^^^^^^^^^^^^ variant or associated item not found in `Asset`
[INFO] [stdout]     |
[INFO] [stdout] help: there is a method `unwrap_non_fungible` with a similar name, but with different arguments
[INFO] [stdout]    --> /opt/rustwide/cargo-home/registry/src/index.crates.io-6f17d22bba15001f/miden-objects-0.5.1/src/assets/mod.rs:127:5
[INFO] [stdout]     |
[INFO] [stdout] 127 |     pub fn unwrap_non_fungible(&mut self) -> NonFungibleAsset {
[INFO] [stdout]     |     ^^^^^^^^^^^^^^^^^^^^^^^^^^^^^^^^^^^^^^^^^^^^^^^^^^^^^^^^^
[INFO] [stdout] 
[INFO] [stdout] 
[INFO] [stdout] error[E0599]: no variant or associated item named `mock_non_fungible` found for enum `Asset` in the current scope
[INFO] [stdout]    --> src/tests/kernel_tests/test_faucet.rs:200:16
[INFO] [stdout]     |
[INFO] [stdout] 200 |         Asset::mock_non_fungible(ACCOUNT_ID_NON_FUNGIBLE_FAUCET_ON_CHAIN, &[1, 2, 3, 4]);
[INFO] [stdout]     |                ^^^^^^^^^^^^^^^^^ variant or associated item not found in `Asset`
[INFO] [stdout]     |
[INFO] [stdout] help: there is a method `unwrap_non_fungible` with a similar name, but with different arguments
[INFO] [stdout]    --> /opt/rustwide/cargo-home/registry/src/index.crates.io-6f17d22bba15001f/miden-objects-0.5.1/src/assets/mod.rs:127:5
[INFO] [stdout]     |
[INFO] [stdout] 127 |     pub fn unwrap_non_fungible(&mut self) -> NonFungibleAsset {
[INFO] [stdout]     |     ^^^^^^^^^^^^^^^^^^^^^^^^^^^^^^^^^^^^^^^^^^^^^^^^^^^^^^^^^
[INFO] [stdout] 
[INFO] [stdout] 
[INFO] [stdout] error[E0599]: no variant or associated item named `mock_non_fungible` found for enum `Asset` in the current scope
[INFO] [stdout]    --> src/tests/kernel_tests/test_faucet.rs:226:16
[INFO] [stdout]     |
[INFO] [stdout] 226 |         Asset::mock_non_fungible(ACCOUNT_ID_NON_FUNGIBLE_FAUCET_ON_CHAIN_1, &[1, 2, 3, 4]);
[INFO] [stdout]     |                ^^^^^^^^^^^^^^^^^ variant or associated item not found in `Asset`
[INFO] [stdout]     |
[INFO] [stdout] help: there is a method `unwrap_non_fungible` with a similar name, but with different arguments
[INFO] [stdout]    --> /opt/rustwide/cargo-home/registry/src/index.crates.io-6f17d22bba15001f/miden-objects-0.5.1/src/assets/mod.rs:127:5
[INFO] [stdout]     |
[INFO] [stdout] 127 |     pub fn unwrap_non_fungible(&mut self) -> NonFungibleAsset {
[INFO] [stdout]     |     ^^^^^^^^^^^^^^^^^^^^^^^^^^^^^^^^^^^^^^^^^^^^^^^^^^^^^^^^^
[INFO] [stdout] 
[INFO] [stdout] 
[INFO] [stdout] error[E0599]: no variant or associated item named `mock_non_fungible` found for enum `Asset` in the current scope
[INFO] [stdout]    --> src/tests/kernel_tests/test_faucet.rs:256:37
[INFO] [stdout]     |
[INFO] [stdout] 256 |     let non_fungible_asset = Asset::mock_non_fungible(
[INFO] [stdout]     |                                     ^^^^^^^^^^^^^^^^^ variant or associated item not found in `Asset`
[INFO] [stdout]     |
[INFO] [stdout] help: there is a method `unwrap_non_fungible` with a similar name, but with different arguments
[INFO] [stdout]    --> /opt/rustwide/cargo-home/registry/src/index.crates.io-6f17d22bba15001f/miden-objects-0.5.1/src/assets/mod.rs:127:5
[INFO] [stdout]     |
[INFO] [stdout] 127 |     pub fn unwrap_non_fungible(&mut self) -> NonFungibleAsset {
[INFO] [stdout]     |     ^^^^^^^^^^^^^^^^^^^^^^^^^^^^^^^^^^^^^^^^^^^^^^^^^^^^^^^^^
[INFO] [stdout] 
[INFO] [stdout] 
[INFO] [stdout] error[E0599]: no variant or associated item named `mock_non_fungible` found for enum `Asset` in the current scope
[INFO] [stdout]    --> src/tests/kernel_tests/test_faucet.rs:422:16
[INFO] [stdout]     |
[INFO] [stdout] 422 |         Asset::mock_non_fungible(ACCOUNT_ID_NON_FUNGIBLE_FAUCET_ON_CHAIN, &[1, 2, 3]);
[INFO] [stdout]     |                ^^^^^^^^^^^^^^^^^ variant or associated item not found in `Asset`
[INFO] [stdout]     |
[INFO] [stdout] help: there is a method `unwrap_non_fungible` with a similar name, but with different arguments
[INFO] [stdout]    --> /opt/rustwide/cargo-home/registry/src/index.crates.io-6f17d22bba15001f/miden-objects-0.5.1/src/assets/mod.rs:127:5
[INFO] [stdout]     |
[INFO] [stdout] 127 |     pub fn unwrap_non_fungible(&mut self) -> NonFungibleAsset {
[INFO] [stdout]     |     ^^^^^^^^^^^^^^^^^^^^^^^^^^^^^^^^^^^^^^^^^^^^^^^^^^^^^^^^^
[INFO] [stdout] 
[INFO] [stdout] 
[INFO] [stdout] error[E0599]: no variant or associated item named `mock_non_fungible` found for enum `Asset` in the current scope
[INFO] [stdout]    --> src/tests/kernel_tests/test_faucet.rs:475:16
[INFO] [stdout]     |
[INFO] [stdout] 475 |         Asset::mock_non_fungible(ACCOUNT_ID_NON_FUNGIBLE_FAUCET_ON_CHAIN, &[1, 2, 3]);
[INFO] [stdout]     |                ^^^^^^^^^^^^^^^^^ variant or associated item not found in `Asset`
[INFO] [stdout]     |
[INFO] [stdout] help: there is a method `unwrap_non_fungible` with a similar name, but with different arguments
[INFO] [stdout]    --> /opt/rustwide/cargo-home/registry/src/index.crates.io-6f17d22bba15001f/miden-objects-0.5.1/src/assets/mod.rs:127:5
[INFO] [stdout]     |
[INFO] [stdout] 127 |     pub fn unwrap_non_fungible(&mut self) -> NonFungibleAsset {
[INFO] [stdout]     |     ^^^^^^^^^^^^^^^^^^^^^^^^^^^^^^^^^^^^^^^^^^^^^^^^^^^^^^^^^
[INFO] [stdout] 
[INFO] [stdout] 
[INFO] [stdout] error[E0599]: no variant or associated item named `mock_non_fungible` found for enum `Asset` in the current scope
[INFO] [stdout]    --> src/tests/kernel_tests/test_faucet.rs:507:16
[INFO] [stdout]     |
[INFO] [stdout] 507 |         Asset::mock_non_fungible(ACCOUNT_ID_NON_FUNGIBLE_FAUCET_ON_CHAIN, &[1, 2, 3]);
[INFO] [stdout]     |                ^^^^^^^^^^^^^^^^^ variant or associated item not found in `Asset`
[INFO] [stdout]     |
[INFO] [stdout] help: there is a method `unwrap_non_fungible` with a similar name, but with different arguments
[INFO] [stdout]    --> /opt/rustwide/cargo-home/registry/src/index.crates.io-6f17d22bba15001f/miden-objects-0.5.1/src/assets/mod.rs:127:5
[INFO] [stdout]     |
[INFO] [stdout] 127 |     pub fn unwrap_non_fungible(&mut self) -> NonFungibleAsset {
[INFO] [stdout]     |     ^^^^^^^^^^^^^^^^^^^^^^^^^^^^^^^^^^^^^^^^^^^^^^^^^^^^^^^^^
[INFO] [stdout] 
[INFO] [stdout] 
[INFO] [stdout] error[E0599]: no variant or associated item named `mock_non_fungible` found for enum `Asset` in the current scope
[INFO] [stdout]    --> src/tests/kernel_tests/test_faucet.rs:544:16
[INFO] [stdout]     |
[INFO] [stdout] 544 |         Asset::mock_non_fungible(ACCOUNT_ID_NON_FUNGIBLE_FAUCET_ON_CHAIN_1, &[1, 2, 3]);
[INFO] [stdout]     |                ^^^^^^^^^^^^^^^^^ variant or associated item not found in `Asset`
[INFO] [stdout]     |
[INFO] [stdout] help: there is a method `unwrap_non_fungible` with a similar name, but with different arguments
[INFO] [stdout]    --> /opt/rustwide/cargo-home/registry/src/index.crates.io-6f17d22bba15001f/miden-objects-0.5.1/src/assets/mod.rs:127:5
[INFO] [stdout]     |
[INFO] [stdout] 127 |     pub fn unwrap_non_fungible(&mut self) -> NonFungibleAsset {
[INFO] [stdout]     |     ^^^^^^^^^^^^^^^^^^^^^^^^^^^^^^^^^^^^^^^^^^^^^^^^^^^^^^^^^
[INFO] [stdout] 
[INFO] [stdout] 
[INFO] [stdout] error[E0616]: field `stack` of struct `Process` is private
[INFO] [stdout]    --> src/tests/kernel_tests/test_note.rs:370:24
[INFO] [stdout]     |
[INFO] [stdout] 370 |     assert_eq!(process.stack.trace_state(), expected_stack)
[INFO] [stdout]     |                        ^^^^^ private field
[INFO] [stdout] 
[INFO] [stdout] 
[INFO] [stdout] error[E0599]: no function or associated item named `assembler_testing` found for struct `TransactionKernel` in the current scope
[INFO] [stdout]    --> src/tests/kernel_tests/test_prologue.rs:360:35
[INFO] [stdout]     |
[INFO] [stdout] 360 |         .build(TransactionKernel::assembler_testing())
[INFO] [stdout]     |                                   ^^^^^^^^^^^^^^^^^ function or associated item not found in `TransactionKernel`
[INFO] [stdout]     |
[INFO] [stdout] help: there is an associated function `assembler` with a similar name
[INFO] [stdout]     |
[INFO] [stdout] 360 |         .build(TransactionKernel::assembler())
[INFO] [stdout]     |                                   ~~~~~~~~~
[INFO] [stdout] 
[INFO] [stdout] 
[INFO] [stdout] error[E0599]: no function or associated item named `assembler_testing` found for struct `TransactionKernel` in the current scope
[INFO] [stdout]    --> src/tests/kernel_tests/test_prologue.rs:485:35
[INFO] [stdout]     |
[INFO] [stdout] 485 |         .build(TransactionKernel::assembler_testing())
[INFO] [stdout]     |                                   ^^^^^^^^^^^^^^^^^ function or associated item not found in `TransactionKernel`
[INFO] [stdout]     |
[INFO] [stdout] help: there is an associated function `assembler` with a similar name
[INFO] [stdout]     |
[INFO] [stdout] 485 |         .build(TransactionKernel::assembler())
[INFO] [stdout]     |                                   ~~~~~~~~~
[INFO] [stdout] 
[INFO] [stdout] 
[INFO] [stdout] error[E0599]: no variant or associated item named `mock_non_fungible` found for enum `Asset` in the current scope
[INFO] [stdout]    --> src/tests/kernel_tests/test_tx.rs:381:37
[INFO] [stdout]     |
[INFO] [stdout] 381 |     let non_fungible_asset = Asset::mock_non_fungible(
[INFO] [stdout]     |                                     ^^^^^^^^^^^^^^^^^ variant or associated item not found in `Asset`
[INFO] [stdout]     |
[INFO] [stdout] help: there is a method `unwrap_non_fungible` with a similar name, but with different arguments
[INFO] [stdout]    --> /opt/rustwide/cargo-home/registry/src/index.crates.io-6f17d22bba15001f/miden-objects-0.5.1/src/assets/mod.rs:127:5
[INFO] [stdout]     |
[INFO] [stdout] 127 |     pub fn unwrap_non_fungible(&mut self) -> NonFungibleAsset {
[INFO] [stdout]     |     ^^^^^^^^^^^^^^^^^^^^^^^^^^^^^^^^^^^^^^^^^^^^^^^^^^^^^^^^^
[INFO] [stdout] 
[INFO] [stdout] 
[INFO] [stdout] error[E0599]: no variant or associated item named `mock_non_fungible` found for enum `Asset` in the current scope
[INFO] [stdout]    --> src/tests/kernel_tests/test_tx.rs:463:16
[INFO] [stdout]     |
[INFO] [stdout] 463 |         Asset::mock_non_fungible(ACCOUNT_ID_NON_FUNGIBLE_FAUCET_ON_CHAIN, &[1, 2, 3]);
[INFO] [stdout]     |                ^^^^^^^^^^^^^^^^^ variant or associated item not found in `Asset`
[INFO] [stdout]     |
[INFO] [stdout] help: there is a method `unwrap_non_fungible` with a similar name, but with different arguments
[INFO] [stdout]    --> /opt/rustwide/cargo-home/registry/src/index.crates.io-6f17d22bba15001f/miden-objects-0.5.1/src/assets/mod.rs:127:5
[INFO] [stdout]     |
[INFO] [stdout] 127 |     pub fn unwrap_non_fungible(&mut self) -> NonFungibleAsset {
[INFO] [stdout]     |     ^^^^^^^^^^^^^^^^^^^^^^^^^^^^^^^^^^^^^^^^^^^^^^^^^^^^^^^^^
[INFO] [stdout] 
[INFO] [stdout] 
[INFO] [stdout] error[E0599]: no function or associated item named `assembler_testing` found for struct `TransactionKernel` in the current scope
[INFO] [stdout]    --> src/tests/mod.rs:123:68
[INFO] [stdout]     |
[INFO] [stdout] 123 |         AccountCode::compile(new_acct_code_src, TransactionKernel::assembler_testing()).unwrap();
[INFO] [stdout]     |                                                                    ^^^^^^^^^^^^^^^^^ function or associated item not found in `TransactionKernel`
[INFO] [stdout]     |
[INFO] [stdout] help: there is an associated function `assembler` with a similar name
[INFO] [stdout]     |
[INFO] [stdout] 123 |         AccountCode::compile(new_acct_code_src, TransactionKernel::assembler()).unwrap();
[INFO] [stdout]     |                                                                    ~~~~~~~~~
[INFO] [stdout] 
[INFO] [stdout] 
[INFO] [stdout] error[E0599]: no variant or associated item named `mock_non_fungible` found for enum `Asset` in the current scope
[INFO] [stdout]    --> src/tests/mod.rs:148:16
[INFO] [stdout]     |
[INFO] [stdout] 148 |         Asset::mock_non_fungible(ACCOUNT_ID_NON_FUNGIBLE_FAUCET_ON_CHAIN, &NON_FUNGIBLE_ASSET_DATA);
[INFO] [stdout]     |                ^^^^^^^^^^^^^^^^^ variant or associated item not found in `Asset`
[INFO] [stdout]     |
[INFO] [stdout] help: there is a method `unwrap_non_fungible` with a similar name, but with different arguments
[INFO] [stdout]    --> /opt/rustwide/cargo-home/registry/src/index.crates.io-6f17d22bba15001f/miden-objects-0.5.1/src/assets/mod.rs:127:5
[INFO] [stdout]     |
[INFO] [stdout] 127 |     pub fn unwrap_non_fungible(&mut self) -> NonFungibleAsset {
[INFO] [stdout]     |     ^^^^^^^^^^^^^^^^^^^^^^^^^^^^^^^^^^^^^^^^^^^^^^^^^^^^^^^^^
[INFO] [stdout] 
[INFO] [stdout] 
[INFO] [stdout] error[E0599]: no function or associated item named `assembler_testing` found for struct `TransactionKernel` in the current scope
[INFO] [stdout]    --> src/tests/mod.rs:310:74
[INFO] [stdout]     |
[INFO] [stdout] 310 |         TransactionScript::compile(tx_script_src, [], TransactionKernel::assembler_testing())
[INFO] [stdout]     |                                                                          ^^^^^^^^^^^^^^^^^ function or associated item not found in `TransactionKernel`
[INFO] [stdout]     |
[INFO] [stdout] help: there is an associated function `assembler` with a similar name
[INFO] [stdout]     |
[INFO] [stdout] 310 |         TransactionScript::compile(tx_script_src, [], TransactionKernel::assembler())
[INFO] [stdout]     |                                                                          ~~~~~~~~~
[INFO] [stdout] 
[INFO] [stdout] 
[INFO] [stdout] error[E0599]: no function or associated item named `assembler_testing` found for struct `TransactionKernel` in the current scope
[INFO] [stdout]    --> src/tests/mod.rs:418:74
[INFO] [stdout]     |
[INFO] [stdout] 418 |         TransactionScript::compile(tx_script_src, [], TransactionKernel::assembler_testing())
[INFO] [stdout]     |                                                                          ^^^^^^^^^^^^^^^^^ function or associated item not found in `TransactionKernel`
[INFO] [stdout]     |
[INFO] [stdout] help: there is an associated function `assembler` with a similar name
[INFO] [stdout]     |
[INFO] [stdout] 418 |         TransactionScript::compile(tx_script_src, [], TransactionKernel::assembler())
[INFO] [stdout]     |                                                                          ~~~~~~~~~
[INFO] [stdout] 
[INFO] [stdout] 
[INFO] [stdout] error[E0599]: no variant or associated item named `mock_non_fungible` found for enum `Asset` in the current scope
[INFO] [stdout]    --> src/tests/mod.rs:478:16
[INFO] [stdout]     |
[INFO] [stdout] 478 |         Asset::mock_non_fungible(ACCOUNT_ID_NON_FUNGIBLE_FAUCET_ON_CHAIN, &NON_FUNGIBLE_ASSET_DATA);
[INFO] [stdout]     |                ^^^^^^^^^^^^^^^^^ variant or associated item not found in `Asset`
[INFO] [stdout]     |
[INFO] [stdout] help: there is a method `unwrap_non_fungible` with a similar name, but with different arguments
[INFO] [stdout]    --> /opt/rustwide/cargo-home/registry/src/index.crates.io-6f17d22bba15001f/miden-objects-0.5.1/src/assets/mod.rs:127:5
[INFO] [stdout]     |
[INFO] [stdout] 127 |     pub fn unwrap_non_fungible(&mut self) -> NonFungibleAsset {
[INFO] [stdout]     |     ^^^^^^^^^^^^^^^^^^^^^^^^^^^^^^^^^^^^^^^^^^^^^^^^^^^^^^^^^
[INFO] [stdout] 
[INFO] [stdout] 
[INFO] [stdout] error[E0599]: no function or associated item named `assembler_testing` found for struct `TransactionKernel` in the current scope
[INFO] [stdout]    --> src/tests/mod.rs:570:78
[INFO] [stdout]     |
[INFO] [stdout] 570 |             TransactionScript::compile(tx_script_src, [], TransactionKernel::assembler_testing())
[INFO] [stdout]     |                                                                              ^^^^^^^^^^^^^^^^^ function or associated item not found in `TransactionKernel`
[INFO] [stdout]     |
[INFO] [stdout] help: there is an associated function `assembler` with a similar name
[INFO] [stdout]     |
[INFO] [stdout] 570 |             TransactionScript::compile(tx_script_src, [], TransactionKernel::assembler())
[INFO] [stdout]     |                                                                              ~~~~~~~~~
[INFO] [stdout] 
[INFO] [stdout] 
[INFO] [stdout] error[E0599]: no variant or associated item named `mock_non_fungible` found for enum `Asset` in the current scope
[INFO] [stdout]    --> src/tests/mod.rs:644:16
[INFO] [stdout]     |
[INFO] [stdout] 644 |         Asset::mock_non_fungible(ACCOUNT_ID_NON_FUNGIBLE_FAUCET_ON_CHAIN, &NON_FUNGIBLE_ASSET_DATA);
[INFO] [stdout]     |                ^^^^^^^^^^^^^^^^^ variant or associated item not found in `Asset`
[INFO] [stdout]     |
[INFO] [stdout] help: there is a method `unwrap_non_fungible` with a similar name, but with different arguments
[INFO] [stdout]    --> /opt/rustwide/cargo-home/registry/src/index.crates.io-6f17d22bba15001f/miden-objects-0.5.1/src/assets/mod.rs:127:5
[INFO] [stdout]     |
[INFO] [stdout] 127 |     pub fn unwrap_non_fungible(&mut self) -> NonFungibleAsset {
[INFO] [stdout]     |     ^^^^^^^^^^^^^^^^^^^^^^^^^^^^^^^^^^^^^^^^^^^^^^^^^^^^^^^^^
[INFO] [stdout] 
[INFO] [stdout] 
[INFO] [stdout] error[E0599]: no function or associated item named `assembler_testing` found for struct `TransactionKernel` in the current scope
[INFO] [stdout]    --> src/tests/mod.rs:678:67
[INFO] [stdout]     |
[INFO] [stdout] 678 |         NoteScript::compile(DEFAULT_NOTE_CODE, TransactionKernel::assembler_testing()).unwrap();
[INFO] [stdout]     |                                                                   ^^^^^^^^^^^^^^^^^ function or associated item not found in `TransactionKernel`
[INFO] [stdout]     |
[INFO] [stdout] help: there is an associated function `assembler` with a similar name
[INFO] [stdout]     |
[INFO] [stdout] 678 |         NoteScript::compile(DEFAULT_NOTE_CODE, TransactionKernel::assembler()).unwrap();
[INFO] [stdout]     |                                                                   ~~~~~~~~~
[INFO] [stdout] 
[INFO] [stdout] 
[INFO] [stdout] error[E0599]: no function or associated item named `assembler_testing` found for struct `TransactionKernel` in the current scope
[INFO] [stdout]    --> src/tests/mod.rs:689:67
[INFO] [stdout]     |
[INFO] [stdout] 689 |         NoteScript::compile(DEFAULT_NOTE_CODE, TransactionKernel::assembler_testing()).unwrap();
[INFO] [stdout]     |                                                                   ^^^^^^^^^^^^^^^^^ function or associated item not found in `TransactionKernel`
[INFO] [stdout]     |
[INFO] [stdout] help: there is an associated function `assembler` with a similar name
[INFO] [stdout]     |
[INFO] [stdout] 689 |         NoteScript::compile(DEFAULT_NOTE_CODE, TransactionKernel::assembler()).unwrap();
[INFO] [stdout]     |                                                                   ~~~~~~~~~
[INFO] [stdout] 
[INFO] [stdout] 
[INFO] [stdout] error[E0599]: no function or associated item named `assembler_testing` found for struct `TransactionKernel` in the current scope
[INFO] [stdout]    --> src/tests/mod.rs:829:74
[INFO] [stdout]     |
[INFO] [stdout] 829 |         TransactionScript::compile(tx_script_src, [], TransactionKernel::assembler_testing())
[INFO] [stdout]     |                                                                          ^^^^^^^^^^^^^^^^^ function or associated item not found in `TransactionKernel`
[INFO] [stdout]     |
[INFO] [stdout] help: there is an associated function `assembler` with a similar name
[INFO] [stdout]     |
[INFO] [stdout] 829 |         TransactionScript::compile(tx_script_src, [], TransactionKernel::assembler())
[INFO] [stdout]     |                                                                          ~~~~~~~~~
[INFO] [stdout] 
[INFO] [stdout] 
[INFO] [stdout] error[E0599]: no function or associated item named `assembler_testing` found for struct `TransactionKernel` in the current scope
[INFO] [stdout]    --> src/tests/mod.rs:958:28
[INFO] [stdout]     |
[INFO] [stdout] 958 |         TransactionKernel::assembler_testing(),
[INFO] [stdout]     |                            ^^^^^^^^^^^^^^^^^ function or associated item not found in `TransactionKernel`
[INFO] [stdout]     |
[INFO] [stdout] help: there is an associated function `assembler` with a similar name
[INFO] [stdout]     |
[INFO] [stdout] 958 |         TransactionKernel::assembler(),
[INFO] [stdout]     |                            ~~~~~~~~~
[INFO] [stdout] 
[INFO] [stdout] 
[INFO] [stdout] Some errors have detailed explanations: E0432, E0433, E0599, E0616.
[INFO] [stdout] 
[INFO] [stdout] For more information about an error, try `rustc --explain E0432`.
[INFO] [stdout] 
[INFO] [stderr] error: could not compile `miden-tx` (lib test) due to 64 previous errors
[INFO] running `Command { std: "docker" "inspect" "87740310b929271c008f33ce53dbd17008e52e8704470a2ca87a0cf1b97ca5d2", kill_on_drop: false }`
[INFO] running `Command { std: "docker" "rm" "-f" "87740310b929271c008f33ce53dbd17008e52e8704470a2ca87a0cf1b97ca5d2", kill_on_drop: false }`
[INFO] [stdout] 87740310b929271c008f33ce53dbd17008e52e8704470a2ca87a0cf1b97ca5d2
