[INFO] fetching crate miden-stdlib 0.10.5...
[INFO] testing miden-stdlib-0.10.5 against nightly-2024-10-28 for randomize-layout
[INFO] extracting crate miden-stdlib 0.10.5 into /workspace/builds/worker-0-tc1/source
[INFO] validating manifest of crates.io crate miden-stdlib 0.10.5 on toolchain nightly-2024-10-28
[INFO] running `Command { std: CARGO_HOME="/workspace/cargo-home" RUSTUP_HOME="/workspace/rustup-home" "/workspace/cargo-home/bin/cargo" "+nightly-2024-10-28" "metadata" "--manifest-path" "Cargo.toml" "--no-deps", kill_on_drop: false }`
[INFO] started tweaking crates.io crate miden-stdlib 0.10.5
[INFO] removed 0 missing tests
[INFO] finished tweaking crates.io crate miden-stdlib 0.10.5
[INFO] tweaked toml for crates.io crate miden-stdlib 0.10.5 written to /workspace/builds/worker-0-tc1/source/Cargo.toml
[INFO] running `Command { std: CARGO_HOME="/workspace/cargo-home" RUSTUP_HOME="/workspace/rustup-home" "/workspace/cargo-home/bin/cargo" "+nightly-2024-10-28" "generate-lockfile" "--manifest-path" "Cargo.toml", kill_on_drop: false }`
[INFO] [stderr]     Updating crates.io index
[INFO] [stderr]      Locking 243 packages to latest compatible versions
[INFO] [stderr]       Adding winter-air v0.9.0 (available: v0.10.1)
[INFO] [stderr]       Adding winter-fri v0.9.0 (available: v0.10.1)
[INFO] running `Command { std: CARGO_HOME="/workspace/cargo-home" RUSTUP_HOME="/workspace/rustup-home" "/workspace/cargo-home/bin/cargo" "+nightly-2024-10-28" "fetch" "--manifest-path" "Cargo.toml", kill_on_drop: false }`
[INFO] [stderr]  Downloading crates ...
[INFO] [stderr]   Downloaded winter-crypto v0.9.0
[INFO] [stderr]   Downloaded winter-maybe-async v0.9.0
[INFO] [stderr]   Downloaded winter-fri v0.9.0
[INFO] [stderr]   Downloaded supports-color v3.0.1
[INFO] [stderr]   Downloaded winter-prover v0.9.0
[INFO] [stderr]   Downloaded miden-formatting v0.1.1
[INFO] [stderr]   Downloaded winter-math v0.9.3
[INFO] [stderr]   Downloaded miden-thiserror v1.0.59
[INFO] [stderr]   Downloaded miden-air v0.10.5
[INFO] [stderr]   Downloaded miden-core v0.10.5
[INFO] [stderr]   Downloaded miden-miette v7.1.1
[INFO] [stderr]   Downloaded miden-miette-derive v7.1.0
[INFO] [stderr]   Downloaded miden-processor v0.10.6
[INFO] [stderr]   Downloaded miden-assembly v0.10.5
[INFO] [stderr]   Downloaded miden-thiserror-impl v1.0.59
[INFO] [stderr]   Downloaded miden-crypto v0.10.3
[INFO] [stderr]   Downloaded winter-air v0.9.0
[INFO] [stderr]   Downloaded winter-utils v0.9.3
[INFO] running `Command { std: "docker" "create" "-v" "/var/lib/crater-agent-workspace/builds/worker-0-tc1/target:/opt/rustwide/target:rw,Z" "-v" "/var/lib/crater-agent-workspace/builds/worker-0-tc1/source:/opt/rustwide/workdir:ro,Z" "-v" "/var/lib/crater-agent-workspace/cargo-home:/opt/rustwide/cargo-home:ro,Z" "-v" "/var/lib/crater-agent-workspace/rustup-home:/opt/rustwide/rustup-home:ro,Z" "-e" "SOURCE_DIR=/opt/rustwide/workdir" "-e" "CARGO_TARGET_DIR=/opt/rustwide/target" "-e" "CARGO_HOME=/opt/rustwide/cargo-home" "-e" "RUSTUP_HOME=/opt/rustwide/rustup-home" "-w" "/opt/rustwide/workdir" "-m" "1610612736" "--user" "0:0" "--network" "none" "ghcr.io/rust-lang/crates-build-env/linux@sha256:4a844ea9eb2546a2d2c7022eacef16ef2e8229c7fbb2c7d4d55a9ceca922f72d" "/opt/rustwide/cargo-home/bin/cargo" "+nightly-2024-10-28" "metadata" "--no-deps" "--format-version=1", kill_on_drop: false }`
[INFO] [stdout] f2fd8db3e64c5e8d69cee17565a9ccda46d1da2f3ad4d22fb08fb3fff518ff75
[INFO] running `Command { std: "docker" "start" "-a" "f2fd8db3e64c5e8d69cee17565a9ccda46d1da2f3ad4d22fb08fb3fff518ff75", kill_on_drop: false }`
[INFO] running `Command { std: "docker" "inspect" "f2fd8db3e64c5e8d69cee17565a9ccda46d1da2f3ad4d22fb08fb3fff518ff75", kill_on_drop: false }`
[INFO] running `Command { std: "docker" "rm" "-f" "f2fd8db3e64c5e8d69cee17565a9ccda46d1da2f3ad4d22fb08fb3fff518ff75", kill_on_drop: false }`
[INFO] [stdout] f2fd8db3e64c5e8d69cee17565a9ccda46d1da2f3ad4d22fb08fb3fff518ff75
[INFO] running `Command { std: "docker" "create" "-v" "/var/lib/crater-agent-workspace/builds/worker-0-tc1/target:/opt/rustwide/target:rw,Z" "-v" "/var/lib/crater-agent-workspace/builds/worker-0-tc1/source:/opt/rustwide/workdir:ro,Z" "-v" "/var/lib/crater-agent-workspace/cargo-home:/opt/rustwide/cargo-home:ro,Z" "-v" "/var/lib/crater-agent-workspace/rustup-home:/opt/rustwide/rustup-home:ro,Z" "-e" "SOURCE_DIR=/opt/rustwide/workdir" "-e" "CARGO_TARGET_DIR=/opt/rustwide/target" "-e" "CARGO_INCREMENTAL=0" "-e" "RUST_BACKTRACE=full" "-e" "RUSTFLAGS=--cap-lints=forbid" "-e" "RUSTDOCFLAGS=--cap-lints=forbid" "-e" "CARGO_HOME=/opt/rustwide/cargo-home" "-e" "RUSTUP_HOME=/opt/rustwide/rustup-home" "-w" "/opt/rustwide/workdir" "-m" "1610612736" "--user" "0:0" "--network" "none" "ghcr.io/rust-lang/crates-build-env/linux@sha256:4a844ea9eb2546a2d2c7022eacef16ef2e8229c7fbb2c7d4d55a9ceca922f72d" "/opt/rustwide/cargo-home/bin/cargo" "+nightly-2024-10-28" "build" "--frozen" "--message-format=json", kill_on_drop: false }`
[INFO] [stdout] 81dd28ca624614c46eea28abc1b80891363b0d2e99dab6b42371c4e72c67e3cd
[INFO] running `Command { std: "docker" "start" "-a" "81dd28ca624614c46eea28abc1b80891363b0d2e99dab6b42371c4e72c67e3cd", kill_on_drop: false }`
[INFO] [stderr]    Compiling autocfg v1.4.0
[INFO] [stderr]    Compiling equivalent v1.0.1
[INFO] [stderr]    Compiling hashbrown v0.15.0
[INFO] [stderr]    Compiling serde v1.0.214
[INFO] [stderr]    Compiling libm v0.2.11
[INFO] [stderr]    Compiling regex-syntax v0.8.5
[INFO] [stderr]    Compiling typenum v1.17.0
[INFO] [stderr]    Compiling version_check v0.9.5
[INFO] [stderr]    Compiling smallvec v1.13.2
[INFO] [stderr]    Compiling aho-corasick v1.1.3
[INFO] [stderr]    Compiling shlex v1.3.0
[INFO] [stderr]    Compiling crunchy v0.2.2
[INFO] [stderr]    Compiling glob v0.3.1
[INFO] [stderr]    Compiling jobserver v0.1.32
[INFO] [stderr]    Compiling dirs-sys-next v0.1.2
[INFO] [stderr]    Compiling syn v2.0.86
[INFO] [stderr]    Compiling futures-sink v0.3.31
[INFO] [stderr]    Compiling winnow v0.6.20
[INFO] [stderr]    Compiling dirs-next v2.0.0
[INFO] [stderr]    Compiling parking_lot_core v0.9.10
[INFO] [stderr]    Compiling siphasher v0.3.11
[INFO] [stderr]    Compiling cc v1.1.31
[INFO] [stderr]    Compiling tiny-keccak v2.0.2
[INFO] [stderr]    Compiling generic-array v0.14.7
[INFO] [stderr]    Compiling pin-project-lite v0.2.15
[INFO] [stderr]    Compiling futures-core v0.3.31
[INFO] [stderr]    Compiling serde_json v1.0.132
[INFO] [stderr]    Compiling semver v1.0.23
[INFO] [stderr]    Compiling target-triple v0.1.3
[INFO] [stderr]    Compiling num-traits v0.2.19
[INFO] [stderr]    Compiling lock_api v0.4.12
[INFO] [stderr]    Compiling phf_shared v0.10.0
[INFO] [stderr]    Compiling term v0.7.0
[INFO] [stderr]    Compiling vte_generate_state_changes v0.1.2
[INFO] [stderr]    Compiling indexmap v2.6.0
[INFO] [stderr]    Compiling futures-task v0.3.31
[INFO] [stderr]    Compiling same-file v1.0.6
[INFO] [stderr]    Compiling once_cell v1.20.2
[INFO] [stderr]    Compiling either v1.13.0
[INFO] [stderr]    Compiling itoa v1.0.11
[INFO] [stderr]    Compiling rustversion v1.0.18
[INFO] [stderr]    Compiling bit-vec v0.6.3
[INFO] [stderr]    Compiling utf8parse v0.2.2
[INFO] [stderr]    Compiling byteorder v1.5.0
[INFO] [stderr]    Compiling parking_lot v0.12.3
[INFO] [stderr]    Compiling precomputed-hash v0.1.1
[INFO] [stderr]    Compiling semver-parser v0.7.0
[INFO] [stderr]    Compiling pin-utils v0.1.0
[INFO] [stderr]    Compiling ryu v1.0.18
[INFO] [stderr]    Compiling new_debug_unreachable v1.0.6
[INFO] [stderr]    Compiling log v0.4.22
[INFO] [stderr]    Compiling fixedbitset v0.4.2
[INFO] [stderr]    Compiling string_cache v0.8.7
[INFO] [stderr]    Compiling ena v0.14.3
[INFO] [stderr]    Compiling semver v0.9.0
[INFO] [stderr]    Compiling futures-util v0.3.31
[INFO] [stderr]    Compiling bit-set v0.5.3
[INFO] [stderr]    Compiling vte v0.11.1
[INFO] [stderr]    Compiling petgraph v0.6.5
[INFO] [stderr]    Compiling itertools v0.11.0
[INFO] [stderr]    Compiling ascii-canvas v3.0.0
[INFO] [stderr]    Compiling walkdir v2.5.0
[INFO] [stderr]    Compiling num-integer v0.1.46
[INFO] [stderr]    Compiling futures-channel v0.3.31
[INFO] [stderr]    Compiling getrandom v0.2.15
[INFO] [stderr]    Compiling lalrpop-util v0.20.2
[INFO] [stderr]    Compiling rustix v0.38.38
[INFO] [stderr]    Compiling gimli v0.31.1
[INFO] [stderr]    Compiling adler2 v2.0.0
[INFO] [stderr]    Compiling crypto-common v0.1.6
[INFO] [stderr]    Compiling block-buffer v0.10.4
[INFO] [stderr]    Compiling unicode-xid v0.2.6
[INFO] [stderr]    Compiling dissimilar v1.0.9
[INFO] [stderr]    Compiling termcolor v1.4.1
[INFO] [stderr]    Compiling futures-io v0.3.31
[INFO] [stderr]    Compiling digest v0.10.7
[INFO] [stderr]    Compiling blake3 v1.5.4
[INFO] [stderr]    Compiling miniz_oxide v0.8.0
[INFO] [stderr]    Compiling num-bigint v0.4.6
[INFO] [stderr]    Compiling strip-ansi-escapes v0.2.0
[INFO] [stderr]    Compiling regex-automata v0.4.8
[INFO] [stderr]    Compiling rand_core v0.6.4
[INFO] [stderr]    Compiling rustc_version v0.4.1
[INFO] [stderr]    Compiling rustc_version v0.2.3
[INFO] [stderr]    Compiling object v0.36.5
[INFO] [stderr]    Compiling bitflags v2.6.0
[INFO] [stderr]    Compiling miden-thiserror v1.0.59
[INFO] [stderr]    Compiling keccak v0.1.5
[INFO] [stderr]    Compiling arrayref v0.3.9
[INFO] [stderr]    Compiling constant_time_eq v0.3.1
[INFO] [stderr]    Compiling winter-utils v0.9.3
[INFO] [stderr]    Compiling rustc-demangle v0.1.24
[INFO] [stderr]    Compiling lazy_static v1.5.0
[INFO] [stderr]    Compiling linux-raw-sys v0.4.14
[INFO] [stderr]    Compiling arrayvec v0.7.6
[INFO] [stderr]    Compiling indenter v0.3.3
[INFO] [stderr]    Compiling unicode-width v0.1.14
[INFO] [stderr]    Compiling owo-colors v4.1.0
[INFO] [stderr]    Compiling winter-math v0.9.3
[INFO] [stderr]    Compiling futures v0.3.31
[INFO] [stderr]    Compiling sha3 v0.10.8
[INFO] [stderr]    Compiling miden-crypto v0.10.3
[INFO] [stderr]    Compiling num-iter v0.1.45
[INFO] [stderr]    Compiling num-complex v0.4.6
[INFO] [stderr]    Compiling smawk v0.3.2
[INFO] [stderr]    Compiling is_ci v1.2.0
[INFO] [stderr]    Compiling unicode-linebreak v0.1.5
[INFO] [stderr]    Compiling supports-color v3.0.1
[INFO] [stderr]    Compiling supports-hyperlinks v3.0.0
[INFO] [stderr]    Compiling spin v0.9.8
[INFO] [stderr]    Compiling supports-unicode v3.0.0
[INFO] [stderr]    Compiling miden-formatting v0.1.1
[INFO] [stderr]    Compiling textwrap v0.16.1
[INFO] [stderr]    Compiling tracing-core v0.1.32
[INFO] [stderr]    Compiling serde_spanned v0.6.8
[INFO] [stderr]    Compiling toml_datetime v0.6.8
[INFO] [stderr]    Compiling num-rational v0.4.2
[INFO] [stderr]    Compiling winter-crypto v0.9.0
[INFO] [stderr]    Compiling toml_edit v0.22.22
[INFO] [stderr]    Compiling num v0.4.3
[INFO] [stderr]    Compiling terminal_size v0.3.0
[INFO] [stderr]    Compiling addr2line v0.24.2
[INFO] [stderr]    Compiling regex v1.11.1
[INFO] [stderr]    Compiling zerocopy-derive v0.7.35
[INFO] [stderr]    Compiling serde_derive v1.0.214
[INFO] [stderr]    Compiling miden-thiserror-impl v1.0.59
[INFO] [stderr]    Compiling miden-miette-derive v7.1.0
[INFO] [stderr]    Compiling tracing-attributes v0.1.27
[INFO] [stderr]    Compiling num-derive v0.4.2
[INFO] [stderr]    Compiling lalrpop v0.20.2
[INFO] [stderr]    Compiling zerocopy v0.7.35
[INFO] [stderr]    Compiling tracing v0.1.40
[INFO] [stderr]    Compiling ppv-lite86 v0.2.20
[INFO] [stderr]    Compiling toml v0.8.19
[INFO] [stderr]    Compiling rand_chacha v0.3.1
[INFO] [stderr]    Compiling backtrace v0.3.74
[INFO] [stderr]    Compiling rand v0.8.5
[INFO] [stderr]    Compiling backtrace-ext v0.2.1
[INFO] [stderr]    Compiling trybuild v1.0.101
[INFO] [stderr]    Compiling miden-miette v7.1.1
[INFO] [stderr]    Compiling miden-core v0.10.5
[INFO] [stderr]    Compiling miden-assembly v0.10.5
[INFO] [stderr]    Compiling miden-stdlib v0.10.5 (/opt/rustwide/workdir)
[INFO] [stderr]     Finished `dev` profile [unoptimized + debuginfo] target(s) in 27.46s
[INFO] running `Command { std: "docker" "inspect" "81dd28ca624614c46eea28abc1b80891363b0d2e99dab6b42371c4e72c67e3cd", kill_on_drop: false }`
[INFO] running `Command { std: "docker" "rm" "-f" "81dd28ca624614c46eea28abc1b80891363b0d2e99dab6b42371c4e72c67e3cd", kill_on_drop: false }`
[INFO] [stdout] 81dd28ca624614c46eea28abc1b80891363b0d2e99dab6b42371c4e72c67e3cd
[INFO] running `Command { std: "docker" "create" "-v" "/var/lib/crater-agent-workspace/builds/worker-0-tc1/target:/opt/rustwide/target:rw,Z" "-v" "/var/lib/crater-agent-workspace/builds/worker-0-tc1/source:/opt/rustwide/workdir:ro,Z" "-v" "/var/lib/crater-agent-workspace/cargo-home:/opt/rustwide/cargo-home:ro,Z" "-v" "/var/lib/crater-agent-workspace/rustup-home:/opt/rustwide/rustup-home:ro,Z" "-e" "SOURCE_DIR=/opt/rustwide/workdir" "-e" "CARGO_TARGET_DIR=/opt/rustwide/target" "-e" "CARGO_INCREMENTAL=0" "-e" "RUST_BACKTRACE=full" "-e" "RUSTFLAGS=--cap-lints=forbid" "-e" "RUSTDOCFLAGS=--cap-lints=forbid" "-e" "CARGO_HOME=/opt/rustwide/cargo-home" "-e" "RUSTUP_HOME=/opt/rustwide/rustup-home" "-w" "/opt/rustwide/workdir" "-m" "1610612736" "--user" "0:0" "--network" "none" "ghcr.io/rust-lang/crates-build-env/linux@sha256:4a844ea9eb2546a2d2c7022eacef16ef2e8229c7fbb2c7d4d55a9ceca922f72d" "/opt/rustwide/cargo-home/bin/cargo" "+nightly-2024-10-28" "test" "--frozen" "--no-run" "--message-format=json", kill_on_drop: false }`
[INFO] [stdout] 28c30ed9afa65e523ec187d309e43366f4141f782917ecd0601b13be9afbb83d
[INFO] running `Command { std: "docker" "start" "-a" "28c30ed9afa65e523ec187d309e43366f4141f782917ecd0601b13be9afbb83d", kill_on_drop: false }`
[INFO] [stderr]    Compiling serde_json v1.0.132
[INFO] [stderr]    Compiling num-traits v0.2.19
[INFO] [stderr]    Compiling either v1.13.0
[INFO] [stderr]    Compiling blake3 v1.5.4
[INFO] [stderr]    Compiling same-file v1.0.6
[INFO] [stderr]    Compiling once_cell v1.20.2
[INFO] [stderr]    Compiling sha3 v0.10.8
[INFO] [stderr]    Compiling crossbeam-utils v0.8.20
[INFO] [stderr]    Compiling rayon-core v1.12.1
[INFO] [stderr]    Compiling winter-maybe-async v0.9.0
[INFO] [stderr]    Compiling half v2.4.1
[INFO] [stderr]    Compiling serde v1.0.214
[INFO] [stderr]    Compiling plotters-backend v0.3.7
[INFO] [stderr]    Compiling walkdir v2.5.0
[INFO] [stderr]    Compiling string_cache v0.8.7
[INFO] [stderr]    Compiling itertools v0.11.0
[INFO] [stderr]    Compiling clap_lex v0.7.2
[INFO] [stderr]    Compiling regex-syntax v0.8.5
[INFO] [stderr]    Compiling ciborium-io v0.2.2
[INFO] [stderr]    Compiling anstyle v1.0.9
[INFO] [stderr]    Compiling ciborium-ll v0.2.2
[INFO] [stderr]    Compiling plotters-svg v0.3.7
[INFO] [stderr]    Compiling itertools v0.10.5
[INFO] [stderr]    Compiling cast v0.3.0
[INFO] [stderr]    Compiling is-terminal v0.4.13
[INFO] [stderr]    Compiling clap_builder v4.5.20
[INFO] [stderr]    Compiling diff v0.1.13
[INFO] [stderr]    Compiling oorandom v11.1.4
[INFO] [stderr]    Compiling anes v0.1.6
[INFO] [stderr]    Compiling cpufeatures v0.2.14
[INFO] [stderr]    Compiling yansi v1.0.1
[INFO] [stderr]    Compiling sha2 v0.10.8
[INFO] [stderr]    Compiling crossbeam-epoch v0.9.18
[INFO] [stderr]    Compiling pretty_assertions v1.4.1
[INFO] [stderr]    Compiling num-integer v0.1.46
[INFO] [stderr]    Compiling num-complex v0.4.6
[INFO] [stderr]    Compiling winter-crypto v0.9.0
[INFO] [stderr]    Compiling trybuild v1.0.101
[INFO] [stderr]    Compiling crossbeam-deque v0.8.5
[INFO] [stderr]    Compiling plotters v0.3.7
[INFO] [stderr]    Compiling num-bigint v0.4.6
[INFO] [stderr]    Compiling num-iter v0.1.45
[INFO] [stderr]    Compiling lalrpop v0.20.2
[INFO] [stderr]    Compiling regex-automata v0.4.8
[INFO] [stderr]    Compiling criterion-plot v0.5.0
[INFO] [stderr]    Compiling winter-fri v0.9.0
[INFO] [stderr]    Compiling rayon v1.10.0
[INFO] [stderr]    Compiling winter-air v0.9.0
[INFO] [stderr]    Compiling num-rational v0.4.2
[INFO] [stderr]    Compiling clap v4.5.20
[INFO] [stderr]    Compiling num v0.4.3
[INFO] [stderr]    Compiling miden-crypto v0.10.3
[INFO] [stderr]    Compiling winter-prover v0.9.0
[INFO] [stderr]    Compiling regex v1.11.1
[INFO] [stderr]    Compiling miden-miette v7.1.1
[INFO] [stderr]    Compiling ciborium v0.2.2
[INFO] [stderr]    Compiling tinytemplate v1.2.1
[INFO] [stderr]    Compiling miden-core v0.10.5
[INFO] [stderr]    Compiling criterion v0.5.1
[INFO] [stderr]    Compiling miden-air v0.10.5
[INFO] [stderr]    Compiling miden-processor v0.10.6
[INFO] [stderr]    Compiling miden-assembly v0.10.5
[INFO] [stderr]    Compiling miden-stdlib v0.10.5 (/opt/rustwide/workdir)
[INFO] [stdout] error[E0433]: failed to resolve: use of undeclared crate or module `test_utils`
[INFO] [stdout]  --> tests/collections/mod.rs:1:5
[INFO] [stdout]   |
[INFO] [stdout] 1 | use test_utils::{
[INFO] [stdout]   |     ^^^^^^^^^^ use of undeclared crate or module `test_utils`
[INFO] [stdout] 
[INFO] [stdout] 
[INFO] [stdout] error[E0433]: failed to resolve: use of undeclared crate or module `test_utils`
[INFO] [stdout]  --> tests/crypto/fri/channel.rs:2:5
[INFO] [stdout]   |
[INFO] [stdout] 2 | use test_utils::{
[INFO] [stdout]   |     ^^^^^^^^^^ use of undeclared crate or module `test_utils`
[INFO] [stdout] 
[INFO] [stdout] 
[INFO] [stdout] error[E0432]: unresolved import `test_utils`
[INFO] [stdout]  --> tests/collections/mod.rs:1:5
[INFO] [stdout]   |
[INFO] [stdout] 1 | use test_utils::{
[INFO] [stdout]   |     ^^^^^^^^^^ use of undeclared crate or module `test_utils`
[INFO] [stdout] 
[INFO] [stdout] 
[INFO] [stdout] error[E0433]: failed to resolve: use of undeclared crate or module `test_utils`
[INFO] [stdout]  --> tests/crypto/fri/verifier_fri_e2f4.rs:7:5
[INFO] [stdout]   |
[INFO] [stdout] 7 | use test_utils::{
[INFO] [stdout]   |     ^^^^^^^^^^ use of undeclared crate or module `test_utils`
[INFO] [stdout] 
[INFO] [stdout] 
[INFO] [stdout] error[E0432]: unresolved import `test_utils`
[INFO] [stdout]  --> tests/crypto/fri/channel.rs:2:5
[INFO] [stdout]   |
[INFO] [stdout] 2 | use test_utils::{
[INFO] [stdout]   |     ^^^^^^^^^^ use of undeclared crate or module `test_utils`
[INFO] [stdout] 
[INFO] [stdout] 
[INFO] [stdout] error[E0433]: failed to resolve: use of undeclared crate or module `test_utils`
[INFO] [stdout]  --> tests/crypto/stark/verifier_recursive/channel.rs:7:5
[INFO] [stdout]   |
[INFO] [stdout] 7 | use test_utils::{
[INFO] [stdout]   |     ^^^^^^^^^^ use of undeclared crate or module `test_utils`
[INFO] [stdout] 
[INFO] [stdout] 
[INFO] [stdout] error[E0432]: unresolved import `test_utils`
[INFO] [stdout]  --> tests/crypto/fri/verifier_fri_e2f4.rs:7:5
[INFO] [stdout]   |
[INFO] [stdout] 7 | use test_utils::{
[INFO] [stdout]   |     ^^^^^^^^^^ use of undeclared crate or module `test_utils`
[INFO] [stdout] 
[INFO] [stdout] 
[INFO] [stdout] error[E0433]: failed to resolve: use of undeclared crate or module `test_utils`
[INFO] [stdout]  --> tests/collections/mmr.rs:1:5
[INFO] [stdout]   |
[INFO] [stdout] 1 | use test_utils::{
[INFO] [stdout]   |     ^^^^^^^^^^ use of undeclared crate or module `test_utils`
[INFO] [stdout] 
[INFO] [stdout] 
[INFO] [stdout] error[E0432]: unresolved import `test_utils`
[INFO] [stdout]  --> tests/crypto/stark/verifier_recursive/channel.rs:7:5
[INFO] [stdout]   |
[INFO] [stdout] 7 | use test_utils::{
[INFO] [stdout]   |     ^^^^^^^^^^ use of undeclared crate or module `test_utils`
[INFO] [stdout] 
[INFO] [stdout] 
[INFO] [stdout] error[E0433]: failed to resolve: use of undeclared crate or module `test_utils`
[INFO] [stdout]   --> tests/crypto/falcon.rs:11:5
[INFO] [stdout]    |
[INFO] [stdout] 11 | use test_utils::{
[INFO] [stdout]    |     ^^^^^^^^^^ use of undeclared crate or module `test_utils`
[INFO] [stdout] 
[INFO] [stdout] 
[INFO] [stdout] error[E0432]: unresolved import `test_utils`
[INFO] [stdout]  --> tests/collections/mmr.rs:1:5
[INFO] [stdout]   |
[INFO] [stdout] 1 | use test_utils::{
[INFO] [stdout]   |     ^^^^^^^^^^ use of undeclared crate or module `test_utils`
[INFO] [stdout] 
[INFO] [stdout] 
[INFO] [stdout] error[E0432]: unresolved import `test_utils`
[INFO] [stdout]   --> tests/crypto/falcon.rs:11:5
[INFO] [stdout]    |
[INFO] [stdout] 11 | use test_utils::{
[INFO] [stdout]    |     ^^^^^^^^^^ use of undeclared crate or module `test_utils`
[INFO] [stdout] 
[INFO] [stdout] 
[INFO] [stdout] error[E0433]: failed to resolve: use of undeclared crate or module `test_utils`
[INFO] [stdout]  --> tests/crypto/blake3.rs:1:5
[INFO] [stdout]   |
[INFO] [stdout] 1 | use test_utils::{group_slice_elements, rand::rand_array, Felt, IntoBytes};
[INFO] [stdout]   |     ^^^^^^^^^^ use of undeclared crate or module `test_utils`
[INFO] [stdout] 
[INFO] [stdout] 
[INFO] [stdout] error[E0433]: failed to resolve: use of undeclared crate or module `test_utils`
[INFO] [stdout]  --> tests/crypto/elgamal.rs:3:5
[INFO] [stdout]   |
[INFO] [stdout] 3 | use test_utils::{rand::rand_array, Felt, FieldElement};
[INFO] [stdout]   |     ^^^^^^^^^^ use of undeclared crate or module `test_utils`
[INFO] [stdout] 
[INFO] [stdout] 
[INFO] [stdout] error[E0432]: unresolved import `test_utils`
[INFO] [stdout]  --> tests/crypto/blake3.rs:1:5
[INFO] [stdout]   |
[INFO] [stdout] 1 | use test_utils::{group_slice_elements, rand::rand_array, Felt, IntoBytes};
[INFO] [stdout]   |     ^^^^^^^^^^ use of undeclared crate or module `test_utils`
[INFO] [stdout] 
[INFO] [stdout] 
[INFO] [stdout] error[E0433]: failed to resolve: use of undeclared crate or module `test_utils`
[INFO] [stdout]  --> tests/crypto/fri/mod.rs:4:5
[INFO] [stdout]   |
[INFO] [stdout] 4 | use test_utils::{crypto::MerkleStore, Felt, StarkField};
[INFO] [stdout]   |     ^^^^^^^^^^ use of undeclared crate or module `test_utils`
[INFO] [stdout] 
[INFO] [stdout] 
[INFO] [stdout] error[E0432]: unresolved import `test_utils`
[INFO] [stdout]  --> tests/crypto/elgamal.rs:3:5
[INFO] [stdout]   |
[INFO] [stdout] 3 | use test_utils::{rand::rand_array, Felt, FieldElement};
[INFO] [stdout]   |     ^^^^^^^^^^ use of undeclared crate or module `test_utils`
[INFO] [stdout] 
[INFO] [stdout] 
[INFO] [stdout] error[E0433]: failed to resolve: use of undeclared crate or module `test_utils`
[INFO] [stdout]  --> tests/crypto/keccak256.rs:2:5
[INFO] [stdout]   |
[INFO] [stdout] 2 | use test_utils::{
[INFO] [stdout]   |     ^^^^^^^^^^ use of undeclared crate or module `test_utils`
[INFO] [stdout] 
[INFO] [stdout] 
[INFO] [stdout] error[E0432]: unresolved import `test_utils`
[INFO] [stdout]  --> tests/crypto/fri/mod.rs:4:5
[INFO] [stdout]   |
[INFO] [stdout] 4 | use test_utils::{crypto::MerkleStore, Felt, StarkField};
[INFO] [stdout]   |     ^^^^^^^^^^ use of undeclared crate or module `test_utils`
[INFO] [stdout] 
[INFO] [stdout] 
[INFO] [stdout] error[E0432]: unresolved import `test_utils`
[INFO] [stdout]  --> tests/crypto/keccak256.rs:2:5
[INFO] [stdout]   |
[INFO] [stdout] 2 | use test_utils::{
[INFO] [stdout]   |     ^^^^^^^^^^ use of undeclared crate or module `test_utils`
[INFO] [stdout] 
[INFO] [stdout] 
[INFO] [stdout] error[E0432]: unresolved import `test_utils`
[INFO] [stdout]  --> tests/crypto/native.rs:2:5
[INFO] [stdout]   |
[INFO] [stdout] 2 | use test_utils::{build_expected_hash, build_expected_perm, expect_exec_error};
[INFO] [stdout]   |     ^^^^^^^^^^ use of undeclared crate or module `test_utils`
[INFO] [stdout] 
[INFO] [stdout] 
[INFO] [stdout] error[E0433]: failed to resolve: use of undeclared crate or module `test_utils`
[INFO] [stdout]  --> tests/crypto/sha256.rs:2:5
[INFO] [stdout]   |
[INFO] [stdout] 2 | use test_utils::{
[INFO] [stdout]   |     ^^^^^^^^^^ use of undeclared crate or module `test_utils`
[INFO] [stdout] 
[INFO] [stdout] 
[INFO] [stdout] error[E0433]: failed to resolve: use of undeclared crate or module `test_utils`
[INFO] [stdout]  --> tests/crypto/stark/verifier_recursive/mod.rs:5:5
[INFO] [stdout]   |
[INFO] [stdout] 5 | use test_utils::{
[INFO] [stdout]   |     ^^^^^^^^^^ use of undeclared crate or module `test_utils`
[INFO] [stdout] 
[INFO] [stdout] 
[INFO] [stdout] error[E0432]: unresolved import `test_utils`
[INFO] [stdout]  --> tests/crypto/sha256.rs:2:5
[INFO] [stdout]   |
[INFO] [stdout] 2 | use test_utils::{
[INFO] [stdout]   |     ^^^^^^^^^^ use of undeclared crate or module `test_utils`
[INFO] [stdout] 
[INFO] [stdout] 
[INFO] [stdout] error[E0432]: unresolved import `test_utils`
[INFO] [stdout]  --> tests/crypto/stark/verifier_recursive/mod.rs:5:5
[INFO] [stdout]   |
[INFO] [stdout] 5 | use test_utils::{
[INFO] [stdout]   |     ^^^^^^^^^^ use of undeclared crate or module `test_utils`
[INFO] [stdout] 
[INFO] [stdout] 
[INFO] [stdout] error[E0433]: failed to resolve: use of undeclared crate or module `test_utils`
[INFO] [stdout]  --> tests/math/ecgfp5/base_field.rs:3:5
[INFO] [stdout]   |
[INFO] [stdout] 3 | use test_utils::{rand::rand_value, Felt, FieldElement, StarkField, ONE, ZERO};
[INFO] [stdout]   |     ^^^^^^^^^^ use of undeclared crate or module `test_utils`
[INFO] [stdout] 
[INFO] [stdout] 
[INFO] [stdout] error[E0432]: unresolved import `test_utils`
[INFO] [stdout]  --> tests/crypto/stark/mod.rs:5:5
[INFO] [stdout]   |
[INFO] [stdout] 5 | use test_utils::{
[INFO] [stdout]   |     ^^^^^^^^^^ use of undeclared crate or module `test_utils`
[INFO] [stdout] 
[INFO] [stdout] 
[INFO] [stdout] error[E0433]: failed to resolve: use of undeclared crate or module `test_utils`
[INFO] [stdout]  --> tests/math/ecgfp5/scalar_field.rs:3:5
[INFO] [stdout]   |
[INFO] [stdout] 3 | use test_utils::rand::rand_value;
[INFO] [stdout]   |     ^^^^^^^^^^ use of undeclared crate or module `test_utils`
[INFO] [stdout] 
[INFO] [stdout] 
[INFO] [stdout] error[E0433]: failed to resolve: use of undeclared crate or module `test_utils`
[INFO] [stdout]  --> tests/math/secp256k1/base_field.rs:3:5
[INFO] [stdout]   |
[INFO] [stdout] 3 | use test_utils::rand::rand_array;
[INFO] [stdout]   |     ^^^^^^^^^^ use of undeclared crate or module `test_utils`
[INFO] [stdout] 
[INFO] [stdout] 
[INFO] [stdout] error[E0433]: failed to resolve: use of undeclared crate or module `test_utils`
[INFO] [stdout]  --> tests/math/secp256k1/scalar_field.rs:3:5
[INFO] [stdout]   |
[INFO] [stdout] 3 | use test_utils::rand::rand_array;
[INFO] [stdout]   |     ^^^^^^^^^^ use of undeclared crate or module `test_utils`
[INFO] [stdout] 
[INFO] [stdout] 
[INFO] [stdout] error[E0433]: failed to resolve: use of undeclared crate or module `test_utils`
[INFO] [stdout]  --> tests/math/u256_mod.rs:2:5
[INFO] [stdout]   |
[INFO] [stdout] 2 | use test_utils::rand::rand_vector;
[INFO] [stdout]   |     ^^^^^^^^^^ use of undeclared crate or module `test_utils`
[INFO] [stdout] 
[INFO] [stdout] 
[INFO] [stdout] error[E0432]: unresolved import `test_utils`
[INFO] [stdout]  --> tests/math/ecgfp5/base_field.rs:3:5
[INFO] [stdout]   |
[INFO] [stdout] 3 | use test_utils::{rand::rand_value, Felt, FieldElement, StarkField, ONE, ZERO};
[INFO] [stdout]   |     ^^^^^^^^^^ use of undeclared crate or module `test_utils`
[INFO] [stdout] 
[INFO] [stdout] 
[INFO] [stdout] error[E0432]: unresolved import `test_utils`
[INFO] [stdout]  --> tests/mem/mod.rs:2:5
[INFO] [stdout]   |
[INFO] [stdout] 2 | use test_utils::{
[INFO] [stdout]   |     ^^^^^^^^^^ use of undeclared crate or module `test_utils`
[INFO] [stdout] 
[INFO] [stdout] 
[INFO] [stdout] error[E0433]: failed to resolve: use of undeclared crate or module `test_utils`
[INFO] [stdout]  --> tests/crypto/fri/remainder.rs:1:5
[INFO] [stdout]   |
[INFO] [stdout] 1 | use test_utils::{
[INFO] [stdout]   |     ^^^^^^^^^^ use of undeclared crate or module `test_utils`
[INFO] [stdout] 
[INFO] [stdout] 
[INFO] [stdout] error[E0432]: unresolved import `test_utils`
[INFO] [stdout]  --> tests/crypto/ecdsa_secp256k1.rs:1:5
[INFO] [stdout]   |
[INFO] [stdout] 1 | use test_utils::test_case;
[INFO] [stdout]   |     ^^^^^^^^^^ use of undeclared crate or module `test_utils`
[INFO] [stdout] 
[INFO] [stdout] 
[INFO] [stdout] error[E0432]: unresolved import `test_utils`
[INFO] [stdout]  --> tests/crypto/fri/remainder.rs:1:5
[INFO] [stdout]   |
[INFO] [stdout] 1 | use test_utils::{
[INFO] [stdout]   |     ^^^^^^^^^^ use of undeclared crate or module `test_utils`
[INFO] [stdout] 
[INFO] [stdout] 
[INFO] [stdout] error[E0432]: unresolved import `test_utils`
[INFO] [stdout]  --> tests/math/ecgfp5/group.rs:3:5
[INFO] [stdout]   |
[INFO] [stdout] 3 | use test_utils::{test_case, Felt, ONE, ZERO};
[INFO] [stdout]   |     ^^^^^^^^^^ use of undeclared crate or module `test_utils`
[INFO] [stdout] 
[INFO] [stdout] 
[INFO] [stdout] error[E0433]: failed to resolve: use of undeclared crate or module `test_utils`
[INFO] [stdout]  --> tests/math/u64_mod.rs:4:5
[INFO] [stdout]   |
[INFO] [stdout] 4 | use test_utils::{
[INFO] [stdout]   |     ^^^^^^^^^^ use of undeclared crate or module `test_utils`
[INFO] [stdout] 
[INFO] [stdout] 
[INFO] [stdout] error[E0433]: failed to resolve: use of undeclared crate or module `test_utils`
[INFO] [stdout]  --> tests/sys/mod.rs:1:5
[INFO] [stdout]   |
[INFO] [stdout] 1 | use test_utils::{proptest::prelude::*, rand::rand_vector, STACK_TOP_SIZE};
[INFO] [stdout]   |     ^^^^^^^^^^ use of undeclared crate or module `test_utils`
[INFO] [stdout] 
[INFO] [stdout] 
[INFO] [stdout] error[E0432]: unresolved import `test_utils`
[INFO] [stdout]  --> tests/math/secp256k1/group.rs:1:5
[INFO] [stdout]   |
[INFO] [stdout] 1 | use test_utils::test_case;
[INFO] [stdout]   |     ^^^^^^^^^^ use of undeclared crate or module `test_utils`
[INFO] [stdout] 
[INFO] [stdout] 
[INFO] [stdout] error[E0432]: unresolved import `test_utils`
[INFO] [stdout]  --> tests/math/u64_mod.rs:4:5
[INFO] [stdout]   |
[INFO] [stdout] 4 | use test_utils::{
[INFO] [stdout]   |     ^^^^^^^^^^ use of undeclared crate or module `test_utils`
[INFO] [stdout] 
[INFO] [stdout] 
[INFO] [stdout] error[E0432]: unresolved import `test_utils`
[INFO] [stdout]  --> tests/sys/mod.rs:1:5
[INFO] [stdout]   |
[INFO] [stdout] 1 | use test_utils::{proptest::prelude::*, rand::rand_vector, STACK_TOP_SIZE};
[INFO] [stdout]   |     ^^^^^^^^^^ use of undeclared crate or module `test_utils`
[INFO] [stdout] 
[INFO] [stdout] 
[INFO] [stdout] error[E0433]: failed to resolve: use of undeclared crate or module `test_utils`
[INFO] [stdout]    --> tests/main.rs:7:24
[INFO] [stdout]     |
[INFO] [stdout] 7   |         let mut test = test_utils::build_test_by_mode!(false, $($params)+);
[INFO] [stdout]     |                        ^^^^^^^^^^ use of undeclared crate or module `test_utils`
[INFO] [stdout]     |
[INFO] [stdout]    ::: tests/collections/mmr.rs:678:16
[INFO] [stdout]     |
[INFO] [stdout] 678 |     let test = build_test!(source, &stack, advice_stack, store, advice_map.iter().cloned());
[INFO] [stdout]     |                ---------------------------------------------------------------------------- in this macro invocation
[INFO] [stdout]     |
[INFO] [stdout]     = note: this error originates in the macro `build_test` (in Nightly builds, run with -Z macro-backtrace for more info)
[INFO] [stdout] 
[INFO] [stdout] 
[INFO] [stdout] error[E0433]: failed to resolve: use of undeclared crate or module `test_utils`
[INFO] [stdout]    --> tests/main.rs:7:24
[INFO] [stdout]     |
[INFO] [stdout] 7   |         let mut test = test_utils::build_test_by_mode!(false, $($params)+);
[INFO] [stdout]     |                        ^^^^^^^^^^ use of undeclared crate or module `test_utils`
[INFO] [stdout]     |
[INFO] [stdout]    ::: tests/collections/smt.rs:250:5
[INFO] [stdout]     |
[INFO] [stdout] 250 |     build_test!(source, &init_stack, &[], store, advice_map).expect_stack(&final_stack);
[INFO] [stdout]     |     -------------------------------------------------------- in this macro invocation
[INFO] [stdout]     |
[INFO] [stdout]     = note: this error originates in the macro `build_test` (in Nightly builds, run with -Z macro-backtrace for more info)
[INFO] [stdout] 
[INFO] [stdout] 
[INFO] [stdout] error[E0433]: failed to resolve: use of undeclared crate or module `test_utils`
[INFO] [stdout]   --> tests/main.rs:7:24
[INFO] [stdout]    |
[INFO] [stdout] 7  |         let mut test = test_utils::build_test_by_mode!(false, $($params)+);
[INFO] [stdout]    |                        ^^^^^^^^^^ use of undeclared crate or module `test_utils`
[INFO] [stdout]    |
[INFO] [stdout]   ::: tests/crypto/blake3.rs:61:16
[INFO] [stdout]    |
[INFO] [stdout] 61 |     let test = build_test!(source, &ifelts);
[INFO] [stdout]    |                ---------------------------- in this macro invocation
[INFO] [stdout]    |
[INFO] [stdout]    = note: this error originates in the macro `build_test` (in Nightly builds, run with -Z macro-backtrace for more info)
[INFO] [stdout] 
[INFO] [stdout] 
[INFO] [stdout] error[E0433]: failed to resolve: use of undeclared crate or module `test_utils`
[INFO] [stdout]    --> tests/main.rs:7:24
[INFO] [stdout]     |
[INFO] [stdout] 7   |         let mut test = test_utils::build_test_by_mode!(false, $($params)+);
[INFO] [stdout]     |                        ^^^^^^^^^^ use of undeclared crate or module `test_utils`
[INFO] [stdout]     |
[INFO] [stdout]    ::: tests/crypto/fri/mod.rs:104:16
[INFO] [stdout]     |
[INFO] [stdout] 104 |     let test = build_test!(source, &[domain_generator], &advice_stack, store, advice_map.clone());
[INFO] [stdout]     |                ---------------------------------------------------------------------------------- in this macro invocation
[INFO] [stdout]     |
[INFO] [stdout]     = note: this error originates in the macro `build_test` (in Nightly builds, run with -Z macro-backtrace for more info)
[INFO] [stdout] 
[INFO] [stdout] 
[INFO] [stdout] error[E0433]: failed to resolve: use of undeclared crate or module `test_utils`
[INFO] [stdout]   --> tests/main.rs:7:24
[INFO] [stdout]    |
[INFO] [stdout] 7  |         let mut test = test_utils::build_test_by_mode!(false, $($params)+);
[INFO] [stdout]    |                        ^^^^^^^^^^ use of undeclared crate or module `test_utils`
[INFO] [stdout]    |
[INFO] [stdout]   ::: tests/crypto/keccak256.rs:68:16
[INFO] [stdout]    |
[INFO] [stdout] 68 |     let test = build_test!(source, &in_stack);
[INFO] [stdout]    |                ------------------------------ in this macro invocation
[INFO] [stdout]    |
[INFO] [stdout]    = note: this error originates in the macro `build_test` (in Nightly builds, run with -Z macro-backtrace for more info)
[INFO] [stdout] 
[INFO] [stdout] 
[INFO] [stdout] error[E0433]: failed to resolve: use of undeclared crate or module `test_utils`
[INFO] [stdout]    --> tests/main.rs:7:24
[INFO] [stdout]     |
[INFO] [stdout] 7   |         let mut test = test_utils::build_test_by_mode!(false, $($params)+);
[INFO] [stdout]     |                        ^^^^^^^^^^ use of undeclared crate or module `test_utils`
[INFO] [stdout]     |
[INFO] [stdout]    ::: tests/crypto/native.rs:271:5
[INFO] [stdout]     |
[INFO] [stdout] 271 |     build_test!(even_words, &[]).expect_stack(&even_hash);
[INFO] [stdout]     |     ---------------------------- in this macro invocation
[INFO] [stdout]     |
[INFO] [stdout]     = note: this error originates in the macro `build_test` (in Nightly builds, run with -Z macro-backtrace for more info)
[INFO] [stdout] 
[INFO] [stdout] 
[INFO] [stdout] error[E0433]: failed to resolve: use of undeclared crate or module `test_utils`
[INFO] [stdout]    --> tests/main.rs:7:24
[INFO] [stdout]     |
[INFO] [stdout] 7   |         let mut test = test_utils::build_test_by_mode!(false, $($params)+);
[INFO] [stdout]     |                        ^^^^^^^^^^ use of undeclared crate or module `test_utils`
[INFO] [stdout]     |
[INFO] [stdout]    ::: tests/crypto/sha256.rs:124:16
[INFO] [stdout]     |
[INFO] [stdout] 124 |     let test = build_test!(source, &ifelts);
[INFO] [stdout]     |                ---------------------------- in this macro invocation
[INFO] [stdout]     |
[INFO] [stdout]     = note: this error originates in the macro `build_test` (in Nightly builds, run with -Z macro-backtrace for more info)
[INFO] [stdout] 
[INFO] [stdout] 
[INFO] [stdout] error[E0433]: failed to resolve: use of undeclared crate or module `test_utils`
[INFO] [stdout]   --> tests/main.rs:7:24
[INFO] [stdout]    |
[INFO] [stdout] 7  |         let mut test = test_utils::build_test_by_mode!(false, $($params)+);
[INFO] [stdout]    |                        ^^^^^^^^^^ use of undeclared crate or module `test_utils`
[INFO] [stdout]    |
[INFO] [stdout]   ::: tests/crypto/stark/mod.rs:39:16
[INFO] [stdout]    |
[INFO] [stdout] 39 |     let test = build_test!(source, &initial_stack, &tape, store, advice_map);
[INFO] [stdout]    |                ------------------------------------------------------------- in this macro invocation
[INFO] [stdout]    |
[INFO] [stdout]    = note: this error originates in the macro `build_test` (in Nightly builds, run with -Z macro-backtrace for more info)
[INFO] [stdout] 
[INFO] [stdout] 
[INFO] [stdout] error[E0433]: failed to resolve: use of undeclared crate or module `test_utils`
[INFO] [stdout]    --> tests/main.rs:7:24
[INFO] [stdout]     |
[INFO] [stdout] 7   |         let mut test = test_utils::build_test_by_mode!(false, $($params)+);
[INFO] [stdout]     |                        ^^^^^^^^^^ use of undeclared crate or module `test_utils`
[INFO] [stdout]     |
[INFO] [stdout]    ::: tests/math/ecgfp5/scalar_field.rs:348:16
[INFO] [stdout]     |
[INFO] [stdout] 348 |     let test = build_test!(source, &stack);
[INFO] [stdout]     |                --------------------------- in this macro invocation
[INFO] [stdout]     |
[INFO] [stdout]     = note: this error originates in the macro `build_test` (in Nightly builds, run with -Z macro-backtrace for more info)
[INFO] [stdout] 
[INFO] [stdout] 
[INFO] [stdout] error[E0433]: failed to resolve: use of undeclared crate or module `test_utils`
[INFO] [stdout]    --> tests/main.rs:7:24
[INFO] [stdout]     |
[INFO] [stdout] 7   |         let mut test = test_utils::build_test_by_mode!(false, $($params)+);
[INFO] [stdout]     |                        ^^^^^^^^^^ use of undeclared crate or module `test_utils`
[INFO] [stdout]     |
[INFO] [stdout]    ::: tests/math/secp256k1/base_field.rs:496:16
[INFO] [stdout]     |
[INFO] [stdout] 496 |     let test = build_test!(source, &stack);
[INFO] [stdout]     |                --------------------------- in this macro invocation
[INFO] [stdout]     |
[INFO] [stdout]     = note: this error originates in the macro `build_test` (in Nightly builds, run with -Z macro-backtrace for more info)
[INFO] [stdout] 
[INFO] [stdout] 
[INFO] [stdout] error[E0433]: failed to resolve: use of undeclared crate or module `test_utils`
[INFO] [stdout]    --> tests/main.rs:7:24
[INFO] [stdout]     |
[INFO] [stdout] 7   |         let mut test = test_utils::build_test_by_mode!(false, $($params)+);
[INFO] [stdout]     |                        ^^^^^^^^^^ use of undeclared crate or module `test_utils`
[INFO] [stdout]     |
[INFO] [stdout]    ::: tests/math/secp256k1/scalar_field.rs:302:16
[INFO] [stdout]     |
[INFO] [stdout] 302 |     let test = build_test!(source, &stack);
[INFO] [stdout]     |                --------------------------- in this macro invocation
[INFO] [stdout]     |
[INFO] [stdout]     = note: this error originates in the macro `build_test` (in Nightly builds, run with -Z macro-backtrace for more info)
[INFO] [stdout] 
[INFO] [stdout] 
[INFO] [stdout] error[E0433]: failed to resolve: use of undeclared crate or module `test_utils`
[INFO] [stdout]   --> tests/main.rs:7:24
[INFO] [stdout]    |
[INFO] [stdout] 7  |         let mut test = test_utils::build_test_by_mode!(false, $($params)+);
[INFO] [stdout]    |                        ^^^^^^^^^^ use of undeclared crate or module `test_utils`
[INFO] [stdout]    |
[INFO] [stdout]   ::: tests/math/u256_mod.rs:32:5
[INFO] [stdout]    |
[INFO] [stdout] 32 |     build_test!(source, &operands).expect_stack(&result);
[INFO] [stdout]    |     ------------------------------ in this macro invocation
[INFO] [stdout]    |
[INFO] [stdout]    = note: this error originates in the macro `build_test` (in Nightly builds, run with -Z macro-backtrace for more info)
[INFO] [stdout] 
[INFO] [stdout] 
[INFO] [stdout] error[E0433]: failed to resolve: use of undeclared crate or module `test_utils`
[INFO] [stdout]    --> tests/main.rs:7:24
[INFO] [stdout]     |
[INFO] [stdout] 7   |         let mut test = test_utils::build_test_by_mode!(false, $($params)+);
[INFO] [stdout]     |                        ^^^^^^^^^^ use of undeclared crate or module `test_utils`
[INFO] [stdout]     |
[INFO] [stdout]    ::: tests/mem/mod.rs:221:15
[INFO] [stdout]     |
[INFO] [stdout] 221 |     let res = build_test!(three_words, operand_stack, &advice_stack).execute();
[INFO] [stdout]     |               ------------------------------------------------------ in this macro invocation
[INFO] [stdout]     |
[INFO] [stdout]     = note: this error originates in the macro `build_test` (in Nightly builds, run with -Z macro-backtrace for more info)
[INFO] [stdout] 
[INFO] [stdout] 
[INFO] [stdout] error[E0433]: failed to resolve: use of undeclared crate or module `test_utils`
[INFO] [stdout]    --> tests/main.rs:7:24
[INFO] [stdout]     |
[INFO] [stdout] 7   |         let mut test = test_utils::build_test_by_mode!(false, $($params)+);
[INFO] [stdout]     |                        ^^^^^^^^^^ use of undeclared crate or module `test_utils`
[INFO] [stdout]     |
[INFO] [stdout]    ::: tests/mem/mod.rs:194:5
[INFO] [stdout]     |
[INFO] [stdout] 194 |     build_test!(three_words, operand_stack, &advice_stack).expect_stack_and_memory(
[INFO] [stdout]     |     ------------------------------------------------------ in this macro invocation
[INFO] [stdout]     |
[INFO] [stdout]     = note: this error originates in the macro `build_test` (in Nightly builds, run with -Z macro-backtrace for more info)
[INFO] [stdout] 
[INFO] [stdout] 
[INFO] [stdout] error[E0433]: failed to resolve: use of undeclared crate or module `test_utils`
[INFO] [stdout]    --> tests/main.rs:7:24
[INFO] [stdout]     |
[INFO] [stdout] 7   |         let mut test = test_utils::build_test_by_mode!(false, $($params)+);
[INFO] [stdout]     |                        ^^^^^^^^^^ use of undeclared crate or module `test_utils`
[INFO] [stdout]     |
[INFO] [stdout]    ::: tests/mem/mod.rs:166:5
[INFO] [stdout]     |
[INFO] [stdout] 166 |     build_test!(three_words, operand_stack, &data).expect_stack_and_memory(
[INFO] [stdout]     |     ---------------------------------------------- in this macro invocation
[INFO] [stdout]     |
[INFO] [stdout]     = note: this error originates in the macro `build_test` (in Nightly builds, run with -Z macro-backtrace for more info)
[INFO] [stdout] 
[INFO] [stdout] 
[INFO] [stdout] error[E0433]: failed to resolve: use of undeclared crate or module `test_utils`
[INFO] [stdout]    --> tests/main.rs:7:24
[INFO] [stdout]     |
[INFO] [stdout] 7   |         let mut test = test_utils::build_test_by_mode!(false, $($params)+);
[INFO] [stdout]     |                        ^^^^^^^^^^ use of undeclared crate or module `test_utils`
[INFO] [stdout]     |
[INFO] [stdout]    ::: tests/mem/mod.rs:144:5
[INFO] [stdout]     |
[INFO] [stdout] 144 |     build_test!(one_word, operand_stack, &data).expect_stack_and_memory(
[INFO] [stdout]     |     ------------------------------------------- in this macro invocation
[INFO] [stdout]     |
[INFO] [stdout]     = note: this error originates in the macro `build_test` (in Nightly builds, run with -Z macro-backtrace for more info)
[INFO] [stdout] 
[INFO] [stdout] 
[INFO] [stdout] error[E0433]: failed to resolve: use of undeclared crate or module `test_utils`
[INFO] [stdout]    --> tests/main.rs:7:24
[INFO] [stdout]     |
[INFO] [stdout] 7   |         let mut test = test_utils::build_test_by_mode!(false, $($params)+);
[INFO] [stdout]     |                        ^^^^^^^^^^ use of undeclared crate or module `test_utils`
[INFO] [stdout]     |
[INFO] [stdout]    ::: tests/mem/mod.rs:118:5
[INFO] [stdout]     |
[INFO] [stdout] 118 |     build_test!(source, operand_stack, &data).expect_stack_and_memory(
[INFO] [stdout]     |     ----------------------------------------- in this macro invocation
[INFO] [stdout]     |
[INFO] [stdout]     = note: this error originates in the macro `build_test` (in Nightly builds, run with -Z macro-backtrace for more info)
[INFO] [stdout] 
[INFO] [stdout] 
[INFO] [stdout] error[E0433]: failed to resolve: use of undeclared crate or module `test_utils`
[INFO] [stdout]    --> tests/main.rs:7:24
[INFO] [stdout]     |
[INFO] [stdout] 7   |         let mut test = test_utils::build_test_by_mode!(false, $($params)+);
[INFO] [stdout]     |                        ^^^^^^^^^^ use of undeclared crate or module `test_utils`
[INFO] [stdout]     |
[INFO] [stdout]    ::: tests/math/secp256k1/scalar_field.rs:275:16
[INFO] [stdout]     |
[INFO] [stdout] 275 |     let test = build_test!(source, &stack);
[INFO] [stdout]     |                --------------------------- in this macro invocation
[INFO] [stdout]     |
[INFO] [stdout]     = note: this error originates in the macro `build_test` (in Nightly builds, run with -Z macro-backtrace for more info)
[INFO] [stdout] 
[INFO] [stdout] 
[INFO] [stdout] error[E0433]: failed to resolve: use of undeclared crate or module `test_utils`
[INFO] [stdout]    --> tests/main.rs:7:24
[INFO] [stdout]     |
[INFO] [stdout] 7   |         let mut test = test_utils::build_test_by_mode!(false, $($params)+);
[INFO] [stdout]     |                        ^^^^^^^^^^ use of undeclared crate or module `test_utils`
[INFO] [stdout]     |
[INFO] [stdout]    ::: tests/math/secp256k1/base_field.rs:467:20
[INFO] [stdout]     |
[INFO] [stdout] 467 |         let test = build_test!(source_sub, &stack);
[INFO] [stdout]     |                    ------------------------------- in this macro invocation
[INFO] [stdout]     |
[INFO] [stdout]     = note: this error originates in the macro `build_test` (in Nightly builds, run with -Z macro-backtrace for more info)
[INFO] [stdout] 
[INFO] [stdout] 
[INFO] [stdout] error[E0433]: failed to resolve: use of undeclared crate or module `test_utils`
[INFO] [stdout]    --> tests/main.rs:7:24
[INFO] [stdout]     |
[INFO] [stdout] 7   |         let mut test = test_utils::build_test_by_mode!(false, $($params)+);
[INFO] [stdout]     |                        ^^^^^^^^^^ use of undeclared crate or module `test_utils`
[INFO] [stdout]     |
[INFO] [stdout]    ::: tests/math/secp256k1/base_field.rs:454:20
[INFO] [stdout]     |
[INFO] [stdout] 454 |         let test = build_test!(source_add, &stack);
[INFO] [stdout]     |                    ------------------------------- in this macro invocation
[INFO] [stdout]     |
[INFO] [stdout]     = note: this error originates in the macro `build_test` (in Nightly builds, run with -Z macro-backtrace for more info)
[INFO] [stdout] 
[INFO] [stdout] 
[INFO] [stdout] error[E0433]: failed to resolve: use of undeclared crate or module `test_utils`
[INFO] [stdout]    --> tests/main.rs:7:24
[INFO] [stdout]     |
[INFO] [stdout] 7   |         let mut test = test_utils::build_test_by_mode!(false, $($params)+);
[INFO] [stdout]     |                        ^^^^^^^^^^ use of undeclared crate or module `test_utils`
[INFO] [stdout]     |
[INFO] [stdout]    ::: tests/math/secp256k1/base_field.rs:423:16
[INFO] [stdout]     |
[INFO] [stdout] 423 |     let test = build_test!(source, &stack);
[INFO] [stdout]     |                --------------------------- in this macro invocation
[INFO] [stdout]     |
[INFO] [stdout]     = note: this error originates in the macro `build_test` (in Nightly builds, run with -Z macro-backtrace for more info)
[INFO] [stdout] 
[INFO] [stdout] 
[INFO] [stdout] error[E0433]: failed to resolve: use of undeclared crate or module `test_utils`
[INFO] [stdout]    --> tests/main.rs:7:24
[INFO] [stdout]     |
[INFO] [stdout] 7   |         let mut test = test_utils::build_test_by_mode!(false, $($params)+);
[INFO] [stdout]     |                        ^^^^^^^^^^ use of undeclared crate or module `test_utils`
[INFO] [stdout]     |
[INFO] [stdout]    ::: tests/math/secp256k1/base_field.rs:401:16
[INFO] [stdout]     |
[INFO] [stdout] 401 |     let test = build_test!(source, &stack);
[INFO] [stdout]     |                --------------------------- in this macro invocation
[INFO] [stdout]     |
[INFO] [stdout]     = note: this error originates in the macro `build_test` (in Nightly builds, run with -Z macro-backtrace for more info)
[INFO] [stdout] 
[INFO] [stdout] 
[INFO] [stdout] error[E0433]: failed to resolve: use of undeclared crate or module `test_utils`
[INFO] [stdout]    --> tests/main.rs:7:24
[INFO] [stdout]     |
[INFO] [stdout] 7   |         let mut test = test_utils::build_test_by_mode!(false, $($params)+);
[INFO] [stdout]     |                        ^^^^^^^^^^ use of undeclared crate or module `test_utils`
[INFO] [stdout]     |
[INFO] [stdout]    ::: tests/math/secp256k1/base_field.rs:380:16
[INFO] [stdout]     |
[INFO] [stdout] 380 |     let test = build_test!(source, &stack);
[INFO] [stdout]     |                --------------------------- in this macro invocation
[INFO] [stdout]     |
[INFO] [stdout]     = note: this error originates in the macro `build_test` (in Nightly builds, run with -Z macro-backtrace for more info)
[INFO] [stdout] 
[INFO] [stdout] 
[INFO] [stdout] error[E0433]: failed to resolve: use of undeclared crate or module `test_utils`
[INFO] [stdout]    --> tests/main.rs:7:24
[INFO] [stdout]     |
[INFO] [stdout] 7   |         let mut test = test_utils::build_test_by_mode!(false, $($params)+);
[INFO] [stdout]     |                        ^^^^^^^^^^ use of undeclared crate or module `test_utils`
[INFO] [stdout]     |
[INFO] [stdout]    ::: tests/math/secp256k1/base_field.rs:358:16
[INFO] [stdout]     |
[INFO] [stdout] 358 |     let test = build_test!(source, &stack);
[INFO] [stdout]     |                --------------------------- in this macro invocation
[INFO] [stdout]     |
[INFO] [stdout]     = note: this error originates in the macro `build_test` (in Nightly builds, run with -Z macro-backtrace for more info)
[INFO] [stdout] 
[INFO] [stdout] 
[INFO] [stdout] error[E0433]: failed to resolve: use of undeclared crate or module `test_utils`
[INFO] [stdout]    --> tests/main.rs:7:24
[INFO] [stdout]     |
[INFO] [stdout] 7   |         let mut test = test_utils::build_test_by_mode!(false, $($params)+);
[INFO] [stdout]     |                        ^^^^^^^^^^ use of undeclared crate or module `test_utils`
[INFO] [stdout]     |
[INFO] [stdout]    ::: tests/math/secp256k1/base_field.rs:335:16
[INFO] [stdout]     |
[INFO] [stdout] 335 |     let test = build_test!(source, &stack);
[INFO] [stdout]     |                --------------------------- in this macro invocation
[INFO] [stdout]     |
[INFO] [stdout]     = note: this error originates in the macro `build_test` (in Nightly builds, run with -Z macro-backtrace for more info)
[INFO] [stdout] 
[INFO] [stdout] 
[INFO] [stdout] error[E0433]: failed to resolve: use of undeclared crate or module `test_utils`
[INFO] [stdout]    --> tests/main.rs:7:24
[INFO] [stdout]     |
[INFO] [stdout] 7   |         let mut test = test_utils::build_test_by_mode!(false, $($params)+);
[INFO] [stdout]     |                        ^^^^^^^^^^ use of undeclared crate or module `test_utils`
[INFO] [stdout]     |
[INFO] [stdout]    ::: tests/math/ecgfp5/scalar_field.rs:309:16
[INFO] [stdout]     |
[INFO] [stdout] 309 |     let test = build_test!(source, &stack);
[INFO] [stdout]     |                --------------------------- in this macro invocation
[INFO] [stdout]     |
[INFO] [stdout]     = note: this error originates in the macro `build_test` (in Nightly builds, run with -Z macro-backtrace for more info)
[INFO] [stdout] 
[INFO] [stdout] 
[INFO] [stdout] error[E0433]: failed to resolve: use of undeclared crate or module `test_utils`
[INFO] [stdout]    --> tests/main.rs:7:24
[INFO] [stdout]     |
[INFO] [stdout] 7   |         let mut test = test_utils::build_test_by_mode!(false, $($params)+);
[INFO] [stdout]     |                        ^^^^^^^^^^ use of undeclared crate or module `test_utils`
[INFO] [stdout]     |
[INFO] [stdout]    ::: tests/math/ecgfp5/scalar_field.rs:266:16
[INFO] [stdout]     |
[INFO] [stdout] 266 |     let test = build_test!(source, &stack);
[INFO] [stdout]     |                --------------------------- in this macro invocation
[INFO] [stdout]     |
[INFO] [stdout]     = note: this error originates in the macro `build_test` (in Nightly builds, run with -Z macro-backtrace for more info)
[INFO] [stdout] 
[INFO] [stdout] 
[INFO] [stdout] error[E0433]: failed to resolve: use of undeclared crate or module `test_utils`
[INFO] [stdout]    --> tests/main.rs:7:24
[INFO] [stdout]     |
[INFO] [stdout] 7   |         let mut test = test_utils::build_test_by_mode!(false, $($params)+);
[INFO] [stdout]     |                        ^^^^^^^^^^ use of undeclared crate or module `test_utils`
[INFO] [stdout]     |
[INFO] [stdout]    ::: tests/math/ecgfp5/base_field.rs:596:16
[INFO] [stdout]     |
[INFO] [stdout] 596 |     let test = build_test!(source, &stack);
[INFO] [stdout]     |                --------------------------- in this macro invocation
[INFO] [stdout]     |
[INFO] [stdout]     = note: this error originates in the macro `build_test` (in Nightly builds, run with -Z macro-backtrace for more info)
[INFO] [stdout] 
[INFO] [stdout] 
[INFO] [stdout] error[E0433]: failed to resolve: use of undeclared crate or module `test_utils`
[INFO] [stdout]    --> tests/main.rs:7:24
[INFO] [stdout]     |
[INFO] [stdout] 7   |         let mut test = test_utils::build_test_by_mode!(false, $($params)+);
[INFO] [stdout]     |                        ^^^^^^^^^^ use of undeclared crate or module `test_utils`
[INFO] [stdout]     |
[INFO] [stdout]    ::: tests/math/ecgfp5/base_field.rs:575:16
[INFO] [stdout]     |
[INFO] [stdout] 575 |     let test = build_test!(source, &stack);
[INFO] [stdout]     |                --------------------------- in this macro invocation
[INFO] [stdout]     |
[INFO] [stdout]     = note: this error originates in the macro `build_test` (in Nightly builds, run with -Z macro-backtrace for more info)
[INFO] [stdout] 
[INFO] [stdout] 
[INFO] [stdout] error[E0433]: failed to resolve: use of undeclared crate or module `test_utils`
[INFO] [stdout]    --> tests/main.rs:7:24
[INFO] [stdout]     |
[INFO] [stdout] 7   |         let mut test = test_utils::build_test_by_mode!(false, $($params)+);
[INFO] [stdout]     |                        ^^^^^^^^^^ use of undeclared crate or module `test_utils`
[INFO] [stdout]     |
[INFO] [stdout]    ::: tests/math/ecgfp5/base_field.rs:550:16
[INFO] [stdout]     |
[INFO] [stdout] 550 |     let test = build_test!(source, &stack);
[INFO] [stdout]     |                --------------------------- in this macro invocation
[INFO] [stdout]     |
[INFO] [stdout]     = note: this error originates in the macro `build_test` (in Nightly builds, run with -Z macro-backtrace for more info)
[INFO] [stdout] 
[INFO] [stdout] 
[INFO] [stdout] error[E0433]: failed to resolve: use of undeclared crate or module `test_utils`
[INFO] [stdout]    --> tests/main.rs:7:24
[INFO] [stdout]     |
[INFO] [stdout] 7   |         let mut test = test_utils::build_test_by_mode!(false, $($params)+);
[INFO] [stdout]     |                        ^^^^^^^^^^ use of undeclared crate or module `test_utils`
[INFO] [stdout]     |
[INFO] [stdout]    ::: tests/math/ecgfp5/base_field.rs:513:16
[INFO] [stdout]     |
[INFO] [stdout] 513 |     let test = build_test!(source, &stack);
[INFO] [stdout]     |                --------------------------- in this macro invocation
[INFO] [stdout]     |
[INFO] [stdout]     = note: this error originates in the macro `build_test` (in Nightly builds, run with -Z macro-backtrace for more info)
[INFO] [stdout] 
[INFO] [stdout] 
[INFO] [stdout] error[E0433]: failed to resolve: use of undeclared crate or module `test_utils`
[INFO] [stdout]    --> tests/main.rs:7:24
[INFO] [stdout]     |
[INFO] [stdout] 7   |         let mut test = test_utils::build_test_by_mode!(false, $($params)+);
[INFO] [stdout]     |                        ^^^^^^^^^^ use of undeclared crate or module `test_utils`
[INFO] [stdout]     |
[INFO] [stdout]    ::: tests/math/ecgfp5/base_field.rs:488:16
[INFO] [stdout]     |
[INFO] [stdout] 488 |     let test = build_test!(source, &stack);
[INFO] [stdout]     |                --------------------------- in this macro invocation
[INFO] [stdout]     |
[INFO] [stdout]     = note: this error originates in the macro `build_test` (in Nightly builds, run with -Z macro-backtrace for more info)
[INFO] [stdout] 
[INFO] [stdout] 
[INFO] [stdout] error[E0433]: failed to resolve: use of undeclared crate or module `test_utils`
[INFO] [stdout]    --> tests/main.rs:7:24
[INFO] [stdout]     |
[INFO] [stdout] 7   |         let mut test = test_utils::build_test_by_mode!(false, $($params)+);
[INFO] [stdout]     |                        ^^^^^^^^^^ use of undeclared crate or module `test_utils`
[INFO] [stdout]     |
[INFO] [stdout]    ::: tests/math/ecgfp5/base_field.rs:463:16
[INFO] [stdout]     |
[INFO] [stdout] 463 |     let test = build_test!(source, &stack);
[INFO] [stdout]     |                --------------------------- in this macro invocation
[INFO] [stdout]     |
[INFO] [stdout]     = note: this error originates in the macro `build_test` (in Nightly builds, run with -Z macro-backtrace for more info)
[INFO] [stdout] 
[INFO] [stdout] 
[INFO] [stdout] error[E0433]: failed to resolve: use of undeclared crate or module `test_utils`
[INFO] [stdout]    --> tests/main.rs:7:24
[INFO] [stdout]     |
[INFO] [stdout] 7   |         let mut test = test_utils::build_test_by_mode!(false, $($params)+);
[INFO] [stdout]     |                        ^^^^^^^^^^ use of undeclared crate or module `test_utils`
[INFO] [stdout]     |
[INFO] [stdout]    ::: tests/math/ecgfp5/base_field.rs:426:16
[INFO] [stdout]     |
[INFO] [stdout] 426 |     let test = build_test!(source, &stack);
[INFO] [stdout]     |                --------------------------- in this macro invocation
[INFO] [stdout]     |
[INFO] [stdout]     = note: this error originates in the macro `build_test` (in Nightly builds, run with -Z macro-backtrace for more info)
[INFO] [stdout] 
[INFO] [stdout] 
[INFO] [stdout] error[E0433]: failed to resolve: use of undeclared crate or module `test_utils`
[INFO] [stdout]    --> tests/main.rs:7:24
[INFO] [stdout]     |
[INFO] [stdout] 7   |         let mut test = test_utils::build_test_by_mode!(false, $($params)+);
[INFO] [stdout]     |                        ^^^^^^^^^^ use of undeclared crate or module `test_utils`
[INFO] [stdout]     |
[INFO] [stdout]    ::: tests/math/ecgfp5/base_field.rs:389:16
[INFO] [stdout]     |
[INFO] [stdout] 389 |     let test = build_test!(source, &stack);
[INFO] [stdout]     |                --------------------------- in this macro invocation
[INFO] [stdout]     |
[INFO] [stdout]     = note: this error originates in the macro `build_test` (in Nightly builds, run with -Z macro-backtrace for more info)
[INFO] [stdout] 
[INFO] [stdout] 
[INFO] [stdout] error[E0433]: failed to resolve: use of undeclared crate or module `test_utils`
[INFO] [stdout]   --> tests/main.rs:7:24
[INFO] [stdout]    |
[INFO] [stdout] 7  |         let mut test = test_utils::build_test_by_mode!(false, $($params)+);
[INFO] [stdout]    |                        ^^^^^^^^^^ use of undeclared crate or module `test_utils`
[INFO] [stdout]    |
[INFO] [stdout]   ::: tests/crypto/sha256.rs:95:16
[INFO] [stdout]    |
[INFO] [stdout] 95 |     let test = build_test!(source, &ifelts);
[INFO] [stdout]    |                ---------------------------- in this macro invocation
[INFO] [stdout]    |
[INFO] [stdout]    = note: this error originates in the macro `build_test` (in Nightly builds, run with -Z macro-backtrace for more info)
[INFO] [stdout] 
[INFO] [stdout] 
[INFO] [stdout] error[E0433]: failed to resolve: use of undeclared crate or module `test_utils`
[INFO] [stdout]   --> tests/main.rs:7:24
[INFO] [stdout]    |
[INFO] [stdout] 7  |         let mut test = test_utils::build_test_by_mode!(false, $($params)+);
[INFO] [stdout]    |                        ^^^^^^^^^^ use of undeclared crate or module `test_utils`
[INFO] [stdout]    |
[INFO] [stdout]   ::: tests/crypto/sha256.rs:60:16
[INFO] [stdout]    |
[INFO] [stdout] 60 |     let test = build_test!(source, &ifelts);
[INFO] [stdout]    |                ---------------------------- in this macro invocation
[INFO] [stdout]    |
[INFO] [stdout]    = note: this error originates in the macro `build_test` (in Nightly builds, run with -Z macro-backtrace for more info)
[INFO] [stdout] 
[INFO] [stdout] 
[INFO] [stdout] error[E0433]: failed to resolve: use of undeclared crate or module `test_utils`
[INFO] [stdout]    --> tests/main.rs:7:24
[INFO] [stdout]     |
[INFO] [stdout] 7   |         let mut test = test_utils::build_test_by_mode!(false, $($params)+);
[INFO] [stdout]     |                        ^^^^^^^^^^ use of undeclared crate or module `test_utils`
[INFO] [stdout]     |
[INFO] [stdout]    ::: tests/crypto/native.rs:236:5
[INFO] [stdout]     |
[INFO] [stdout] 236 |     build_test!(even_words, &[]).expect_stack(&even_hash);
[INFO] [stdout]     |     ---------------------------- in this macro invocation
[INFO] [stdout]     |
[INFO] [stdout]     = note: this error originates in the macro `build_test` (in Nightly builds, run with -Z macro-backtrace for more info)
[INFO] [stdout] 
[INFO] [stdout] 
[INFO] [stdout] error[E0433]: failed to resolve: use of undeclared crate or module `test_utils`
[INFO] [stdout]    --> tests/main.rs:7:24
[INFO] [stdout]     |
[INFO] [stdout] 7   |         let mut test = test_utils::build_test_by_mode!(false, $($params)+);
[INFO] [stdout]     |                        ^^^^^^^^^^ use of undeclared crate or module `test_utils`
[INFO] [stdout]     |
[INFO] [stdout]    ::: tests/crypto/native.rs:206:5
[INFO] [stdout]     |
[INFO] [stdout] 206 |     build_test!(odd_words, &[]).expect_stack(&odd_hash);
[INFO] [stdout]     |     --------------------------- in this macro invocation
[INFO] [stdout]     |
[INFO] [stdout]     = note: this error originates in the macro `build_test` (in Nightly builds, run with -Z macro-backtrace for more info)
[INFO] [stdout] 
[INFO] [stdout] 
[INFO] [stdout] error[E0433]: failed to resolve: use of undeclared crate or module `test_utils`
[INFO] [stdout]    --> tests/main.rs:7:24
[INFO] [stdout]     |
[INFO] [stdout] 7   |         let mut test = test_utils::build_test_by_mode!(false, $($params)+);
[INFO] [stdout]     |                        ^^^^^^^^^^ use of undeclared crate or module `test_utils`
[INFO] [stdout]     |
[INFO] [stdout]    ::: tests/crypto/native.rs:179:5
[INFO] [stdout]     |
[INFO] [stdout] 179 |     build_test!(even_words, &[]).expect_stack(&even_hash);
[INFO] [stdout]     |     ---------------------------- in this macro invocation
[INFO] [stdout]     |
[INFO] [stdout]     = note: this error originates in the macro `build_test` (in Nightly builds, run with -Z macro-backtrace for more info)
[INFO] [stdout] 
[INFO] [stdout] 
[INFO] [stdout] error[E0433]: failed to resolve: use of undeclared crate or module `test_utils`
[INFO] [stdout]    --> tests/main.rs:7:24
[INFO] [stdout]     |
[INFO] [stdout] 7   |         let mut test = test_utils::build_test_by_mode!(false, $($params)+);
[INFO] [stdout]     |                        ^^^^^^^^^^ use of undeclared crate or module `test_utils`
[INFO] [stdout]     |
[INFO] [stdout]    ::: tests/crypto/native.rs:154:5
[INFO] [stdout]     |
[INFO] [stdout] 154 |     build_test!(one_element, &[]).expect_stack(&one_hash);
[INFO] [stdout]     |     ----------------------------- in this macro invocation
[INFO] [stdout]     |
[INFO] [stdout]     = note: this error originates in the macro `build_test` (in Nightly builds, run with -Z macro-backtrace for more info)
[INFO] [stdout] 
[INFO] [stdout] 
[INFO] [stdout] error[E0433]: failed to resolve: use of undeclared crate or module `test_utils`
[INFO] [stdout]    --> tests/main.rs:7:24
[INFO] [stdout]     |
[INFO] [stdout] 7   |         let mut test = test_utils::build_test_by_mode!(false, $($params)+);
[INFO] [stdout]     |                        ^^^^^^^^^^ use of undeclared crate or module `test_utils`
[INFO] [stdout]     |
[INFO] [stdout]    ::: tests/crypto/native.rs:126:5
[INFO] [stdout]     |
[INFO] [stdout] 126 |     build_test!(one_element, &[]).expect_stack(&one_hash);
[INFO] [stdout]     |     ----------------------------- in this macro invocation
[INFO] [stdout]     |
[INFO] [stdout]     = note: this error originates in the macro `build_test` (in Nightly builds, run with -Z macro-backtrace for more info)
[INFO] [stdout] 
[INFO] [stdout] 
[INFO] [stdout] error[E0433]: failed to resolve: use of undeclared crate or module `test_utils`
[INFO] [stdout]    --> tests/main.rs:7:24
[INFO] [stdout]     |
[INFO] [stdout] 7   |         let mut test = test_utils::build_test_by_mode!(false, $($params)+);
[INFO] [stdout]     |                        ^^^^^^^^^^ use of undeclared crate or module `test_utils`
[INFO] [stdout]     |
[INFO] [stdout]    ::: tests/crypto/native.rs:107:5
[INFO] [stdout]     |
[INFO] [stdout] 107 |     build_test!(one_memstream, &[]).expect_stack(&one_hash);
[INFO] [stdout]     |     ------------------------------- in this macro invocation
[INFO] [stdout]     |
[INFO] [stdout]     = note: this error originates in the macro `build_test` (in Nightly builds, run with -Z macro-backtrace for more info)
[INFO] [stdout] 
[INFO] [stdout] 
[INFO] [stdout] error[E0433]: failed to resolve: use of undeclared crate or module `test_utils`
[INFO] [stdout]   --> tests/main.rs:7:24
[INFO] [stdout]    |
[INFO] [stdout] 7  |         let mut test = test_utils::build_test_by_mode!(false, $($params)+);
[INFO] [stdout]    |                        ^^^^^^^^^^ use of undeclared crate or module `test_utils`
[INFO] [stdout]    |
[INFO] [stdout]   ::: tests/crypto/native.rs:82:5
[INFO] [stdout]    |
[INFO] [stdout] 82 |     build_test!(two_zeros, &[]).expect_stack(&zero_hash);
[INFO] [stdout]    |     --------------------------- in this macro invocation
[INFO] [stdout]    |
[INFO] [stdout]    = note: this error originates in the macro `build_test` (in Nightly builds, run with -Z macro-backtrace for more info)
[INFO] [stdout] 
[INFO] [stdout] 
[INFO] [stdout] error[E0433]: failed to resolve: use of undeclared crate or module `test_utils`
[INFO] [stdout]   --> tests/main.rs:7:24
[INFO] [stdout]    |
[INFO] [stdout] 7  |         let mut test = test_utils::build_test_by_mode!(false, $($params)+);
[INFO] [stdout]    |                        ^^^^^^^^^^ use of undeclared crate or module `test_utils`
[INFO] [stdout]    |
[INFO] [stdout]   ::: tests/crypto/native.rs:68:5
[INFO] [stdout]    |
[INFO] [stdout] 68 |     build_test!(two_zeros_mem_stream, &[]).expect_stack(&zero_hash);
[INFO] [stdout]    |     -------------------------------------- in this macro invocation
[INFO] [stdout]    |
[INFO] [stdout]    = note: this error originates in the macro `build_test` (in Nightly builds, run with -Z macro-backtrace for more info)
[INFO] [stdout] 
[INFO] [stdout] 
[INFO] [stdout] error[E0433]: failed to resolve: use of undeclared crate or module `test_utils`
[INFO] [stdout]   --> tests/main.rs:7:24
[INFO] [stdout]    |
[INFO] [stdout] 7  |         let mut test = test_utils::build_test_by_mode!(false, $($params)+);
[INFO] [stdout]    |                        ^^^^^^^^^^ use of undeclared crate or module `test_utils`
[INFO] [stdout]    |
[INFO] [stdout]   ::: tests/crypto/keccak256.rs:24:16
[INFO] [stdout]    |
[INFO] [stdout] 24 |     let test = build_test!(source, &[low, high]);
[INFO] [stdout]    |                --------------------------------- in this macro invocation
[INFO] [stdout]    |
[INFO] [stdout]    = note: this error originates in the macro `build_test` (in Nightly builds, run with -Z macro-backtrace for more info)
[INFO] [stdout] 
[INFO] [stdout] 
[INFO] [stdout] error[E0433]: failed to resolve: use of undeclared crate or module `test_utils`
[INFO] [stdout]   --> tests/main.rs:7:24
[INFO] [stdout]    |
[INFO] [stdout] 7  |         let mut test = test_utils::build_test_by_mode!(false, $($params)+);
[INFO] [stdout]    |                        ^^^^^^^^^^ use of undeclared crate or module `test_utils`
[INFO] [stdout]    |
[INFO] [stdout]   ::: tests/crypto/fri/mod.rs:56:16
[INFO] [stdout]    |
[INFO] [stdout] 56 |     let test = build_test!(source, &[domain_generator], &advice_stack, store, advice_map.clone());
[INFO] [stdout]    |                ---------------------------------------------------------------------------------- in this macro invocation
[INFO] [stdout]    |
[INFO] [stdout]    = note: this error originates in the macro `build_test` (in Nightly builds, run with -Z macro-backtrace for more info)
[INFO] [stdout] 
[INFO] [stdout] 
[INFO] [stdout] error[E0433]: failed to resolve: use of undeclared crate or module `test_utils`
[INFO] [stdout]    --> tests/main.rs:7:24
[INFO] [stdout]     |
[INFO] [stdout] 7   |         let mut test = test_utils::build_test_by_mode!(false, $($params)+);
[INFO] [stdout]     |                        ^^^^^^^^^^ use of undeclared crate or module `test_utils`
[INFO] [stdout]     |
[INFO] [stdout]    ::: tests/crypto/elgamal.rs:322:16
[INFO] [stdout]     |
[INFO] [stdout] 322 |     let test = build_test!(source, &stack);
[INFO] [stdout]     |                --------------------------- in this macro invocation
[INFO] [stdout]     |
[INFO] [stdout]     = note: this error originates in the macro `build_test` (in Nightly builds, run with -Z macro-backtrace for more info)
[INFO] [stdout] 
[INFO] [stdout] 
[INFO] [stdout] error[E0433]: failed to resolve: use of undeclared crate or module `test_utils`
[INFO] [stdout]    --> tests/main.rs:7:24
[INFO] [stdout]     |
[INFO] [stdout] 7   |         let mut test = test_utils::build_test_by_mode!(false, $($params)+);
[INFO] [stdout]     |                        ^^^^^^^^^^ use of undeclared crate or module `test_utils`
[INFO] [stdout]     |
[INFO] [stdout]    ::: tests/crypto/elgamal.rs:263:16
[INFO] [stdout]     |
[INFO] [stdout] 263 |     let test = build_test!(source, &stack);
[INFO] [stdout]     |                --------------------------- in this macro invocation
[INFO] [stdout]     |
[INFO] [stdout]     = note: this error originates in the macro `build_test` (in Nightly builds, run with -Z macro-backtrace for more info)
[INFO] [stdout] 
[INFO] [stdout] 
[INFO] [stdout] error[E0433]: failed to resolve: use of undeclared crate or module `test_utils`
[INFO] [stdout]    --> tests/main.rs:7:24
[INFO] [stdout]     |
[INFO] [stdout] 7   |         let mut test = test_utils::build_test_by_mode!(false, $($params)+);
[INFO] [stdout]     |                        ^^^^^^^^^^ use of undeclared crate or module `test_utils`
[INFO] [stdout]     |
[INFO] [stdout]    ::: tests/crypto/elgamal.rs:178:16
[INFO] [stdout]     |
[INFO] [stdout] 178 |     let test = build_test!(source, &stack);
[INFO] [stdout]     |                --------------------------- in this macro invocation
[INFO] [stdout]     |
[INFO] [stdout]     = note: this error originates in the macro `build_test` (in Nightly builds, run with -Z macro-backtrace for more info)
[INFO] [stdout] 
[INFO] [stdout] 
[INFO] [stdout] error[E0433]: failed to resolve: use of undeclared crate or module `test_utils`
[INFO] [stdout]    --> tests/main.rs:7:24
[INFO] [stdout]     |
[INFO] [stdout] 7   |         let mut test = test_utils::build_test_by_mode!(false, $($params)+);
[INFO] [stdout]     |                        ^^^^^^^^^^ use of undeclared crate or module `test_utils`
[INFO] [stdout]     |
[INFO] [stdout]    ::: tests/crypto/elgamal.rs:118:16
[INFO] [stdout]     |
[INFO] [stdout] 118 |     let test = build_test!(source, &stack);
[INFO] [stdout]     |                --------------------------- in this macro invocation
[INFO] [stdout]     |
[INFO] [stdout]     = note: this error originates in the macro `build_test` (in Nightly builds, run with -Z macro-backtrace for more info)
[INFO] [stdout] 
[INFO] [stdout] 
[INFO] [stdout] error[E0433]: failed to resolve: use of undeclared crate or module `test_utils`
[INFO] [stdout]   --> tests/main.rs:7:24
[INFO] [stdout]    |
[INFO] [stdout] 7  |         let mut test = test_utils::build_test_by_mode!(false, $($params)+);
[INFO] [stdout]    |                        ^^^^^^^^^^ use of undeclared crate or module `test_utils`
[INFO] [stdout]    |
[INFO] [stdout]   ::: tests/crypto/elgamal.rs:50:16
[INFO] [stdout]    |
[INFO] [stdout] 50 |     let test = build_test!(source, &stack);
[INFO] [stdout]    |                --------------------------- in this macro invocation
[INFO] [stdout]    |
[INFO] [stdout]    = note: this error originates in the macro `build_test` (in Nightly builds, run with -Z macro-backtrace for more info)
[INFO] [stdout] 
[INFO] [stdout] 
[INFO] [stdout] error[E0433]: failed to resolve: use of undeclared crate or module `test_utils`
[INFO] [stdout]   --> tests/main.rs:7:24
[INFO] [stdout]    |
[INFO] [stdout] 7  |         let mut test = test_utils::build_test_by_mode!(false, $($params)+);
[INFO] [stdout]    |                        ^^^^^^^^^^ use of undeclared crate or module `test_utils`
[INFO] [stdout]    |
[INFO] [stdout]   ::: tests/crypto/blake3.rs:33:16
[INFO] [stdout]    |
[INFO] [stdout] 33 |     let test = build_test!(source, &ifelts);
[INFO] [stdout]    |                ---------------------------- in this macro invocation
[INFO] [stdout]    |
[INFO] [stdout]    = note: this error originates in the macro `build_test` (in Nightly builds, run with -Z macro-backtrace for more info)
[INFO] [stdout] 
[INFO] [stdout] 
[INFO] [stdout] error[E0433]: failed to resolve: use of undeclared crate or module `test_utils`
[INFO] [stdout]    --> tests/main.rs:7:24
[INFO] [stdout]     |
[INFO] [stdout] 7   |         let mut test = test_utils::build_test_by_mode!(false, $($params)+);
[INFO] [stdout]     |                        ^^^^^^^^^^ use of undeclared crate or module `test_utils`
[INFO] [stdout]     |
[INFO] [stdout]    ::: tests/crypto/falcon.rs:191:16
[INFO] [stdout]     |
[INFO] [stdout] 191 |     let test = build_test!(source, &op_stack, &adv_stack, store, advice_map.into_iter());
[INFO] [stdout]     |                ------------------------------------------------------------------------- in this macro invocation
[INFO] [stdout]     |
[INFO] [stdout]     = note: this error originates in the macro `build_test` (in Nightly builds, run with -Z macro-backtrace for more info)
[INFO] [stdout] 
[INFO] [stdout] 
[INFO] [stdout] error[E0433]: failed to resolve: use of undeclared crate or module `test_utils`
[INFO] [stdout]    --> tests/main.rs:7:24
[INFO] [stdout]     |
[INFO] [stdout] 7   |         let mut test = test_utils::build_test_by_mode!(false, $($params)+);
[INFO] [stdout]     |                        ^^^^^^^^^^ use of undeclared crate or module `test_utils`
[INFO] [stdout]     |
[INFO] [stdout]    ::: tests/crypto/falcon.rs:146:16
[INFO] [stdout]     |
[INFO] [stdout] 146 |     let test = build_test!(PROBABILISTIC_PRODUCT_SOURCE, &stack_init, &advice_stack);
[INFO] [stdout]     |                --------------------------------------------------------------------- in this macro invocation
[INFO] [stdout]     |
[INFO] [stdout]     = note: this error originates in the macro `build_test` (in Nightly builds, run with -Z macro-backtrace for more info)
[INFO] [stdout] 
[INFO] [stdout] 
[INFO] [stdout] error[E0433]: failed to resolve: use of undeclared crate or module `test_utils`
[INFO] [stdout]    --> tests/main.rs:7:24
[INFO] [stdout]     |
[INFO] [stdout] 7   |         let mut test = test_utils::build_test_by_mode!(false, $($params)+);
[INFO] [stdout]     |                        ^^^^^^^^^^ use of undeclared crate or module `test_utils`
[INFO] [stdout]     |
[INFO] [stdout]    ::: tests/crypto/falcon.rs:121:16
[INFO] [stdout]     |
[INFO] [stdout] 121 |     let test = build_test!(source, &stack_init);
[INFO] [stdout]     |                -------------------------------- in this macro invocation
[INFO] [stdout]     |
[INFO] [stdout]     = note: this error originates in the macro `build_test` (in Nightly builds, run with -Z macro-backtrace for more info)
[INFO] [stdout] 
[INFO] [stdout] 
[INFO] [stdout] error[E0433]: failed to resolve: use of undeclared crate or module `test_utils`
[INFO] [stdout]   --> tests/main.rs:7:24
[INFO] [stdout]    |
[INFO] [stdout] 7  |         let mut test = test_utils::build_test_by_mode!(false, $($params)+);
[INFO] [stdout]    |                        ^^^^^^^^^^ use of undeclared crate or module `test_utils`
[INFO] [stdout]    |
[INFO] [stdout]   ::: tests/crypto/falcon.rs:91:17
[INFO] [stdout]    |
[INFO] [stdout] 91 |     let test1 = build_test!(source, &[u, v, w]);
[INFO] [stdout]    |                 ------------------------------- in this macro invocation
[INFO] [stdout]    |
[INFO] [stdout]    = note: this error originates in the macro `build_test` (in Nightly builds, run with -Z macro-backtrace for more info)
[INFO] [stdout] 
[INFO] [stdout] 
[INFO] [stdout] error[E0433]: failed to resolve: use of undeclared crate or module `test_utils`
[INFO] [stdout]   --> tests/main.rs:7:24
[INFO] [stdout]    |
[INFO] [stdout] 7  |         let mut test = test_utils::build_test_by_mode!(false, $($params)+);
[INFO] [stdout]    |                        ^^^^^^^^^^ use of undeclared crate or module `test_utils`
[INFO] [stdout]    |
[INFO] [stdout]   ::: tests/crypto/falcon.rs:73:22
[INFO] [stdout]    |
[INFO] [stdout] 73 |     let test_lower = build_test!(source, &[lower]);
[INFO] [stdout]    |                      ----------------------------- in this macro invocation
[INFO] [stdout]    |
[INFO] [stdout]    = note: this error originates in the macro `build_test` (in Nightly builds, run with -Z macro-backtrace for more info)
[INFO] [stdout] 
[INFO] [stdout] 
[INFO] [stdout] error[E0433]: failed to resolve: use of undeclared crate or module `test_utils`
[INFO] [stdout]   --> tests/main.rs:7:24
[INFO] [stdout]    |
[INFO] [stdout] 7  |         let mut test = test_utils::build_test_by_mode!(false, $($params)+);
[INFO] [stdout]    |                        ^^^^^^^^^^ use of undeclared crate or module `test_utils`
[INFO] [stdout]    |
[INFO] [stdout]   ::: tests/crypto/falcon.rs:69:22
[INFO] [stdout]    |
[INFO] [stdout] 69 |     let test_upper = build_test!(source, &[upper]);
[INFO] [stdout]    |                      ----------------------------- in this macro invocation
[INFO] [stdout]    |
[INFO] [stdout]    = note: this error originates in the macro `build_test` (in Nightly builds, run with -Z macro-backtrace for more info)
[INFO] [stdout] 
[INFO] [stdout] 
[INFO] [stdout] error[E0433]: failed to resolve: use of undeclared crate or module `test_utils`
[INFO] [stdout]    --> tests/main.rs:7:24
[INFO] [stdout]     |
[INFO] [stdout] 7   |         let mut test = test_utils::build_test_by_mode!(false, $($params)+);
[INFO] [stdout]     |                        ^^^^^^^^^^ use of undeclared crate or module `test_utils`
[INFO] [stdout]     |
[INFO] [stdout]    ::: tests/collections/smt.rs:221:5
[INFO] [stdout]     |
[INFO] [stdout] 221 |     build_test!(source, &init_stack, &[], store, advice_map).execute().unwrap();
[INFO] [stdout]     |     -------------------------------------------------------- in this macro invocation
[INFO] [stdout]     |
[INFO] [stdout]     = note: this error originates in the macro `build_test` (in Nightly builds, run with -Z macro-backtrace for more info)
[INFO] [stdout] 
[INFO] [stdout] 
[INFO] [stdout] error[E0433]: failed to resolve: use of undeclared crate or module `test_utils`
[INFO] [stdout]    --> tests/main.rs:7:24
[INFO] [stdout]     |
[INFO] [stdout] 7   |         let mut test = test_utils::build_test_by_mode!(false, $($params)+);
[INFO] [stdout]     |                        ^^^^^^^^^^ use of undeclared crate or module `test_utils`
[INFO] [stdout]     |
[INFO] [stdout]    ::: tests/collections/smt.rs:178:5
[INFO] [stdout]     |
[INFO] [stdout] 178 |     build_test!(source, &init_stack, &[], store, advice_map).execute().unwrap();
[INFO] [stdout]     |     -------------------------------------------------------- in this macro invocation
[INFO] [stdout]     |
[INFO] [stdout]     = note: this error originates in the macro `build_test` (in Nightly builds, run with -Z macro-backtrace for more info)
[INFO] [stdout] 
[INFO] [stdout] 
[INFO] [stdout] error[E0433]: failed to resolve: use of undeclared crate or module `test_utils`
[INFO] [stdout]    --> tests/main.rs:7:24
[INFO] [stdout]     |
[INFO] [stdout] 7   |         let mut test = test_utils::build_test_by_mode!(false, $($params)+);
[INFO] [stdout]     |                        ^^^^^^^^^^ use of undeclared crate or module `test_utils`
[INFO] [stdout]     |
[INFO] [stdout]    ::: tests/collections/smt.rs:133:5
[INFO] [stdout]     |
[INFO] [stdout] 133 |     build_test!(source, &init_stack, &[], store, advice_map).expect_stack(&final_stack);
[INFO] [stdout]     |     -------------------------------------------------------- in this macro invocation
[INFO] [stdout]     |
[INFO] [stdout]     = note: this error originates in the macro `build_test` (in Nightly builds, run with -Z macro-backtrace for more info)
[INFO] [stdout] 
[INFO] [stdout] 
[INFO] [stdout] error[E0433]: failed to resolve: use of undeclared crate or module `test_utils`
[INFO] [stdout]    --> tests/main.rs:7:24
[INFO] [stdout]     |
[INFO] [stdout] 7   |         let mut test = test_utils::build_test_by_mode!(false, $($params)+);
[INFO] [stdout]     |                        ^^^^^^^^^^ use of undeclared crate or module `test_utils`
[INFO] [stdout]     |
[INFO] [stdout]    ::: tests/collections/smt.rs:114:5
[INFO] [stdout]     |
[INFO] [stdout] 114 |     build_test!(source, &init_stack, &[], store, advice_map).expect_stack(&final_stack);
[INFO] [stdout]     |     -------------------------------------------------------- in this macro invocation
[INFO] [stdout]     |
[INFO] [stdout]     = note: this error originates in the macro `build_test` (in Nightly builds, run with -Z macro-backtrace for more info)
[INFO] [stdout] 
[INFO] [stdout] 
[INFO] [stdout] error[E0433]: failed to resolve: use of undeclared crate or module `test_utils`
[INFO] [stdout]   --> tests/main.rs:7:24
[INFO] [stdout]    |
[INFO] [stdout] 7  |         let mut test = test_utils::build_test_by_mode!(false, $($params)+);
[INFO] [stdout]    |                        ^^^^^^^^^^ use of undeclared crate or module `test_utils`
[INFO] [stdout]    |
[INFO] [stdout]   ::: tests/collections/smt.rs:87:13
[INFO] [stdout]    |
[INFO] [stdout] 87 |             build_test!(source, &init_stack, &[], store, advice_map).expect_stack(&final_stack);
[INFO] [stdout]    |             -------------------------------------------------------- in this macro invocation
[INFO] [stdout]    |
[INFO] [stdout]    = note: this error originates in the macro `build_test` (in Nightly builds, run with -Z macro-backtrace for more info)
[INFO] [stdout] 
[INFO] [stdout] 
[INFO] [stdout] error[E0433]: failed to resolve: use of undeclared crate or module `test_utils`
[INFO] [stdout]   --> tests/main.rs:7:24
[INFO] [stdout]    |
[INFO] [stdout] 7  |         let mut test = test_utils::build_test_by_mode!(false, $($params)+);
[INFO] [stdout]    |                        ^^^^^^^^^^ use of undeclared crate or module `test_utils`
[INFO] [stdout]    |
[INFO] [stdout]   ::: tests/collections/smt.rs:75:13
[INFO] [stdout]    |
[INFO] [stdout] 75 |             build_test!(source, &init_stack, &[], store, advice_map).expect_stack(&final_stack);
[INFO] [stdout]    |             -------------------------------------------------------- in this macro invocation
[INFO] [stdout]    |
[INFO] [stdout]    = note: this error originates in the macro `build_test` (in Nightly builds, run with -Z macro-backtrace for more info)
[INFO] [stdout] 
[INFO] [stdout] 
[INFO] [stdout] error[E0433]: failed to resolve: use of undeclared crate or module `test_utils`
[INFO] [stdout]   --> tests/main.rs:7:24
[INFO] [stdout]    |
[INFO] [stdout] 7  |         let mut test = test_utils::build_test_by_mode!(false, $($params)+);
[INFO] [stdout]    |                        ^^^^^^^^^^ use of undeclared crate or module `test_utils`
[INFO] [stdout]    |
[INFO] [stdout]   ::: tests/collections/smt.rs:37:9
[INFO] [stdout]    |
[INFO] [stdout] 37 |         build_test!(source, &initial_stack, &[], store, advice_map).expect_stack(&expected_output);
[INFO] [stdout]    |         ----------------------------------------------------------- in this macro invocation
[INFO] [stdout]    |
[INFO] [stdout]    = note: this error originates in the macro `build_test` (in Nightly builds, run with -Z macro-backtrace for more info)
[INFO] [stdout] 
[INFO] [stdout] 
[INFO] [stdout] error[E0433]: failed to resolve: use of undeclared crate or module `test_utils`
[INFO] [stdout]    --> tests/main.rs:7:24
[INFO] [stdout]     |
[INFO] [stdout] 7   |         let mut test = test_utils::build_test_by_mode!(false, $($params)+);
[INFO] [stdout]     |                        ^^^^^^^^^^ use of undeclared crate or module `test_utils`
[INFO] [stdout]     |
[INFO] [stdout]    ::: tests/collections/mmr.rs:611:5
[INFO] [stdout]     |
[INFO] [stdout] 611 |     build_test!(&source).expect_stack_and_memory(&expect_stack, mmr_ptr, &expected_memory);
[INFO] [stdout]     |     -------------------- in this macro invocation
[INFO] [stdout]     |
[INFO] [stdout]     = note: this error originates in the macro `build_test` (in Nightly builds, run with -Z macro-backtrace for more info)
[INFO] [stdout] 
[INFO] [stdout] 
[INFO] [stdout] error[E0433]: failed to resolve: use of undeclared crate or module `test_utils`
[INFO] [stdout]    --> tests/main.rs:7:24
[INFO] [stdout]     |
[INFO] [stdout] 7   |         let mut test = test_utils::build_test_by_mode!(false, $($params)+);
[INFO] [stdout]     |                        ^^^^^^^^^^ use of undeclared crate or module `test_utils`
[INFO] [stdout]     |
[INFO] [stdout]    ::: tests/collections/mmr.rs:570:5
[INFO] [stdout]     |
[INFO] [stdout] 570 |     build_test!(&source).expect_stack_and_memory(&[], mmr_ptr, &expected_memory);
[INFO] [stdout]     |     -------------------- in this macro invocation
[INFO] [stdout]     |
[INFO] [stdout]     = note: this error originates in the macro `build_test` (in Nightly builds, run with -Z macro-backtrace for more info)
[INFO] [stdout] 
[INFO] [stdout] 
[INFO] [stdout] error[E0433]: failed to resolve: use of undeclared crate or module `test_utils`
[INFO] [stdout]    --> tests/main.rs:7:24
[INFO] [stdout]     |
[INFO] [stdout] 7   |         let mut test = test_utils::build_test_by_mode!(false, $($params)+);
[INFO] [stdout]     |                        ^^^^^^^^^^ use of undeclared crate or module `test_utils`
[INFO] [stdout]     |
[INFO] [stdout]    ::: tests/collections/mmr.rs:537:5
[INFO] [stdout]     |
[INFO] [stdout] 537 |     build_test!(&source).expect_stack_and_memory(&[], mmr_ptr, expect_data);
[INFO] [stdout]     |     -------------------- in this macro invocation
[INFO] [stdout]     |
[INFO] [stdout]     = note: this error originates in the macro `build_test` (in Nightly builds, run with -Z macro-backtrace for more info)
[INFO] [stdout] 
[INFO] [stdout] 
[INFO] [stdout] error[E0433]: failed to resolve: use of undeclared crate or module `test_utils`
[INFO] [stdout]    --> tests/main.rs:7:24
[INFO] [stdout]     |
[INFO] [stdout] 7   |         let mut test = test_utils::build_test_by_mode!(false, $($params)+);
[INFO] [stdout]     |                        ^^^^^^^^^^ use of undeclared crate or module `test_utils`
[INFO] [stdout]     |
[INFO] [stdout]    ::: tests/collections/mmr.rs:508:19
[INFO] [stdout]     |
[INFO] [stdout] 508 |     let process = build_test!(source).execute_process().unwrap();
[INFO] [stdout]     |                   ------------------- in this macro invocation
[INFO] [stdout]     |
[INFO] [stdout]     = note: this error originates in the macro `build_test` (in Nightly builds, run with -Z macro-backtrace for more info)
[INFO] [stdout] 
[INFO] [stdout] 
[INFO] [stdout] error[E0433]: failed to resolve: use of undeclared crate or module `test_utils`
[INFO] [stdout]    --> tests/main.rs:7:24
[INFO] [stdout]     |
[INFO] [stdout] 7   |         let mut test = test_utils::build_test_by_mode!(false, $($params)+);
[INFO] [stdout]     |                        ^^^^^^^^^^ use of undeclared crate or module `test_utils`
[INFO] [stdout]     |
[INFO] [stdout]    ::: tests/collections/mmr.rs:462:16
[INFO] [stdout]     |
[INFO] [stdout] 462 |     let test = build_test!(source, &stack, advice_stack, store, advice_map.iter().cloned());
[INFO] [stdout]     |                ---------------------------------------------------------------------------- in this macro invocation
[INFO] [stdout]     |
[INFO] [stdout]     = note: this error originates in the macro `build_test` (in Nightly builds, run with -Z macro-backtrace for more info)
[INFO] [stdout] 
[INFO] [stdout] 
[INFO] [stdout] error[E0433]: failed to resolve: use of undeclared crate or module `test_utils`
[INFO] [stdout]    --> tests/main.rs:7:24
[INFO] [stdout]     |
[INFO] [stdout] 7   |         let mut test = test_utils::build_test_by_mode!(false, $($params)+);
[INFO] [stdout]     |                        ^^^^^^^^^^ use of undeclared crate or module `test_utils`
[INFO] [stdout]     |
[INFO] [stdout]    ::: tests/collections/mmr.rs:396:16
[INFO] [stdout]     |
[INFO] [stdout] 396 |     let test = build_test!(source, &stack, advice_stack, store, advice_map.iter().cloned());
[INFO] [stdout]     |                ---------------------------------------------------------------------------- in this macro invocation
[INFO] [stdout]     |
[INFO] [stdout]     = note: this error originates in the macro `build_test` (in Nightly builds, run with -Z macro-backtrace for more info)
[INFO] [stdout] 
[INFO] [stdout] 
[INFO] [stdout] error[E0433]: failed to resolve: use of undeclared crate or module `test_utils`
[INFO] [stdout]    --> tests/main.rs:7:24
[INFO] [stdout]     |
[INFO] [stdout] 7   |         let mut test = test_utils::build_test_by_mode!(false, $($params)+);
[INFO] [stdout]     |                        ^^^^^^^^^^ use of undeclared crate or module `test_utils`
[INFO] [stdout]     |
[INFO] [stdout]    ::: tests/collections/mmr.rs:337:16
[INFO] [stdout]     |
[INFO] [stdout] 337 |     let test = build_test!(source, &stack, advice_stack, store, advice_map.iter().cloned());
[INFO] [stdout]     |                ---------------------------------------------------------------------------- in this macro invocation
[INFO] [stdout]     |
[INFO] [stdout]     = note: this error originates in the macro `build_test` (in Nightly builds, run with -Z macro-backtrace for more info)
[INFO] [stdout] 
[INFO] [stdout] 
[INFO] [stdout] error[E0433]: failed to resolve: use of undeclared crate or module `test_utils`
[INFO] [stdout]    --> tests/main.rs:7:24
[INFO] [stdout]     |
[INFO] [stdout] 7   |         let mut test = test_utils::build_test_by_mode!(false, $($params)+);
[INFO] [stdout]     |                        ^^^^^^^^^^ use of undeclared crate or module `test_utils`
[INFO] [stdout]     |
[INFO] [stdout]    ::: tests/collections/mmr.rs:272:16
[INFO] [stdout]     |
[INFO] [stdout] 272 |     let test = build_test!(source, &stack, advice_stack, store, advice_map.iter().cloned());
[INFO] [stdout]     |                ---------------------------------------------------------------------------- in this macro invocation
[INFO] [stdout]     |
[INFO] [stdout]     = note: this error originates in the macro `build_test` (in Nightly builds, run with -Z macro-backtrace for more info)
[INFO] [stdout] 
[INFO] [stdout] 
[INFO] [stdout] error[E0433]: failed to resolve: use of undeclared crate or module `test_utils`
[INFO] [stdout]    --> tests/main.rs:7:24
[INFO] [stdout]     |
[INFO] [stdout] 7   |         let mut test = test_utils::build_test_by_mode!(false, $($params)+);
[INFO] [stdout]     |                        ^^^^^^^^^^ use of undeclared crate or module `test_utils`
[INFO] [stdout]     |
[INFO] [stdout]    ::: tests/collections/mmr.rs:215:16
[INFO] [stdout]     |
[INFO] [stdout] 215 |     let test = build_test!(source, &[], advice_stack, merkle_store.clone());
[INFO] [stdout]     |                ------------------------------------------------------------ in this macro invocation
[INFO] [stdout]     |
[INFO] [stdout]     = note: this error originates in the macro `build_test` (in Nightly builds, run with -Z macro-backtrace for more info)
[INFO] [stdout] 
[INFO] [stdout] 
[INFO] [stdout] error[E0433]: failed to resolve: use of undeclared crate or module `test_utils`
[INFO] [stdout]    --> tests/main.rs:7:24
[INFO] [stdout]     |
[INFO] [stdout] 7   |         let mut test = test_utils::build_test_by_mode!(false, $($params)+);
[INFO] [stdout]     |                        ^^^^^^^^^^ use of undeclared crate or module `test_utils`
[INFO] [stdout]     |
[INFO] [stdout]    ::: tests/collections/mmr.rs:190:16
[INFO] [stdout]     |
[INFO] [stdout] 190 |     let test = build_test!(source, &[], advice_stack, merkle_store.clone());
[INFO] [stdout]     |                ------------------------------------------------------------ in this macro invocation
[INFO] [stdout]     |
[INFO] [stdout]     = note: this error originates in the macro `build_test` (in Nightly builds, run with -Z macro-backtrace for more info)
[INFO] [stdout] 
[INFO] [stdout] 
[INFO] [stdout] error[E0433]: failed to resolve: use of undeclared crate or module `test_utils`
[INFO] [stdout]    --> tests/main.rs:7:24
[INFO] [stdout]     |
[INFO] [stdout] 7   |         let mut test = test_utils::build_test_by_mode!(false, $($params)+);
[INFO] [stdout]     |                        ^^^^^^^^^^ use of undeclared crate or module `test_utils`
[INFO] [stdout]     |
[INFO] [stdout]    ::: tests/collections/mmr.rs:143:20
[INFO] [stdout]     |
[INFO] [stdout] 143 |         let test = build_test!(source, &[], advice_stack, merkle_store.clone());
[INFO] [stdout]     |                    ------------------------------------------------------------ in this macro invocation
[INFO] [stdout]     |
[INFO] [stdout]     = note: this error originates in the macro `build_test` (in Nightly builds, run with -Z macro-backtrace for more info)
[INFO] [stdout] 
[INFO] [stdout] 
[INFO] [stdout] error[E0433]: failed to resolve: use of undeclared crate or module `test_utils`
[INFO] [stdout]   --> tests/main.rs:7:24
[INFO] [stdout]    |
[INFO] [stdout] 7  |         let mut test = test_utils::build_test_by_mode!(false, $($params)+);
[INFO] [stdout]    |                        ^^^^^^^^^^ use of undeclared crate or module `test_utils`
[INFO] [stdout]    |
[INFO] [stdout]   ::: tests/collections/mmr.rs:85:20
[INFO] [stdout]    |
[INFO] [stdout] 85 |         let test = build_test!(source, &[], advice_stack, merkle_store.clone());
[INFO] [stdout]    |                    ------------------------------------------------------------ in this macro invocation
[INFO] [stdout]    |
[INFO] [stdout]    = note: this error originates in the macro `build_test` (in Nightly builds, run with -Z macro-backtrace for more info)
[INFO] [stdout] 
[INFO] [stdout] 
[INFO] [stdout] error[E0433]: failed to resolve: use of undeclared crate or module `test_utils`
[INFO] [stdout]   --> tests/main.rs:7:24
[INFO] [stdout]    |
[INFO] [stdout] 7  |         let mut test = test_utils::build_test_by_mode!(false, $($params)+);
[INFO] [stdout]    |                        ^^^^^^^^^^ use of undeclared crate or module `test_utils`
[INFO] [stdout]    |
[INFO] [stdout]   ::: tests/collections/mmr.rs:59:5
[INFO] [stdout]    |
[INFO] [stdout] 59 |     build_test!(hash_size, &[22]).expect_stack(&[22]);
[INFO] [stdout]    |     ----------------------------- in this macro invocation
[INFO] [stdout]    |
[INFO] [stdout]    = note: this error originates in the macro `build_test` (in Nightly builds, run with -Z macro-backtrace for more info)
[INFO] [stdout] 
[INFO] [stdout] 
[INFO] [stdout] error[E0433]: failed to resolve: use of undeclared crate or module `test_utils`
[INFO] [stdout]   --> tests/main.rs:7:24
[INFO] [stdout]    |
[INFO] [stdout] 7  |         let mut test = test_utils::build_test_by_mode!(false, $($params)+);
[INFO] [stdout]    |                        ^^^^^^^^^^ use of undeclared crate or module `test_utils`
[INFO] [stdout]    |
[INFO] [stdout]   ::: tests/collections/mmr.rs:58:5
[INFO] [stdout]    |
[INFO] [stdout] 58 |     build_test!(hash_size, &[21]).expect_stack(&[22]);
[INFO] [stdout]    |     ----------------------------- in this macro invocation
[INFO] [stdout]    |
[INFO] [stdout]    = note: this error originates in the macro `build_test` (in Nightly builds, run with -Z macro-backtrace for more info)
[INFO] [stdout] 
[INFO] [stdout] 
[INFO] [stdout] error[E0433]: failed to resolve: use of undeclared crate or module `test_utils`
[INFO] [stdout]   --> tests/main.rs:7:24
[INFO] [stdout]    |
[INFO] [stdout] 7  |         let mut test = test_utils::build_test_by_mode!(false, $($params)+);
[INFO] [stdout]    |                        ^^^^^^^^^^ use of undeclared crate or module `test_utils`
[INFO] [stdout]    |
[INFO] [stdout]   ::: tests/collections/mmr.rs:57:5
[INFO] [stdout]    |
[INFO] [stdout] 57 |     build_test!(hash_size, &[20]).expect_stack(&[20]);
[INFO] [stdout]    |     ----------------------------- in this macro invocation
[INFO] [stdout]    |
[INFO] [stdout]    = note: this error originates in the macro `build_test` (in Nightly builds, run with -Z macro-backtrace for more info)
[INFO] [stdout] 
[INFO] [stdout] 
[INFO] [stdout] error[E0433]: failed to resolve: use of undeclared crate or module `test_utils`
[INFO] [stdout]   --> tests/main.rs:7:24
[INFO] [stdout]    |
[INFO] [stdout] 7  |         let mut test = test_utils::build_test_by_mode!(false, $($params)+);
[INFO] [stdout]    |                        ^^^^^^^^^^ use of undeclared crate or module `test_utils`
[INFO] [stdout]    |
[INFO] [stdout]   ::: tests/collections/mmr.rs:56:5
[INFO] [stdout]    |
[INFO] [stdout] 56 |     build_test!(hash_size, &[19]).expect_stack(&[20]);
[INFO] [stdout]    |     ----------------------------- in this macro invocation
[INFO] [stdout]    |
[INFO] [stdout]    = note: this error originates in the macro `build_test` (in Nightly builds, run with -Z macro-backtrace for more info)
[INFO] [stdout] 
[INFO] [stdout] 
[INFO] [stdout] error[E0433]: failed to resolve: use of undeclared crate or module `test_utils`
[INFO] [stdout]   --> tests/main.rs:7:24
[INFO] [stdout]    |
[INFO] [stdout] 7  |         let mut test = test_utils::build_test_by_mode!(false, $($params)+);
[INFO] [stdout]    |                        ^^^^^^^^^^ use of undeclared crate or module `test_utils`
[INFO] [stdout]    |
[INFO] [stdout]   ::: tests/collections/mmr.rs:55:5
[INFO] [stdout]    |
[INFO] [stdout] 55 |     build_test!(hash_size, &[18]).expect_stack(&[18]);
[INFO] [stdout]    |     ----------------------------- in this macro invocation
[INFO] [stdout]    |
[INFO] [stdout]    = note: this error originates in the macro `build_test` (in Nightly builds, run with -Z macro-backtrace for more info)
[INFO] [stdout] 
[INFO] [stdout] 
[INFO] [stdout] error[E0433]: failed to resolve: use of undeclared crate or module `test_utils`
[INFO] [stdout]   --> tests/main.rs:7:24
[INFO] [stdout]    |
[INFO] [stdout] 7  |         let mut test = test_utils::build_test_by_mode!(false, $($params)+);
[INFO] [stdout]    |                        ^^^^^^^^^^ use of undeclared crate or module `test_utils`
[INFO] [stdout]    |
[INFO] [stdout]   ::: tests/collections/mmr.rs:54:5
[INFO] [stdout]    |
[INFO] [stdout] 54 |     build_test!(hash_size, &[17]).expect_stack(&[18]);
[INFO] [stdout]    |     ----------------------------- in this macro invocation
[INFO] [stdout]    |
[INFO] [stdout]    = note: this error originates in the macro `build_test` (in Nightly builds, run with -Z macro-backtrace for more info)
[INFO] [stdout] 
[INFO] [stdout] 
[INFO] [stdout] error[E0433]: failed to resolve: use of undeclared crate or module `test_utils`
[INFO] [stdout]   --> tests/main.rs:7:24
[INFO] [stdout]    |
[INFO] [stdout] 7  |         let mut test = test_utils::build_test_by_mode!(false, $($params)+);
[INFO] [stdout]    |                        ^^^^^^^^^^ use of undeclared crate or module `test_utils`
[INFO] [stdout]    |
[INFO] [stdout]   ::: tests/collections/mmr.rs:51:5
[INFO] [stdout]    |
[INFO] [stdout] 51 |     build_test!(hash_size, &[16]).expect_stack(&[16]);
[INFO] [stdout]    |     ----------------------------- in this macro invocation
[INFO] [stdout]    |
[INFO] [stdout]    = note: this error originates in the macro `build_test` (in Nightly builds, run with -Z macro-backtrace for more info)
[INFO] [stdout] 
[INFO] [stdout] 
[INFO] [stdout] error[E0433]: failed to resolve: use of undeclared crate or module `test_utils`
[INFO] [stdout]   --> tests/main.rs:7:24
[INFO] [stdout]    |
[INFO] [stdout] 7  |         let mut test = test_utils::build_test_by_mode!(false, $($params)+);
[INFO] [stdout]    |                        ^^^^^^^^^^ use of undeclared crate or module `test_utils`
[INFO] [stdout]    |
[INFO] [stdout]   ::: tests/collections/mmr.rs:50:5
[INFO] [stdout]    |
[INFO] [stdout] 50 |     build_test!(hash_size, &[11]).expect_stack(&[16]);
[INFO] [stdout]    |     ----------------------------- in this macro invocation
[INFO] [stdout]    |
[INFO] [stdout]    = note: this error originates in the macro `build_test` (in Nightly builds, run with -Z macro-backtrace for more info)
[INFO] [stdout] 
[INFO] [stdout] 
[INFO] [stdout] error[E0433]: failed to resolve: use of undeclared crate or module `test_utils`
[INFO] [stdout]   --> tests/main.rs:7:24
[INFO] [stdout]    |
[INFO] [stdout] 7  |         let mut test = test_utils::build_test_by_mode!(false, $($params)+);
[INFO] [stdout]    |                        ^^^^^^^^^^ use of undeclared crate or module `test_utils`
[INFO] [stdout]    |
[INFO] [stdout]   ::: tests/collections/mmr.rs:49:5
[INFO] [stdout]    |
[INFO] [stdout] 49 |     build_test!(hash_size, &[7]).expect_stack(&[16]);
[INFO] [stdout]    |     ---------------------------- in this macro invocation
[INFO] [stdout]    |
[INFO] [stdout]    = note: this error originates in the macro `build_test` (in Nightly builds, run with -Z macro-backtrace for more info)
[INFO] [stdout] 
[INFO] [stdout] 
[INFO] [stdout] error[E0433]: failed to resolve: use of undeclared crate or module `test_utils`
[INFO] [stdout]   --> tests/main.rs:7:24
[INFO] [stdout]    |
[INFO] [stdout] 7  |         let mut test = test_utils::build_test_by_mode!(false, $($params)+);
[INFO] [stdout]    |                        ^^^^^^^^^^ use of undeclared crate or module `test_utils`
[INFO] [stdout]    |
[INFO] [stdout]   ::: tests/collections/mmr.rs:48:5
[INFO] [stdout]    |
[INFO] [stdout] 48 |     build_test!(hash_size, &[4]).expect_stack(&[16]);
[INFO] [stdout]    |     ---------------------------- in this macro invocation
[INFO] [stdout]    |
[INFO] [stdout]    = note: this error originates in the macro `build_test` (in Nightly builds, run with -Z macro-backtrace for more info)
[INFO] [stdout] 
[INFO] [stdout] 
[INFO] [stdout] error[E0433]: failed to resolve: use of undeclared crate or module `test_utils`
[INFO] [stdout]   --> tests/main.rs:7:24
[INFO] [stdout]    |
[INFO] [stdout] 7  |         let mut test = test_utils::build_test_by_mode!(false, $($params)+);
[INFO] [stdout]    |                        ^^^^^^^^^^ use of undeclared crate or module `test_utils`
[INFO] [stdout]    |
[INFO] [stdout]   ::: tests/collections/mmr.rs:47:5
[INFO] [stdout]    |
[INFO] [stdout] 47 |     build_test!(hash_size, &[3]).expect_stack(&[16]);
[INFO] [stdout]    |     ---------------------------- in this macro invocation
[INFO] [stdout]    |
[INFO] [stdout]    = note: this error originates in the macro `build_test` (in Nightly builds, run with -Z macro-backtrace for more info)
[INFO] [stdout] 
[INFO] [stdout] 
[INFO] [stdout] error[E0433]: failed to resolve: use of undeclared crate or module `test_utils`
[INFO] [stdout]   --> tests/main.rs:7:24
[INFO] [stdout]    |
[INFO] [stdout] 7  |         let mut test = test_utils::build_test_by_mode!(false, $($params)+);
[INFO] [stdout]    |                        ^^^^^^^^^^ use of undeclared crate or module `test_utils`
[INFO] [stdout]    |
[INFO] [stdout]   ::: tests/collections/mmr.rs:46:5
[INFO] [stdout]    |
[INFO] [stdout] 46 |     build_test!(hash_size, &[2]).expect_stack(&[16]);
[INFO] [stdout]    |     ---------------------------- in this macro invocation
[INFO] [stdout]    |
[INFO] [stdout]    = note: this error originates in the macro `build_test` (in Nightly builds, run with -Z macro-backtrace for more info)
[INFO] [stdout] 
[INFO] [stdout] 
[INFO] [stdout] error[E0433]: failed to resolve: use of undeclared crate or module `test_utils`
[INFO] [stdout]   --> tests/main.rs:7:24
[INFO] [stdout]    |
[INFO] [stdout] 7  |         let mut test = test_utils::build_test_by_mode!(false, $($params)+);
[INFO] [stdout]    |                        ^^^^^^^^^^ use of undeclared crate or module `test_utils`
[INFO] [stdout]    |
[INFO] [stdout]   ::: tests/collections/mmr.rs:45:5
[INFO] [stdout]    |
[INFO] [stdout] 45 |     build_test!(hash_size, &[1]).expect_stack(&[16]);
[INFO] [stdout]    |     ---------------------------- in this macro invocation
[INFO] [stdout]    |
[INFO] [stdout]    = note: this error originates in the macro `build_test` (in Nightly builds, run with -Z macro-backtrace for more info)
[INFO] [stdout] 
[INFO] [stdout] 
[INFO] [stdout] error[E0433]: failed to resolve: use of undeclared crate or module `test_utils`
[INFO] [stdout]   --> tests/main.rs:7:24
[INFO] [stdout]    |
[INFO] [stdout] 7  |         let mut test = test_utils::build_test_by_mode!(false, $($params)+);
[INFO] [stdout]    |                        ^^^^^^^^^^ use of undeclared crate or module `test_utils`
[INFO] [stdout]    |
[INFO] [stdout]   ::: tests/collections/mmr.rs:31:5
[INFO] [stdout]    |
[INFO] [stdout] 31 |     build_test!(hash_size, &[0b0001_1111_1111_1111_1111]).expect_stack(&[17]);
[INFO] [stdout]    |     ----------------------------------------------------- in this macro invocation
[INFO] [stdout]    |
[INFO] [stdout]    = note: this error originates in the macro `build_test` (in Nightly builds, run with -Z macro-backtrace for more info)
[INFO] [stdout] 
[INFO] [stdout] 
[INFO] [stdout] error[E0433]: failed to resolve: use of undeclared crate or module `test_utils`
[INFO] [stdout]   --> tests/main.rs:7:24
[INFO] [stdout]    |
[INFO] [stdout] 7  |         let mut test = test_utils::build_test_by_mode!(false, $($params)+);
[INFO] [stdout]    |                        ^^^^^^^^^^ use of undeclared crate or module `test_utils`
[INFO] [stdout]    |
[INFO] [stdout]   ::: tests/collections/mmr.rs:30:5
[INFO] [stdout]    |
[INFO] [stdout] 30 |     build_test!(hash_size, &[0b1111_1111_1111_1111_0000]).expect_stack(&[16]);
[INFO] [stdout]    |     ----------------------------------------------------- in this macro invocation
[INFO] [stdout]    |
[INFO] [stdout]    = note: this error originates in the macro `build_test` (in Nightly builds, run with -Z macro-backtrace for more info)
[INFO] [stdout] 
[INFO] [stdout] 
[INFO] [stdout] error[E0433]: failed to resolve: use of undeclared crate or module `test_utils`
[INFO] [stdout]   --> tests/main.rs:7:24
[INFO] [stdout]    |
[INFO] [stdout] 7  |         let mut test = test_utils::build_test_by_mode!(false, $($params)+);
[INFO] [stdout]    |                        ^^^^^^^^^^ use of undeclared crate or module `test_utils`
[INFO] [stdout]    |
[INFO] [stdout]   ::: tests/collections/mmr.rs:29:5
[INFO] [stdout]    |
[INFO] [stdout] 29 |     build_test!(hash_size, &[0b1111_1111_1111_1111]).expect_stack(&[16]);
[INFO] [stdout]    |     ------------------------------------------------ in this macro invocation
[INFO] [stdout]    |
[INFO] [stdout]    = note: this error originates in the macro `build_test` (in Nightly builds, run with -Z macro-backtrace for more info)
[INFO] [stdout] 
[INFO] [stdout] 
[INFO] [stdout] error[E0433]: failed to resolve: use of undeclared crate or module `test_utils`
[INFO] [stdout]   --> tests/main.rs:7:24
[INFO] [stdout]    |
[INFO] [stdout] 7  |         let mut test = test_utils::build_test_by_mode!(false, $($params)+);
[INFO] [stdout]    |                        ^^^^^^^^^^ use of undeclared crate or module `test_utils`
[INFO] [stdout]    |
[INFO] [stdout]   ::: tests/collections/mmr.rs:28:5
[INFO] [stdout]    |
[INFO] [stdout] 28 |     build_test!(hash_size, &[0b1010_1100_0011_1001]).expect_stack(&[8]);
[INFO] [stdout]    |     ------------------------------------------------ in this macro invocation
[INFO] [stdout]    |
[INFO] [stdout]    = note: this error originates in the macro `build_test` (in Nightly builds, run with -Z macro-backtrace for more info)
[INFO] [stdout] 
[INFO] [stdout] 
[INFO] [stdout] error[E0433]: failed to resolve: use of undeclared crate or module `test_utils`
[INFO] [stdout]   --> tests/main.rs:7:24
[INFO] [stdout]    |
[INFO] [stdout] 7  |         let mut test = test_utils::build_test_by_mode!(false, $($params)+);
[INFO] [stdout]    |                        ^^^^^^^^^^ use of undeclared crate or module `test_utils`
[INFO] [stdout]    |
[INFO] [stdout]   ::: tests/collections/mmr.rs:27:5
[INFO] [stdout]    |
[INFO] [stdout] 27 |     build_test!(hash_size, &[0b1000_0000_0000_0000]).expect_stack(&[1]);
[INFO] [stdout]    |     ------------------------------------------------ in this macro invocation
[INFO] [stdout]    |
[INFO] [stdout]    = note: this error originates in the macro `build_test` (in Nightly builds, run with -Z macro-backtrace for more info)
[INFO] [stdout] 
[INFO] [stdout] 
[INFO] [stdout] error[E0433]: failed to resolve: use of undeclared crate or module `test_utils`
[INFO] [stdout]   --> tests/main.rs:7:24
[INFO] [stdout]    |
[INFO] [stdout] 7  |         let mut test = test_utils::build_test_by_mode!(false, $($params)+);
[INFO] [stdout]    |                        ^^^^^^^^^^ use of undeclared crate or module `test_utils`
[INFO] [stdout]    |
[INFO] [stdout]   ::: tests/collections/mmr.rs:26:5
[INFO] [stdout]    |
[INFO] [stdout] 26 |     build_test!(hash_size, &[0b1100]).expect_stack(&[2]);
[INFO] [stdout]    |     --------------------------------- in this macro invocation
[INFO] [stdout]    |
[INFO] [stdout]    = note: this error originates in the macro `build_test` (in Nightly builds, run with -Z macro-backtrace for more info)
[INFO] [stdout] 
[INFO] [stdout] 
[INFO] [stdout] error[E0433]: failed to resolve: use of undeclared crate or module `test_utils`
[INFO] [stdout]   --> tests/main.rs:7:24
[INFO] [stdout]    |
[INFO] [stdout] 7  |         let mut test = test_utils::build_test_by_mode!(false, $($params)+);
[INFO] [stdout]    |                        ^^^^^^^^^^ use of undeclared crate or module `test_utils`
[INFO] [stdout]    |
[INFO] [stdout]   ::: tests/collections/mmr.rs:25:5
[INFO] [stdout]    |
[INFO] [stdout] 25 |     build_test!(hash_size, &[0b0011]).expect_stack(&[2]);
[INFO] [stdout]    |     --------------------------------- in this macro invocation
[INFO] [stdout]    |
[INFO] [stdout]    = note: this error originates in the macro `build_test` (in Nightly builds, run with -Z macro-backtrace for more info)
[INFO] [stdout] 
[INFO] [stdout] 
[INFO] [stdout] error[E0433]: failed to resolve: use of undeclared crate or module `test_utils`
[INFO] [stdout]   --> tests/main.rs:7:24
[INFO] [stdout]    |
[INFO] [stdout] 7  |         let mut test = test_utils::build_test_by_mode!(false, $($params)+);
[INFO] [stdout]    |                        ^^^^^^^^^^ use of undeclared crate or module `test_utils`
[INFO] [stdout]    |
[INFO] [stdout]   ::: tests/collections/mmr.rs:24:5
[INFO] [stdout]    |
[INFO] [stdout] 24 |     build_test!(hash_size, &[0b0011]).expect_stack(&[2]);
[INFO] [stdout]    |     --------------------------------- in this macro invocation
[INFO] [stdout]    |
[INFO] [stdout]    = note: this error originates in the macro `build_test` (in Nightly builds, run with -Z macro-backtrace for more info)
[INFO] [stdout] 
[INFO] [stdout] 
[INFO] [stdout] error[E0433]: failed to resolve: use of undeclared crate or module `test_utils`
[INFO] [stdout]   --> tests/main.rs:7:24
[INFO] [stdout]    |
[INFO] [stdout] 7  |         let mut test = test_utils::build_test_by_mode!(false, $($params)+);
[INFO] [stdout]    |                        ^^^^^^^^^^ use of undeclared crate or module `test_utils`
[INFO] [stdout]    |
[INFO] [stdout]   ::: tests/collections/mmr.rs:23:5
[INFO] [stdout]    |
[INFO] [stdout] 23 |     build_test!(hash_size, &[0b0001]).expect_stack(&[1]);
[INFO] [stdout]    |     --------------------------------- in this macro invocation
[INFO] [stdout]    |
[INFO] [stdout]    = note: this error originates in the macro `build_test` (in Nightly builds, run with -Z macro-backtrace for more info)
[INFO] [stdout] 
[INFO] [stdout] 
[INFO] [stdout] error[E0433]: failed to resolve: use of undeclared crate or module `test_utils`
[INFO] [stdout]   --> tests/main.rs:7:24
[INFO] [stdout]    |
[INFO] [stdout] 7  |         let mut test = test_utils::build_test_by_mode!(false, $($params)+);
[INFO] [stdout]    |                        ^^^^^^^^^^ use of undeclared crate or module `test_utils`
[INFO] [stdout]    |
[INFO] [stdout]   ::: tests/collections/mmr.rs:22:5
[INFO] [stdout]    |
[INFO] [stdout] 22 |     build_test!(hash_size, &[0b0000]).expect_stack(&[0]);
[INFO] [stdout]    |     --------------------------------- in this macro invocation
[INFO] [stdout]    |
[INFO] [stdout]    = note: this error originates in the macro `build_test` (in Nightly builds, run with -Z macro-backtrace for more info)
[INFO] [stdout] 
[INFO] [stdout] 
[INFO] [stdout] error[E0433]: failed to resolve: use of undeclared crate or module `test_utils`
[INFO] [stdout]  --> tests/main.rs:7:24
[INFO] [stdout]   |
[INFO] [stdout] 7 |         let mut test = test_utils::build_test_by_mode!(false, $($params)+);
[INFO] [stdout]   |                        ^^^^^^^^^^ use of undeclared crate or module `test_utils`
[INFO] [stdout]   |
[INFO] [stdout]  ::: tests/sys/mod.rs:6:16
[INFO] [stdout]   |
[INFO] [stdout] 6 |     let test = build_test!(source, &[16, 15, 14, 13, 12, 11, 10, 9, 8, 7, 6, 5, 4, 3, 2, 1]);
[INFO] [stdout]   |                ----------------------------------------------------------------------------- in this macro invocation
[INFO] [stdout]   |
[INFO] [stdout]   = note: this error originates in the macro `build_test` (in Nightly builds, run with -Z macro-backtrace for more info)
[INFO] [stdout] 
[INFO] [stdout] 
[INFO] [stdout] error[E0433]: failed to resolve: use of undeclared crate or module `test_utils`
[INFO] [stdout]    --> tests/main.rs:7:24
[INFO] [stdout]     |
[INFO] [stdout] 7   |         let mut test = test_utils::build_test_by_mode!(false, $($params)+);
[INFO] [stdout]     |                        ^^^^^^^^^^ use of undeclared crate or module `test_utils`
[INFO] [stdout]     |
[INFO] [stdout]    ::: tests/math/u64_mod.rs:866:5
[INFO] [stdout]     |
[INFO] [stdout] 866 |     build_test!(source, &[255, 255]).expect_stack(&[8]);
[INFO] [stdout]     |     -------------------------------- in this macro invocation
[INFO] [stdout]     |
[INFO] [stdout]     = note: this error originates in the macro `build_test` (in Nightly builds, run with -Z macro-backtrace for more info)
[INFO] [stdout] 
[INFO] [stdout] 
[INFO] [stdout] error[E0433]: failed to resolve: use of undeclared crate or module `test_utils`
[INFO] [stdout]    --> tests/main.rs:7:24
[INFO] [stdout]     |
[INFO] [stdout] 7   |         let mut test = test_utils::build_test_by_mode!(false, $($params)+);
[INFO] [stdout]     |                        ^^^^^^^^^^ use of undeclared crate or module `test_utils`
[INFO] [stdout]     |
[INFO] [stdout]    ::: tests/math/u64_mod.rs:865:5
[INFO] [stdout]     |
[INFO] [stdout] 865 |     build_test!(source, &[255, 0]).expect_stack(&[8]);
[INFO] [stdout]     |     ------------------------------ in this macro invocation
[INFO] [stdout]     |
[INFO] [stdout]     = note: this error originates in the macro `build_test` (in Nightly builds, run with -Z macro-backtrace for more info)
[INFO] [stdout] 
[INFO] [stdout] 
[INFO] [stdout] error[E0433]: failed to resolve: use of undeclared crate or module `test_utils`
[INFO] [stdout]    --> tests/main.rs:7:24
[INFO] [stdout]     |
[INFO] [stdout] 7   |         let mut test = test_utils::build_test_by_mode!(false, $($params)+);
[INFO] [stdout]     |                        ^^^^^^^^^^ use of undeclared crate or module `test_utils`
[INFO] [stdout]     |
[INFO] [stdout]    ::: tests/math/u64_mod.rs:864:5
[INFO] [stdout]     |
[INFO] [stdout] 864 |     build_test!(source, &[4294967295, 0]).expect_stack(&[32]);
[INFO] [stdout]     |     ------------------------------------- in this macro invocation
[INFO] [stdout]     |
[INFO] [stdout]     = note: this error originates in the macro `build_test` (in Nightly builds, run with -Z macro-backtrace for more info)
[INFO] [stdout] 
[INFO] [stdout] 
[INFO] [stdout] error[E0433]: failed to resolve: use of undeclared crate or module `test_utils`
[INFO] [stdout]    --> tests/main.rs:7:24
[INFO] [stdout]     |
[INFO] [stdout] 7   |         let mut test = test_utils::build_test_by_mode!(false, $($params)+);
[INFO] [stdout]     |                        ^^^^^^^^^^ use of undeclared crate or module `test_utils`
[INFO] [stdout]     |
[INFO] [stdout]    ::: tests/math/u64_mod.rs:863:5
[INFO] [stdout]     |
[INFO] [stdout] 863 |     build_test!(source, &[4294967295, 255]).expect_stack(&[40]);
[INFO] [stdout]     |     --------------------------------------- in this macro invocation
[INFO] [stdout]     |
[INFO] [stdout]     = note: this error originates in the macro `build_test` (in Nightly builds, run with -Z macro-backtrace for more info)
[INFO] [stdout] 
[INFO] [stdout] 
[INFO] [stdout] error[E0433]: failed to resolve: use of undeclared crate or module `test_utils`
[INFO] [stdout]    --> tests/main.rs:7:24
[INFO] [stdout]     |
[INFO] [stdout] 7   |         let mut test = test_utils::build_test_by_mode!(false, $($params)+);
[INFO] [stdout]     |                        ^^^^^^^^^^ use of undeclared crate or module `test_utils`
[INFO] [stdout]     |
[INFO] [stdout]    ::: tests/math/u64_mod.rs:862:5
[INFO] [stdout]     |
[INFO] [stdout] 862 |     build_test!(source, &[4294967295, 4294967295]).expect_stack(&[64]);
[INFO] [stdout]     |     ---------------------------------------------- in this macro invocation
[INFO] [stdout]     |
[INFO] [stdout]     = note: this error originates in the macro `build_test` (in Nightly builds, run with -Z macro-backtrace for more info)
[INFO] [stdout] 
[INFO] [stdout] 
[INFO] [stdout] error[E0433]: failed to resolve: use of undeclared crate or module `test_utils`
[INFO] [stdout]    --> tests/main.rs:7:24
[INFO] [stdout]     |
[INFO] [stdout] 7   |         let mut test = test_utils::build_test_by_mode!(false, $($params)+);
[INFO] [stdout]     |                        ^^^^^^^^^^ use of undeclared crate or module `test_utils`
[INFO] [stdout]     |
[INFO] [stdout]    ::: tests/math/u64_mod.rs:851:5
[INFO] [stdout]     |
[INFO] [stdout] 851 |     build_test!(source, &[4278190080, 4278190080]).expect_stack(&[8]);
[INFO] [stdout]     |     ---------------------------------------------- in this macro invocation
[INFO] [stdout]     |
[INFO] [stdout]     = note: this error originates in the macro `build_test` (in Nightly builds, run with -Z macro-backtrace for more info)
[INFO] [stdout] 
[INFO] [stdout] 
[INFO] [stdout] error[E0433]: failed to resolve: use of undeclared crate or module `test_utils`
[INFO] [stdout]    --> tests/main.rs:7:24
[INFO] [stdout]     |
[INFO] [stdout] 7   |         let mut test = test_utils::build_test_by_mode!(false, $($params)+);
[INFO] [stdout]     |                        ^^^^^^^^^^ use of undeclared crate or module `test_utils`
[INFO] [stdout]     |
[INFO] [stdout]    ::: tests/math/u64_mod.rs:850:5
[INFO] [stdout]     |
[INFO] [stdout] 850 |     build_test!(source, &[0, 4278190080]).expect_stack(&[8]);
[INFO] [stdout]     |     ------------------------------------- in this macro invocation
[INFO] [stdout]     |
[INFO] [stdout]     = note: this error originates in the macro `build_test` (in Nightly builds, run with -Z macro-backtrace for more info)
[INFO] [stdout] 
[INFO] [stdout] 
[INFO] [stdout] error[E0433]: failed to resolve: use of undeclared crate or module `test_utils`
[INFO] [stdout]    --> tests/main.rs:7:24
[INFO] [stdout]     |
[INFO] [stdout] 7   |         let mut test = test_utils::build_test_by_mode!(false, $($params)+);
[INFO] [stdout]     |                        ^^^^^^^^^^ use of undeclared crate or module `test_utils`
[INFO] [stdout]     |
[INFO] [stdout]    ::: tests/math/u64_mod.rs:849:5
[INFO] [stdout]     |
[INFO] [stdout] 849 |     build_test!(source, &[0, 4294967295]).expect_stack(&[32]);
[INFO] [stdout]     |     ------------------------------------- in this macro invocation
[INFO] [stdout]     |
[INFO] [stdout]     = note: this error originates in the macro `build_test` (in Nightly builds, run with -Z macro-backtrace for more info)
[INFO] [stdout] 
[INFO] [stdout] 
[INFO] [stdout] error[E0433]: failed to resolve: use of undeclared crate or module `test_utils`
[INFO] [stdout]    --> tests/main.rs:7:24
[INFO] [stdout]     |
[INFO] [stdout] 7   |         let mut test = test_utils::build_test_by_mode!(false, $($params)+);
[INFO] [stdout]     |                        ^^^^^^^^^^ use of undeclared crate or module `test_utils`
[INFO] [stdout]     |
[INFO] [stdout]    ::: tests/math/u64_mod.rs:848:5
[INFO] [stdout]     |
[INFO] [stdout] 848 |     build_test!(source, &[4278190080, 4294967295]).expect_stack(&[40]);
[INFO] [stdout]     |     ---------------------------------------------- in this macro invocation
[INFO] [stdout]     |
[INFO] [stdout]     = note: this error originates in the macro `build_test` (in Nightly builds, run with -Z macro-backtrace for more info)
[INFO] [stdout] 
[INFO] [stdout] 
[INFO] [stdout] error[E0433]: failed to resolve: use of undeclared crate or module `test_utils`
[INFO] [stdout]    --> tests/main.rs:7:24
[INFO] [stdout]     |
[INFO] [stdout] 7   |         let mut test = test_utils::build_test_by_mode!(false, $($params)+);
[INFO] [stdout]     |                        ^^^^^^^^^^ use of undeclared crate or module `test_utils`
[INFO] [stdout]     |
[INFO] [stdout]    ::: tests/math/u64_mod.rs:847:5
[INFO] [stdout]     |
[INFO] [stdout] 847 |     build_test!(source, &[4294967295, 4294967295]).expect_stack(&[64]);
[INFO] [stdout]     |     ---------------------------------------------- in this macro invocation
[INFO] [stdout]     |
[INFO] [stdout]     = note: this error originates in the macro `build_test` (in Nightly builds, run with -Z macro-backtrace for more info)
[INFO] [stdout] 
[INFO] [stdout] 
[INFO] [stdout] error[E0433]: failed to resolve: use of undeclared crate or module `test_utils`
[INFO] [stdout]    --> tests/main.rs:7:24
[INFO] [stdout]     |
[INFO] [stdout] 7   |         let mut test = test_utils::build_test_by_mode!(false, $($params)+);
[INFO] [stdout]     |                        ^^^^^^^^^^ use of undeclared crate or module `test_utils`
[INFO] [stdout]     |
[INFO] [stdout]    ::: tests/math/u64_mod.rs:836:5
[INFO] [stdout]     |
[INFO] [stdout] 836 |     build_test!(source, &[3668265216, 3668265216]).expect_stack(&[8]);
[INFO] [stdout]     |     ---------------------------------------------- in this macro invocation
[INFO] [stdout]     |
[INFO] [stdout]     = note: this error originates in the macro `build_test` (in Nightly builds, run with -Z macro-backtrace for more info)
[INFO] [stdout] 
[INFO] [stdout] 
[INFO] [stdout] error[E0433]: failed to resolve: use of undeclared crate or module `test_utils`
[INFO] [stdout]    --> tests/main.rs:7:24
[INFO] [stdout]     |
[INFO] [stdout] 7   |         let mut test = test_utils::build_test_by_mode!(false, $($params)+);
[INFO] [stdout]     |                        ^^^^^^^^^^ use of undeclared crate or module `test_utils`
[INFO] [stdout]     |
[INFO] [stdout]    ::: tests/math/u64_mod.rs:835:5
[INFO] [stdout]     |
[INFO] [stdout] 835 |     build_test!(source, &[3668265216, 3668265217]).expect_stack(&[8]);
[INFO] [stdout]     |     ---------------------------------------------- in this macro invocation
[INFO] [stdout]     |
[INFO] [stdout]     = note: this error originates in the macro `build_test` (in Nightly builds, run with -Z macro-backtrace for more info)
[INFO] [stdout] 
[INFO] [stdout] 
[INFO] [stdout] error[E0433]: failed to resolve: use of undeclared crate or module `test_utils`
[INFO] [stdout]    --> tests/main.rs:7:24
[INFO] [stdout]     |
[INFO] [stdout] 7   |         let mut test = test_utils::build_test_by_mode!(false, $($params)+);
[INFO] [stdout]     |                        ^^^^^^^^^^ use of undeclared crate or module `test_utils`
[INFO] [stdout]     |
[INFO] [stdout]    ::: tests/math/u64_mod.rs:834:5
[INFO] [stdout]     |
[INFO] [stdout] 834 |     build_test!(source, &[0, 3668265217]).expect_stack(&[32]);
[INFO] [stdout]     |     ------------------------------------- in this macro invocation
[INFO] [stdout]     |
[INFO] [stdout]     = note: this error originates in the macro `build_test` (in Nightly builds, run with -Z macro-backtrace for more info)
[INFO] [stdout] 
[INFO] [stdout] 
[INFO] [stdout] error[E0433]: failed to resolve: use of undeclared crate or module `test_utils`
[INFO] [stdout]    --> tests/main.rs:7:24
[INFO] [stdout]     |
[INFO] [stdout] 7   |         let mut test = test_utils::build_test_by_mode!(false, $($params)+);
[INFO] [stdout]     |                        ^^^^^^^^^^ use of undeclared crate or module `test_utils`
[INFO] [stdout]     |
[INFO] [stdout]    ::: tests/math/u64_mod.rs:833:5
[INFO] [stdout]     |
[INFO] [stdout] 833 |     build_test!(source, &[0, 3668265216]).expect_stack(&[40]);
[INFO] [stdout]     |     ------------------------------------- in this macro invocation
[INFO] [stdout]     |
[INFO] [stdout]     = note: this error originates in the macro `build_test` (in Nightly builds, run with -Z macro-backtrace for more info)
[INFO] [stdout] 
[INFO] [stdout] 
[INFO] [stdout] error[E0433]: failed to resolve: use of undeclared crate or module `test_utils`
[INFO] [stdout]    --> tests/main.rs:7:24
[INFO] [stdout]     |
[INFO] [stdout] 7   |         let mut test = test_utils::build_test_by_mode!(false, $($params)+);
[INFO] [stdout]     |                        ^^^^^^^^^^ use of undeclared crate or module `test_utils`
[INFO] [stdout]     |
[INFO] [stdout]    ::: tests/math/u64_mod.rs:832:5
[INFO] [stdout]     |
[INFO] [stdout] 832 |     build_test!(source, &[0, 0]).expect_stack(&[64]);
[INFO] [stdout]     |     ---------------------------- in this macro invocation
[INFO] [stdout]     |
[INFO] [stdout]     = note: this error originates in the macro `build_test` (in Nightly builds, run with -Z macro-backtrace for more info)
[INFO] [stdout] 
[INFO] [stdout] 
[INFO] [stdout] error[E0433]: failed to resolve: use of undeclared crate or module `test_utils`
[INFO] [stdout]    --> tests/main.rs:7:24
[INFO] [stdout]     |
[INFO] [stdout] 7   |         let mut test = test_utils::build_test_by_mode!(false, $($params)+);
[INFO] [stdout]     |                        ^^^^^^^^^^ use of undeclared crate or module `test_utils`
[INFO] [stdout]     |
[INFO] [stdout]    ::: tests/math/u64_mod.rs:821:5
[INFO] [stdout]     |
[INFO] [stdout] 821 |     build_test!(source, &[492665065, 492665065]).expect_stack(&[3]);
[INFO] [stdout]     |     -------------------------------------------- in this macro invocation
[INFO] [stdout]     |
[INFO] [stdout]     = note: this error originates in the macro `build_test` (in Nightly builds, run with -Z macro-backtrace for more info)
[INFO] [stdout] 
[INFO] [stdout] 
[INFO] [stdout] error[E0433]: failed to resolve: use of undeclared crate or module `test_utils`
[INFO] [stdout]    --> tests/main.rs:7:24
[INFO] [stdout]     |
[INFO] [stdout] 7   |         let mut test = test_utils::build_test_by_mode!(false, $($params)+);
[INFO] [stdout]     |                        ^^^^^^^^^^ use of undeclared crate or module `test_utils`
[INFO] [stdout]     |
[INFO] [stdout]    ::: tests/math/u64_mod.rs:820:5
[INFO] [stdout]     |
[INFO] [stdout] 820 |     build_test!(source, &[3941320520, 492665065]).expect_stack(&[3]);
[INFO] [stdout]     |     --------------------------------------------- in this macro invocation
[INFO] [stdout]     |
[INFO] [stdout]     = note: this error originates in the macro `build_test` (in Nightly builds, run with -Z macro-backtrace for more info)
[INFO] [stdout] 
[INFO] [stdout] 
[INFO] [stdout] error[E0433]: failed to resolve: use of undeclared crate or module `test_utils`
[INFO] [stdout]    --> tests/main.rs:7:24
[INFO] [stdout]     |
[INFO] [stdout] 7   |         let mut test = test_utils::build_test_by_mode!(false, $($params)+);
[INFO] [stdout]     |                        ^^^^^^^^^^ use of undeclared crate or module `test_utils`
[INFO] [stdout]     |
[INFO] [stdout]    ::: tests/math/u64_mod.rs:819:5
[INFO] [stdout]     |
[INFO] [stdout] 819 |     build_test!(source, &[3941320520, 0]).expect_stack(&[32]);
[INFO] [stdout]     |     ------------------------------------- in this macro invocation
[INFO] [stdout]     |
[INFO] [stdout]     = note: this error originates in the macro `build_test` (in Nightly builds, run with -Z macro-backtrace for more info)
[INFO] [stdout] 
[INFO] [stdout] 
[INFO] [stdout] error[E0433]: failed to resolve: use of undeclared crate or module `test_utils`
[INFO] [stdout]    --> tests/main.rs:7:24
[INFO] [stdout]     |
[INFO] [stdout] 7   |         let mut test = test_utils::build_test_by_mode!(false, $($params)+);
[INFO] [stdout]     |                        ^^^^^^^^^^ use of undeclared crate or module `test_utils`
[INFO] [stdout]     |
[INFO] [stdout]    ::: tests/math/u64_mod.rs:818:5
[INFO] [stdout]     |
[INFO] [stdout] 818 |     build_test!(source, &[492665065, 0]).expect_stack(&[35]);
[INFO] [stdout]     |     ------------------------------------ in this macro invocation
[INFO] [stdout]     |
[INFO] [stdout]     = note: this error originates in the macro `build_test` (in Nightly builds, run with -Z macro-backtrace for more info)
[INFO] [stdout] 
[INFO] [stdout] 
[INFO] [stdout] error[E0433]: failed to resolve: use of undeclared crate or module `test_utils`
[INFO] [stdout]    --> tests/main.rs:7:24
[INFO] [stdout]     |
[INFO] [stdout] 7   |         let mut test = test_utils::build_test_by_mode!(false, $($params)+);
[INFO] [stdout]     |                        ^^^^^^^^^^ use of undeclared crate or module `test_utils`
[INFO] [stdout]     |
[INFO] [stdout]    ::: tests/math/u64_mod.rs:817:5
[INFO] [stdout]     |
[INFO] [stdout] 817 |     build_test!(source, &[0, 0]).expect_stack(&[64]);
[INFO] [stdout]     |     ---------------------------- in this macro invocation
[INFO] [stdout]     |
[INFO] [stdout]     = note: this error originates in the macro `build_test` (in Nightly builds, run with -Z macro-backtrace for more info)
[INFO] [stdout] 
[INFO] [stdout] 
[INFO] [stdout] error[E0433]: failed to resolve: use of undeclared crate or module `test_utils`
[INFO] [stdout]    --> tests/main.rs:7:24
[INFO] [stdout]     |
[INFO] [stdout] 7   |         let mut test = test_utils::build_test_by_mode!(false, $($params)+);
[INFO] [stdout]     |                        ^^^^^^^^^^ use of undeclared crate or module `test_utils`
[INFO] [stdout]     |
[INFO] [stdout]    ::: tests/math/u64_mod.rs:806:5
[INFO] [stdout]     |
[INFO] [stdout] 806 |     build_test!(source, &[5, a0, a1, b as u64]).expect_stack(&[c1, c0, 5]);
[INFO] [stdout]     |     ------------------------------------------- in this macro invocation
[INFO] [stdout]     |
[INFO] [stdout]     = note: this error originates in the macro `build_test` (in Nightly builds, run with -Z macro-backtrace for more info)
[INFO] [stdout] 
[INFO] [stdout] 
[INFO] [stdout] error[E0433]: failed to resolve: use of undeclared crate or module `test_utils`
[INFO] [stdout]    --> tests/main.rs:7:24
[INFO] [stdout]     |
[INFO] [stdout] 7   |         let mut test = test_utils::build_test_by_mode!(false, $($params)+);
[INFO] [stdout]     |                        ^^^^^^^^^^ use of undeclared crate or module `test_utils`
[INFO] [stdout]     |
[INFO] [stdout]    ::: tests/math/u64_mod.rs:797:5
[INFO] [stdout]     |
[INFO] [stdout] 797 |     build_test!(source, &[5, a0, a1, b as u64]).expect_stack(&[c1, c0, 5]);
[INFO] [stdout]     |     ------------------------------------------- in this macro invocation
[INFO] [stdout]     |
[INFO] [stdout]     = note: this error originates in the macro `build_test` (in Nightly builds, run with -Z macro-backtrace for more info)
[INFO] [stdout] 
[INFO] [stdout] 
[INFO] [stdout] error[E0433]: failed to resolve: use of undeclared crate or module `test_utils`
[INFO] [stdout]    --> tests/main.rs:7:24
[INFO] [stdout]     |
[INFO] [stdout] 7   |         let mut test = test_utils::build_test_by_mode!(false, $($params)+);
[INFO] [stdout]     |                        ^^^^^^^^^^ use of undeclared crate or module `test_utils`
[INFO] [stdout]     |
[INFO] [stdout]    ::: tests/math/u64_mod.rs:788:5
[INFO] [stdout]     |
[INFO] [stdout] 788 |     build_test!(source, &[5, a0, a1, b as u64]).expect_stack(&[c1, c0, 5]);
[INFO] [stdout]     |     ------------------------------------------- in this macro invocation
[INFO] [stdout]     |
[INFO] [stdout]     = note: this error originates in the macro `build_test` (in Nightly builds, run with -Z macro-backtrace for more info)
[INFO] [stdout] 
[INFO] [stdout] 
[INFO] [stdout] error[E0433]: failed to resolve: use of undeclared crate or module `test_utils`
[INFO] [stdout]    --> tests/main.rs:7:24
[INFO] [stdout]     |
[INFO] [stdout] 7   |         let mut test = test_utils::build_test_by_mode!(false, $($params)+);
[INFO] [stdout]     |                        ^^^^^^^^^^ use of undeclared crate or module `test_utils`
[INFO] [stdout]     |
[INFO] [stdout]    ::: tests/math/u64_mod.rs:779:5
[INFO] [stdout]     |
[INFO] [stdout] 779 |     build_test!(source, &[5, a0, a1, b as u64]).expect_stack(&[c1, c0, 5]);
[INFO] [stdout]     |     ------------------------------------------- in this macro invocation
[INFO] [stdout]     |
[INFO] [stdout]     = note: this error originates in the macro `build_test` (in Nightly builds, run with -Z macro-backtrace for more info)
[INFO] [stdout] 
[INFO] [stdout] 
[INFO] [stdout] error[E0433]: failed to resolve: use of undeclared crate or module `test_utils`
[INFO] [stdout]    --> tests/main.rs:7:24
[INFO] [stdout]     |
[INFO] [stdout] 7   |         let mut test = test_utils::build_test_by_mode!(false, $($params)+);
[INFO] [stdout]     |                        ^^^^^^^^^^ use of undeclared crate or module `test_utils`
[INFO] [stdout]     |
[INFO] [stdout]    ::: tests/math/u64_mod.rs:772:5
[INFO] [stdout]     |
[INFO] [stdout] 772 |     build_test!(source, &[5, a0, a1, b as u64]).expect_stack(&[a1, a0, 5]);
[INFO] [stdout]     |     ------------------------------------------- in this macro invocation
[INFO] [stdout]     |
[INFO] [stdout]     = note: this error originates in the macro `build_test` (in Nightly builds, run with -Z macro-backtrace for more info)
[INFO] [stdout] 
[INFO] [stdout] 
[INFO] [stdout] error[E0433]: failed to resolve: use of undeclared crate or module `test_utils`
[INFO] [stdout]    --> tests/main.rs:7:24
[INFO] [stdout]     |
[INFO] [stdout] 7   |         let mut test = test_utils::build_test_by_mode!(false, $($params)+);
[INFO] [stdout]     |                        ^^^^^^^^^^ use of undeclared crate or module `test_utils`
[INFO] [stdout]     |
[INFO] [stdout]    ::: tests/math/u64_mod.rs:756:5
[INFO] [stdout]     |
[INFO] [stdout] 756 |     build_test!(source, &[5, a0, a1, b as u64]).expect_stack(&[c1, c0, 5]);
[INFO] [stdout]     |     ------------------------------------------- in this macro invocation
[INFO] [stdout]     |
[INFO] [stdout]     = note: this error originates in the macro `build_test` (in Nightly builds, run with -Z macro-backtrace for more info)
[INFO] [stdout] 
[INFO] [stdout] 
[INFO] [stdout] error[E0433]: failed to resolve: use of undeclared crate or module `test_utils`
[INFO] [stdout]    --> tests/main.rs:7:24
[INFO] [stdout]     |
[INFO] [stdout] 7   |         let mut test = test_utils::build_test_by_mode!(false, $($params)+);
[INFO] [stdout]     |                        ^^^^^^^^^^ use of undeclared crate or module `test_utils`
[INFO] [stdout]     |
[INFO] [stdout]    ::: tests/math/u64_mod.rs:747:5
[INFO] [stdout]     |
[INFO] [stdout] 747 |     build_test!(source, &[5, a0, a1, b as u64]).expect_stack(&[c1, c0, 5]);
[INFO] [stdout]     |     ------------------------------------------- in this macro invocation
[INFO] [stdout]     |
[INFO] [stdout]     = note: this error originates in the macro `build_test` (in Nightly builds, run with -Z macro-backtrace for more info)
[INFO] [stdout] 
[INFO] [stdout] 
[INFO] [stdout] error[E0433]: failed to resolve: use of undeclared crate or module `test_utils`
[INFO] [stdout]    --> tests/main.rs:7:24
[INFO] [stdout]     |
[INFO] [stdout] 7   |         let mut test = test_utils::build_test_by_mode!(false, $($params)+);
[INFO] [stdout]     |                        ^^^^^^^^^^ use of undeclared crate or module `test_utils`
[INFO] [stdout]     |
[INFO] [stdout]    ::: tests/math/u64_mod.rs:738:5
[INFO] [stdout]     |
[INFO] [stdout] 738 |     build_test!(source, &[5, a0, a1, b as u64]).expect_stack(&[c1, c0, 5]);
[INFO] [stdout]     |     ------------------------------------------- in this macro invocation
[INFO] [stdout]     |
[INFO] [stdout]     = note: this error originates in the macro `build_test` (in Nightly builds, run with -Z macro-backtrace for more info)
[INFO] [stdout] 
[INFO] [stdout] 
[INFO] [stdout] error[E0433]: failed to resolve: use of undeclared crate or module `test_utils`
[INFO] [stdout]    --> tests/main.rs:7:24
[INFO] [stdout]     |
[INFO] [stdout] 7   |         let mut test = test_utils::build_test_by_mode!(false, $($params)+);
[INFO] [stdout]     |                        ^^^^^^^^^^ use of undeclared crate or module `test_utils`
[INFO] [stdout]     |
[INFO] [stdout]    ::: tests/math/u64_mod.rs:729:5
[INFO] [stdout]     |
[INFO] [stdout] 729 |     build_test!(source, &[5, a0, a1, b as u64]).expect_stack(&[c1, c0, 5]);
[INFO] [stdout]     |     ------------------------------------------- in this macro invocation
[INFO] [stdout]     |
[INFO] [stdout]     = note: this error originates in the macro `build_test` (in Nightly builds, run with -Z macro-backtrace for more info)
[INFO] [stdout] 
[INFO] [stdout] 
[INFO] [stdout] error[E0433]: failed to resolve: use of undeclared crate or module `test_utils`
[INFO] [stdout]    --> tests/main.rs:7:24
[INFO] [stdout]     |
[INFO] [stdout] 7   |         let mut test = test_utils::build_test_by_mode!(false, $($params)+);
[INFO] [stdout]     |                        ^^^^^^^^^^ use of undeclared crate or module `test_utils`
[INFO] [stdout]     |
[INFO] [stdout]    ::: tests/math/u64_mod.rs:722:5
[INFO] [stdout]     |
[INFO] [stdout] 722 |     build_test!(source, &[5, a0, a1, b as u64]).expect_stack(&[a1, a0, 5]);
[INFO] [stdout]     |     ------------------------------------------- in this macro invocation
[INFO] [stdout]     |
[INFO] [stdout]     = note: this error originates in the macro `build_test` (in Nightly builds, run with -Z macro-backtrace for more info)
[INFO] [stdout] 
[INFO] [stdout] 
[INFO] [stdout] error[E0433]: failed to resolve: use of undeclared crate or module `test_utils`
[INFO] [stdout]    --> tests/main.rs:7:24
[INFO] [stdout]     |
[INFO] [stdout] 7   |         let mut test = test_utils::build_test_by_mode!(false, $($params)+);
[INFO] [stdout]     |                        ^^^^^^^^^^ use of undeclared crate or module `test_utils`
[INFO] [stdout]     |
[INFO] [stdout]    ::: tests/math/u64_mod.rs:706:5
[INFO] [stdout]     |
[INFO] [stdout] 706 |     build_test!(source, &[5, a0, a1, b as u64]).expect_stack(&[c1, c0, 5]);
[INFO] [stdout]     |     ------------------------------------------- in this macro invocation
[INFO] [stdout]     |
[INFO] [stdout]     = note: this error originates in the macro `build_test` (in Nightly builds, run with -Z macro-backtrace for more info)
[INFO] [stdout] 
[INFO] [stdout] 
[INFO] [stdout] error[E0433]: failed to resolve: use of undeclared crate or module `test_utils`
[INFO] [stdout]    --> tests/main.rs:7:24
[INFO] [stdout]     |
[INFO] [stdout] 7   |         let mut test = test_utils::build_test_by_mode!(false, $($params)+);
[INFO] [stdout]     |                        ^^^^^^^^^^ use of undeclared crate or module `test_utils`
[INFO] [stdout]     |
[INFO] [stdout]    ::: tests/math/u64_mod.rs:697:5
[INFO] [stdout]     |
[INFO] [stdout] 697 |     build_test!(source, &[5, a0, a1, b as u64]).expect_stack(&[c1, c0, 5]);
[INFO] [stdout]     |     ------------------------------------------- in this macro invocation
[INFO] [stdout]     |
[INFO] [stdout]     = note: this error originates in the macro `build_test` (in Nightly builds, run with -Z macro-backtrace for more info)
[INFO] [stdout] 
[INFO] [stdout] 
[INFO] [stdout] error[E0433]: failed to resolve: use of undeclared crate or module `test_utils`
[INFO] [stdout]    --> tests/main.rs:7:24
[INFO] [stdout]     |
[INFO] [stdout] 7   |         let mut test = test_utils::build_test_by_mode!(false, $($params)+);
[INFO] [stdout]     |                        ^^^^^^^^^^ use of undeclared crate or module `test_utils`
[INFO] [stdout]     |
[INFO] [stdout]    ::: tests/math/u64_mod.rs:688:5
[INFO] [stdout]     |
[INFO] [stdout] 688 |     build_test!(source, &[5, a0, a1, b as u64]).expect_stack(&[c1, c0, 5]);
[INFO] [stdout]     |     ------------------------------------------- in this macro invocation
[INFO] [stdout]     |
[INFO] [stdout]     = note: this error originates in the macro `build_test` (in Nightly builds, run with -Z macro-backtrace for more info)
[INFO] [stdout] 
[INFO] [stdout] 
[INFO] [stdout] error[E0433]: failed to resolve: use of undeclared crate or module `test_utils`
[INFO] [stdout]    --> tests/main.rs:7:24
[INFO] [stdout]     |
[INFO] [stdout] 7   |         let mut test = test_utils::build_test_by_mode!(false, $($params)+);
[INFO] [stdout]     |                        ^^^^^^^^^^ use of undeclared crate or module `test_utils`
[INFO] [stdout]     |
[INFO] [stdout]    ::: tests/math/u64_mod.rs:679:5
[INFO] [stdout]     |
[INFO] [stdout] 679 |     build_test!(source, &[5, a0, a1, b as u64]).expect_stack(&[c1, c0, 5]);
[INFO] [stdout]     |     ------------------------------------------- in this macro invocation
[INFO] [stdout]     |
[INFO] [stdout]     = note: this error originates in the macro `build_test` (in Nightly builds, run with -Z macro-backtrace for more info)
[INFO] [stdout] 
[INFO] [stdout] 
[INFO] [stdout] error[E0433]: failed to resolve: use of undeclared crate or module `test_utils`
[INFO] [stdout]    --> tests/main.rs:7:24
[INFO] [stdout]     |
[INFO] [stdout] 7   |         let mut test = test_utils::build_test_by_mode!(false, $($params)+);
[INFO] [stdout]     |                        ^^^^^^^^^^ use of undeclared crate or module `test_utils`
[INFO] [stdout]     |
[INFO] [stdout]    ::: tests/math/u64_mod.rs:672:5
[INFO] [stdout]     |
[INFO] [stdout] 672 |     build_test!(source, &[5, 3, 3, 1]).expect_stack(&[1, 2_u64.pow(31) + 1, 5]);
[INFO] [stdout]     |     ---------------------------------- in this macro invocation
[INFO] [stdout]     |
[INFO] [stdout]     = note: this error originates in the macro `build_test` (in Nightly builds, run with -Z macro-backtrace for more info)
[INFO] [stdout] 
[INFO] [stdout] 
[INFO] [stdout] error[E0433]: failed to resolve: use of undeclared crate or module `test_utils`
[INFO] [stdout]    --> tests/main.rs:7:24
[INFO] [stdout]     |
[INFO] [stdout] 7   |         let mut test = test_utils::build_test_by_mode!(false, $($params)+);
[INFO] [stdout]     |                        ^^^^^^^^^^ use of undeclared crate or module `test_utils`
[INFO] [stdout]     |
[INFO] [stdout]    ::: tests/math/u64_mod.rs:669:5
[INFO] [stdout]     |
[INFO] [stdout] 669 |     build_test!(source, &[5, 1, 1, 1]).expect_stack(&[0, 2_u64.pow(31), 5]);
[INFO] [stdout]     |     ---------------------------------- in this macro invocation
[INFO] [stdout]     |
[INFO] [stdout]     = note: this error originates in the macro `build_test` (in Nightly builds, run with -Z macro-backtrace for more info)
[INFO] [stdout] 
[INFO] [stdout] 
[INFO] [stdout] error[E0433]: failed to resolve: use of undeclared crate or module `test_utils`
[INFO] [stdout]    --> tests/main.rs:7:24
[INFO] [stdout]     |
[INFO] [stdout] 7   |         let mut test = test_utils::build_test_by_mode!(false, $($params)+);
[INFO] [stdout]     |                        ^^^^^^^^^^ use of undeclared crate or module `test_utils`
[INFO] [stdout]     |
[INFO] [stdout]    ::: tests/math/u64_mod.rs:666:5
[INFO] [stdout]     |
[INFO] [stdout] 666 |     build_test!(source, &[5, a0, a1, b as u64]).expect_stack(&[a1, a0, 5]);
[INFO] [stdout]     |     ------------------------------------------- in this macro invocation
[INFO] [stdout]     |
[INFO] [stdout]     = note: this error originates in the macro `build_test` (in Nightly builds, run with -Z macro-backtrace for more info)
[INFO] [stdout] 
[INFO] [stdout] 
[INFO] [stdout] error[E0433]: failed to resolve: use of undeclared crate or module `test_utils`
[INFO] [stdout]    --> tests/main.rs:7:24
[INFO] [stdout]     |
[INFO] [stdout] 7   |         let mut test = test_utils::build_test_by_mode!(false, $($params)+);
[INFO] [stdout]     |                        ^^^^^^^^^^ use of undeclared crate or module `test_utils`
[INFO] [stdout]     |
[INFO] [stdout]    ::: tests/math/u64_mod.rs:650:5
[INFO] [stdout]     |
[INFO] [stdout] 650 |     build_test!(source, &[5, a0, a1, b as u64]).expect_stack(&[c1, c0, 5]);
[INFO] [stdout]     |     ------------------------------------------- in this macro invocation
[INFO] [stdout]     |
[INFO] [stdout]     = note: this error originates in the macro `build_test` (in Nightly builds, run with -Z macro-backtrace for more info)
[INFO] [stdout] 
[INFO] [stdout] 
[INFO] [stdout] error[E0433]: failed to resolve: use of undeclared crate or module `test_utils`
[INFO] [stdout]    --> tests/main.rs:7:24
[INFO] [stdout]     |
[INFO] [stdout] 7   |         let mut test = test_utils::build_test_by_mode!(false, $($params)+);
[INFO] [stdout]     |                        ^^^^^^^^^^ use of undeclared crate or module `test_utils`
[INFO] [stdout]     |
[INFO] [stdout]    ::: tests/math/u64_mod.rs:641:5
[INFO] [stdout]     |
[INFO] [stdout] 641 |     build_test!(source, &[5, a0, a1, b as u64]).expect_stack(&[c1, c0, 5]);
[INFO] [stdout]     |     ------------------------------------------- in this macro invocation
[INFO] [stdout]     |
[INFO] [stdout]     = note: this error originates in the macro `build_test` (in Nightly builds, run with -Z macro-backtrace for more info)
[INFO] [stdout] 
[INFO] [stdout] 
[INFO] [stdout] error[E0433]: failed to resolve: use of undeclared crate or module `test_utils`
[INFO] [stdout]    --> tests/main.rs:7:24
[INFO] [stdout]     |
[INFO] [stdout] 7   |         let mut test = test_utils::build_test_by_mode!(false, $($params)+);
[INFO] [stdout]     |                        ^^^^^^^^^^ use of undeclared crate or module `test_utils`
[INFO] [stdout]     |
[INFO] [stdout]    ::: tests/math/u64_mod.rs:632:5
[INFO] [stdout]     |
[INFO] [stdout] 632 |     build_test!(source, &[5, a0, a1, b as u64]).expect_stack(&[c1, c0, 5]);
[INFO] [stdout]     |     ------------------------------------------- in this macro invocation
[INFO] [stdout]     |
[INFO] [stdout]     = note: this error originates in the macro `build_test` (in Nightly builds, run with -Z macro-backtrace for more info)
[INFO] [stdout] 
[INFO] [stdout] 
[INFO] [stdout] error[E0433]: failed to resolve: use of undeclared crate or module `test_utils`
[INFO] [stdout]    --> tests/main.rs:7:24
[INFO] [stdout]     |
[INFO] [stdout] 7   |         let mut test = test_utils::build_test_by_mode!(false, $($params)+);
[INFO] [stdout]     |                        ^^^^^^^^^^ use of undeclared crate or module `test_utils`
[INFO] [stdout]     |
[INFO] [stdout]    ::: tests/math/u64_mod.rs:623:5
[INFO] [stdout]     |
[INFO] [stdout] 623 |     build_test!(source, &[5, a0, a1, b as u64]).expect_stack(&[c1, c0, 5]);
[INFO] [stdout]     |     ------------------------------------------- in this macro invocation
[INFO] [stdout]     |
[INFO] [stdout]     = note: this error originates in the macro `build_test` (in Nightly builds, run with -Z macro-backtrace for more info)
[INFO] [stdout] 
[INFO] [stdout] 
[INFO] [stdout] error[E0433]: failed to resolve: use of undeclared crate or module `test_utils`
[INFO] [stdout]    --> tests/main.rs:7:24
[INFO] [stdout]     |
[INFO] [stdout] 7   |         let mut test = test_utils::build_test_by_mode!(false, $($params)+);
[INFO] [stdout]     |                        ^^^^^^^^^^ use of undeclared crate or module `test_utils`
[INFO] [stdout]     |
[INFO] [stdout]    ::: tests/math/u64_mod.rs:616:5
[INFO] [stdout]     |
[INFO] [stdout] 616 |     build_test!(source, &[5, a0, a1, b as u64]).expect_stack(&[a1, a0, 5]);
[INFO] [stdout]     |     ------------------------------------------- in this macro invocation
[INFO] [stdout]     |
[INFO] [stdout]     = note: this error originates in the macro `build_test` (in Nightly builds, run with -Z macro-backtrace for more info)
[INFO] [stdout] 
[INFO] [stdout] 
[INFO] [stdout] error[E0433]: failed to resolve: use of undeclared crate or module `test_utils`
[INFO] [stdout]    --> tests/main.rs:7:24
[INFO] [stdout]     |
[INFO] [stdout] 7   |         let mut test = test_utils::build_test_by_mode!(false, $($params)+);
[INFO] [stdout]     |                        ^^^^^^^^^^ use of undeclared crate or module `test_utils`
[INFO] [stdout]     |
[INFO] [stdout]    ::: tests/math/u64_mod.rs:598:16
[INFO] [stdout]     |
[INFO] [stdout] 598 |     let test = build_test!(source, &[a0, a1, b0, b1]);
[INFO] [stdout]     |                -------------------------------------- in this macro invocation
[INFO] [stdout]     |
[INFO] [stdout]     = note: this error originates in the macro `build_test` (in Nightly builds, run with -Z macro-backtrace for more info)
[INFO] [stdout] 
[INFO] [stdout] 
[INFO] [stdout] error[E0433]: failed to resolve: use of undeclared crate or module `test_utils`
[INFO] [stdout]    --> tests/main.rs:7:24
[INFO] [stdout]     |
[INFO] [stdout] 7   |         let mut test = test_utils::build_test_by_mode!(false, $($params)+);
[INFO] [stdout]     |                        ^^^^^^^^^^ use of undeclared crate or module `test_utils`
[INFO] [stdout]     |
[INFO] [stdout]    ::: tests/math/u64_mod.rs:580:16
[INFO] [stdout]     |
[INFO] [stdout] 580 |     let test = build_test!(source, &[a0, a1, b0, b1]);
[INFO] [stdout]     |                -------------------------------------- in this macro invocation
[INFO] [stdout]     |
[INFO] [stdout]     = note: this error originates in the macro `build_test` (in Nightly builds, run with -Z macro-backtrace for more info)
[INFO] [stdout] 
[INFO] [stdout] 
[INFO] [stdout] error[E0433]: failed to resolve: use of undeclared crate or module `test_utils`
[INFO] [stdout]    --> tests/main.rs:7:24
[INFO] [stdout]     |
[INFO] [stdout] 7   |         let mut test = test_utils::build_test_by_mode!(false, $($params)+);
[INFO] [stdout]     |                        ^^^^^^^^^^ use of undeclared crate or module `test_utils`
[INFO] [stdout]     |
[INFO] [stdout]    ::: tests/math/u64_mod.rs:560:16
[INFO] [stdout]     |
[INFO] [stdout] 560 |     let test = build_test!(source, &[a0, a1, b0, b1]);
[INFO] [stdout]     |                -------------------------------------- in this macro invocation
[INFO] [stdout]     |
[INFO] [stdout]     = note: this error originates in the macro `build_test` (in Nightly builds, run with -Z macro-backtrace for more info)
[INFO] [stdout] 
[INFO] [stdout] 
[INFO] [stdout] error[E0433]: failed to resolve: use of undeclared crate or module `test_utils`
[INFO] [stdout]    --> tests/main.rs:7:24
[INFO] [stdout]     |
[INFO] [stdout] 7   |         let mut test = test_utils::build_test_by_mode!(false, $($params)+);
[INFO] [stdout]     |                        ^^^^^^^^^^ use of undeclared crate or module `test_utils`
[INFO] [stdout]     |
[INFO] [stdout]    ::: tests/math/u64_mod.rs:542:16
[INFO] [stdout]     |
[INFO] [stdout] 542 |     let test = build_test!(source, &[a0, a1, b0, b1]);
[INFO] [stdout]     |                -------------------------------------- in this macro invocation
[INFO] [stdout]     |
[INFO] [stdout]     = note: this error originates in the macro `build_test` (in Nightly builds, run with -Z macro-backtrace for more info)
[INFO] [stdout] 
[INFO] [stdout] 
[INFO] [stdout] error[E0433]: failed to resolve: use of undeclared crate or module `test_utils`
[INFO] [stdout]    --> tests/main.rs:7:24
[INFO] [stdout]     |
[INFO] [stdout] 7   |         let mut test = test_utils::build_test_by_mode!(false, $($params)+);
[INFO] [stdout]     |                        ^^^^^^^^^^ use of undeclared crate or module `test_utils`
[INFO] [stdout]     |
[INFO] [stdout]    ::: tests/math/u64_mod.rs:522:16
[INFO] [stdout]     |
[INFO] [stdout] 522 |     let test = build_test!(source, &[a0, a1, b0, b1]);
[INFO] [stdout]     |                -------------------------------------- in this macro invocation
[INFO] [stdout]     |
[INFO] [stdout]     = note: this error originates in the macro `build_test` (in Nightly builds, run with -Z macro-backtrace for more info)
[INFO] [stdout] 
[INFO] [stdout] 
[INFO] [stdout] error[E0433]: failed to resolve: use of undeclared crate or module `test_utils`
[INFO] [stdout]    --> tests/main.rs:7:24
[INFO] [stdout]     |
[INFO] [stdout] 7   |         let mut test = test_utils::build_test_by_mode!(false, $($params)+);
[INFO] [stdout]     |                        ^^^^^^^^^^ use of undeclared crate or module `test_utils`
[INFO] [stdout]     |
[INFO] [stdout]    ::: tests/math/u64_mod.rs:504:16
[INFO] [stdout]     |
[INFO] [stdout] 504 |     let test = build_test!(source, &[a0, a1, b0, b1]);
[INFO] [stdout]     |                -------------------------------------- in this macro invocation
[INFO] [stdout]     |
[INFO] [stdout]     = note: this error originates in the macro `build_test` (in Nightly builds, run with -Z macro-backtrace for more info)
[INFO] [stdout] 
[INFO] [stdout] 
[INFO] [stdout] error[E0433]: failed to resolve: use of undeclared crate or module `test_utils`
[INFO] [stdout]    --> tests/main.rs:7:24
[INFO] [stdout]     |
[INFO] [stdout] 7   |         let mut test = test_utils::build_test_by_mode!(false, $($params)+);
[INFO] [stdout]     |                        ^^^^^^^^^^ use of undeclared crate or module `test_utils`
[INFO] [stdout]     |
[INFO] [stdout]    ::: tests/math/u64_mod.rs:481:16
[INFO] [stdout]     |
[INFO] [stdout] 481 |     let test = build_test!(source, &[a0, a1, b0, b1]);
[INFO] [stdout]     |                -------------------------------------- in this macro invocation
[INFO] [stdout]     |
[INFO] [stdout]     = note: this error originates in the macro `build_test` (in Nightly builds, run with -Z macro-backtrace for more info)
[INFO] [stdout] 
[INFO] [stdout] 
[INFO] [stdout] error[E0433]: failed to resolve: use of undeclared crate or module `test_utils`
[INFO] [stdout]    --> tests/main.rs:7:24
[INFO] [stdout]     |
[INFO] [stdout] 7   |         let mut test = test_utils::build_test_by_mode!(false, $($params)+);
[INFO] [stdout]     |                        ^^^^^^^^^^ use of undeclared crate or module `test_utils`
[INFO] [stdout]     |
[INFO] [stdout]    ::: tests/math/u64_mod.rs:456:16
[INFO] [stdout]     |
[INFO] [stdout] 456 |     let test = build_test!(source, &[a0, a1, b0, 0]);
[INFO] [stdout]     |                ------------------------------------- in this macro invocation
[INFO] [stdout]     |
[INFO] [stdout]     = note: this error originates in the macro `build_test` (in Nightly builds, run with -Z macro-backtrace for more info)
[INFO] [stdout] 
[INFO] [stdout] 
[INFO] [stdout] error[E0433]: failed to resolve: use of undeclared crate or module `test_utils`
[INFO] [stdout]    --> tests/main.rs:7:24
[INFO] [stdout]     |
[INFO] [stdout] 7   |         let mut test = test_utils::build_test_by_mode!(false, $($params)+);
[INFO] [stdout]     |                        ^^^^^^^^^^ use of undeclared crate or module `test_utils`
[INFO] [stdout]     |
[INFO] [stdout]    ::: tests/math/u64_mod.rs:450:16
[INFO] [stdout]     |
[INFO] [stdout] 450 |     let test = build_test!(source, &[a0, a1, b0, b1]);
[INFO] [stdout]     |                -------------------------------------- in this macro invocation
[INFO] [stdout]     |
[INFO] [stdout]     = note: this error originates in the macro `build_test` (in Nightly builds, run with -Z macro-backtrace for more info)
[INFO] [stdout] 
[INFO] [stdout] 
[INFO] [stdout] error[E0433]: failed to resolve: use of undeclared crate or module `test_utils`
[INFO] [stdout]    --> tests/main.rs:7:24
[INFO] [stdout]     |
[INFO] [stdout] 7   |         let mut test = test_utils::build_test_by_mode!(false, $($params)+);
[INFO] [stdout]     |                        ^^^^^^^^^^ use of undeclared crate or module `test_utils`
[INFO] [stdout]     |
[INFO] [stdout]    ::: tests/math/u64_mod.rs:427:16
[INFO] [stdout]     |
[INFO] [stdout] 427 |     let test = build_test!(source, &[a0, a1, b0, 0]);
[INFO] [stdout]     |                ------------------------------------- in this macro invocation
[INFO] [stdout]     |
[INFO] [stdout]     = note: this error originates in the macro `build_test` (in Nightly builds, run with -Z macro-backtrace for more info)
[INFO] [stdout] 
[INFO] [stdout] 
[INFO] [stdout] error[E0433]: failed to resolve: use of undeclared crate or module `test_utils`
[INFO] [stdout]    --> tests/main.rs:7:24
[INFO] [stdout]     |
[INFO] [stdout] 7   |         let mut test = test_utils::build_test_by_mode!(false, $($params)+);
[INFO] [stdout]     |                        ^^^^^^^^^^ use of undeclared crate or module `test_utils`
[INFO] [stdout]     |
[INFO] [stdout]    ::: tests/math/u64_mod.rs:421:16
[INFO] [stdout]     |
[INFO] [stdout] 421 |     let test = build_test!(source, &[a0, a1, b0, b1]);
[INFO] [stdout]     |                -------------------------------------- in this macro invocation
[INFO] [stdout]     |
[INFO] [stdout]     = note: this error originates in the macro `build_test` (in Nightly builds, run with -Z macro-backtrace for more info)
[INFO] [stdout] 
[INFO] [stdout] 
[INFO] [stdout] error[E0433]: failed to resolve: use of undeclared crate or module `test_utils`
[INFO] [stdout]    --> tests/main.rs:7:24
[INFO] [stdout]     |
[INFO] [stdout] 7   |         let mut test = test_utils::build_test_by_mode!(false, $($params)+);
[INFO] [stdout]     |                        ^^^^^^^^^^ use of undeclared crate or module `test_utils`
[INFO] [stdout]     |
[INFO] [stdout]    ::: tests/math/u64_mod.rs:399:5
[INFO] [stdout]     |
[INFO] [stdout] 399 |     build_test!(source, &[a0, a1]).expect_stack(&[c]);
[INFO] [stdout]     |     ------------------------------ in this macro invocation
[INFO] [stdout]     |
[INFO] [stdout]     = note: this error originates in the macro `build_test` (in Nightly builds, run with -Z macro-backtrace for more info)
[INFO] [stdout] 
[INFO] [stdout] 
[INFO] [stdout] error[E0433]: failed to resolve: use of undeclared crate or module `test_utils`
[INFO] [stdout]    --> tests/main.rs:7:24
[INFO] [stdout]     |
[INFO] [stdout] 7   |         let mut test = test_utils::build_test_by_mode!(false, $($params)+);
[INFO] [stdout]     |                        ^^^^^^^^^^ use of undeclared crate or module `test_utils`
[INFO] [stdout]     |
[INFO] [stdout]    ::: tests/math/u64_mod.rs:392:5
[INFO] [stdout]     |
[INFO] [stdout] 392 |     build_test!(source, &[1, 0]).expect_stack(&[0]);
[INFO] [stdout]     |     ---------------------------- in this macro invocation
[INFO] [stdout]     |
[INFO] [stdout]     = note: this error originates in the macro `build_test` (in Nightly builds, run with -Z macro-backtrace for more info)
[INFO] [stdout] 
[INFO] [stdout] 
[INFO] [stdout] error[E0433]: failed to resolve: use of undeclared crate or module `test_utils`
[INFO] [stdout]    --> tests/main.rs:7:24
[INFO] [stdout]     |
[INFO] [stdout] 7   |         let mut test = test_utils::build_test_by_mode!(false, $($params)+);
[INFO] [stdout]     |                        ^^^^^^^^^^ use of undeclared crate or module `test_utils`
[INFO] [stdout]     |
[INFO] [stdout]    ::: tests/math/u64_mod.rs:389:5
[INFO] [stdout]     |
[INFO] [stdout] 389 |     build_test!(source, &[0, 0]).expect_stack(&[1]);
[INFO] [stdout]     |     ---------------------------- in this macro invocation
[INFO] [stdout]     |
[INFO] [stdout]     = note: this error originates in the macro `build_test` (in Nightly builds, run with -Z macro-backtrace for more info)
[INFO] [stdout] 
[INFO] [stdout] 
[INFO] [stdout] error[E0433]: failed to resolve: use of undeclared crate or module `test_utils`
[INFO] [stdout]    --> tests/main.rs:7:24
[INFO] [stdout]     |
[INFO] [stdout] 7   |         let mut test = test_utils::build_test_by_mode!(false, $($params)+);
[INFO] [stdout]     |                        ^^^^^^^^^^ use of undeclared crate or module `test_utils`
[INFO] [stdout]     |
[INFO] [stdout]    ::: tests/math/u64_mod.rs:377:5
[INFO] [stdout]     |
[INFO] [stdout] 377 |     build_test!(source, &[a0, a1, b0, b1]).expect_stack(&[c]);
[INFO] [stdout]     |     -------------------------------------- in this macro invocation
[INFO] [stdout]     |
[INFO] [stdout]     = note: this error originates in the macro `build_test` (in Nightly builds, run with -Z macro-backtrace for more info)
[INFO] [stdout] 
[INFO] [stdout] 
[INFO] [stdout] error[E0433]: failed to resolve: use of undeclared crate or module `test_utils`
[INFO] [stdout]    --> tests/main.rs:7:24
[INFO] [stdout]     |
[INFO] [stdout] 7   |         let mut test = test_utils::build_test_by_mode!(false, $($params)+);
[INFO] [stdout]     |                        ^^^^^^^^^^ use of undeclared crate or module `test_utils`
[INFO] [stdout]     |
[INFO] [stdout]    ::: tests/math/u64_mod.rs:368:5
[INFO] [stdout]     |
[INFO] [stdout] 368 |     build_test!(source, &[1, 0, 0, 0]).expect_stack(&[1]);
[INFO] [stdout]     |     ---------------------------------- in this macro invocation
[INFO] [stdout]     |
[INFO] [stdout]     = note: this error originates in the macro `build_test` (in Nightly builds, run with -Z macro-backtrace for more info)
[INFO] [stdout] 
[INFO] [stdout] 
[INFO] [stdout] error[E0433]: failed to resolve: use of undeclared crate or module `test_utils`
[INFO] [stdout]    --> tests/main.rs:7:24
[INFO] [stdout]     |
[INFO] [stdout] 7   |         let mut test = test_utils::build_test_by_mode!(false, $($params)+);
[INFO] [stdout]     |                        ^^^^^^^^^^ use of undeclared crate or module `test_utils`
[INFO] [stdout]     |
[INFO] [stdout]    ::: tests/math/u64_mod.rs:365:5
[INFO] [stdout]     |
[INFO] [stdout] 365 |     build_test!(source, &[0, 0, 1, 0]).expect_stack(&[1]);
[INFO] [stdout]     |     ---------------------------------- in this macro invocation
[INFO] [stdout]     |
[INFO] [stdout]     = note: this error originates in the macro `build_test` (in Nightly builds, run with -Z macro-backtrace for more info)
[INFO] [stdout] 
[INFO] [stdout] 
[INFO] [stdout] error[E0433]: failed to resolve: use of undeclared crate or module `test_utils`
[INFO] [stdout]    --> tests/main.rs:7:24
[INFO] [stdout]     |
[INFO] [stdout] 7   |         let mut test = test_utils::build_test_by_mode!(false, $($params)+);
[INFO] [stdout]     |                        ^^^^^^^^^^ use of undeclared crate or module `test_utils`
[INFO] [stdout]     |
[INFO] [stdout]    ::: tests/math/u64_mod.rs:362:5
[INFO] [stdout]     |
[INFO] [stdout] 362 |     build_test!(source, &[0, 0, 0, 0]).expect_stack(&[0]);
[INFO] [stdout]     |     ---------------------------------- in this macro invocation
[INFO] [stdout]     |
[INFO] [stdout]     = note: this error originates in the macro `build_test` (in Nightly builds, run with -Z macro-backtrace for more info)
[INFO] [stdout] 
[INFO] [stdout] 
[INFO] [stdout] error[E0433]: failed to resolve: use of undeclared crate or module `test_utils`
[INFO] [stdout]    --> tests/main.rs:7:24
[INFO] [stdout]     |
[INFO] [stdout] 7   |         let mut test = test_utils::build_test_by_mode!(false, $($params)+);
[INFO] [stdout]     |                        ^^^^^^^^^^ use of undeclared crate or module `test_utils`
[INFO] [stdout]     |
[INFO] [stdout]    ::: tests/math/u64_mod.rs:350:5
[INFO] [stdout]     |
[INFO] [stdout] 350 |     build_test!(source, &[a0, a1, b0, b1]).expect_stack(&[c]);
[INFO] [stdout]     |     -------------------------------------- in this macro invocation
[INFO] [stdout]     |
[INFO] [stdout]     = note: this error originates in the macro `build_test` (in Nightly builds, run with -Z macro-backtrace for more info)
[INFO] [stdout] 
[INFO] [stdout] 
[INFO] [stdout] error[E0433]: failed to resolve: use of undeclared crate or module `test_utils`
[INFO] [stdout]    --> tests/main.rs:7:24
[INFO] [stdout]     |
[INFO] [stdout] 7   |         let mut test = test_utils::build_test_by_mode!(false, $($params)+);
[INFO] [stdout]     |                        ^^^^^^^^^^ use of undeclared crate or module `test_utils`
[INFO] [stdout]     |
[INFO] [stdout]    ::: tests/math/u64_mod.rs:341:5
[INFO] [stdout]     |
[INFO] [stdout] 341 |     build_test!(source, &[1, 0, 0, 0]).expect_stack(&[0]);
[INFO] [stdout]     |     ---------------------------------- in this macro invocation
[INFO] [stdout]     |
[INFO] [stdout]     = note: this error originates in the macro `build_test` (in Nightly builds, run with -Z macro-backtrace for more info)
[INFO] [stdout] 
[INFO] [stdout] 
[INFO] [stdout] error[E0433]: failed to resolve: use of undeclared crate or module `test_utils`
[INFO] [stdout]    --> tests/main.rs:7:24
[INFO] [stdout]     |
[INFO] [stdout] 7   |         let mut test = test_utils::build_test_by_mode!(false, $($params)+);
[INFO] [stdout]     |                        ^^^^^^^^^^ use of undeclared crate or module `test_utils`
[INFO] [stdout]     |
[INFO] [stdout]    ::: tests/math/u64_mod.rs:338:5
[INFO] [stdout]     |
[INFO] [stdout] 338 |     build_test!(source, &[0, 0, 1, 0]).expect_stack(&[0]);
[INFO] [stdout]     |     ---------------------------------- in this macro invocation
[INFO] [stdout]     |
[INFO] [stdout]     = note: this error originates in the macro `build_test` (in Nightly builds, run with -Z macro-backtrace for more info)
[INFO] [stdout] 
[INFO] [stdout] 
[INFO] [stdout] error[E0433]: failed to resolve: use of undeclared crate or module `test_utils`
[INFO] [stdout]    --> tests/main.rs:7:24
[INFO] [stdout]     |
[INFO] [stdout] 7   |         let mut test = test_utils::build_test_by_mode!(false, $($params)+);
[INFO] [stdout]     |                        ^^^^^^^^^^ use of undeclared crate or module `test_utils`
[INFO] [stdout]     |
[INFO] [stdout]    ::: tests/math/u64_mod.rs:335:5
[INFO] [stdout]     |
[INFO] [stdout] 335 |     build_test!(source, &[0, 0, 0, 0]).expect_stack(&[1]);
[INFO] [stdout]     |     ---------------------------------- in this macro invocation
[INFO] [stdout]     |
[INFO] [stdout]     = note: this error originates in the macro `build_test` (in Nightly builds, run with -Z macro-backtrace for more info)
[INFO] [stdout] 
[INFO] [stdout] 
[INFO] [stdout] error[E0433]: failed to resolve: use of undeclared crate or module `test_utils`
[INFO] [stdout]    --> tests/main.rs:7:24
[INFO] [stdout]     |
[INFO] [stdout] 7   |         let mut test = test_utils::build_test_by_mode!(false, $($params)+);
[INFO] [stdout]     |                        ^^^^^^^^^^ use of undeclared crate or module `test_utils`
[INFO] [stdout]     |
[INFO] [stdout]    ::: tests/math/u64_mod.rs:323:5
[INFO] [stdout]     |
[INFO] [stdout] 323 |     build_test!(source, &[3, 0, 2, 0]).expect_stack(&[0, 3]);
[INFO] [stdout]     |     ---------------------------------- in this macro invocation
[INFO] [stdout]     |
[INFO] [stdout]     = note: this error originates in the macro `build_test` (in Nightly builds, run with -Z macro-backtrace for more info)
[INFO] [stdout] 
[INFO] [stdout] 
[INFO] [stdout] error[E0433]: failed to resolve: use of undeclared crate or module `test_utils`
[INFO] [stdout]    --> tests/main.rs:7:24
[INFO] [stdout]     |
[INFO] [stdout] 7   |         let mut test = test_utils::build_test_by_mode!(false, $($params)+);
[INFO] [stdout]     |                        ^^^^^^^^^^ use of undeclared crate or module `test_utils`
[INFO] [stdout]     |
[INFO] [stdout]    ::: tests/math/u64_mod.rs:320:5
[INFO] [stdout]     |
[INFO] [stdout] 320 |     build_test!(source, &[1, 0, 2, 0]).expect_stack(&[0, 2]);
[INFO] [stdout]     |     ---------------------------------- in this macro invocation
[INFO] [stdout]     |
[INFO] [stdout]     = note: this error originates in the macro `build_test` (in Nightly builds, run with -Z macro-backtrace for more info)
[INFO] [stdout] 
[INFO] [stdout] 
[INFO] [stdout] error[E0433]: failed to resolve: use of undeclared crate or module `test_utils`
[INFO] [stdout]    --> tests/main.rs:7:24
[INFO] [stdout]     |
[INFO] [stdout] 7   |         let mut test = test_utils::build_test_by_mode!(false, $($params)+);
[INFO] [stdout]     |                        ^^^^^^^^^^ use of undeclared crate or module `test_utils`
[INFO] [stdout]     |
[INFO] [stdout]    ::: tests/math/u64_mod.rs:317:5
[INFO] [stdout]     |
[INFO] [stdout] 317 |     build_test!(source, &[0, 0, 0, 0]).expect_stack(&[0, 0]);
[INFO] [stdout]     |     ---------------------------------- in this macro invocation
[INFO] [stdout]     |
[INFO] [stdout]     = note: this error originates in the macro `build_test` (in Nightly builds, run with -Z macro-backtrace for more info)
[INFO] [stdout] 
[INFO] [stdout] 
[INFO] [stdout] error[E0433]: failed to resolve: use of undeclared crate or module `test_utils`
[INFO] [stdout]    --> tests/main.rs:7:24
[INFO] [stdout]     |
[INFO] [stdout] 7   |         let mut test = test_utils::build_test_by_mode!(false, $($params)+);
[INFO] [stdout]     |                        ^^^^^^^^^^ use of undeclared crate or module `test_utils`
[INFO] [stdout]     |
[INFO] [stdout]    ::: tests/math/u64_mod.rs:304:5
[INFO] [stdout]     |
[INFO] [stdout] 304 |     build_test!(source, &[3, 0, 2, 0]).expect_stack(&[0, 2]);
[INFO] [stdout]     |     ---------------------------------- in this macro invocation
[INFO] [stdout]     |
[INFO] [stdout]     = note: this error originates in the macro `build_test` (in Nightly builds, run with -Z macro-backtrace for more info)
[INFO] [stdout] 
[INFO] [stdout] 
[INFO] [stdout] error[E0433]: failed to resolve: use of undeclared crate or module `test_utils`
[INFO] [stdout]    --> tests/main.rs:7:24
[INFO] [stdout]     |
[INFO] [stdout] 7   |         let mut test = test_utils::build_test_by_mode!(false, $($params)+);
[INFO] [stdout]     |                        ^^^^^^^^^^ use of undeclared crate or module `test_utils`
[INFO] [stdout]     |
[INFO] [stdout]    ::: tests/math/u64_mod.rs:301:5
[INFO] [stdout]     |
[INFO] [stdout] 301 |     build_test!(source, &[1, 0, 2, 0]).expect_stack(&[0, 1]);
[INFO] [stdout]     |     ---------------------------------- in this macro invocation
[INFO] [stdout]     |
[INFO] [stdout]     = note: this error originates in the macro `build_test` (in Nightly builds, run with -Z macro-backtrace for more info)
[INFO] [stdout] 
[INFO] [stdout] 
[INFO] [stdout] error[E0433]: failed to resolve: use of undeclared crate or module `test_utils`
[INFO] [stdout]    --> tests/main.rs:7:24
[INFO] [stdout]     |
[INFO] [stdout] 7   |         let mut test = test_utils::build_test_by_mode!(false, $($params)+);
[INFO] [stdout]     |                        ^^^^^^^^^^ use of undeclared crate or module `test_utils`
[INFO] [stdout]     |
[INFO] [stdout]    ::: tests/math/u64_mod.rs:298:5
[INFO] [stdout]     |
[INFO] [stdout] 298 |     build_test!(source, &[0, 0, 0, 0]).expect_stack(&[0, 0]);
[INFO] [stdout]     |     ---------------------------------- in this macro invocation
[INFO] [stdout]     |
[INFO] [stdout]     = note: this error originates in the macro `build_test` (in Nightly builds, run with -Z macro-backtrace for more info)
[INFO] [stdout] 
[INFO] [stdout] 
[INFO] [stdout] error[E0433]: failed to resolve: use of undeclared crate or module `test_utils`
[INFO] [stdout]    --> tests/main.rs:7:24
[INFO] [stdout]     |
[INFO] [stdout] 7   |         let mut test = test_utils::build_test_by_mode!(false, $($params)+);
[INFO] [stdout]     |                        ^^^^^^^^^^ use of undeclared crate or module `test_utils`
[INFO] [stdout]     |
[INFO] [stdout]    ::: tests/math/u64_mod.rs:285:5
[INFO] [stdout]     |
[INFO] [stdout] 285 |     build_test!(source, &[a0, a1, b0, b1]).expect_stack(&[c]);
[INFO] [stdout]     |     -------------------------------------- in this macro invocation
[INFO] [stdout]     |
[INFO] [stdout]     = note: this error originates in the macro `build_test` (in Nightly builds, run with -Z macro-backtrace for more info)
[INFO] [stdout] 
[INFO] [stdout] 
[INFO] [stdout] error[E0433]: failed to resolve: use of undeclared crate or module `test_utils`
[INFO] [stdout]    --> tests/main.rs:7:24
[INFO] [stdout]     |
[INFO] [stdout] 7   |         let mut test = test_utils::build_test_by_mode!(false, $($params)+);
[INFO] [stdout]     |                        ^^^^^^^^^^ use of undeclared crate or module `test_utils`
[INFO] [stdout]     |
[INFO] [stdout]    ::: tests/math/u64_mod.rs:276:5
[INFO] [stdout]     |
[INFO] [stdout] 276 |     build_test!(source, &[1, 0, 0, 0]).expect_stack(&[1]);
[INFO] [stdout]     |     ---------------------------------- in this macro invocation
[INFO] [stdout]     |
[INFO] [stdout]     = note: this error originates in the macro `build_test` (in Nightly builds, run with -Z macro-backtrace for more info)
[INFO] [stdout] 
[INFO] [stdout] 
[INFO] [stdout] error[E0433]: failed to resolve: use of undeclared crate or module `test_utils`
[INFO] [stdout]    --> tests/main.rs:7:24
[INFO] [stdout]     |
[INFO] [stdout] 7   |         let mut test = test_utils::build_test_by_mode!(false, $($params)+);
[INFO] [stdout]     |                        ^^^^^^^^^^ use of undeclared crate or module `test_utils`
[INFO] [stdout]     |
[INFO] [stdout]    ::: tests/math/u64_mod.rs:273:5
[INFO] [stdout]     |
[INFO] [stdout] 273 |     build_test!(source, &[0, 0, 1, 0]).expect_stack(&[0]);
[INFO] [stdout]     |     ---------------------------------- in this macro invocation
[INFO] [stdout]     |
[INFO] [stdout]     = note: this error originates in the macro `build_test` (in Nightly builds, run with -Z macro-backtrace for more info)
[INFO] [stdout] 
[INFO] [stdout] 
[INFO] [stdout] error[E0433]: failed to resolve: use of undeclared crate or module `test_utils`
[INFO] [stdout]    --> tests/main.rs:7:24
[INFO] [stdout]     |
[INFO] [stdout] 7   |         let mut test = test_utils::build_test_by_mode!(false, $($params)+);
[INFO] [stdout]     |                        ^^^^^^^^^^ use of undeclared crate or module `test_utils`
[INFO] [stdout]     |
[INFO] [stdout]    ::: tests/math/u64_mod.rs:270:5
[INFO] [stdout]     |
[INFO] [stdout] 270 |     build_test!(source, &[0, 0, 0, 0]).expect_stack(&[1]);
[INFO] [stdout]     |     ---------------------------------- in this macro invocation
[INFO] [stdout]     |
[INFO] [stdout]     = note: this error originates in the macro `build_test` (in Nightly builds, run with -Z macro-backtrace for more info)
[INFO] [stdout] 
[INFO] [stdout] 
[INFO] [stdout] error[E0433]: failed to resolve: use of undeclared crate or module `test_utils`
[INFO] [stdout]    --> tests/main.rs:7:24
[INFO] [stdout]     |
[INFO] [stdout] 7   |         let mut test = test_utils::build_test_by_mode!(false, $($params)+);
[INFO] [stdout]     |                        ^^^^^^^^^^ use of undeclared crate or module `test_utils`
[INFO] [stdout]     |
[INFO] [stdout]    ::: tests/math/u64_mod.rs:258:5
[INFO] [stdout]     |
[INFO] [stdout] 258 |     build_test!(source, &[1, 0, 0, 0]).expect_stack(&[1]);
[INFO] [stdout]     |     ---------------------------------- in this macro invocation
[INFO] [stdout]     |
[INFO] [stdout]     = note: this error originates in the macro `build_test` (in Nightly builds, run with -Z macro-backtrace for more info)
[INFO] [stdout] 
[INFO] [stdout] 
[INFO] [stdout] error[E0433]: failed to resolve: use of undeclared crate or module `test_utils`
[INFO] [stdout]    --> tests/main.rs:7:24
[INFO] [stdout]     |
[INFO] [stdout] 7   |         let mut test = test_utils::build_test_by_mode!(false, $($params)+);
[INFO] [stdout]     |                        ^^^^^^^^^^ use of undeclared crate or module `test_utils`
[INFO] [stdout]     |
[INFO] [stdout]    ::: tests/math/u64_mod.rs:255:5
[INFO] [stdout]     |
[INFO] [stdout] 255 |     build_test!(source, &[0, 0, 1, 0]).expect_stack(&[0]);
[INFO] [stdout]     |     ---------------------------------- in this macro invocation
[INFO] [stdout]     |
[INFO] [stdout]     = note: this error originates in the macro `build_test` (in Nightly builds, run with -Z macro-backtrace for more info)
[INFO] [stdout] 
[INFO] [stdout] 
[INFO] [stdout] error[E0433]: failed to resolve: use of undeclared crate or module `test_utils`
[INFO] [stdout]    --> tests/main.rs:7:24
[INFO] [stdout]     |
[INFO] [stdout] 7   |         let mut test = test_utils::build_test_by_mode!(false, $($params)+);
[INFO] [stdout]     |                        ^^^^^^^^^^ use of undeclared crate or module `test_utils`
[INFO] [stdout]     |
[INFO] [stdout]    ::: tests/math/u64_mod.rs:252:5
[INFO] [stdout]     |
[INFO] [stdout] 252 |     build_test!(source, &[0, 0, 0, 0]).expect_stack(&[0]);
[INFO] [stdout]     |     ---------------------------------- in this macro invocation
[INFO] [stdout]     |
[INFO] [stdout]     = note: this error originates in the macro `build_test` (in Nightly builds, run with -Z macro-backtrace for more info)
[INFO] [stdout] 
[INFO] [stdout] 
[INFO] [stdout] error[E0433]: failed to resolve: use of undeclared crate or module `test_utils`
[INFO] [stdout]    --> tests/main.rs:7:24
[INFO] [stdout]     |
[INFO] [stdout] 7   |         let mut test = test_utils::build_test_by_mode!(false, $($params)+);
[INFO] [stdout]     |                        ^^^^^^^^^^ use of undeclared crate or module `test_utils`
[INFO] [stdout]     |
[INFO] [stdout]    ::: tests/math/u64_mod.rs:239:5
[INFO] [stdout]     |
[INFO] [stdout] 239 |     build_test!(source, &[a0, a1, b0, b1]).expect_stack(&[c]);
[INFO] [stdout]     |     -------------------------------------- in this macro invocation
[INFO] [stdout]     |
[INFO] [stdout]     = note: this error originates in the macro `build_test` (in Nightly builds, run with -Z macro-backtrace for more info)
[INFO] [stdout] 
[INFO] [stdout] 
[INFO] [stdout] error[E0433]: failed to resolve: use of undeclared crate or module `test_utils`
[INFO] [stdout]    --> tests/main.rs:7:24
[INFO] [stdout]     |
[INFO] [stdout] 7   |         let mut test = test_utils::build_test_by_mode!(false, $($params)+);
[INFO] [stdout]     |                        ^^^^^^^^^^ use of undeclared crate or module `test_utils`
[INFO] [stdout]     |
[INFO] [stdout]    ::: tests/math/u64_mod.rs:230:5
[INFO] [stdout]     |
[INFO] [stdout] 230 |     build_test!(source, &[1, 0, 0, 0]).expect_stack(&[0]);
[INFO] [stdout]     |     ---------------------------------- in this macro invocation
[INFO] [stdout]     |
[INFO] [stdout]     = note: this error originates in the macro `build_test` (in Nightly builds, run with -Z macro-backtrace for more info)
[INFO] [stdout] 
[INFO] [stdout] 
[INFO] [stdout] error[E0433]: failed to resolve: use of undeclared crate or module `test_utils`
[INFO] [stdout]    --> tests/main.rs:7:24
[INFO] [stdout]     |
[INFO] [stdout] 7   |         let mut test = test_utils::build_test_by_mode!(false, $($params)+);
[INFO] [stdout]     |                        ^^^^^^^^^^ use of undeclared crate or module `test_utils`
[INFO] [stdout]     |
[INFO] [stdout]    ::: tests/math/u64_mod.rs:227:5
[INFO] [stdout]     |
[INFO] [stdout] 227 |     build_test!(source, &[0, 0, 1, 0]).expect_stack(&[1]);
[INFO] [stdout]     |     ---------------------------------- in this macro invocation
[INFO] [stdout]     |
[INFO] [stdout]     = note: this error originates in the macro `build_test` (in Nightly builds, run with -Z macro-backtrace for more info)
[INFO] [stdout] 
[INFO] [stdout] 
[INFO] [stdout] error[E0433]: failed to resolve: use of undeclared crate or module `test_utils`
[INFO] [stdout]    --> tests/main.rs:7:24
[INFO] [stdout]     |
[INFO] [stdout] 7   |         let mut test = test_utils::build_test_by_mode!(false, $($params)+);
[INFO] [stdout]     |                        ^^^^^^^^^^ use of undeclared crate or module `test_utils`
[INFO] [stdout]     |
[INFO] [stdout]    ::: tests/math/u64_mod.rs:224:5
[INFO] [stdout]     |
[INFO] [stdout] 224 |     build_test!(source, &[0, 0, 0, 0]).expect_stack(&[1]);
[INFO] [stdout]     |     ---------------------------------- in this macro invocation
[INFO] [stdout]     |
[INFO] [stdout]     = note: this error originates in the macro `build_test` (in Nightly builds, run with -Z macro-backtrace for more info)
[INFO] [stdout] 
[INFO] [stdout] 
[INFO] [stdout] error[E0433]: failed to resolve: use of undeclared crate or module `test_utils`
[INFO] [stdout]    --> tests/main.rs:7:24
[INFO] [stdout]     |
[INFO] [stdout] 7   |         let mut test = test_utils::build_test_by_mode!(false, $($params)+);
[INFO] [stdout]     |                        ^^^^^^^^^^ use of undeclared crate or module `test_utils`
[INFO] [stdout]     |
[INFO] [stdout]    ::: tests/math/u64_mod.rs:212:5
[INFO] [stdout]     |
[INFO] [stdout] 212 |     build_test!(source, &[1, 0, 0, 0]).expect_stack(&[0]);
[INFO] [stdout]     |     ---------------------------------- in this macro invocation
[INFO] [stdout]     |
[INFO] [stdout]     = note: this error originates in the macro `build_test` (in Nightly builds, run with -Z macro-backtrace for more info)
[INFO] [stdout] 
[INFO] [stdout] 
[INFO] [stdout] error[E0433]: failed to resolve: use of undeclared crate or module `test_utils`
[INFO] [stdout]    --> tests/main.rs:7:24
[INFO] [stdout]     |
[INFO] [stdout] 7   |         let mut test = test_utils::build_test_by_mode!(false, $($params)+);
[INFO] [stdout]     |                        ^^^^^^^^^^ use of undeclared crate or module `test_utils`
[INFO] [stdout]     |
[INFO] [stdout]    ::: tests/math/u64_mod.rs:209:5
[INFO] [stdout]     |
[INFO] [stdout] 209 |     build_test!(source, &[0, 0, 1, 0]).expect_stack(&[1]);
[INFO] [stdout]     |     ---------------------------------- in this macro invocation
[INFO] [stdout]     |
[INFO] [stdout]     = note: this error originates in the macro `build_test` (in Nightly builds, run with -Z macro-backtrace for more info)
[INFO] [stdout] 
[INFO] [stdout] 
[INFO] [stdout] error[E0433]: failed to resolve: use of undeclared crate or module `test_utils`
[INFO] [stdout]    --> tests/main.rs:7:24
[INFO] [stdout]     |
[INFO] [stdout] 7   |         let mut test = test_utils::build_test_by_mode!(false, $($params)+);
[INFO] [stdout]     |                        ^^^^^^^^^^ use of undeclared crate or module `test_utils`
[INFO] [stdout]     |
[INFO] [stdout]    ::: tests/math/u64_mod.rs:206:5
[INFO] [stdout]     |
[INFO] [stdout] 206 |     build_test!(source, &[0, 0, 0, 0]).expect_stack(&[0]);
[INFO] [stdout]     |     ---------------------------------- in this macro invocation
[INFO] [stdout]     |
[INFO] [stdout]     = note: this error originates in the macro `build_test` (in Nightly builds, run with -Z macro-backtrace for more info)
[INFO] [stdout] 
[INFO] [stdout] 
[INFO] [stdout] error[E0433]: failed to resolve: use of undeclared crate or module `test_utils`
[INFO] [stdout]    --> tests/main.rs:7:24
[INFO] [stdout]     |
[INFO] [stdout] 7   |         let mut test = test_utils::build_test_by_mode!(false, $($params)+);
[INFO] [stdout]     |                        ^^^^^^^^^^ use of undeclared crate or module `test_utils`
[INFO] [stdout]     |
[INFO] [stdout]    ::: tests/math/u64_mod.rs:189:16
[INFO] [stdout]     |
[INFO] [stdout] 189 |     let test = build_test!(source, &[a0, a1, b0, b1]);
[INFO] [stdout]     |                -------------------------------------- in this macro invocation
[INFO] [stdout]     |
[INFO] [stdout]     = note: this error originates in the macro `build_test` (in Nightly builds, run with -Z macro-backtrace for more info)
[INFO] [stdout] 
[INFO] [stdout] 
[INFO] [stdout] error[E0433]: failed to resolve: use of undeclared crate or module `test_utils`
[INFO] [stdout]    --> tests/main.rs:7:24
[INFO] [stdout]     |
[INFO] [stdout] 7   |         let mut test = test_utils::build_test_by_mode!(false, $($params)+);
[INFO] [stdout]     |                        ^^^^^^^^^^ use of undeclared crate or module `test_utils`
[INFO] [stdout]     |
[INFO] [stdout]    ::: tests/math/u64_mod.rs:175:16
[INFO] [stdout]     |
[INFO] [stdout] 175 |     let test = build_test!(source, &[a0, a1, b0, b1]);
[INFO] [stdout]     |                -------------------------------------- in this macro invocation
[INFO] [stdout]     |
[INFO] [stdout]     = note: this error originates in the macro `build_test` (in Nightly builds, run with -Z macro-backtrace for more info)
[INFO] [stdout] 
[INFO] [stdout] 
[INFO] [stdout] error[E0433]: failed to resolve: use of undeclared crate or module `test_utils`
[INFO] [stdout]    --> tests/main.rs:7:24
[INFO] [stdout]     |
[INFO] [stdout] 7   |         let mut test = test_utils::build_test_by_mode!(false, $($params)+);
[INFO] [stdout]     |                        ^^^^^^^^^^ use of undeclared crate or module `test_utils`
[INFO] [stdout]     |
[INFO] [stdout]    ::: tests/math/u64_mod.rs:152:16
[INFO] [stdout]     |
[INFO] [stdout] 152 |     let test = build_test!(source, &[a0, a1, b0, b1]);
[INFO] [stdout]     |                -------------------------------------- in this macro invocation
[INFO] [stdout]     |
[INFO] [stdout]     = note: this error originates in the macro `build_test` (in Nightly builds, run with -Z macro-backtrace for more info)
[INFO] [stdout] 
[INFO] [stdout] 
[INFO] [stdout] error[E0433]: failed to resolve: use of undeclared crate or module `test_utils`
[INFO] [stdout]    --> tests/main.rs:7:24
[INFO] [stdout]     |
[INFO] [stdout] 7   |         let mut test = test_utils::build_test_by_mode!(false, $($params)+);
[INFO] [stdout]     |                        ^^^^^^^^^^ use of undeclared crate or module `test_utils`
[INFO] [stdout]     |
[INFO] [stdout]    ::: tests/math/u64_mod.rs:129:16
[INFO] [stdout]     |
[INFO] [stdout] 129 |     let test = build_test!(source, &[a0, a1, b0, b1]);
[INFO] [stdout]     |                -------------------------------------- in this macro invocation
[INFO] [stdout]     |
[INFO] [stdout]     = note: this error originates in the macro `build_test` (in Nightly builds, run with -Z macro-backtrace for more info)
[INFO] [stdout] 
[INFO] [stdout] 
[INFO] [stdout] error[E0433]: failed to resolve: use of undeclared crate or module `test_utils`
[INFO] [stdout]    --> tests/main.rs:7:24
[INFO] [stdout]     |
[INFO] [stdout] 7   |         let mut test = test_utils::build_test_by_mode!(false, $($params)+);
[INFO] [stdout]     |                        ^^^^^^^^^^ use of undeclared crate or module `test_utils`
[INFO] [stdout]     |
[INFO] [stdout]    ::: tests/math/u64_mod.rs:115:16
[INFO] [stdout]     |
[INFO] [stdout] 115 |     let test = build_test!(source, &[a0, a1, b0, b1]);
[INFO] [stdout]     |                -------------------------------------- in this macro invocation
[INFO] [stdout]     |
[INFO] [stdout]     = note: this error originates in the macro `build_test` (in Nightly builds, run with -Z macro-backtrace for more info)
[INFO] [stdout] 
[INFO] [stdout] 
[INFO] [stdout] error[E0433]: failed to resolve: use of undeclared crate or module `test_utils`
[INFO] [stdout]    --> tests/main.rs:7:24
[INFO] [stdout]     |
[INFO] [stdout] 7   |         let mut test = test_utils::build_test_by_mode!(false, $($params)+);
[INFO] [stdout]     |                        ^^^^^^^^^^ use of undeclared crate or module `test_utils`
[INFO] [stdout]     |
[INFO] [stdout]    ::: tests/math/u64_mod.rs:101:16
[INFO] [stdout]     |
[INFO] [stdout] 101 |     let test = build_test!(source, &[a0, a1, b0, b1]);
[INFO] [stdout]     |                -------------------------------------- in this macro invocation
[INFO] [stdout]     |
[INFO] [stdout]     = note: this error originates in the macro `build_test` (in Nightly builds, run with -Z macro-backtrace for more info)
[INFO] [stdout] 
[INFO] [stdout] 
[INFO] [stdout] error[E0433]: failed to resolve: use of undeclared crate or module `test_utils`
[INFO] [stdout]   --> tests/main.rs:7:24
[INFO] [stdout]    |
[INFO] [stdout] 7  |         let mut test = test_utils::build_test_by_mode!(false, $($params)+);
[INFO] [stdout]    |                        ^^^^^^^^^^ use of undeclared crate or module `test_utils`
[INFO] [stdout]    |
[INFO] [stdout]   ::: tests/math/u64_mod.rs:81:16
[INFO] [stdout]    |
[INFO] [stdout] 81 |     let test = build_test!(source, &[a0, a1, b0, b1]);
[INFO] [stdout]    |                -------------------------------------- in this macro invocation
[INFO] [stdout]    |
[INFO] [stdout]    = note: this error originates in the macro `build_test` (in Nightly builds, run with -Z macro-backtrace for more info)
[INFO] [stdout] 
[INFO] [stdout] 
[INFO] [stdout] error[E0433]: failed to resolve: use of undeclared crate or module `test_utils`
[INFO] [stdout]   --> tests/main.rs:7:24
[INFO] [stdout]    |
[INFO] [stdout] 7  |         let mut test = test_utils::build_test_by_mode!(false, $($params)+);
[INFO] [stdout]    |                        ^^^^^^^^^^ use of undeclared crate or module `test_utils`
[INFO] [stdout]    |
[INFO] [stdout]   ::: tests/math/u64_mod.rs:58:16
[INFO] [stdout]    |
[INFO] [stdout] 58 |     let test = build_test!(source, &[a0, a1, b0, b1]);
[INFO] [stdout]    |                -------------------------------------- in this macro invocation
[INFO] [stdout]    |
[INFO] [stdout]    = note: this error originates in the macro `build_test` (in Nightly builds, run with -Z macro-backtrace for more info)
[INFO] [stdout] 
[INFO] [stdout] 
[INFO] [stdout] error[E0433]: failed to resolve: use of undeclared crate or module `test_utils`
[INFO] [stdout]   --> tests/main.rs:7:24
[INFO] [stdout]    |
[INFO] [stdout] 7  |         let mut test = test_utils::build_test_by_mode!(false, $($params)+);
[INFO] [stdout]    |                        ^^^^^^^^^^ use of undeclared crate or module `test_utils`
[INFO] [stdout]    |
[INFO] [stdout]   ::: tests/math/u64_mod.rs:47:16
[INFO] [stdout]    |
[INFO] [stdout] 47 |     let test = build_test!(source, &[a0, a1, b0, b1]);
[INFO] [stdout]    |                -------------------------------------- in this macro invocation
[INFO] [stdout]    |
[INFO] [stdout]    = note: this error originates in the macro `build_test` (in Nightly builds, run with -Z macro-backtrace for more info)
[INFO] [stdout] 
[INFO] [stdout] 
[INFO] [stdout] error[E0433]: failed to resolve: use of undeclared crate or module `test_utils`
[INFO] [stdout]   --> tests/main.rs:7:24
[INFO] [stdout]    |
[INFO] [stdout] 7  |         let mut test = test_utils::build_test_by_mode!(false, $($params)+);
[INFO] [stdout]    |                        ^^^^^^^^^^ use of undeclared crate or module `test_utils`
[INFO] [stdout]    |
[INFO] [stdout]   ::: tests/math/u64_mod.rs:27:16
[INFO] [stdout]    |
[INFO] [stdout] 27 |     let test = build_test!(source, &[a0, a1, b0, b1]);
[INFO] [stdout]    |                -------------------------------------- in this macro invocation
[INFO] [stdout]    |
[INFO] [stdout]    = note: this error originates in the macro `build_test` (in Nightly builds, run with -Z macro-backtrace for more info)
[INFO] [stdout] 
[INFO] [stdout] 
[INFO] [stdout] error[E0433]: failed to resolve: use of undeclared crate or module `test_utils`
[INFO] [stdout]    --> tests/main.rs:7:24
[INFO] [stdout]     |
[INFO] [stdout] 7   |         let mut test = test_utils::build_test_by_mode!(false, $($params)+);
[INFO] [stdout]     |                        ^^^^^^^^^^ use of undeclared crate or module `test_utils`
[INFO] [stdout]     |
[INFO] [stdout]    ::: tests/math/secp256k1/group.rs:812:16
[INFO] [stdout]     |
[INFO] [stdout] 812 |     let test = build_test!(&source, &[]);
[INFO] [stdout]     |                ------------------------- in this macro invocation
[INFO] [stdout]     |
[INFO] [stdout]     = note: this error originates in the macro `build_test` (in Nightly builds, run with -Z macro-backtrace for more info)
[INFO] [stdout] 
[INFO] [stdout] 
[INFO] [stdout] error[E0433]: failed to resolve: use of undeclared crate or module `test_utils`
[INFO] [stdout]    --> tests/main.rs:7:24
[INFO] [stdout]     |
[INFO] [stdout] 7   |         let mut test = test_utils::build_test_by_mode!(false, $($params)+);
[INFO] [stdout]     |                        ^^^^^^^^^^ use of undeclared crate or module `test_utils`
[INFO] [stdout]     |
[INFO] [stdout]    ::: tests/math/secp256k1/group.rs:660:16
[INFO] [stdout]     |
[INFO] [stdout] 660 |     let test = build_test!(&source, &[]);
[INFO] [stdout]     |                ------------------------- in this macro invocation
[INFO] [stdout]     |
[INFO] [stdout]     = note: this error originates in the macro `build_test` (in Nightly builds, run with -Z macro-backtrace for more info)
[INFO] [stdout] 
[INFO] [stdout] 
[INFO] [stdout] error[E0433]: failed to resolve: use of undeclared crate or module `test_utils`
[INFO] [stdout]    --> tests/main.rs:7:24
[INFO] [stdout]     |
[INFO] [stdout] 7   |         let mut test = test_utils::build_test_by_mode!(false, $($params)+);
[INFO] [stdout]     |                        ^^^^^^^^^^ use of undeclared crate or module `test_utils`
[INFO] [stdout]     |
[INFO] [stdout]    ::: tests/math/secp256k1/group.rs:450:16
[INFO] [stdout]     |
[INFO] [stdout] 450 |     let test = build_test!(&source, &[]);
[INFO] [stdout]     |                ------------------------- in this macro invocation
[INFO] [stdout]     |
[INFO] [stdout]     = note: this error originates in the macro `build_test` (in Nightly builds, run with -Z macro-backtrace for more info)
[INFO] [stdout] 
[INFO] [stdout] 
[INFO] [stdout] error[E0433]: failed to resolve: use of undeclared crate or module `test_utils`
[INFO] [stdout]    --> tests/main.rs:7:24
[INFO] [stdout]     |
[INFO] [stdout] 7   |         let mut test = test_utils::build_test_by_mode!(false, $($params)+);
[INFO] [stdout]     |                        ^^^^^^^^^^ use of undeclared crate or module `test_utils`
[INFO] [stdout]     |
[INFO] [stdout]    ::: tests/math/secp256k1/group.rs:199:16
[INFO] [stdout]     |
[INFO] [stdout] 199 |     let test = build_test!(&source, &[]);
[INFO] [stdout]     |                ------------------------- in this macro invocation
[INFO] [stdout]     |
[INFO] [stdout]     = note: this error originates in the macro `build_test` (in Nightly builds, run with -Z macro-backtrace for more info)
[INFO] [stdout] 
[INFO] [stdout] 
[INFO] [stdout] error[E0433]: failed to resolve: use of undeclared crate or module `test_utils`
[INFO] [stdout]    --> tests/main.rs:7:24
[INFO] [stdout]     |
[INFO] [stdout] 7   |         let mut test = test_utils::build_test_by_mode!(false, $($params)+);
[INFO] [stdout]     |                        ^^^^^^^^^^ use of undeclared crate or module `test_utils`
[INFO] [stdout]     |
[INFO] [stdout]    ::: tests/math/ecgfp5/group.rs:638:16
[INFO] [stdout]     |
[INFO] [stdout] 638 |     let test = build_test!(source, &stack);
[INFO] [stdout]     |                --------------------------- in this macro invocation
[INFO] [stdout]     |
[INFO] [stdout]     = note: this error originates in the macro `build_test` (in Nightly builds, run with -Z macro-backtrace for more info)
[INFO] [stdout] 
[INFO] [stdout] 
[INFO] [stdout] error[E0433]: failed to resolve: use of undeclared crate or module `test_utils`
[INFO] [stdout]    --> tests/main.rs:7:24
[INFO] [stdout]     |
[INFO] [stdout] 7   |         let mut test = test_utils::build_test_by_mode!(false, $($params)+);
[INFO] [stdout]     |                        ^^^^^^^^^^ use of undeclared crate or module `test_utils`
[INFO] [stdout]     |
[INFO] [stdout]    ::: tests/math/ecgfp5/group.rs:556:16
[INFO] [stdout]     |
[INFO] [stdout] 556 |     let test = build_test!(source, &stack);
[INFO] [stdout]     |                --------------------------- in this macro invocation
[INFO] [stdout]     |
[INFO] [stdout]     = note: this error originates in the macro `build_test` (in Nightly builds, run with -Z macro-backtrace for more info)
[INFO] [stdout] 
[INFO] [stdout] 
[INFO] [stdout] error[E0433]: failed to resolve: use of undeclared crate or module `test_utils`
[INFO] [stdout]    --> tests/main.rs:7:24
[INFO] [stdout]     |
[INFO] [stdout] 7   |         let mut test = test_utils::build_test_by_mode!(false, $($params)+);
[INFO] [stdout]     |                        ^^^^^^^^^^ use of undeclared crate or module `test_utils`
[INFO] [stdout]     |
[INFO] [stdout]    ::: tests/math/ecgfp5/group.rs:469:16
[INFO] [stdout]     |
[INFO] [stdout] 469 |     let test = build_test!(source, &stack);
[INFO] [stdout]     |                --------------------------- in this macro invocation
[INFO] [stdout]     |
[INFO] [stdout]     = note: this error originates in the macro `build_test` (in Nightly builds, run with -Z macro-backtrace for more info)
[INFO] [stdout] 
[INFO] [stdout] 
[INFO] [stdout] error[E0433]: failed to resolve: use of undeclared crate or module `test_utils`
[INFO] [stdout]    --> tests/main.rs:7:24
[INFO] [stdout]     |
[INFO] [stdout] 7   |         let mut test = test_utils::build_test_by_mode!(false, $($params)+);
[INFO] [stdout]     |                        ^^^^^^^^^^ use of undeclared crate or module `test_utils`
[INFO] [stdout]     |
[INFO] [stdout]    ::: tests/math/ecgfp5/group.rs:406:16
[INFO] [stdout]     |
[INFO] [stdout] 406 |     let test = build_test!(source, &stack);
[INFO] [stdout]     |                --------------------------- in this macro invocation
[INFO] [stdout]     |
[INFO] [stdout]     = note: this error originates in the macro `build_test` (in Nightly builds, run with -Z macro-backtrace for more info)
[INFO] [stdout] 
[INFO] [stdout] 
[INFO] [stdout] error[E0433]: failed to resolve: use of undeclared crate or module `test_utils`
[INFO] [stdout]    --> tests/main.rs:7:24
[INFO] [stdout]     |
[INFO] [stdout] 7   |         let mut test = test_utils::build_test_by_mode!(false, $($params)+);
[INFO] [stdout]     |                        ^^^^^^^^^^ use of undeclared crate or module `test_utils`
[INFO] [stdout]     |
[INFO] [stdout]    ::: tests/math/ecgfp5/group.rs:328:16
[INFO] [stdout]     |
[INFO] [stdout] 328 |     let test = build_test!(source, &stack);
[INFO] [stdout]     |                --------------------------- in this macro invocation
[INFO] [stdout]     |
[INFO] [stdout]     = note: this error originates in the macro `build_test` (in Nightly builds, run with -Z macro-backtrace for more info)
[INFO] [stdout] 
[INFO] [stdout] 
[INFO] [stdout] error[E0433]: failed to resolve: use of undeclared crate or module `test_utils`
[INFO] [stdout]    --> tests/main.rs:7:24
[INFO] [stdout]     |
[INFO] [stdout] 7   |         let mut test = test_utils::build_test_by_mode!(false, $($params)+);
[INFO] [stdout]     |                        ^^^^^^^^^^ use of undeclared crate or module `test_utils`
[INFO] [stdout]     |
[INFO] [stdout]    ::: tests/math/ecgfp5/group.rs:269:16
[INFO] [stdout]     |
[INFO] [stdout] 269 |     let test = build_test!(source, &stack);
[INFO] [stdout]     |                --------------------------- in this macro invocation
[INFO] [stdout]     |
[INFO] [stdout]     = note: this error originates in the macro `build_test` (in Nightly builds, run with -Z macro-backtrace for more info)
[INFO] [stdout] 
[INFO] [stdout] 
[INFO] [stdout] error[E0433]: failed to resolve: use of undeclared crate or module `test_utils`
[INFO] [stdout]    --> tests/main.rs:7:24
[INFO] [stdout]     |
[INFO] [stdout] 7   |         let mut test = test_utils::build_test_by_mode!(false, $($params)+);
[INFO] [stdout]     |                        ^^^^^^^^^^ use of undeclared crate or module `test_utils`
[INFO] [stdout]     |
[INFO] [stdout]    ::: tests/math/ecgfp5/group.rs:233:16
[INFO] [stdout]     |
[INFO] [stdout] 233 |     let test = build_test!(source, &stack);
[INFO] [stdout]     |                --------------------------- in this macro invocation
[INFO] [stdout]     |
[INFO] [stdout]     = note: this error originates in the macro `build_test` (in Nightly builds, run with -Z macro-backtrace for more info)
[INFO] [stdout] 
[INFO] [stdout] 
[INFO] [stdout] error[E0433]: failed to resolve: use of undeclared crate or module `test_utils`
[INFO] [stdout]   --> tests/main.rs:7:24
[INFO] [stdout]    |
[INFO] [stdout] 7  |         let mut test = test_utils::build_test_by_mode!(false, $($params)+);
[INFO] [stdout]    |                        ^^^^^^^^^^ use of undeclared crate or module `test_utils`
[INFO] [stdout]    |
[INFO] [stdout]   ::: tests/crypto/native.rs:38:16
[INFO] [stdout]    |
[INFO] [stdout] 38 |     let test = build_test!(empty_range, &[]);
[INFO] [stdout]    |                ----------------------------- in this macro invocation
[INFO] [stdout]    |
[INFO] [stdout]    = note: this error originates in the macro `build_test` (in Nightly builds, run with -Z macro-backtrace for more info)
[INFO] [stdout] 
[INFO] [stdout] 
[INFO] [stdout] error[E0433]: failed to resolve: use of undeclared crate or module `test_utils`
[INFO] [stdout]   --> tests/main.rs:7:24
[INFO] [stdout]    |
[INFO] [stdout] 7  |         let mut test = test_utils::build_test_by_mode!(false, $($params)+);
[INFO] [stdout]    |                        ^^^^^^^^^^ use of undeclared crate or module `test_utils`
[INFO] [stdout]    |
[INFO] [stdout]   ::: tests/crypto/native.rs:17:16
[INFO] [stdout]    |
[INFO] [stdout] 17 |     let test = build_test!(empty_range, &[]);
[INFO] [stdout]    |                ----------------------------- in this macro invocation
[INFO] [stdout]    |
[INFO] [stdout]    = note: this error originates in the macro `build_test` (in Nightly builds, run with -Z macro-backtrace for more info)
[INFO] [stdout] 
[INFO] [stdout] 
[INFO] [stdout] error[E0433]: failed to resolve: use of undeclared crate or module `test_utils`
[INFO] [stdout]    --> tests/main.rs:7:24
[INFO] [stdout]     |
[INFO] [stdout] 7   |         let mut test = test_utils::build_test_by_mode!(false, $($params)+);
[INFO] [stdout]     |                        ^^^^^^^^^^ use of undeclared crate or module `test_utils`
[INFO] [stdout]     |
[INFO] [stdout]    ::: tests/crypto/fri/remainder.rs:152:16
[INFO] [stdout]     |
[INFO] [stdout] 152 |     let test = build_test!(source, &iu64s);
[INFO] [stdout]     |                --------------------------- in this macro invocation
[INFO] [stdout]     |
[INFO] [stdout]     = note: this error originates in the macro `build_test` (in Nightly builds, run with -Z macro-backtrace for more info)
[INFO] [stdout] 
[INFO] [stdout] 
[INFO] [stdout] error[E0433]: failed to resolve: use of undeclared crate or module `test_utils`
[INFO] [stdout]    --> tests/main.rs:7:24
[INFO] [stdout]     |
[INFO] [stdout] 7   |         let mut test = test_utils::build_test_by_mode!(false, $($params)+);
[INFO] [stdout]     |                        ^^^^^^^^^^ use of undeclared crate or module `test_utils`
[INFO] [stdout]     |
[INFO] [stdout]    ::: tests/crypto/fri/remainder.rs:113:16
[INFO] [stdout]     |
[INFO] [stdout] 113 |     let test = build_test!(source, &iu64s);
[INFO] [stdout]     |                --------------------------- in this macro invocation
[INFO] [stdout]     |
[INFO] [stdout]     = note: this error originates in the macro `build_test` (in Nightly builds, run with -Z macro-backtrace for more info)
[INFO] [stdout] 
[INFO] [stdout] 
[INFO] [stdout] error[E0433]: failed to resolve: use of undeclared crate or module `test_utils`
[INFO] [stdout]   --> tests/main.rs:7:24
[INFO] [stdout]    |
[INFO] [stdout] 7  |         let mut test = test_utils::build_test_by_mode!(false, $($params)+);
[INFO] [stdout]    |                        ^^^^^^^^^^ use of undeclared crate or module `test_utils`
[INFO] [stdout]    |
[INFO] [stdout]   ::: tests/crypto/fri/remainder.rs:74:16
[INFO] [stdout]    |
[INFO] [stdout] 74 |     let test = build_test!(&source, &iu64s);
[INFO] [stdout]    |                ---------------------------- in this macro invocation
[INFO] [stdout]    |
[INFO] [stdout]    = note: this error originates in the macro `build_test` (in Nightly builds, run with -Z macro-backtrace for more info)
[INFO] [stdout] 
[INFO] [stdout] 
[INFO] [stdout] error[E0433]: failed to resolve: use of undeclared crate or module `test_utils`
[INFO] [stdout]   --> tests/main.rs:7:24
[INFO] [stdout]    |
[INFO] [stdout] 7  |         let mut test = test_utils::build_test_by_mode!(false, $($params)+);
[INFO] [stdout]    |                        ^^^^^^^^^^ use of undeclared crate or module `test_utils`
[INFO] [stdout]    |
[INFO] [stdout]   ::: tests/crypto/ecdsa_secp256k1.rs:45:16
[INFO] [stdout]    |
[INFO] [stdout] 45 |     let test = build_test!(source, &stack);
[INFO] [stdout]    |                --------------------------- in this macro invocation
[INFO] [stdout]    |
[INFO] [stdout]    = note: this error originates in the macro `build_test` (in Nightly builds, run with -Z macro-backtrace for more info)
[INFO] [stdout] 
[INFO] [stdout] 
[INFO] [stdout] error[E0433]: failed to resolve: use of undeclared crate or module `test_utils`
[INFO] [stdout]    --> tests/main.rs:7:24
[INFO] [stdout]     |
[INFO] [stdout] 7   |         let mut test = test_utils::build_test_by_mode!(false, $($params)+);
[INFO] [stdout]     |                        ^^^^^^^^^^ use of undeclared crate or module `test_utils`
[INFO] [stdout]     |
[INFO] [stdout]    ::: tests/crypto/falcon.rs:172:16
[INFO] [stdout]     |
[INFO] [stdout] 172 |     let test = build_test!(PROBABILISTIC_PRODUCT_SOURCE, &stack_init, &advice_stack);
[INFO] [stdout]     |                --------------------------------------------------------------------- in this macro invocation
[INFO] [stdout]     |
[INFO] [stdout]     = note: this error originates in the macro `build_test` (in Nightly builds, run with -Z macro-backtrace for more info)
[INFO] [stdout] 
[INFO] [stdout] 
[INFO] [stdout] error: cannot find macro `proptest` in this scope
[INFO] [stdout]   --> tests/sys/mod.rs:10:1
[INFO] [stdout]    |
[INFO] [stdout] 10 | proptest! {
[INFO] [stdout]    | ^^^^^^^^
[INFO] [stdout] 
[INFO] [stdout] 
[INFO] [stdout] error: cannot find macro `proptest` in this scope
[INFO] [stdout]    --> tests/math/u64_mod.rs:872:1
[INFO] [stdout]     |
[INFO] [stdout] 872 | proptest! {
[INFO] [stdout]     | ^^^^^^^^
[INFO] [stdout] 
[INFO] [stdout] 
[INFO] [stdout] warning: unused import: `ExecutionError`
[INFO] [stdout]  --> tests/crypto/falcon.rs:7:63
[INFO] [stdout]   |
[INFO] [stdout] 7 |     crypto::RpoRandomCoin, AdviceInputs, DefaultHost, Digest, ExecutionError, MemAdviceProvider,
[INFO] [stdout]   |                                                               ^^^^^^^^^^^^^^
[INFO] [stdout]   |
[INFO] [stdout]   = note: `#[warn(unused_imports)]` on by default
[INFO] [stdout] 
[INFO] [stdout] 
[INFO] [stdout] warning: unused import: `processor::ExecutionError`
[INFO] [stdout]  --> tests/crypto/native.rs:1:5
[INFO] [stdout]   |
[INFO] [stdout] 1 | use processor::ExecutionError;
[INFO] [stdout]   |     ^^^^^^^^^^^^^^^^^^^^^^^^^
[INFO] [stdout] 
[INFO] [stdout] 
[INFO] [stdout] warning: unused import: `core::cmp`
[INFO] [stdout]  --> tests/math/u64_mod.rs:1:5
[INFO] [stdout]   |
[INFO] [stdout] 1 | use core::cmp;
[INFO] [stdout]   |     ^^^^^^^^^
[INFO] [stdout] 
[INFO] [stdout] 
[INFO] [stdout] warning: unused import: `processor::ExecutionError`
[INFO] [stdout]  --> tests/math/u64_mod.rs:3:5
[INFO] [stdout]   |
[INFO] [stdout] 3 | use processor::ExecutionError;
[INFO] [stdout]   |     ^^^^^^^^^^^^^^^^^^^^^^^^^
[INFO] [stdout] 
[INFO] [stdout] 
[INFO] [stdout] error[E0220]: associated type `Digest` not found for `H`
[INFO] [stdout]   --> tests/crypto/fri/channel.rs:20:31
[INFO] [stdout]    |
[INFO] [stdout] 20 |     layer_commitments: Vec<H::Digest>,
[INFO] [stdout]    |                               ^^^^^^ there is an associated type `Digest` in the trait `miden_processor::crypto::Hasher`
[INFO] [stdout]    |
[INFO] [stdout] help: consider further restricting this bound
[INFO] [stdout]    |
[INFO] [stdout] 19 | pub struct MidenFriVerifierChannel<E: FieldElement, H: ElementHasher<BaseField = E::BaseField> + miden_processor::crypto::Hasher> {
[INFO] [stdout]    |                                                                                                +++++++++++++++++++++++++++++++++
[INFO] [stdout] 
[INFO] [stdout] 
[INFO] [stdout] error[E0433]: failed to resolve: use of undeclared crate or module `test_utils`
[INFO] [stdout]    --> tests/crypto/falcon.rs:214:34
[INFO] [stdout]     |
[INFO] [stdout] 214 |     let (stack_outputs, proof) = test_utils::prove(&program, stack_inputs.clone(), host, options)
[INFO] [stdout]     |                                  ^^^^^^^^^^ use of undeclared crate or module `test_utils`
[INFO] [stdout] 
[INFO] [stdout] 
[INFO] [stdout] error[E0433]: failed to resolve: use of undeclared crate or module `test_utils`
[INFO] [stdout]    --> tests/crypto/falcon.rs:218:18
[INFO] [stdout]     |
[INFO] [stdout] 218 |     let result = test_utils::verify(program_info, stack_inputs, stack_outputs, proof);
[INFO] [stdout]     |                  ^^^^^^^^^^ use of undeclared crate or module `test_utils`
[INFO] [stdout] 
[INFO] [stdout] 
[INFO] [stdout] Some errors have detailed explanations: E0220, E0432, E0433.
[INFO] [stdout] 
[INFO] [stdout] For more information about an error, try `rustc --explain E0220`.
[INFO] [stdout] 
[INFO] [stderr] error: could not compile `miden-stdlib` (test "stdlib") due to 261 previous errors; 4 warnings emitted
[INFO] running `Command { std: "docker" "inspect" "28c30ed9afa65e523ec187d309e43366f4141f782917ecd0601b13be9afbb83d", kill_on_drop: false }`
[INFO] running `Command { std: "docker" "rm" "-f" "28c30ed9afa65e523ec187d309e43366f4141f782917ecd0601b13be9afbb83d", kill_on_drop: false }`
[INFO] [stdout] 28c30ed9afa65e523ec187d309e43366f4141f782917ecd0601b13be9afbb83d
