[INFO] fetching crate miden-processor 0.10.6...
[INFO] testing miden-processor-0.10.6 against nightly-2024-10-28+rustflags=-Zrandomize-layout for randomize-layout
[INFO] extracting crate miden-processor 0.10.6 into /workspace/builds/worker-1-tc2/source
[INFO] validating manifest of crates.io crate miden-processor 0.10.6 on toolchain nightly-2024-10-28
[INFO] running `Command { std: CARGO_HOME="/workspace/cargo-home" RUSTUP_HOME="/workspace/rustup-home" "/workspace/cargo-home/bin/cargo" "+nightly-2024-10-28" "metadata" "--manifest-path" "Cargo.toml" "--no-deps", kill_on_drop: false }`
[INFO] started tweaking crates.io crate miden-processor 0.10.6
[INFO] finished tweaking crates.io crate miden-processor 0.10.6
[INFO] tweaked toml for crates.io crate miden-processor 0.10.6 written to /workspace/builds/worker-1-tc2/source/Cargo.toml
[INFO] running `Command { std: CARGO_HOME="/workspace/cargo-home" RUSTUP_HOME="/workspace/rustup-home" "/workspace/cargo-home/bin/cargo" "+nightly-2024-10-28" "generate-lockfile" "--manifest-path" "Cargo.toml", kill_on_drop: false }`
[INFO] [stderr]     Updating crates.io index
[INFO] [stderr]      Locking 186 packages to latest compatible versions
[INFO] [stderr]       Adding winter-fri v0.9.0 (available: v0.10.1)
[INFO] [stderr]       Adding winter-prover v0.9.0 (available: v0.10.1)
[INFO] [stderr]       Adding winter-utils v0.9.3 (available: v0.10.1)
[INFO] running `Command { std: CARGO_HOME="/workspace/cargo-home" RUSTUP_HOME="/workspace/rustup-home" "/workspace/cargo-home/bin/cargo" "+nightly-2024-10-28" "fetch" "--manifest-path" "Cargo.toml", kill_on_drop: false }`
[INFO] running `Command { std: "docker" "create" "-v" "/var/lib/crater-agent-workspace/builds/worker-1-tc2/target:/opt/rustwide/target:rw,Z" "-v" "/var/lib/crater-agent-workspace/builds/worker-1-tc2/source:/opt/rustwide/workdir:ro,Z" "-v" "/var/lib/crater-agent-workspace/cargo-home:/opt/rustwide/cargo-home:ro,Z" "-v" "/var/lib/crater-agent-workspace/rustup-home:/opt/rustwide/rustup-home:ro,Z" "-e" "SOURCE_DIR=/opt/rustwide/workdir" "-e" "CARGO_TARGET_DIR=/opt/rustwide/target" "-e" "CARGO_HOME=/opt/rustwide/cargo-home" "-e" "RUSTUP_HOME=/opt/rustwide/rustup-home" "-w" "/opt/rustwide/workdir" "-m" "1610612736" "--user" "0:0" "--network" "none" "ghcr.io/rust-lang/crates-build-env/linux@sha256:4a844ea9eb2546a2d2c7022eacef16ef2e8229c7fbb2c7d4d55a9ceca922f72d" "/opt/rustwide/cargo-home/bin/cargo" "+nightly-2024-10-28" "metadata" "--no-deps" "--format-version=1", kill_on_drop: false }`
[INFO] [stdout] 8755de09e32178ee615fab095fe3329477bf545b9be42a0b817d0a2ccf09e0c4
[INFO] running `Command { std: "docker" "start" "-a" "8755de09e32178ee615fab095fe3329477bf545b9be42a0b817d0a2ccf09e0c4", kill_on_drop: false }`
[INFO] running `Command { std: "docker" "inspect" "8755de09e32178ee615fab095fe3329477bf545b9be42a0b817d0a2ccf09e0c4", kill_on_drop: false }`
[INFO] running `Command { std: "docker" "rm" "-f" "8755de09e32178ee615fab095fe3329477bf545b9be42a0b817d0a2ccf09e0c4", kill_on_drop: false }`
[INFO] [stdout] 8755de09e32178ee615fab095fe3329477bf545b9be42a0b817d0a2ccf09e0c4
[INFO] running `Command { std: "docker" "create" "-v" "/var/lib/crater-agent-workspace/builds/worker-1-tc2/target:/opt/rustwide/target:rw,Z" "-v" "/var/lib/crater-agent-workspace/builds/worker-1-tc2/source:/opt/rustwide/workdir:ro,Z" "-v" "/var/lib/crater-agent-workspace/cargo-home:/opt/rustwide/cargo-home:ro,Z" "-v" "/var/lib/crater-agent-workspace/rustup-home:/opt/rustwide/rustup-home:ro,Z" "-e" "SOURCE_DIR=/opt/rustwide/workdir" "-e" "CARGO_TARGET_DIR=/opt/rustwide/target" "-e" "CARGO_INCREMENTAL=0" "-e" "RUST_BACKTRACE=full" "-e" "RUSTFLAGS=--cap-lints=forbid -Zrandomize-layout" "-e" "RUSTDOCFLAGS=--cap-lints=forbid" "-e" "CARGO_HOME=/opt/rustwide/cargo-home" "-e" "RUSTUP_HOME=/opt/rustwide/rustup-home" "-w" "/opt/rustwide/workdir" "-m" "1610612736" "--user" "0:0" "--network" "none" "ghcr.io/rust-lang/crates-build-env/linux@sha256:4a844ea9eb2546a2d2c7022eacef16ef2e8229c7fbb2c7d4d55a9ceca922f72d" "/opt/rustwide/cargo-home/bin/cargo" "+nightly-2024-10-28" "build" "--frozen" "--message-format=json", kill_on_drop: false }`
[INFO] [stdout] 265e74b3fc0fdb42f542fbd797d3e3db23d5a4c14740d932ac4ddabffa5e1c05
[INFO] running `Command { std: "docker" "start" "-a" "265e74b3fc0fdb42f542fbd797d3e3db23d5a4c14740d932ac4ddabffa5e1c05", kill_on_drop: false }`
[INFO] [stderr]    Compiling libm v0.2.11
[INFO] [stderr]    Compiling version_check v0.9.5
[INFO] [stderr]    Compiling typenum v1.17.0
[INFO] [stderr]    Compiling winter-utils v0.9.3
[INFO] [stderr]    Compiling arrayvec v0.7.6
[INFO] [stderr]    Compiling constant_time_eq v0.3.1
[INFO] [stderr]    Compiling arrayref v0.3.9
[INFO] [stderr]    Compiling keccak v0.1.5
[INFO] [stderr]    Compiling parking_lot_core v0.9.10
[INFO] [stderr]    Compiling num-traits v0.2.19
[INFO] [stderr]    Compiling lock_api v0.4.12
[INFO] [stderr]    Compiling glob v0.3.1
[INFO] [stderr]    Compiling miden-thiserror v1.0.59
[INFO] [stderr]    Compiling jobserver v0.1.32
[INFO] [stderr]    Compiling getrandom v0.2.15
[INFO] [stderr]    Compiling syn v2.0.86
[INFO] [stderr]    Compiling smallvec v1.13.2
[INFO] [stderr]    Compiling unicode-width v0.1.14
[INFO] [stderr]    Compiling rand_core v0.6.4
[INFO] [stderr]    Compiling tracing-core v0.1.32
[INFO] [stderr]    Compiling cc v1.1.31
[INFO] [stderr]    Compiling miden-formatting v0.1.1
[INFO] [stderr]    Compiling generic-array v0.14.7
[INFO] [stderr]    Compiling winter-math v0.9.3
[INFO] [stderr]    Compiling parking_lot v0.12.3
[INFO] [stderr]    Compiling blake3 v1.5.4
[INFO] [stderr]    Compiling miden-crypto v0.10.3
[INFO] [stderr]    Compiling num-integer v0.1.46
[INFO] [stderr]    Compiling num-complex v0.4.6
[INFO] [stderr]    Compiling block-buffer v0.10.4
[INFO] [stderr]    Compiling crypto-common v0.1.6
[INFO] [stderr]    Compiling digest v0.10.7
[INFO] [stderr]    Compiling num-bigint v0.4.6
[INFO] [stderr]    Compiling num-iter v0.1.45
[INFO] [stderr]    Compiling sha3 v0.10.8
[INFO] [stderr]    Compiling winter-crypto v0.9.0
[INFO] [stderr]    Compiling num-rational v0.4.2
[INFO] [stderr]    Compiling winter-fri v0.9.0
[INFO] [stderr]    Compiling num v0.4.3
[INFO] [stderr]    Compiling winter-air v0.9.0
[INFO] [stderr]    Compiling zerocopy-derive v0.7.35
[INFO] [stderr]    Compiling miden-thiserror-impl v1.0.59
[INFO] [stderr]    Compiling tracing-attributes v0.1.27
[INFO] [stderr]    Compiling winter-maybe-async v0.9.0
[INFO] [stderr]    Compiling num-derive v0.4.2
[INFO] [stderr]    Compiling zerocopy v0.7.35
[INFO] [stderr]    Compiling tracing v0.1.40
[INFO] [stderr]    Compiling winter-prover v0.9.0
[INFO] [stderr]    Compiling ppv-lite86 v0.2.20
[INFO] [stderr]    Compiling rand_chacha v0.3.1
[INFO] [stderr]    Compiling rand v0.8.5
[INFO] [stderr]    Compiling miden-core v0.10.5
[INFO] [stderr]    Compiling miden-air v0.10.5
[INFO] [stderr]    Compiling miden-processor v0.10.6 (/opt/rustwide/workdir)
[INFO] [stderr]     Finished `dev` profile [unoptimized + debuginfo] target(s) in 13.01s
[INFO] running `Command { std: "docker" "inspect" "265e74b3fc0fdb42f542fbd797d3e3db23d5a4c14740d932ac4ddabffa5e1c05", kill_on_drop: false }`
[INFO] running `Command { std: "docker" "rm" "-f" "265e74b3fc0fdb42f542fbd797d3e3db23d5a4c14740d932ac4ddabffa5e1c05", kill_on_drop: false }`
[INFO] [stdout] 265e74b3fc0fdb42f542fbd797d3e3db23d5a4c14740d932ac4ddabffa5e1c05
[INFO] running `Command { std: "docker" "create" "-v" "/var/lib/crater-agent-workspace/builds/worker-1-tc2/target:/opt/rustwide/target:rw,Z" "-v" "/var/lib/crater-agent-workspace/builds/worker-1-tc2/source:/opt/rustwide/workdir:ro,Z" "-v" "/var/lib/crater-agent-workspace/cargo-home:/opt/rustwide/cargo-home:ro,Z" "-v" "/var/lib/crater-agent-workspace/rustup-home:/opt/rustwide/rustup-home:ro,Z" "-e" "SOURCE_DIR=/opt/rustwide/workdir" "-e" "CARGO_TARGET_DIR=/opt/rustwide/target" "-e" "CARGO_INCREMENTAL=0" "-e" "RUST_BACKTRACE=full" "-e" "RUSTFLAGS=--cap-lints=forbid -Zrandomize-layout" "-e" "RUSTDOCFLAGS=--cap-lints=forbid" "-e" "CARGO_HOME=/opt/rustwide/cargo-home" "-e" "RUSTUP_HOME=/opt/rustwide/rustup-home" "-w" "/opt/rustwide/workdir" "-m" "1610612736" "--user" "0:0" "--network" "none" "ghcr.io/rust-lang/crates-build-env/linux@sha256:4a844ea9eb2546a2d2c7022eacef16ef2e8229c7fbb2c7d4d55a9ceca922f72d" "/opt/rustwide/cargo-home/bin/cargo" "+nightly-2024-10-28" "test" "--frozen" "--no-run" "--message-format=json", kill_on_drop: false }`
[INFO] [stdout] 4dcc902cc272d6bce5175607f75fd395a85a189c4dc17d673574c0f6691d5e36
[INFO] running `Command { std: "docker" "start" "-a" "4dcc902cc272d6bce5175607f75fd395a85a189c4dc17d673574c0f6691d5e36", kill_on_drop: false }`
[INFO] [stderr]    Compiling serde v1.0.214
[INFO] [stderr]    Compiling hashbrown v0.15.0
[INFO] [stderr]    Compiling equivalent v1.0.1
[INFO] [stderr]    Compiling regex-syntax v0.8.5
[INFO] [stderr]    Compiling aho-corasick v1.1.3
[INFO] [stderr]    Compiling winnow v0.6.20
[INFO] [stderr]    Compiling winter-utils v0.9.3
[INFO] [stderr]    Compiling target-triple v0.1.3
[INFO] [stderr]    Compiling futures-sink v0.3.31
[INFO] [stderr]    Compiling futures-core v0.3.31
[INFO] [stderr]    Compiling serde_json v1.0.132
[INFO] [stderr]    Compiling vte_generate_state_changes v0.1.2
[INFO] [stderr]    Compiling lock_api v0.4.12
[INFO] [stderr]    Compiling ryu v1.0.18
[INFO] [stderr]    Compiling futures-task v0.3.31
[INFO] [stderr]    Compiling utf8parse v0.2.2
[INFO] [stderr]    Compiling pin-utils v0.1.0
[INFO] [stderr]    Compiling itoa v1.0.11
[INFO] [stderr]    Compiling rustversion v1.0.18
[INFO] [stderr]    Compiling futures-util v0.3.31
[INFO] [stderr]    Compiling futures-channel v0.3.31
[INFO] [stderr]    Compiling serde_derive v1.0.214
[INFO] [stderr]    Compiling dirs-sys-next v0.1.2
[INFO] [stderr]    Compiling termcolor v1.4.1
[INFO] [stderr]    Compiling dissimilar v1.0.9
[INFO] [stderr]    Compiling crunchy v0.2.2
[INFO] [stderr]    Compiling smallvec v1.13.2
[INFO] [stderr]    Compiling winter-math v0.9.3
[INFO] [stderr]    Compiling vte v0.11.1
[INFO] [stderr]    Compiling futures-io v0.3.31
[INFO] [stderr]    Compiling dirs-next v2.0.0
[INFO] [stderr]    Compiling parking_lot_core v0.9.10
[INFO] [stderr]    Compiling unicode-width v0.1.14
[INFO] [stderr]    Compiling tiny-keccak v2.0.2
[INFO] [stderr]    Compiling semver v1.0.23
[INFO] [stderr]    Compiling indenter v0.3.3
[INFO] [stderr]    Compiling owo-colors v4.1.0
[INFO] [stderr]    Compiling siphasher v0.3.11
[INFO] [stderr]    Compiling parking_lot v0.12.3
[INFO] [stderr]    Compiling indexmap v2.6.0
[INFO] [stderr]    Compiling term v0.7.0
[INFO] [stderr]    Compiling winter-crypto v0.9.0
[INFO] [stderr]    Compiling phf_shared v0.10.0
[INFO] [stderr]    Compiling log v0.4.22
[INFO] [stderr]    Compiling precomputed-hash v0.1.1
[INFO] [stderr]    Compiling unicode-linebreak v0.1.5
[INFO] [stderr]    Compiling same-file v1.0.6
[INFO] [stderr]    Compiling fixedbitset v0.4.2
[INFO] [stderr]    Compiling smawk v0.3.2
[INFO] [stderr]    Compiling strip-ansi-escapes v0.2.0
[INFO] [stderr]    Compiling new_debug_unreachable v1.0.6
[INFO] [stderr]    Compiling bit-vec v0.6.3
[INFO] [stderr]    Compiling either v1.13.0
[INFO] [stderr]    Compiling once_cell v1.20.2
[INFO] [stderr]    Compiling textwrap v0.16.1
[INFO] [stderr]    Compiling walkdir v2.5.0
[INFO] [stderr]    Compiling ascii-canvas v3.0.0
[INFO] [stderr]    Compiling string_cache v0.8.7
[INFO] [stderr]    Compiling petgraph v0.6.5
[INFO] [stderr]    Compiling itertools v0.11.0
[INFO] [stderr]    Compiling bit-set v0.5.3
[INFO] [stderr]    Compiling ena v0.14.3
[INFO] [stderr]    Compiling miden-miette-derive v7.1.0
[INFO] [stderr]    Compiling spin v0.9.8
[INFO] [stderr]    Compiling unicode-xid v0.2.6
[INFO] [stderr]    Compiling lalrpop-util v0.20.2
[INFO] [stderr]    Compiling rustc_version v0.4.1
[INFO] [stderr]    Compiling miden-crypto v0.10.3
[INFO] [stderr]    Compiling winter-fri v0.9.0
[INFO] [stderr]    Compiling miden-formatting v0.1.1
[INFO] [stderr]    Compiling value-bag v1.10.0
[INFO] [stderr]    Compiling futures v0.3.31
[INFO] [stderr]    Compiling winter-air v0.9.0
[INFO] [stderr]    Compiling regex-automata v0.4.8
[INFO] [stderr]    Compiling logtest v2.0.0
[INFO] [stderr]    Compiling winter-prover v0.9.0
[INFO] [stderr]    Compiling toml_datetime v0.6.8
[INFO] [stderr]    Compiling serde_spanned v0.6.8
[INFO] [stderr]    Compiling toml_edit v0.22.22
[INFO] [stderr]    Compiling regex v1.11.1
[INFO] [stderr]    Compiling lalrpop v0.20.2
[INFO] [stderr]    Compiling toml v0.8.19
[INFO] [stderr]    Compiling trybuild v1.0.101
[INFO] [stderr]    Compiling miden-miette v7.1.1
[INFO] [stderr]    Compiling miden-core v0.10.5
[INFO] [stderr]    Compiling miden-air v0.10.5
[INFO] [stderr]    Compiling miden-assembly v0.10.5
[INFO] [stderr]    Compiling miden-processor v0.10.6 (/opt/rustwide/workdir)
[INFO] [stdout] error[E0433]: failed to resolve: use of undeclared crate or module `test_utils`
[INFO] [stdout]    --> src/operations/comb_ops.rs:176:9
[INFO] [stdout]     |
[INFO] [stdout] 176 |     use test_utils::{build_test, rand::rand_array};
[INFO] [stdout]     |         ^^^^^^^^^^ use of undeclared crate or module `test_utils`
[INFO] [stdout] 
[INFO] [stdout] 
[INFO] [stdout] error[E0433]: failed to resolve: use of undeclared crate or module `test_utils`
[INFO] [stdout]    --> src/operations/crypto_ops.rs:187:9
[INFO] [stdout]     |
[INFO] [stdout] 187 |     use test_utils::rand::rand_vector;
[INFO] [stdout]     |         ^^^^^^^^^^ use of undeclared crate or module `test_utils`
[INFO] [stdout] 
[INFO] [stdout] 
[INFO] [stdout] error[E0433]: failed to resolve: use of undeclared crate or module `test_utils`
[INFO] [stdout]   --> src/operations/ext2_ops.rs:36:9
[INFO] [stdout]    |
[INFO] [stdout] 36 |     use test_utils::rand::rand_value;
[INFO] [stdout]    |         ^^^^^^^^^^ use of undeclared crate or module `test_utils`
[INFO] [stdout] 
[INFO] [stdout] 
[INFO] [stdout] error[E0433]: failed to resolve: use of undeclared crate or module `test_utils`
[INFO] [stdout]    --> src/operations/field_ops.rs:226:9
[INFO] [stdout]     |
[INFO] [stdout] 226 |     use test_utils::rand::rand_value;
[INFO] [stdout]     |         ^^^^^^^^^^ use of undeclared crate or module `test_utils`
[INFO] [stdout] 
[INFO] [stdout] 
[INFO] [stdout] error[E0433]: failed to resolve: use of undeclared crate or module `test_utils`
[INFO] [stdout]    --> src/operations/fri_ops.rs:248:9
[INFO] [stdout]     |
[INFO] [stdout] 248 |     use test_utils::rand::{rand_array, rand_value, rand_vector};
[INFO] [stdout]     |         ^^^^^^^^^^ use of undeclared crate or module `test_utils`
[INFO] [stdout] 
[INFO] [stdout] 
[INFO] [stdout] error[E0433]: failed to resolve: use of undeclared crate or module `test_utils`
[INFO] [stdout]    --> src/operations/u32_ops.rs:236:9
[INFO] [stdout]     |
[INFO] [stdout] 236 |     use test_utils::rand::rand_value;
[INFO] [stdout]     |         ^^^^^^^^^^ use of undeclared crate or module `test_utils`
[INFO] [stdout] 
[INFO] [stdout] 
[INFO] [stdout] error[E0433]: failed to resolve: use of undeclared crate or module `test_utils`
[INFO] [stdout]   --> src/decoder/tests.rs:13:5
[INFO] [stdout]    |
[INFO] [stdout] 13 | use test_utils::rand::rand_value;
[INFO] [stdout]    |     ^^^^^^^^^^ use of undeclared crate or module `test_utils`
[INFO] [stdout] 
[INFO] [stdout] 
[INFO] [stdout] error[E0433]: failed to resolve: use of undeclared crate or module `test_utils`
[INFO] [stdout]  --> src/range/tests.rs:3:5
[INFO] [stdout]   |
[INFO] [stdout] 3 | use test_utils::rand::rand_array;
[INFO] [stdout]   |     ^^^^^^^^^^ use of undeclared crate or module `test_utils`
[INFO] [stdout] 
[INFO] [stdout] 
[INFO] [stdout] error[E0433]: failed to resolve: use of undeclared crate or module `test_utils`
[INFO] [stdout]  --> src/chiplets/bitwise/tests.rs:7:5
[INFO] [stdout]   |
[INFO] [stdout] 7 | use test_utils::rand::rand_value;
[INFO] [stdout]   |     ^^^^^^^^^^ use of undeclared crate or module `test_utils`
[INFO] [stdout] 
[INFO] [stdout] 
[INFO] [stdout] error[E0433]: failed to resolve: use of undeclared crate or module `test_utils`
[INFO] [stdout]  --> src/chiplets/hasher/tests.rs:6:5
[INFO] [stdout]   |
[INFO] [stdout] 6 | use test_utils::rand::rand_array;
[INFO] [stdout]   |     ^^^^^^^^^^ use of undeclared crate or module `test_utils`
[INFO] [stdout] 
[INFO] [stdout] 
[INFO] [stdout] error[E0433]: failed to resolve: use of undeclared crate or module `test_utils`
[INFO] [stdout]  --> src/trace/tests/mod.rs:3:5
[INFO] [stdout]   |
[INFO] [stdout] 3 | use test_utils::rand::rand_array;
[INFO] [stdout]   |     ^^^^^^^^^^ use of undeclared crate or module `test_utils`
[INFO] [stdout] 
[INFO] [stdout] 
[INFO] [stdout] error[E0433]: failed to resolve: use of undeclared crate or module `test_utils`
[INFO] [stdout]  --> src/trace/tests/chiplets/mod.rs:4:5
[INFO] [stdout]   |
[INFO] [stdout] 4 | use test_utils::rand::rand_value;
[INFO] [stdout]   |     ^^^^^^^^^^ use of undeclared crate or module `test_utils`
[INFO] [stdout] 
[INFO] [stdout] 
[INFO] [stdout] error[E0433]: failed to resolve: use of undeclared crate or module `test_utils`
[INFO] [stdout]  --> src/trace/tests/decoder.rs:5:5
[INFO] [stdout]   |
[INFO] [stdout] 5 | use test_utils::rand::rand_array;
[INFO] [stdout]   |     ^^^^^^^^^^ use of undeclared crate or module `test_utils`
[INFO] [stdout] 
[INFO] [stdout] 
[INFO] [stdout] error[E0433]: failed to resolve: use of undeclared crate or module `test_utils`
[INFO] [stdout]  --> src/trace/tests/range.rs:4:5
[INFO] [stdout]   |
[INFO] [stdout] 4 | use test_utils::rand::rand_array;
[INFO] [stdout]   |     ^^^^^^^^^^ use of undeclared crate or module `test_utils`
[INFO] [stdout] 
[INFO] [stdout] 
[INFO] [stdout] error[E0432]: unresolved import `test_utils`
[INFO] [stdout]    --> src/operations/comb_ops.rs:176:9
[INFO] [stdout]     |
[INFO] [stdout] 176 |     use test_utils::{build_test, rand::rand_array};
[INFO] [stdout]     |         ^^^^^^^^^^ use of undeclared crate or module `test_utils`
[INFO] [stdout] 
[INFO] [stdout] 
[INFO] [stdout] error[E0282]: type annotations needed for `&_`
[INFO] [stdout]    --> src/operations/comb_ops.rs:344:57
[INFO] [stdout]     |
[INFO] [stdout] 344 |         let adv_stack: Vec<u64> = adv_stack.iter().map(|e| e.as_int()).collect();
[INFO] [stdout]     |                                                         ^    ------ type must be known at this point
[INFO] [stdout]     |
[INFO] [stdout] help: consider giving this closure parameter an explicit type, where the type for type parameter `T` is specified
[INFO] [stdout]     |
[INFO] [stdout] 344 |         let adv_stack: Vec<u64> = adv_stack.iter().map(|e: &T| e.as_int()).collect();
[INFO] [stdout]     |                                                          ++++
[INFO] [stdout] 
[INFO] [stdout] 
[INFO] [stdout] error[E0599]: no method named `get_column_range` found for struct `MainTrace` in the current scope
[INFO] [stdout]     --> src/decoder/tests.rs:1347:14
[INFO] [stdout]      |
[INFO] [stdout] 1346 | /         trace
[INFO] [stdout] 1347 | |             .get_column_range(DECODER_TRACE_RANGE)
[INFO] [stdout]      | |_____________-^^^^^^^^^^^^^^^^
[INFO] [stdout]      |
[INFO] [stdout] help: there is a method `get_column` with a similar name
[INFO] [stdout]      |
[INFO] [stdout] 1347 |             .get_column(DECODER_TRACE_RANGE)
[INFO] [stdout]      |              ~~~~~~~~~~
[INFO] [stdout] 
[INFO] [stdout] 
[INFO] [stdout] error[E0599]: no method named `get_column_range` found for struct `MainTrace` in the current scope
[INFO] [stdout]     --> src/decoder/tests.rs:1367:14
[INFO] [stdout]      |
[INFO] [stdout] 1366 | /         trace
[INFO] [stdout] 1367 | |             .get_column_range(DECODER_TRACE_RANGE)
[INFO] [stdout]      | |_____________-^^^^^^^^^^^^^^^^
[INFO] [stdout]      |
[INFO] [stdout] help: there is a method `get_column` with a similar name
[INFO] [stdout]      |
[INFO] [stdout] 1367 |             .get_column(DECODER_TRACE_RANGE)
[INFO] [stdout]      |              ~~~~~~~~~~
[INFO] [stdout] 
[INFO] [stdout] 
[INFO] [stdout] error[E0599]: no method named `get_column_range` found for struct `MainTrace` in the current scope
[INFO] [stdout]     --> src/decoder/tests.rs:1385:10
[INFO] [stdout]      |
[INFO] [stdout] 1384 |       let sys_trace = trace
[INFO] [stdout]      |  _____________________-
[INFO] [stdout] 1385 | |         .get_column_range(SYS_TRACE_RANGE)
[INFO] [stdout]      | |_________-^^^^^^^^^^^^^^^^
[INFO] [stdout]      |
[INFO] [stdout] help: there is a method `get_column` with a similar name
[INFO] [stdout]      |
[INFO] [stdout] 1385 |         .get_column(SYS_TRACE_RANGE)
[INFO] [stdout]      |          ~~~~~~~~~~
[INFO] [stdout] 
[INFO] [stdout] 
[INFO] [stdout] error[E0599]: no method named `get_column_range` found for struct `MainTrace` in the current scope
[INFO] [stdout]     --> src/decoder/tests.rs:1390:10
[INFO] [stdout]      |
[INFO] [stdout] 1389 |       let decoder_trace = trace
[INFO] [stdout]      |  _________________________-
[INFO] [stdout] 1390 | |         .get_column_range(DECODER_TRACE_RANGE)
[INFO] [stdout]      | |_________-^^^^^^^^^^^^^^^^
[INFO] [stdout]      |
[INFO] [stdout] help: there is a method `get_column` with a similar name
[INFO] [stdout]      |
[INFO] [stdout] 1390 |         .get_column(DECODER_TRACE_RANGE)
[INFO] [stdout]      |          ~~~~~~~~~~
[INFO] [stdout] 
[INFO] [stdout] 
[INFO] [stdout] error[E0599]: no method named `get_column_range` found for struct `MainTrace` in the current scope
[INFO] [stdout]    --> src/chiplets/tests.rs:132:14
[INFO] [stdout]     |
[INFO] [stdout] 131 | /         trace
[INFO] [stdout] 132 | |             .get_column_range(CHIPLETS_RANGE)
[INFO] [stdout]     | |_____________-^^^^^^^^^^^^^^^^
[INFO] [stdout]     |
[INFO] [stdout] help: there is a method `get_column` with a similar name
[INFO] [stdout]     |
[INFO] [stdout] 132 |             .get_column(CHIPLETS_RANGE)
[INFO] [stdout]     |              ~~~~~~~~~~
[INFO] [stdout] 
[INFO] [stdout] 
[INFO] [stdout] Some errors have detailed explanations: E0282, E0432, E0433, E0599.
[INFO] [stdout] 
[INFO] [stdout] For more information about an error, try `rustc --explain E0282`.
[INFO] [stdout] 
[INFO] [stderr] error: could not compile `miden-processor` (lib test) due to 21 previous errors
[INFO] running `Command { std: "docker" "inspect" "4dcc902cc272d6bce5175607f75fd395a85a189c4dc17d673574c0f6691d5e36", kill_on_drop: false }`
[INFO] running `Command { std: "docker" "rm" "-f" "4dcc902cc272d6bce5175607f75fd395a85a189c4dc17d673574c0f6691d5e36", kill_on_drop: false }`
[INFO] [stdout] 4dcc902cc272d6bce5175607f75fd395a85a189c4dc17d673574c0f6691d5e36
