[INFO] fetching crate miden-objects 0.5.1...
[INFO] testing miden-objects-0.5.1 against nightly-2024-10-28 for randomize-layout
[INFO] extracting crate miden-objects 0.5.1 into /workspace/builds/worker-0-tc1/source
[INFO] validating manifest of crates.io crate miden-objects 0.5.1 on toolchain nightly-2024-10-28
[INFO] running `Command { std: CARGO_HOME="/workspace/cargo-home" RUSTUP_HOME="/workspace/rustup-home" "/workspace/cargo-home/bin/cargo" "+nightly-2024-10-28" "metadata" "--manifest-path" "Cargo.toml" "--no-deps", kill_on_drop: false }`
[INFO] started tweaking crates.io crate miden-objects 0.5.1
[INFO] finished tweaking crates.io crate miden-objects 0.5.1
[INFO] tweaked toml for crates.io crate miden-objects 0.5.1 written to /workspace/builds/worker-0-tc1/source/Cargo.toml
[INFO] running `Command { std: CARGO_HOME="/workspace/cargo-home" RUSTUP_HOME="/workspace/rustup-home" "/workspace/cargo-home/bin/cargo" "+nightly-2024-10-28" "generate-lockfile" "--manifest-path" "Cargo.toml", kill_on_drop: false }`
[INFO] [stderr]     Updating crates.io index
[INFO] [stderr]      Locking 236 packages to latest compatible versions
[INFO] [stderr]       Adding miden-crypto v0.10.3 (available: v0.12.0)
[INFO] [stderr]       Adding rstest v0.22.0 (available: v0.23.0)
[INFO] [stderr]       Adding winter-rand-utils v0.9.0 (available: v0.10.1)
[INFO] running `Command { std: CARGO_HOME="/workspace/cargo-home" RUSTUP_HOME="/workspace/rustup-home" "/workspace/cargo-home/bin/cargo" "+nightly-2024-10-28" "fetch" "--manifest-path" "Cargo.toml", kill_on_drop: false }`
[INFO] [stderr]  Downloading crates ...
[INFO] [stderr]   Downloaded rstest_macros v0.22.0
[INFO] [stderr]   Downloaded miden-verifier v0.10.5
[INFO] [stderr]   Downloaded winter-rand-utils v0.9.0
[INFO] [stderr]   Downloaded rstest v0.22.0
[INFO] [stderr]   Downloaded winter-maybe-async v0.9.0
[INFO] [stderr]   Downloaded winter-verifier v0.9.0
[INFO] [stderr]   Downloaded miden-thiserror v1.0.59
[INFO] [stderr]   Downloaded miden-formatting v0.1.1
[INFO] [stderr]   Downloaded miden-miette-derive v7.1.0
[INFO] [stderr]   Downloaded generator v0.8.3
[INFO] [stderr]   Downloaded winter-crypto v0.9.0
[INFO] [stderr]   Downloaded winter-math v0.9.3
[INFO] [stderr]   Downloaded winter-prover v0.9.0
[INFO] [stderr]   Downloaded loom v0.7.2
[INFO] [stderr]   Downloaded miden-miette v7.1.1
[INFO] [stderr]   Downloaded miden-core v0.10.5
[INFO] [stderr]   Downloaded miden-assembly v0.10.5
[INFO] [stderr]   Downloaded miden-crypto v0.10.3
[INFO] [stderr]   Downloaded miden-processor v0.10.6
[INFO] [stderr]   Downloaded miden-air v0.10.5
[INFO] [stderr]   Downloaded winter-air v0.9.0
[INFO] [stderr]   Downloaded miden-thiserror-impl v1.0.59
[INFO] [stderr]   Downloaded winter-fri v0.9.0
[INFO] [stderr]   Downloaded winter-utils v0.9.3
[INFO] running `Command { std: "docker" "create" "-v" "/var/lib/crater-agent-workspace/builds/worker-0-tc1/target:/opt/rustwide/target:rw,Z" "-v" "/var/lib/crater-agent-workspace/builds/worker-0-tc1/source:/opt/rustwide/workdir:ro,Z" "-v" "/var/lib/crater-agent-workspace/cargo-home:/opt/rustwide/cargo-home:ro,Z" "-v" "/var/lib/crater-agent-workspace/rustup-home:/opt/rustwide/rustup-home:ro,Z" "-e" "SOURCE_DIR=/opt/rustwide/workdir" "-e" "CARGO_TARGET_DIR=/opt/rustwide/target" "-e" "CARGO_HOME=/opt/rustwide/cargo-home" "-e" "RUSTUP_HOME=/opt/rustwide/rustup-home" "-w" "/opt/rustwide/workdir" "-m" "1610612736" "--user" "0:0" "--network" "none" "ghcr.io/rust-lang/crates-build-env/linux@sha256:4a844ea9eb2546a2d2c7022eacef16ef2e8229c7fbb2c7d4d55a9ceca922f72d" "/opt/rustwide/cargo-home/bin/cargo" "+nightly-2024-10-28" "metadata" "--no-deps" "--format-version=1", kill_on_drop: false }`
[INFO] [stdout] 2ecfe4af874cd79369b03e565eb87b20101cc86ac26184a9a14bb9e01156c6f8
[INFO] running `Command { std: "docker" "start" "-a" "2ecfe4af874cd79369b03e565eb87b20101cc86ac26184a9a14bb9e01156c6f8", kill_on_drop: false }`
[INFO] running `Command { std: "docker" "inspect" "2ecfe4af874cd79369b03e565eb87b20101cc86ac26184a9a14bb9e01156c6f8", kill_on_drop: false }`
[INFO] running `Command { std: "docker" "rm" "-f" "2ecfe4af874cd79369b03e565eb87b20101cc86ac26184a9a14bb9e01156c6f8", kill_on_drop: false }`
[INFO] [stdout] 2ecfe4af874cd79369b03e565eb87b20101cc86ac26184a9a14bb9e01156c6f8
[INFO] running `Command { std: "docker" "create" "-v" "/var/lib/crater-agent-workspace/builds/worker-0-tc1/target:/opt/rustwide/target:rw,Z" "-v" "/var/lib/crater-agent-workspace/builds/worker-0-tc1/source:/opt/rustwide/workdir:ro,Z" "-v" "/var/lib/crater-agent-workspace/cargo-home:/opt/rustwide/cargo-home:ro,Z" "-v" "/var/lib/crater-agent-workspace/rustup-home:/opt/rustwide/rustup-home:ro,Z" "-e" "SOURCE_DIR=/opt/rustwide/workdir" "-e" "CARGO_TARGET_DIR=/opt/rustwide/target" "-e" "CARGO_INCREMENTAL=0" "-e" "RUST_BACKTRACE=full" "-e" "RUSTFLAGS=--cap-lints=forbid" "-e" "RUSTDOCFLAGS=--cap-lints=forbid" "-e" "CARGO_HOME=/opt/rustwide/cargo-home" "-e" "RUSTUP_HOME=/opt/rustwide/rustup-home" "-w" "/opt/rustwide/workdir" "-m" "1610612736" "--user" "0:0" "--network" "none" "ghcr.io/rust-lang/crates-build-env/linux@sha256:4a844ea9eb2546a2d2c7022eacef16ef2e8229c7fbb2c7d4d55a9ceca922f72d" "/opt/rustwide/cargo-home/bin/cargo" "+nightly-2024-10-28" "build" "--frozen" "--message-format=json", kill_on_drop: false }`
[INFO] [stdout] 8c14bff86562b018f95fce3ac5d911bd05ec49059f995d16d5237f0c5337e41f
[INFO] running `Command { std: "docker" "start" "-a" "8c14bff86562b018f95fce3ac5d911bd05ec49059f995d16d5237f0c5337e41f", kill_on_drop: false }`
[INFO] [stderr]    Compiling libc v0.2.161
[INFO] [stderr]    Compiling libm v0.2.11
[INFO] [stderr]    Compiling regex-syntax v0.8.5
[INFO] [stderr]    Compiling serde v1.0.214
[INFO] [stderr]    Compiling num-traits v0.2.19
[INFO] [stderr]    Compiling aho-corasick v1.1.3
[INFO] [stderr]    Compiling glob v0.3.1
[INFO] [stderr]    Compiling winter-utils v0.9.3
[INFO] [stderr]    Compiling pin-project-lite v0.2.15
[INFO] [stderr]    Compiling futures-core v0.3.31
[INFO] [stderr]    Compiling target-triple v0.1.3
[INFO] [stderr]    Compiling futures-sink v0.3.31
[INFO] [stderr]    Compiling futures-task v0.3.31
[INFO] [stderr]    Compiling syn v2.0.86
[INFO] [stderr]    Compiling vte_generate_state_changes v0.1.2
[INFO] [stderr]    Compiling sha3 v0.10.8
[INFO] [stderr]    Compiling serde_json v1.0.132
[INFO] [stderr]    Compiling pin-utils v0.1.0
[INFO] [stderr]    Compiling itoa v1.0.11
[INFO] [stderr]    Compiling semver-parser v0.7.0
[INFO] [stderr]    Compiling utf8parse v0.2.2
[INFO] [stderr]    Compiling ryu v1.0.18
[INFO] [stderr]    Compiling futures-util v0.3.31
[INFO] [stderr]    Compiling futures-channel v0.3.31
[INFO] [stderr]    Compiling termcolor v1.4.1
[INFO] [stderr]    Compiling winter-math v0.9.3
[INFO] [stderr]    Compiling vte v0.11.1
[INFO] [stderr]    Compiling semver v0.9.0
[INFO] [stderr]    Compiling rustix v0.38.38
[INFO] [stderr]    Compiling futures-io v0.3.31
[INFO] [stderr]    Compiling gimli v0.31.1
[INFO] [stderr]    Compiling dissimilar v1.0.9
[INFO] [stderr]    Compiling adler2 v2.0.0
[INFO] [stderr]    Compiling lock_api v0.4.12
[INFO] [stderr]    Compiling rustc_version v0.2.3
[INFO] [stderr]    Compiling miniz_oxide v0.8.0
[INFO] [stderr]    Compiling object v0.36.5
[INFO] [stderr]    Compiling unicode-width v0.1.14
[INFO] [stderr]    Compiling miden-thiserror v1.0.59
[INFO] [stderr]    Compiling indenter v0.3.3
[INFO] [stderr]    Compiling owo-colors v4.1.0
[INFO] [stderr]    Compiling lazy_static v1.5.0
[INFO] [stderr]    Compiling rustc-demangle v0.1.24
[INFO] [stderr]    Compiling smallvec v1.13.2
[INFO] [stderr]    Compiling jobserver v0.1.32
[INFO] [stderr]    Compiling getrandom v0.2.15
[INFO] [stderr]    Compiling dirs-sys-next v0.1.2
[INFO] [stderr]    Compiling strip-ansi-escapes v0.2.0
[INFO] [stderr]    Compiling is_ci v1.2.0
[INFO] [stderr]    Compiling rand_core v0.6.4
[INFO] [stderr]    Compiling unicode-linebreak v0.1.5
[INFO] [stderr]    Compiling smawk v0.3.2
[INFO] [stderr]    Compiling cc v1.1.31
[INFO] [stderr]    Compiling parking_lot_core v0.9.10
[INFO] [stderr]    Compiling crunchy v0.2.2
[INFO] [stderr]    Compiling supports-color v3.0.1
[INFO] [stderr]    Compiling dirs-next v2.0.0
[INFO] [stderr]    Compiling textwrap v0.16.1
[INFO] [stderr]    Compiling supports-hyperlinks v3.0.0
[INFO] [stderr]    Compiling num-integer v0.1.46
[INFO] [stderr]    Compiling num-complex v0.4.6
[INFO] [stderr]    Compiling supports-unicode v3.0.0
[INFO] [stderr]    Compiling terminal_size v0.3.0
[INFO] [stderr]    Compiling spin v0.9.8
[INFO] [stderr]    Compiling tiny-keccak v2.0.2
[INFO] [stderr]    Compiling siphasher v0.3.11
[INFO] [stderr]    Compiling tracing-core v0.1.32
[INFO] [stderr]    Compiling num-bigint v0.4.6
[INFO] [stderr]    Compiling num-iter v0.1.45
[INFO] [stderr]    Compiling phf_shared v0.10.0
[INFO] [stderr]    Compiling futures v0.3.31
[INFO] [stderr]    Compiling parking_lot v0.12.3
[INFO] [stderr]    Compiling regex-automata v0.4.8
[INFO] [stderr]    Compiling term v0.7.0
[INFO] [stderr]    Compiling miden-formatting v0.1.1
[INFO] [stderr]    Compiling same-file v1.0.6
[INFO] [stderr]    Compiling precomputed-hash v0.1.1
[INFO] [stderr]    Compiling either v1.13.0
[INFO] [stderr]    Compiling bit-vec v0.6.3
[INFO] [stderr]    Compiling log v0.4.22
[INFO] [stderr]    Compiling once_cell v1.20.2
[INFO] [stderr]    Compiling new_debug_unreachable v1.0.6
[INFO] [stderr]    Compiling fixedbitset v0.4.2
[INFO] [stderr]    Compiling ena v0.14.3
[INFO] [stderr]    Compiling itertools v0.11.0
[INFO] [stderr]    Compiling bit-set v0.5.3
[INFO] [stderr]    Compiling ascii-canvas v3.0.0
[INFO] [stderr]    Compiling string_cache v0.8.7
[INFO] [stderr]    Compiling walkdir v2.5.0
[INFO] [stderr]    Compiling petgraph v0.6.5
[INFO] [stderr]    Compiling lalrpop-util v0.20.2
[INFO] [stderr]    Compiling unicode-xid v0.2.6
[INFO] [stderr]    Compiling addr2line v0.24.2
[INFO] [stderr]    Compiling blake3 v1.5.4
[INFO] [stderr]    Compiling miden-crypto v0.10.3
[INFO] [stderr]    Compiling serde_spanned v0.6.8
[INFO] [stderr]    Compiling toml_datetime v0.6.8
[INFO] [stderr]    Compiling num-rational v0.4.2
[INFO] [stderr]    Compiling toml_edit v0.22.22
[INFO] [stderr]    Compiling num v0.4.3
[INFO] [stderr]    Compiling winter-crypto v0.9.0
[INFO] [stderr]    Compiling winter-fri v0.9.0
[INFO] [stderr]    Compiling regex v1.11.1
[INFO] [stderr]    Compiling backtrace v0.3.74
[INFO] [stderr]    Compiling zerocopy-derive v0.7.35
[INFO] [stderr]    Compiling serde_derive v1.0.214
[INFO] [stderr]    Compiling miden-thiserror-impl v1.0.59
[INFO] [stderr]    Compiling tracing-attributes v0.1.27
[INFO] [stderr]    Compiling miden-miette-derive v7.1.0
[INFO] [stderr]    Compiling num-derive v0.4.2
[INFO] [stderr]    Compiling winter-air v0.9.0
[INFO] [stderr]    Compiling winter-maybe-async v0.9.0
[INFO] [stderr]    Compiling lalrpop v0.20.2
[INFO] [stderr]    Compiling winter-verifier v0.9.0
[INFO] [stderr]    Compiling backtrace-ext v0.2.1
[INFO] [stderr]    Compiling zerocopy v0.7.35
[INFO] [stderr]    Compiling toml v0.8.19
[INFO] [stderr]    Compiling tracing v0.1.40
[INFO] [stderr]    Compiling winter-prover v0.9.0
[INFO] [stderr]    Compiling ppv-lite86 v0.2.20
[INFO] [stderr]    Compiling rand_chacha v0.3.1
[INFO] [stderr]    Compiling rand v0.8.5
[INFO] [stderr]    Compiling trybuild v1.0.101
[INFO] [stderr]    Compiling miden-miette v7.1.1
[INFO] [stderr]    Compiling miden-core v0.10.5
[INFO] [stderr]    Compiling miden-air v0.10.5
[INFO] [stderr]    Compiling miden-processor v0.10.6
[INFO] [stderr]    Compiling miden-verifier v0.10.5
[INFO] [stderr]    Compiling miden-assembly v0.10.5
[INFO] [stderr]    Compiling miden-objects v0.5.1 (/opt/rustwide/workdir)
[INFO] [stderr]     Finished `dev` profile [unoptimized + debuginfo] target(s) in 21.35s
[INFO] running `Command { std: "docker" "inspect" "8c14bff86562b018f95fce3ac5d911bd05ec49059f995d16d5237f0c5337e41f", kill_on_drop: false }`
[INFO] running `Command { std: "docker" "rm" "-f" "8c14bff86562b018f95fce3ac5d911bd05ec49059f995d16d5237f0c5337e41f", kill_on_drop: false }`
[INFO] [stdout] 8c14bff86562b018f95fce3ac5d911bd05ec49059f995d16d5237f0c5337e41f
[INFO] running `Command { std: "docker" "create" "-v" "/var/lib/crater-agent-workspace/builds/worker-0-tc1/target:/opt/rustwide/target:rw,Z" "-v" "/var/lib/crater-agent-workspace/builds/worker-0-tc1/source:/opt/rustwide/workdir:ro,Z" "-v" "/var/lib/crater-agent-workspace/cargo-home:/opt/rustwide/cargo-home:ro,Z" "-v" "/var/lib/crater-agent-workspace/rustup-home:/opt/rustwide/rustup-home:ro,Z" "-e" "SOURCE_DIR=/opt/rustwide/workdir" "-e" "CARGO_TARGET_DIR=/opt/rustwide/target" "-e" "CARGO_INCREMENTAL=0" "-e" "RUST_BACKTRACE=full" "-e" "RUSTFLAGS=--cap-lints=forbid" "-e" "RUSTDOCFLAGS=--cap-lints=forbid" "-e" "CARGO_HOME=/opt/rustwide/cargo-home" "-e" "RUSTUP_HOME=/opt/rustwide/rustup-home" "-w" "/opt/rustwide/workdir" "-m" "1610612736" "--user" "0:0" "--network" "none" "ghcr.io/rust-lang/crates-build-env/linux@sha256:4a844ea9eb2546a2d2c7022eacef16ef2e8229c7fbb2c7d4d55a9ceca922f72d" "/opt/rustwide/cargo-home/bin/cargo" "+nightly-2024-10-28" "test" "--frozen" "--no-run" "--message-format=json", kill_on_drop: false }`
[INFO] [stdout] af36d1f41b7636a6f3e20218bb2c92c54f8d533332958b5ed210a05ebc883813
[INFO] running `Command { std: "docker" "start" "-a" "af36d1f41b7636a6f3e20218bb2c92c54f8d533332958b5ed210a05ebc883813", kill_on_drop: false }`
[INFO] [stderr]    Compiling memchr v2.7.4
[INFO] [stderr]    Compiling num-traits v0.2.19
[INFO] [stderr]    Compiling syn v2.0.86
[INFO] [stderr]    Compiling toml_edit v0.22.22
[INFO] [stderr]    Compiling rustix v0.38.38
[INFO] [stderr]    Compiling futures-util v0.3.31
[INFO] [stderr]    Compiling object v0.36.5
[INFO] [stderr]    Compiling either v1.13.0
[INFO] [stderr]    Compiling slab v0.4.9
[INFO] [stderr]    Compiling serde v1.0.214
[INFO] [stderr]    Compiling string_cache v0.8.7
[INFO] [stderr]    Compiling futures-core v0.3.31
[INFO] [stderr]    Compiling futures-sink v0.3.31
[INFO] [stderr]    Compiling futures-io v0.3.31
[INFO] [stderr]    Compiling futures-task v0.3.31
[INFO] [stderr]    Compiling rstest_macros v0.22.0
[INFO] [stderr]    Compiling half v2.4.1
[INFO] [stderr]    Compiling futures-channel v0.3.31
[INFO] [stderr]    Compiling regex-syntax v0.8.5
[INFO] [stderr]    Compiling ciborium-io v0.2.2
[INFO] [stderr]    Compiling anstyle v1.0.9
[INFO] [stderr]    Compiling itertools v0.11.0
[INFO] [stderr]    Compiling itertools v0.10.5
[INFO] [stderr]    Compiling relative-path v1.9.3
[INFO] [stderr]    Compiling cast v0.3.0
[INFO] [stderr]    Compiling ciborium-ll v0.2.2
[INFO] [stderr]    Compiling is-terminal v0.4.13
[INFO] [stderr]    Compiling oorandom v11.1.4
[INFO] [stderr]    Compiling clap_builder v4.5.20
[INFO] [stderr]    Compiling anes v0.1.6
[INFO] [stderr]    Compiling fastrand v2.1.1
[INFO] [stderr]    Compiling futures-timer v3.0.3
[INFO] [stderr]    Compiling aho-corasick v1.1.3
[INFO] [stderr]    Compiling serde_json v1.0.132
[INFO] [stderr]    Compiling num-integer v0.1.46
[INFO] [stderr]    Compiling num-complex v0.4.6
[INFO] [stderr]    Compiling num-bigint v0.4.6
[INFO] [stderr]    Compiling num-iter v0.1.45
[INFO] [stderr]    Compiling criterion-plot v0.5.0
[INFO] [stderr]    Compiling regex-automata v0.4.8
[INFO] [stderr]    Compiling futures v0.3.31
[INFO] [stderr]    Compiling toml v0.8.19
[INFO] [stderr]    Compiling proc-macro-crate v3.2.0
[INFO] [stderr]    Compiling clap v4.5.20
[INFO] [stderr]    Compiling num-rational v0.4.2
[INFO] [stderr]    Compiling terminal_size v0.3.0
[INFO] [stderr]    Compiling tempfile v3.13.0
[INFO] [stderr]    Compiling num v0.4.3
[INFO] [stderr]    Compiling regex v1.11.1
[INFO] [stderr]    Compiling backtrace v0.3.74
[INFO] [stderr]    Compiling backtrace-ext v0.2.1
[INFO] [stderr]    Compiling lalrpop v0.20.2
[INFO] [stderr]    Compiling serde_derive v1.0.214
[INFO] [stderr]    Compiling zerocopy-derive v0.7.35
[INFO] [stderr]    Compiling miden-thiserror-impl v1.0.59
[INFO] [stderr]    Compiling tracing-attributes v0.1.27
[INFO] [stderr]    Compiling miden-miette-derive v7.1.0
[INFO] [stderr]    Compiling num-derive v0.4.2
[INFO] [stderr]    Compiling winter-maybe-async v0.9.0
[INFO] [stderr]    Compiling futures-macro v0.3.31
[INFO] [stderr]    Compiling zerocopy v0.7.35
[INFO] [stderr]    Compiling miden-thiserror v1.0.59
[INFO] [stderr]    Compiling tracing v0.1.40
[INFO] [stderr]    Compiling winter-prover v0.9.0
[INFO] [stderr]    Compiling ppv-lite86 v0.2.20
[INFO] [stderr]    Compiling rand_chacha v0.3.1
[INFO] [stderr]    Compiling rand v0.8.5
[INFO] [stderr]    Compiling miden-crypto v0.10.3
[INFO] [stderr]    Compiling trybuild v1.0.101
[INFO] [stderr]    Compiling futures-executor v0.3.31
[INFO] [stderr]    Compiling rstest v0.22.0
[INFO] [stderr]    Compiling miden-miette v7.1.1
[INFO] [stderr]    Compiling miden-core v0.10.5
[INFO] [stderr]    Compiling ciborium v0.2.2
[INFO] [stderr]    Compiling miden-air v0.10.5
[INFO] [stderr]    Compiling tinytemplate v1.2.1
[INFO] [stderr]    Compiling miden-processor v0.10.6
[INFO] [stderr]    Compiling miden-verifier v0.10.5
[INFO] [stderr]    Compiling criterion v0.5.1
[INFO] [stderr]    Compiling miden-assembly v0.10.5
[INFO] [stderr]    Compiling miden-objects v0.5.1 (/opt/rustwide/workdir)
[INFO] [stdout] error[E0433]: failed to resolve: unresolved import
[INFO] [stdout]    --> src/accounts/delta/storage.rs:275:36
[INFO] [stdout]     |
[INFO] [stdout] 275 |         accounts::StorageMapDelta, testing::storage::AccountStorageDeltaBuilder, ONE, ZERO,
[INFO] [stdout]     |                                    ^^^^^^^
[INFO] [stdout]     |                                    |
[INFO] [stdout]     |                                    unresolved import
[INFO] [stdout]     |                                    help: a similar path exists: `accounts::account_id::testing`
[INFO] [stdout]     |
[INFO] [stdout] note: found an item that was configured out
[INFO] [stdout]    --> src/lib.rs:17:9
[INFO] [stdout]     |
[INFO] [stdout] 17  | pub mod testing;
[INFO] [stdout]     |         ^^^^^^^
[INFO] [stdout] note: the item is gated behind the `testing` feature
[INFO] [stdout]    --> src/lib.rs:16:7
[INFO] [stdout]     |
[INFO] [stdout] 16  | #[cfg(feature = "testing")]
[INFO] [stdout]     |       ^^^^^^^^^^^^^^^^^^^
[INFO] [stdout] 
[INFO] [stdout] 
[INFO] [stdout] error[E0433]: failed to resolve: unresolved import
[INFO] [stdout]    --> src/accounts/delta/vault.rs:458:9
[INFO] [stdout]     |
[INFO] [stdout] 458 |         testing::storage::build_assets,
[INFO] [stdout]     |         ^^^^^^^
[INFO] [stdout]     |         |
[INFO] [stdout]     |         unresolved import
[INFO] [stdout]     |         help: a similar path exists: `accounts::account_id::testing`
[INFO] [stdout]     |
[INFO] [stdout] note: found an item that was configured out
[INFO] [stdout]    --> src/lib.rs:17:9
[INFO] [stdout]     |
[INFO] [stdout] 17  | pub mod testing;
[INFO] [stdout]     |         ^^^^^^^
[INFO] [stdout] note: the item is gated behind the `testing` feature
[INFO] [stdout]    --> src/lib.rs:16:7
[INFO] [stdout]     |
[INFO] [stdout] 16  | #[cfg(feature = "testing")]
[INFO] [stdout]     |       ^^^^^^^^^^^^^^^^^^^
[INFO] [stdout] 
[INFO] [stdout] 
[INFO] [stdout] error[E0433]: failed to resolve: unresolved import
[INFO] [stdout]    --> src/accounts/mod.rs:326:9
[INFO] [stdout]     |
[INFO] [stdout] 326 |         testing::storage::{
[INFO] [stdout]     |         ^^^^^^^
[INFO] [stdout]     |         |
[INFO] [stdout]     |         unresolved import
[INFO] [stdout]     |         help: a similar path exists: `accounts::account_id::testing`
[INFO] [stdout]     |
[INFO] [stdout] note: found an item that was configured out
[INFO] [stdout]    --> src/lib.rs:17:9
[INFO] [stdout]     |
[INFO] [stdout] 17  | pub mod testing;
[INFO] [stdout]     |         ^^^^^^^
[INFO] [stdout] note: the item is gated behind the `testing` feature
[INFO] [stdout]    --> src/lib.rs:16:7
[INFO] [stdout]     |
[INFO] [stdout] 16  | #[cfg(feature = "testing")]
[INFO] [stdout]     |       ^^^^^^^^^^^^^^^^^^^
[INFO] [stdout] 
[INFO] [stdout] 
[INFO] [stdout] error[E0433]: failed to resolve: unresolved import
[INFO] [stdout]    --> src/notes/script.rs:203:16
[INFO] [stdout]     |
[INFO] [stdout] 203 |     use crate::testing::notes::DEFAULT_NOTE_CODE;
[INFO] [stdout]     |                ^^^^^^^
[INFO] [stdout]     |                |
[INFO] [stdout]     |                unresolved import
[INFO] [stdout]     |                help: a similar path exists: `accounts::account_id::testing`
[INFO] [stdout]     |
[INFO] [stdout] note: found an item that was configured out
[INFO] [stdout]    --> src/lib.rs:17:9
[INFO] [stdout]     |
[INFO] [stdout] 17  | pub mod testing;
[INFO] [stdout]     |         ^^^^^^^
[INFO] [stdout] note: the item is gated behind the `testing` feature
[INFO] [stdout]    --> src/lib.rs:16:7
[INFO] [stdout]     |
[INFO] [stdout] 16  | #[cfg(feature = "testing")]
[INFO] [stdout]     |       ^^^^^^^^^^^^^^^^^^^
[INFO] [stdout] 
[INFO] [stdout] 
[INFO] [stdout] error[E0432]: unresolved import `winter_rand_utils`
[INFO] [stdout]    --> src/block/header.rs:243:9
[INFO] [stdout]     |
[INFO] [stdout] 243 |     use winter_rand_utils::rand_array;
[INFO] [stdout]     |         ^^^^^^^^^^^^^^^^^ use of undeclared crate or module `winter_rand_utils`
[INFO] [stdout] 
[INFO] [stdout] 
[INFO] [stdout] error[E0599]: no function or associated item named `mock` found for struct `AccountCode` in the current scope
[INFO] [stdout]    --> src/accounts/code/procedure.rs:107:41
[INFO] [stdout]     |
[INFO] [stdout] 107 |         let account_code = AccountCode::mock();
[INFO] [stdout]     |                                         ^^^^ function or associated item not found in `AccountCode`
[INFO] [stdout]     |
[INFO] [stdout]    ::: src/accounts/code/mod.rs:35:1
[INFO] [stdout]     |
[INFO] [stdout] 35  | pub struct AccountCode {
[INFO] [stdout]     | ---------------------- function or associated item `mock` not found for this struct
[INFO] [stdout]     |
[INFO] [stdout] note: if you're trying to build a new `AccountCode` consider using one of the following associated functions:
[INFO] [stdout]       AccountCode::new
[INFO] [stdout]       AccountCode::compile
[INFO] [stdout]       AccountCode::from_bytes
[INFO] [stdout]       AccountCode::from_parts
[INFO] [stdout]    --> src/accounts/code/mod.rs:59:5
[INFO] [stdout]     |
[INFO] [stdout] 59  |     pub fn new(library: Library) -> Result<Self, AccountError> {
[INFO] [stdout]     |     ^^^^^^^^^^^^^^^^^^^^^^^^^^^^^^^^^^^^^^^^^^^^^^^^^^^^^^^^^^
[INFO] [stdout] ...
[INFO] [stdout] 98  |     pub fn compile(source_code: impl Compile, assembler: Assembler) -> Result<Self, AccountError> {
[INFO] [stdout]     |     ^^^^^^^^^^^^^^^^^^^^^^^^^^^^^^^^^^^^^^^^^^^^^^^^^^^^^^^^^^^^^^^^^^^^^^^^^^^^^^^^^^^^^^^^^^^^^
[INFO] [stdout] ...
[INFO] [stdout] 110 |     pub fn from_bytes(bytes: &[u8]) -> Result<Self, AccountError> {
[INFO] [stdout]     |     ^^^^^^^^^^^^^^^^^^^^^^^^^^^^^^^^^^^^^^^^^^^^^^^^^^^^^^^^^^^^^
[INFO] [stdout] ...
[INFO] [stdout] 122 |     pub fn from_parts(mast: Arc<MastForest>, procedures: Vec<AccountProcedureInfo>) -> Self {
[INFO] [stdout]     |     ^^^^^^^^^^^^^^^^^^^^^^^^^^^^^^^^^^^^^^^^^^^^^^^^^^^^^^^^^^^^^^^^^^^^^^^^^^^^^^^^^^^^^^^
[INFO] [stdout] 
[INFO] [stdout] 
[INFO] [stdout] error[E0599]: no function or associated item named `mock` found for struct `AccountCode` in the current scope
[INFO] [stdout]    --> src/accounts/code/mod.rs:258:33
[INFO] [stdout]     |
[INFO] [stdout] 35  | pub struct AccountCode {
[INFO] [stdout]     | ---------------------- function or associated item `mock` not found for this struct
[INFO] [stdout] ...
[INFO] [stdout] 258 |         let code = AccountCode::mock();
[INFO] [stdout]     |                                 ^^^^ function or associated item not found in `AccountCode`
[INFO] [stdout]     |
[INFO] [stdout] note: if you're trying to build a new `AccountCode` consider using one of the following associated functions:
[INFO] [stdout]       AccountCode::new
[INFO] [stdout]       AccountCode::compile
[INFO] [stdout]       AccountCode::from_bytes
[INFO] [stdout]       AccountCode::from_parts
[INFO] [stdout]    --> src/accounts/code/mod.rs:59:5
[INFO] [stdout]     |
[INFO] [stdout] 59  |     pub fn new(library: Library) -> Result<Self, AccountError> {
[INFO] [stdout]     |     ^^^^^^^^^^^^^^^^^^^^^^^^^^^^^^^^^^^^^^^^^^^^^^^^^^^^^^^^^^
[INFO] [stdout] ...
[INFO] [stdout] 98  |     pub fn compile(source_code: impl Compile, assembler: Assembler) -> Result<Self, AccountError> {
[INFO] [stdout]     |     ^^^^^^^^^^^^^^^^^^^^^^^^^^^^^^^^^^^^^^^^^^^^^^^^^^^^^^^^^^^^^^^^^^^^^^^^^^^^^^^^^^^^^^^^^^^^^
[INFO] [stdout] ...
[INFO] [stdout] 110 |     pub fn from_bytes(bytes: &[u8]) -> Result<Self, AccountError> {
[INFO] [stdout]     |     ^^^^^^^^^^^^^^^^^^^^^^^^^^^^^^^^^^^^^^^^^^^^^^^^^^^^^^^^^^^^^
[INFO] [stdout] ...
[INFO] [stdout] 122 |     pub fn from_parts(mast: Arc<MastForest>, procedures: Vec<AccountProcedureInfo>) -> Self {
[INFO] [stdout]     |     ^^^^^^^^^^^^^^^^^^^^^^^^^^^^^^^^^^^^^^^^^^^^^^^^^^^^^^^^^^^^^^^^^^^^^^^^^^^^^^^^^^^^^^^
[INFO] [stdout] 
[INFO] [stdout] 
[INFO] [stdout] error[E0599]: no function or associated item named `mock` found for struct `AccountCode` in the current scope
[INFO] [stdout]    --> src/accounts/code/mod.rs:266:33
[INFO] [stdout]     |
[INFO] [stdout] 35  | pub struct AccountCode {
[INFO] [stdout]     | ---------------------- function or associated item `mock` not found for this struct
[INFO] [stdout] ...
[INFO] [stdout] 266 |         let code = AccountCode::mock();
[INFO] [stdout]     |                                 ^^^^ function or associated item not found in `AccountCode`
[INFO] [stdout]     |
[INFO] [stdout] note: if you're trying to build a new `AccountCode` consider using one of the following associated functions:
[INFO] [stdout]       AccountCode::new
[INFO] [stdout]       AccountCode::compile
[INFO] [stdout]       AccountCode::from_bytes
[INFO] [stdout]       AccountCode::from_parts
[INFO] [stdout]    --> src/accounts/code/mod.rs:59:5
[INFO] [stdout]     |
[INFO] [stdout] 59  |     pub fn new(library: Library) -> Result<Self, AccountError> {
[INFO] [stdout]     |     ^^^^^^^^^^^^^^^^^^^^^^^^^^^^^^^^^^^^^^^^^^^^^^^^^^^^^^^^^^
[INFO] [stdout] ...
[INFO] [stdout] 98  |     pub fn compile(source_code: impl Compile, assembler: Assembler) -> Result<Self, AccountError> {
[INFO] [stdout]     |     ^^^^^^^^^^^^^^^^^^^^^^^^^^^^^^^^^^^^^^^^^^^^^^^^^^^^^^^^^^^^^^^^^^^^^^^^^^^^^^^^^^^^^^^^^^^^^
[INFO] [stdout] ...
[INFO] [stdout] 110 |     pub fn from_bytes(bytes: &[u8]) -> Result<Self, AccountError> {
[INFO] [stdout]     |     ^^^^^^^^^^^^^^^^^^^^^^^^^^^^^^^^^^^^^^^^^^^^^^^^^^^^^^^^^^^^^
[INFO] [stdout] ...
[INFO] [stdout] 122 |     pub fn from_parts(mast: Arc<MastForest>, procedures: Vec<AccountProcedureInfo>) -> Self {
[INFO] [stdout]     |     ^^^^^^^^^^^^^^^^^^^^^^^^^^^^^^^^^^^^^^^^^^^^^^^^^^^^^^^^^^^^^^^^^^^^^^^^^^^^^^^^^^^^^^^
[INFO] [stdout] 
[INFO] [stdout] 
[INFO] [stdout] error[E0599]: no function or associated item named `mock` found for struct `AccountCode` in the current scope
[INFO] [stdout]    --> src/accounts/data.rs:118:33
[INFO] [stdout]     |
[INFO] [stdout] 118 |         let code = AccountCode::mock();
[INFO] [stdout]     |                                 ^^^^ function or associated item not found in `AccountCode`
[INFO] [stdout]     |
[INFO] [stdout]    ::: src/accounts/code/mod.rs:35:1
[INFO] [stdout]     |
[INFO] [stdout] 35  | pub struct AccountCode {
[INFO] [stdout]     | ---------------------- function or associated item `mock` not found for this struct
[INFO] [stdout]     |
[INFO] [stdout] note: if you're trying to build a new `AccountCode` consider using one of the following associated functions:
[INFO] [stdout]       AccountCode::new
[INFO] [stdout]       AccountCode::compile
[INFO] [stdout]       AccountCode::from_bytes
[INFO] [stdout]       AccountCode::from_parts
[INFO] [stdout]    --> src/accounts/code/mod.rs:59:5
[INFO] [stdout]     |
[INFO] [stdout] 59  |     pub fn new(library: Library) -> Result<Self, AccountError> {
[INFO] [stdout]     |     ^^^^^^^^^^^^^^^^^^^^^^^^^^^^^^^^^^^^^^^^^^^^^^^^^^^^^^^^^^
[INFO] [stdout] ...
[INFO] [stdout] 98  |     pub fn compile(source_code: impl Compile, assembler: Assembler) -> Result<Self, AccountError> {
[INFO] [stdout]     |     ^^^^^^^^^^^^^^^^^^^^^^^^^^^^^^^^^^^^^^^^^^^^^^^^^^^^^^^^^^^^^^^^^^^^^^^^^^^^^^^^^^^^^^^^^^^^^
[INFO] [stdout] ...
[INFO] [stdout] 110 |     pub fn from_bytes(bytes: &[u8]) -> Result<Self, AccountError> {
[INFO] [stdout]     |     ^^^^^^^^^^^^^^^^^^^^^^^^^^^^^^^^^^^^^^^^^^^^^^^^^^^^^^^^^^^^^
[INFO] [stdout] ...
[INFO] [stdout] 122 |     pub fn from_parts(mast: Arc<MastForest>, procedures: Vec<AccountProcedureInfo>) -> Self {
[INFO] [stdout]     |     ^^^^^^^^^^^^^^^^^^^^^^^^^^^^^^^^^^^^^^^^^^^^^^^^^^^^^^^^^^^^^^^^^^^^^^^^^^^^^^^^^^^^^^^
[INFO] [stdout] 
[INFO] [stdout] 
[INFO] [stdout] error[E0599]: no function or associated item named `mock` found for struct `block::header::BlockHeader` in the current scope
[INFO] [stdout]    --> src/block/header.rs:251:35
[INFO] [stdout]     |
[INFO] [stdout] 29  | pub struct BlockHeader {
[INFO] [stdout]     | ---------------------- function or associated item `mock` not found for this struct
[INFO] [stdout] ...
[INFO] [stdout] 251 |         let header = BlockHeader::mock(0, Some(chain_root.into()), Some(note_root.into()), &[]);
[INFO] [stdout]     |                                   ^^^^ function or associated item not found in `BlockHeader`
[INFO] [stdout]     |
[INFO] [stdout] note: if you're trying to build a new `block::header::BlockHeader`, consider using `block::header::BlockHeader::new` which returns `block::header::BlockHeader`
[INFO] [stdout]    --> src/block/header.rs:47:5
[INFO] [stdout]     |
[INFO] [stdout] 47  | /     pub fn new(
[INFO] [stdout] 48  | |         version: u32,
[INFO] [stdout] 49  | |         prev_hash: Digest,
[INFO] [stdout] 50  | |         block_num: u32,
[INFO] [stdout] ...   |
[INFO] [stdout] 57  | |         timestamp: u32,
[INFO] [stdout] 58  | |     ) -> Self {
[INFO] [stdout]     | |_____________^
[INFO] [stdout] 
[INFO] [stdout] 
[INFO] [stdout] error[E0599]: no function or associated item named `mock` found for struct `NoteScript` in the current scope
[INFO] [stdout]    --> src/notes/file.rs:130:34
[INFO] [stdout]     |
[INFO] [stdout] 130 |         let script = NoteScript::mock();
[INFO] [stdout]     |                                  ^^^^ function or associated item not found in `NoteScript`
[INFO] [stdout]     |
[INFO] [stdout]    ::: src/notes/script.rs:25:1
[INFO] [stdout]     |
[INFO] [stdout] 25  | pub struct NoteScript {
[INFO] [stdout]     | --------------------- function or associated item `mock` not found for this struct
[INFO] [stdout]     |
[INFO] [stdout] note: if you're trying to build a new `NoteScript` consider using one of the following associated functions:
[INFO] [stdout]       NoteScript::new
[INFO] [stdout]       NoteScript::compile
[INFO] [stdout]       NoteScript::from_bytes
[INFO] [stdout]       NoteScript::from_parts
[INFO] [stdout]    --> src/notes/script.rs:35:5
[INFO] [stdout]     |
[INFO] [stdout] 35  |     pub fn new(code: Program) -> Self {
[INFO] [stdout]     |     ^^^^^^^^^^^^^^^^^^^^^^^^^^^^^^^^^
[INFO] [stdout] ...
[INFO] [stdout] 47  |     pub fn compile(source_code: impl Compile, assembler: Assembler) -> Result<Self, NoteError> {
[INFO] [stdout]     |     ^^^^^^^^^^^^^^^^^^^^^^^^^^^^^^^^^^^^^^^^^^^^^^^^^^^^^^^^^^^^^^^^^^^^^^^^^^^^^^^^^^^^^^^^^^
[INFO] [stdout] ...
[INFO] [stdout] 58  |     pub fn from_bytes(bytes: &[u8]) -> Result<Self, NoteError> {
[INFO] [stdout]     |     ^^^^^^^^^^^^^^^^^^^^^^^^^^^^^^^^^^^^^^^^^^^^^^^^^^^^^^^^^^
[INFO] [stdout] ...
[INFO] [stdout] 66  |     pub fn from_parts(mast: Arc<MastForest>, entrypoint: MastNodeId) -> Self {
[INFO] [stdout]     |     ^^^^^^^^^^^^^^^^^^^^^^^^^^^^^^^^^^^^^^^^^^^^^^^^^^^^^^^^^^^^^^^^^^^^^^^^
[INFO] [stdout] 
[INFO] [stdout] 
[INFO] [stdout] Some errors have detailed explanations: E0432, E0433, E0599.
[INFO] [stdout] 
[INFO] [stdout] For more information about an error, try `rustc --explain E0432`.
[INFO] [stdout] 
[INFO] [stderr] error: could not compile `miden-objects` (lib test) due to 11 previous errors
[INFO] running `Command { std: "docker" "inspect" "af36d1f41b7636a6f3e20218bb2c92c54f8d533332958b5ed210a05ebc883813", kill_on_drop: false }`
[INFO] running `Command { std: "docker" "rm" "-f" "af36d1f41b7636a6f3e20218bb2c92c54f8d533332958b5ed210a05ebc883813", kill_on_drop: false }`
[INFO] [stdout] af36d1f41b7636a6f3e20218bb2c92c54f8d533332958b5ed210a05ebc883813
