[INFO] fetching crate micronfig_macros 0.3.0...
[INFO] testing micronfig_macros-0.3.0 against nightly-2024-10-28+rustflags=-Zrandomize-layout for randomize-layout
[INFO] extracting crate micronfig_macros 0.3.0 into /workspace/builds/worker-4-tc2/source
[INFO] validating manifest of crates.io crate micronfig_macros 0.3.0 on toolchain nightly-2024-10-28
[INFO] running `Command { std: CARGO_HOME="/workspace/cargo-home" RUSTUP_HOME="/workspace/rustup-home" "/workspace/cargo-home/bin/cargo" "+nightly-2024-10-28" "metadata" "--manifest-path" "Cargo.toml" "--no-deps", kill_on_drop: false }`
[INFO] started tweaking crates.io crate micronfig_macros 0.3.0
[INFO] finished tweaking crates.io crate micronfig_macros 0.3.0
[INFO] tweaked toml for crates.io crate micronfig_macros 0.3.0 written to /workspace/builds/worker-4-tc2/source/Cargo.toml
[INFO] running `Command { std: CARGO_HOME="/workspace/cargo-home" RUSTUP_HOME="/workspace/rustup-home" "/workspace/cargo-home/bin/cargo" "+nightly-2024-10-28" "generate-lockfile" "--manifest-path" "Cargo.toml", kill_on_drop: false }`
[INFO] [stderr]     Updating crates.io index
[INFO] [stderr]      Locking 4 packages to latest compatible versions
[INFO] running `Command { std: CARGO_HOME="/workspace/cargo-home" RUSTUP_HOME="/workspace/rustup-home" "/workspace/cargo-home/bin/cargo" "+nightly-2024-10-28" "fetch" "--manifest-path" "Cargo.toml", kill_on_drop: false }`
[INFO] running `Command { std: "docker" "create" "-v" "/var/lib/crater-agent-workspace/builds/worker-4-tc2/target:/opt/rustwide/target:rw,Z" "-v" "/var/lib/crater-agent-workspace/builds/worker-4-tc2/source:/opt/rustwide/workdir:ro,Z" "-v" "/var/lib/crater-agent-workspace/cargo-home:/opt/rustwide/cargo-home:ro,Z" "-v" "/var/lib/crater-agent-workspace/rustup-home:/opt/rustwide/rustup-home:ro,Z" "-e" "SOURCE_DIR=/opt/rustwide/workdir" "-e" "CARGO_TARGET_DIR=/opt/rustwide/target" "-e" "CARGO_HOME=/opt/rustwide/cargo-home" "-e" "RUSTUP_HOME=/opt/rustwide/rustup-home" "-w" "/opt/rustwide/workdir" "-m" "1610612736" "--user" "0:0" "--network" "none" "ghcr.io/rust-lang/crates-build-env/linux@sha256:4a844ea9eb2546a2d2c7022eacef16ef2e8229c7fbb2c7d4d55a9ceca922f72d" "/opt/rustwide/cargo-home/bin/cargo" "+nightly-2024-10-28" "metadata" "--no-deps" "--format-version=1", kill_on_drop: false }`
[INFO] [stdout] a3b46c12f2d96e254ac1774ed67380ae4b419e7f4d2978c8a2c89bc8b6b6ecbf
[INFO] running `Command { std: "docker" "start" "-a" "a3b46c12f2d96e254ac1774ed67380ae4b419e7f4d2978c8a2c89bc8b6b6ecbf", kill_on_drop: false }`
[INFO] running `Command { std: "docker" "inspect" "a3b46c12f2d96e254ac1774ed67380ae4b419e7f4d2978c8a2c89bc8b6b6ecbf", kill_on_drop: false }`
[INFO] running `Command { std: "docker" "rm" "-f" "a3b46c12f2d96e254ac1774ed67380ae4b419e7f4d2978c8a2c89bc8b6b6ecbf", kill_on_drop: false }`
[INFO] [stdout] a3b46c12f2d96e254ac1774ed67380ae4b419e7f4d2978c8a2c89bc8b6b6ecbf
[INFO] running `Command { std: "docker" "create" "-v" "/var/lib/crater-agent-workspace/builds/worker-4-tc2/target:/opt/rustwide/target:rw,Z" "-v" "/var/lib/crater-agent-workspace/builds/worker-4-tc2/source:/opt/rustwide/workdir:ro,Z" "-v" "/var/lib/crater-agent-workspace/cargo-home:/opt/rustwide/cargo-home:ro,Z" "-v" "/var/lib/crater-agent-workspace/rustup-home:/opt/rustwide/rustup-home:ro,Z" "-e" "SOURCE_DIR=/opt/rustwide/workdir" "-e" "CARGO_TARGET_DIR=/opt/rustwide/target" "-e" "CARGO_INCREMENTAL=0" "-e" "RUST_BACKTRACE=full" "-e" "RUSTFLAGS=--cap-lints=forbid -Zrandomize-layout" "-e" "RUSTDOCFLAGS=--cap-lints=forbid" "-e" "CARGO_HOME=/opt/rustwide/cargo-home" "-e" "RUSTUP_HOME=/opt/rustwide/rustup-home" "-w" "/opt/rustwide/workdir" "-m" "1610612736" "--user" "0:0" "--network" "none" "ghcr.io/rust-lang/crates-build-env/linux@sha256:4a844ea9eb2546a2d2c7022eacef16ef2e8229c7fbb2c7d4d55a9ceca922f72d" "/opt/rustwide/cargo-home/bin/cargo" "+nightly-2024-10-28" "build" "--frozen" "--message-format=json", kill_on_drop: false }`
[INFO] [stdout] 556e49bae22ea332b6084cf1ac4b615ac2569d41e5dfca74c6f523740c1ebb87
[INFO] running `Command { std: "docker" "start" "-a" "556e49bae22ea332b6084cf1ac4b615ac2569d41e5dfca74c6f523740c1ebb87", kill_on_drop: false }`
[INFO] [stderr]    Compiling proc-macro2 v1.0.89
[INFO] [stderr]    Compiling unicode-ident v1.0.13
[INFO] [stderr]    Compiling quote v1.0.37
[INFO] [stderr]    Compiling syn v2.0.86
[INFO] [stderr]    Compiling micronfig_macros v0.3.0 (/opt/rustwide/workdir)
[INFO] [stderr]     Finished `dev` profile [unoptimized + debuginfo] target(s) in 3.08s
[INFO] running `Command { std: "docker" "inspect" "556e49bae22ea332b6084cf1ac4b615ac2569d41e5dfca74c6f523740c1ebb87", kill_on_drop: false }`
[INFO] running `Command { std: "docker" "rm" "-f" "556e49bae22ea332b6084cf1ac4b615ac2569d41e5dfca74c6f523740c1ebb87", kill_on_drop: false }`
[INFO] [stdout] 556e49bae22ea332b6084cf1ac4b615ac2569d41e5dfca74c6f523740c1ebb87
[INFO] running `Command { std: "docker" "create" "-v" "/var/lib/crater-agent-workspace/builds/worker-4-tc2/target:/opt/rustwide/target:rw,Z" "-v" "/var/lib/crater-agent-workspace/builds/worker-4-tc2/source:/opt/rustwide/workdir:ro,Z" "-v" "/var/lib/crater-agent-workspace/cargo-home:/opt/rustwide/cargo-home:ro,Z" "-v" "/var/lib/crater-agent-workspace/rustup-home:/opt/rustwide/rustup-home:ro,Z" "-e" "SOURCE_DIR=/opt/rustwide/workdir" "-e" "CARGO_TARGET_DIR=/opt/rustwide/target" "-e" "CARGO_INCREMENTAL=0" "-e" "RUST_BACKTRACE=full" "-e" "RUSTFLAGS=--cap-lints=forbid -Zrandomize-layout" "-e" "RUSTDOCFLAGS=--cap-lints=forbid" "-e" "CARGO_HOME=/opt/rustwide/cargo-home" "-e" "RUSTUP_HOME=/opt/rustwide/rustup-home" "-w" "/opt/rustwide/workdir" "-m" "1610612736" "--user" "0:0" "--network" "none" "ghcr.io/rust-lang/crates-build-env/linux@sha256:4a844ea9eb2546a2d2c7022eacef16ef2e8229c7fbb2c7d4d55a9ceca922f72d" "/opt/rustwide/cargo-home/bin/cargo" "+nightly-2024-10-28" "test" "--frozen" "--no-run" "--message-format=json", kill_on_drop: false }`
[INFO] [stdout] d2d36b954e08b11e6318b5b2fb0d96db783546339c0451365470766b3b405c36
[INFO] running `Command { std: "docker" "start" "-a" "d2d36b954e08b11e6318b5b2fb0d96db783546339c0451365470766b3b405c36", kill_on_drop: false }`
[INFO] [stderr]    Compiling proc-macro2 v1.0.89
[INFO] [stderr]    Compiling unicode-ident v1.0.13
[INFO] [stderr]    Compiling quote v1.0.37
[INFO] [stderr]    Compiling syn v2.0.86
[INFO] [stderr]    Compiling micronfig_macros v0.3.0 (/opt/rustwide/workdir)
[INFO] [stdout] error[E0433]: failed to resolve: use of undeclared crate or module `trybuild`
[INFO] [stdout]   --> tests/tests.rs:5:4
[INFO] [stdout]    |
[INFO] [stdout] 5  |             trybuild::TestCases::new().pass(format!("tests/sources/{}.rs", stringify!($id)));
[INFO] [stdout]    |             ^^^^^^^^ use of undeclared crate or module `trybuild`
[INFO] [stdout] ...
[INFO] [stdout] 19 | pass!(chain_single_down);
[INFO] [stdout]    | ------------------------ in this macro invocation
[INFO] [stdout]    |
[INFO] [stdout]    = note: this error originates in the macro `pass` (in Nightly builds, run with -Z macro-backtrace for more info)
[INFO] [stdout] 
[INFO] [stdout] 
[INFO] [stdout] error[E0433]: failed to resolve: use of undeclared crate or module `trybuild`
[INFO] [stdout]   --> tests/tests.rs:5:4
[INFO] [stdout]    |
[INFO] [stdout] 5  |             trybuild::TestCases::new().pass(format!("tests/sources/{}.rs", stringify!($id)));
[INFO] [stdout]    |             ^^^^^^^^ use of undeclared crate or module `trybuild`
[INFO] [stdout] ...
[INFO] [stdout] 20 | pass!(chain_single_up);
[INFO] [stdout]    | ---------------------- in this macro invocation
[INFO] [stdout]    |
[INFO] [stdout]    = note: this error originates in the macro `pass` (in Nightly builds, run with -Z macro-backtrace for more info)
[INFO] [stdout] 
[INFO] [stdout] 
[INFO] [stdout] error[E0433]: failed to resolve: use of undeclared crate or module `trybuild`
[INFO] [stdout]   --> tests/tests.rs:5:4
[INFO] [stdout]    |
[INFO] [stdout] 5  |             trybuild::TestCases::new().pass(format!("tests/sources/{}.rs", stringify!($id)));
[INFO] [stdout]    |             ^^^^^^^^ use of undeclared crate or module `trybuild`
[INFO] [stdout] ...
[INFO] [stdout] 21 | pass!(empty);
[INFO] [stdout]    | ------------ in this macro invocation
[INFO] [stdout]    |
[INFO] [stdout]    = note: this error originates in the macro `pass` (in Nightly builds, run with -Z macro-backtrace for more info)
[INFO] [stdout] 
[INFO] [stdout] 
[INFO] [stdout] error[E0433]: failed to resolve: use of undeclared crate or module `trybuild`
[INFO] [stdout]   --> tests/tests.rs:5:4
[INFO] [stdout]    |
[INFO] [stdout] 5  |             trybuild::TestCases::new().pass(format!("tests/sources/{}.rs", stringify!($id)));
[INFO] [stdout]    |             ^^^^^^^^ use of undeclared crate or module `trybuild`
[INFO] [stdout] ...
[INFO] [stdout] 22 | pass!(example_angybot);
[INFO] [stdout]    | ---------------------- in this macro invocation
[INFO] [stdout]    |
[INFO] [stdout]    = note: this error originates in the macro `pass` (in Nightly builds, run with -Z macro-backtrace for more info)
[INFO] [stdout] 
[INFO] [stdout] 
[INFO] [stdout] error[E0433]: failed to resolve: use of undeclared crate or module `trybuild`
[INFO] [stdout]   --> tests/tests.rs:5:4
[INFO] [stdout]    |
[INFO] [stdout] 5  |             trybuild::TestCases::new().pass(format!("tests/sources/{}.rs", stringify!($id)));
[INFO] [stdout]    |             ^^^^^^^^ use of undeclared crate or module `trybuild`
[INFO] [stdout] ...
[INFO] [stdout] 23 | pass!(example_distributedarcade);
[INFO] [stdout]    | -------------------------------- in this macro invocation
[INFO] [stdout]    |
[INFO] [stdout]    = note: this error originates in the macro `pass` (in Nightly builds, run with -Z macro-backtrace for more info)
[INFO] [stdout] 
[INFO] [stdout] 
[INFO] [stdout] error[E0433]: failed to resolve: use of undeclared crate or module `trybuild`
[INFO] [stdout]   --> tests/tests.rs:5:4
[INFO] [stdout]    |
[INFO] [stdout] 5  |             trybuild::TestCases::new().pass(format!("tests/sources/{}.rs", stringify!($id)));
[INFO] [stdout]    |             ^^^^^^^^ use of undeclared crate or module `trybuild`
[INFO] [stdout] ...
[INFO] [stdout] 24 | pass!(example_patchedporobot);
[INFO] [stdout]    | ----------------------------- in this macro invocation
[INFO] [stdout]    |
[INFO] [stdout]    = note: this error originates in the macro `pass` (in Nightly builds, run with -Z macro-backtrace for more info)
[INFO] [stdout] 
[INFO] [stdout] 
[INFO] [stdout] error[E0433]: failed to resolve: use of undeclared crate or module `trybuild`
[INFO] [stdout]   --> tests/tests.rs:5:4
[INFO] [stdout]    |
[INFO] [stdout] 5  |             trybuild::TestCases::new().pass(format!("tests/sources/{}.rs", stringify!($id)));
[INFO] [stdout]    |             ^^^^^^^^ use of undeclared crate or module `trybuild`
[INFO] [stdout] ...
[INFO] [stdout] 25 | pass!(from_single_custom);
[INFO] [stdout]    | ------------------------- in this macro invocation
[INFO] [stdout]    |
[INFO] [stdout]    = note: this error originates in the macro `pass` (in Nightly builds, run with -Z macro-backtrace for more info)
[INFO] [stdout] 
[INFO] [stdout] 
[INFO] [stdout] error[E0433]: failed to resolve: use of undeclared crate or module `trybuild`
[INFO] [stdout]   --> tests/tests.rs:5:4
[INFO] [stdout]    |
[INFO] [stdout] 5  |             trybuild::TestCases::new().pass(format!("tests/sources/{}.rs", stringify!($id)));
[INFO] [stdout]    |             ^^^^^^^^ use of undeclared crate or module `trybuild`
[INFO] [stdout] ...
[INFO] [stdout] 26 | pass!(parse_single_custom);
[INFO] [stdout]    | -------------------------- in this macro invocation
[INFO] [stdout]    |
[INFO] [stdout]    = note: this error originates in the macro `pass` (in Nightly builds, run with -Z macro-backtrace for more info)
[INFO] [stdout] 
[INFO] [stdout] 
[INFO] [stdout] error[E0433]: failed to resolve: use of undeclared crate or module `trybuild`
[INFO] [stdout]   --> tests/tests.rs:5:4
[INFO] [stdout]    |
[INFO] [stdout] 5  |             trybuild::TestCases::new().pass(format!("tests/sources/{}.rs", stringify!($id)));
[INFO] [stdout]    |             ^^^^^^^^ use of undeclared crate or module `trybuild`
[INFO] [stdout] ...
[INFO] [stdout] 27 | pass!(parse_single_i64);
[INFO] [stdout]    | ----------------------- in this macro invocation
[INFO] [stdout]    |
[INFO] [stdout]    = note: this error originates in the macro `pass` (in Nightly builds, run with -Z macro-backtrace for more info)
[INFO] [stdout] 
[INFO] [stdout] 
[INFO] [stdout] error[E0433]: failed to resolve: use of undeclared crate or module `trybuild`
[INFO] [stdout]   --> tests/tests.rs:5:4
[INFO] [stdout]    |
[INFO] [stdout] 5  |             trybuild::TestCases::new().pass(format!("tests/sources/{}.rs", stringify!($id)));
[INFO] [stdout]    |             ^^^^^^^^ use of undeclared crate or module `trybuild`
[INFO] [stdout] ...
[INFO] [stdout] 28 | pass!(parse_single_pathbuf);
[INFO] [stdout]    | --------------------------- in this macro invocation
[INFO] [stdout]    |
[INFO] [stdout]    = note: this error originates in the macro `pass` (in Nightly builds, run with -Z macro-backtrace for more info)
[INFO] [stdout] 
[INFO] [stdout] 
[INFO] [stdout] error[E0433]: failed to resolve: use of undeclared crate or module `trybuild`
[INFO] [stdout]   --> tests/tests.rs:5:4
[INFO] [stdout]    |
[INFO] [stdout] 5  |             trybuild::TestCases::new().pass(format!("tests/sources/{}.rs", stringify!($id)));
[INFO] [stdout]    |             ^^^^^^^^ use of undeclared crate or module `trybuild`
[INFO] [stdout] ...
[INFO] [stdout] 29 | pass!(parse_single_u64);
[INFO] [stdout]    | ----------------------- in this macro invocation
[INFO] [stdout]    |
[INFO] [stdout]    = note: this error originates in the macro `pass` (in Nightly builds, run with -Z macro-backtrace for more info)
[INFO] [stdout] 
[INFO] [stdout] 
[INFO] [stdout] error[E0433]: failed to resolve: use of undeclared crate or module `trybuild`
[INFO] [stdout]   --> tests/tests.rs:5:4
[INFO] [stdout]    |
[INFO] [stdout] 5  |             trybuild::TestCases::new().pass(format!("tests/sources/{}.rs", stringify!($id)));
[INFO] [stdout]    |             ^^^^^^^^ use of undeclared crate or module `trybuild`
[INFO] [stdout] ...
[INFO] [stdout] 30 | pass!(parse_single_u64_optional);
[INFO] [stdout]    | -------------------------------- in this macro invocation
[INFO] [stdout]    |
[INFO] [stdout]    = note: this error originates in the macro `pass` (in Nightly builds, run with -Z macro-backtrace for more info)
[INFO] [stdout] 
[INFO] [stdout] 
[INFO] [stdout] error[E0433]: failed to resolve: use of undeclared crate or module `trybuild`
[INFO] [stdout]   --> tests/tests.rs:5:4
[INFO] [stdout]    |
[INFO] [stdout] 5  |             trybuild::TestCases::new().pass(format!("tests/sources/{}.rs", stringify!($id)));
[INFO] [stdout]    |             ^^^^^^^^ use of undeclared crate or module `trybuild`
[INFO] [stdout] ...
[INFO] [stdout] 31 | pass!(string_multi_explicit);
[INFO] [stdout]    | ---------------------------- in this macro invocation
[INFO] [stdout]    |
[INFO] [stdout]    = note: this error originates in the macro `pass` (in Nightly builds, run with -Z macro-backtrace for more info)
[INFO] [stdout] 
[INFO] [stdout] 
[INFO] [stdout] error[E0433]: failed to resolve: use of undeclared crate or module `trybuild`
[INFO] [stdout]   --> tests/tests.rs:5:4
[INFO] [stdout]    |
[INFO] [stdout] 5  |             trybuild::TestCases::new().pass(format!("tests/sources/{}.rs", stringify!($id)));
[INFO] [stdout]    |             ^^^^^^^^ use of undeclared crate or module `trybuild`
[INFO] [stdout] ...
[INFO] [stdout] 32 | pass!(string_multi_implicit);
[INFO] [stdout]    | ---------------------------- in this macro invocation
[INFO] [stdout]    |
[INFO] [stdout]    = note: this error originates in the macro `pass` (in Nightly builds, run with -Z macro-backtrace for more info)
[INFO] [stdout] 
[INFO] [stdout] 
[INFO] [stdout] error[E0433]: failed to resolve: use of undeclared crate or module `trybuild`
[INFO] [stdout]   --> tests/tests.rs:5:4
[INFO] [stdout]    |
[INFO] [stdout] 5  |             trybuild::TestCases::new().pass(format!("tests/sources/{}.rs", stringify!($id)));
[INFO] [stdout]    |             ^^^^^^^^ use of undeclared crate or module `trybuild`
[INFO] [stdout] ...
[INFO] [stdout] 33 | pass!(string_multi_mixed);
[INFO] [stdout]    | ------------------------- in this macro invocation
[INFO] [stdout]    |
[INFO] [stdout]    = note: this error originates in the macro `pass` (in Nightly builds, run with -Z macro-backtrace for more info)
[INFO] [stdout] 
[INFO] [stdout] 
[INFO] [stdout] error[E0433]: failed to resolve: use of undeclared crate or module `trybuild`
[INFO] [stdout]   --> tests/tests.rs:5:4
[INFO] [stdout]    |
[INFO] [stdout] 5  |             trybuild::TestCases::new().pass(format!("tests/sources/{}.rs", stringify!($id)));
[INFO] [stdout]    |             ^^^^^^^^ use of undeclared crate or module `trybuild`
[INFO] [stdout] ...
[INFO] [stdout] 34 | pass!(string_single_explicit);
[INFO] [stdout]    | ----------------------------- in this macro invocation
[INFO] [stdout]    |
[INFO] [stdout]    = note: this error originates in the macro `pass` (in Nightly builds, run with -Z macro-backtrace for more info)
[INFO] [stdout] 
[INFO] [stdout] 
[INFO] [stdout] error[E0433]: failed to resolve: use of undeclared crate or module `trybuild`
[INFO] [stdout]   --> tests/tests.rs:5:4
[INFO] [stdout]    |
[INFO] [stdout] 5  |             trybuild::TestCases::new().pass(format!("tests/sources/{}.rs", stringify!($id)));
[INFO] [stdout]    |             ^^^^^^^^ use of undeclared crate or module `trybuild`
[INFO] [stdout] ...
[INFO] [stdout] 35 | pass!(string_single_implicit);
[INFO] [stdout]    | ----------------------------- in this macro invocation
[INFO] [stdout]    |
[INFO] [stdout]    = note: this error originates in the macro `pass` (in Nightly builds, run with -Z macro-backtrace for more info)
[INFO] [stdout] 
[INFO] [stdout] 
[INFO] [stdout] error[E0433]: failed to resolve: use of undeclared crate or module `trybuild`
[INFO] [stdout]   --> tests/tests.rs:5:4
[INFO] [stdout]    |
[INFO] [stdout] 5  |             trybuild::TestCases::new().pass(format!("tests/sources/{}.rs", stringify!($id)));
[INFO] [stdout]    |             ^^^^^^^^ use of undeclared crate or module `trybuild`
[INFO] [stdout] ...
[INFO] [stdout] 36 | pass!(tryfrom_single_custom);
[INFO] [stdout]    | ---------------------------- in this macro invocation
[INFO] [stdout]    |
[INFO] [stdout]    = note: this error originates in the macro `pass` (in Nightly builds, run with -Z macro-backtrace for more info)
[INFO] [stdout] 
[INFO] [stdout] 
[INFO] [stdout] error[E0433]: failed to resolve: use of undeclared crate or module `trybuild`
[INFO] [stdout]   --> tests/tests.rs:14:4
[INFO] [stdout]    |
[INFO] [stdout] 14 |             trybuild::TestCases::new().compile_fail(format!("tests/sources/{}.rs", stringify!($id)));
[INFO] [stdout]    |             ^^^^^^^^ use of undeclared crate or module `trybuild`
[INFO] [stdout] ...
[INFO] [stdout] 38 | fail!(wrong_conversion_longfatarrow);
[INFO] [stdout]    | ------------------------------------ in this macro invocation
[INFO] [stdout]    |
[INFO] [stdout]    = note: this error originates in the macro `fail` (in Nightly builds, run with -Z macro-backtrace for more info)
[INFO] [stdout] 
[INFO] [stdout] 
[INFO] [stdout] error[E0433]: failed to resolve: use of undeclared crate or module `trybuild`
[INFO] [stdout]   --> tests/tests.rs:14:4
[INFO] [stdout]    |
[INFO] [stdout] 14 |             trybuild::TestCases::new().compile_fail(format!("tests/sources/{}.rs", stringify!($id)));
[INFO] [stdout]    |             ^^^^^^^^ use of undeclared crate or module `trybuild`
[INFO] [stdout] ...
[INFO] [stdout] 39 | fail!(wrong_conversion_longthinarrow);
[INFO] [stdout]    | ------------------------------------- in this macro invocation
[INFO] [stdout]    |
[INFO] [stdout]    = note: this error originates in the macro `fail` (in Nightly builds, run with -Z macro-backtrace for more info)
[INFO] [stdout] 
[INFO] [stdout] 
[INFO] [stdout] error[E0433]: failed to resolve: use of undeclared crate or module `trybuild`
[INFO] [stdout]   --> tests/tests.rs:14:4
[INFO] [stdout]    |
[INFO] [stdout] 14 |             trybuild::TestCases::new().compile_fail(format!("tests/sources/{}.rs", stringify!($id)));
[INFO] [stdout]    |             ^^^^^^^^ use of undeclared crate or module `trybuild`
[INFO] [stdout] ...
[INFO] [stdout] 40 | fail!(wrong_conversion_tildearrow);
[INFO] [stdout]    | ---------------------------------- in this macro invocation
[INFO] [stdout]    |
[INFO] [stdout]    = note: this error originates in the macro `fail` (in Nightly builds, run with -Z macro-backtrace for more info)
[INFO] [stdout] 
[INFO] [stdout] 
[INFO] [stdout] error[E0433]: failed to resolve: use of undeclared crate or module `trybuild`
[INFO] [stdout]   --> tests/tests.rs:14:4
[INFO] [stdout]    |
[INFO] [stdout] 14 |             trybuild::TestCases::new().compile_fail(format!("tests/sources/{}.rs", stringify!($id)));
[INFO] [stdout]    |             ^^^^^^^^ use of undeclared crate or module `trybuild`
[INFO] [stdout] ...
[INFO] [stdout] 41 | fail!(wrong_conversion_trait_from);
[INFO] [stdout]    | ---------------------------------- in this macro invocation
[INFO] [stdout]    |
[INFO] [stdout]    = note: this error originates in the macro `fail` (in Nightly builds, run with -Z macro-backtrace for more info)
[INFO] [stdout] 
[INFO] [stdout] 
[INFO] [stdout] error[E0433]: failed to resolve: use of undeclared crate or module `trybuild`
[INFO] [stdout]   --> tests/tests.rs:14:4
[INFO] [stdout]    |
[INFO] [stdout] 14 |             trybuild::TestCases::new().compile_fail(format!("tests/sources/{}.rs", stringify!($id)));
[INFO] [stdout]    |             ^^^^^^^^ use of undeclared crate or module `trybuild`
[INFO] [stdout] ...
[INFO] [stdout] 42 | fail!(wrong_conversion_trait_fromstr);
[INFO] [stdout]    | ------------------------------------- in this macro invocation
[INFO] [stdout]    |
[INFO] [stdout]    = note: this error originates in the macro `fail` (in Nightly builds, run with -Z macro-backtrace for more info)
[INFO] [stdout] 
[INFO] [stdout] 
[INFO] [stdout] error[E0433]: failed to resolve: use of undeclared crate or module `trybuild`
[INFO] [stdout]   --> tests/tests.rs:14:4
[INFO] [stdout]    |
[INFO] [stdout] 14 |             trybuild::TestCases::new().compile_fail(format!("tests/sources/{}.rs", stringify!($id)));
[INFO] [stdout]    |             ^^^^^^^^ use of undeclared crate or module `trybuild`
[INFO] [stdout] ...
[INFO] [stdout] 43 | fail!(wrong_conversion_trait_tryfrom);
[INFO] [stdout]    | ------------------------------------- in this macro invocation
[INFO] [stdout]    |
[INFO] [stdout]    = note: this error originates in the macro `fail` (in Nightly builds, run with -Z macro-backtrace for more info)
[INFO] [stdout] 
[INFO] [stdout] 
[INFO] [stdout] error[E0433]: failed to resolve: use of undeclared crate or module `trybuild`
[INFO] [stdout]   --> tests/tests.rs:14:4
[INFO] [stdout]    |
[INFO] [stdout] 14 |             trybuild::TestCases::new().compile_fail(format!("tests/sources/{}.rs", stringify!($id)));
[INFO] [stdout]    |             ^^^^^^^^ use of undeclared crate or module `trybuild`
[INFO] [stdout] ...
[INFO] [stdout] 44 | fail!(wrong_nonsense_1);
[INFO] [stdout]    | ----------------------- in this macro invocation
[INFO] [stdout]    |
[INFO] [stdout]    = note: this error originates in the macro `fail` (in Nightly builds, run with -Z macro-backtrace for more info)
[INFO] [stdout] 
[INFO] [stdout] 
[INFO] [stdout] error[E0433]: failed to resolve: use of undeclared crate or module `trybuild`
[INFO] [stdout]   --> tests/tests.rs:14:4
[INFO] [stdout]    |
[INFO] [stdout] 14 |             trybuild::TestCases::new().compile_fail(format!("tests/sources/{}.rs", stringify!($id)));
[INFO] [stdout]    |             ^^^^^^^^ use of undeclared crate or module `trybuild`
[INFO] [stdout] ...
[INFO] [stdout] 45 | fail!(wrong_nonsense_2);
[INFO] [stdout]    | ----------------------- in this macro invocation
[INFO] [stdout]    |
[INFO] [stdout]    = note: this error originates in the macro `fail` (in Nightly builds, run with -Z macro-backtrace for more info)
[INFO] [stdout] 
[INFO] [stdout] 
[INFO] [stdout] error[E0433]: failed to resolve: use of undeclared crate or module `trybuild`
[INFO] [stdout]   --> tests/tests.rs:14:4
[INFO] [stdout]    |
[INFO] [stdout] 14 |             trybuild::TestCases::new().compile_fail(format!("tests/sources/{}.rs", stringify!($id)));
[INFO] [stdout]    |             ^^^^^^^^ use of undeclared crate or module `trybuild`
[INFO] [stdout] ...
[INFO] [stdout] 46 | fail!(wrong_nonsense_3);
[INFO] [stdout]    | ----------------------- in this macro invocation
[INFO] [stdout]    |
[INFO] [stdout]    = note: this error originates in the macro `fail` (in Nightly builds, run with -Z macro-backtrace for more info)
[INFO] [stdout] 
[INFO] [stdout] 
[INFO] [stdout] error[E0433]: failed to resolve: use of undeclared crate or module `trybuild`
[INFO] [stdout]   --> tests/tests.rs:14:4
[INFO] [stdout]    |
[INFO] [stdout] 14 |             trybuild::TestCases::new().compile_fail(format!("tests/sources/{}.rs", stringify!($id)));
[INFO] [stdout]    |             ^^^^^^^^ use of undeclared crate or module `trybuild`
[INFO] [stdout] ...
[INFO] [stdout] 47 | fail!(wrong_start);
[INFO] [stdout]    | ------------------ in this macro invocation
[INFO] [stdout]    |
[INFO] [stdout]    = note: this error originates in the macro `fail` (in Nightly builds, run with -Z macro-backtrace for more info)
[INFO] [stdout] 
[INFO] [stdout] 
[INFO] [stdout] error[E0433]: failed to resolve: use of undeclared crate or module `trybuild`
[INFO] [stdout]   --> tests/tests.rs:14:4
[INFO] [stdout]    |
[INFO] [stdout] 14 |             trybuild::TestCases::new().compile_fail(format!("tests/sources/{}.rs", stringify!($id)));
[INFO] [stdout]    |             ^^^^^^^^ use of undeclared crate or module `trybuild`
[INFO] [stdout] ...
[INFO] [stdout] 48 | fail!(wrong_syntax_colon);
[INFO] [stdout]    | ------------------------- in this macro invocation
[INFO] [stdout]    |
[INFO] [stdout]    = note: this error originates in the macro `fail` (in Nightly builds, run with -Z macro-backtrace for more info)
[INFO] [stdout] 
[INFO] [stdout] 
[INFO] [stdout] error[E0433]: failed to resolve: use of undeclared crate or module `trybuild`
[INFO] [stdout]   --> tests/tests.rs:14:4
[INFO] [stdout]    |
[INFO] [stdout] 14 |             trybuild::TestCases::new().compile_fail(format!("tests/sources/{}.rs", stringify!($id)));
[INFO] [stdout]    |             ^^^^^^^^ use of undeclared crate or module `trybuild`
[INFO] [stdout] ...
[INFO] [stdout] 49 | fail!(wrong_syntax_type);
[INFO] [stdout]    | ------------------------ in this macro invocation
[INFO] [stdout]    |
[INFO] [stdout]    = note: this error originates in the macro `fail` (in Nightly builds, run with -Z macro-backtrace for more info)
[INFO] [stdout] 
[INFO] [stdout] 
[INFO] [stdout] error[E0433]: failed to resolve: use of undeclared crate or module `trybuild`
[INFO] [stdout]   --> tests/tests.rs:14:4
[INFO] [stdout]    |
[INFO] [stdout] 14 |             trybuild::TestCases::new().compile_fail(format!("tests/sources/{}.rs", stringify!($id)));
[INFO] [stdout]    |             ^^^^^^^^ use of undeclared crate or module `trybuild`
[INFO] [stdout] ...
[INFO] [stdout] 50 | fail!(wrong_unqualified_import);
[INFO] [stdout]    | ------------------------------- in this macro invocation
[INFO] [stdout]    |
[INFO] [stdout]    = note: this error originates in the macro `fail` (in Nightly builds, run with -Z macro-backtrace for more info)
[INFO] [stdout] 
[INFO] [stdout] 
[INFO] [stdout] error[E0433]: failed to resolve: use of undeclared crate or module `trybuild`
[INFO] [stdout]   --> tests/tests.rs:14:4
[INFO] [stdout]    |
[INFO] [stdout] 14 |             trybuild::TestCases::new().compile_fail(format!("tests/sources/{}.rs", stringify!($id)));
[INFO] [stdout]    |             ^^^^^^^^ use of undeclared crate or module `trybuild`
[INFO] [stdout] ...
[INFO] [stdout] 51 | fail!(wrong_unqualified_noimport);
[INFO] [stdout]    | --------------------------------- in this macro invocation
[INFO] [stdout]    |
[INFO] [stdout]    = note: this error originates in the macro `fail` (in Nightly builds, run with -Z macro-backtrace for more info)
[INFO] [stdout] 
[INFO] [stdout] 
[INFO] [stdout] For more information about this error, try `rustc --explain E0433`.
[INFO] [stdout] 
[INFO] [stderr] error: could not compile `micronfig_macros` (test "tests") due to 32 previous errors
[INFO] running `Command { std: "docker" "inspect" "d2d36b954e08b11e6318b5b2fb0d96db783546339c0451365470766b3b405c36", kill_on_drop: false }`
[INFO] running `Command { std: "docker" "rm" "-f" "d2d36b954e08b11e6318b5b2fb0d96db783546339c0451365470766b3b405c36", kill_on_drop: false }`
[INFO] [stdout] d2d36b954e08b11e6318b5b2fb0d96db783546339c0451365470766b3b405c36
