[INFO] fetching crate metriki-macros 1.0.0...
[INFO] testing metriki-macros-1.0.0 against nightly-2024-10-28 for randomize-layout
[INFO] extracting crate metriki-macros 1.0.0 into /workspace/builds/worker-2-tc1/source
[INFO] validating manifest of crates.io crate metriki-macros 1.0.0 on toolchain nightly-2024-10-28
[INFO] running `Command { std: CARGO_HOME="/workspace/cargo-home" RUSTUP_HOME="/workspace/rustup-home" "/workspace/cargo-home/bin/cargo" "+nightly-2024-10-28" "metadata" "--manifest-path" "Cargo.toml" "--no-deps", kill_on_drop: false }`
[INFO] started tweaking crates.io crate metriki-macros 1.0.0
[INFO] finished tweaking crates.io crate metriki-macros 1.0.0
[INFO] tweaked toml for crates.io crate metriki-macros 1.0.0 written to /workspace/builds/worker-2-tc1/source/Cargo.toml
[INFO] running `Command { std: CARGO_HOME="/workspace/cargo-home" RUSTUP_HOME="/workspace/rustup-home" "/workspace/cargo-home/bin/cargo" "+nightly-2024-10-28" "generate-lockfile" "--manifest-path" "Cargo.toml", kill_on_drop: false }`
[INFO] [stderr]     Updating crates.io index
[INFO] [stderr]      Locking 30 packages to latest compatible versions
[INFO] [stderr]       Adding syn v1.0.109 (available: v2.0.86)
[INFO] running `Command { std: CARGO_HOME="/workspace/cargo-home" RUSTUP_HOME="/workspace/rustup-home" "/workspace/cargo-home/bin/cargo" "+nightly-2024-10-28" "fetch" "--manifest-path" "Cargo.toml", kill_on_drop: false }`
[INFO] [stderr]  Downloading crates ...
[INFO] [stderr]   Downloaded metriki-core v1.8.0
[INFO] running `Command { std: "docker" "create" "-v" "/var/lib/crater-agent-workspace/builds/worker-2-tc1/target:/opt/rustwide/target:rw,Z" "-v" "/var/lib/crater-agent-workspace/builds/worker-2-tc1/source:/opt/rustwide/workdir:ro,Z" "-v" "/var/lib/crater-agent-workspace/cargo-home:/opt/rustwide/cargo-home:ro,Z" "-v" "/var/lib/crater-agent-workspace/rustup-home:/opt/rustwide/rustup-home:ro,Z" "-e" "SOURCE_DIR=/opt/rustwide/workdir" "-e" "CARGO_TARGET_DIR=/opt/rustwide/target" "-e" "CARGO_HOME=/opt/rustwide/cargo-home" "-e" "RUSTUP_HOME=/opt/rustwide/rustup-home" "-w" "/opt/rustwide/workdir" "-m" "1610612736" "--user" "0:0" "--network" "none" "ghcr.io/rust-lang/crates-build-env/linux@sha256:4a844ea9eb2546a2d2c7022eacef16ef2e8229c7fbb2c7d4d55a9ceca922f72d" "/opt/rustwide/cargo-home/bin/cargo" "+nightly-2024-10-28" "metadata" "--no-deps" "--format-version=1", kill_on_drop: false }`
[INFO] [stdout] 9183f3a9695e8036a76715fa7f0085b4793fc08efbb6d77497d37c5e84c36c75
[INFO] running `Command { std: "docker" "start" "-a" "9183f3a9695e8036a76715fa7f0085b4793fc08efbb6d77497d37c5e84c36c75", kill_on_drop: false }`
[INFO] running `Command { std: "docker" "inspect" "9183f3a9695e8036a76715fa7f0085b4793fc08efbb6d77497d37c5e84c36c75", kill_on_drop: false }`
[INFO] running `Command { std: "docker" "rm" "-f" "9183f3a9695e8036a76715fa7f0085b4793fc08efbb6d77497d37c5e84c36c75", kill_on_drop: false }`
[INFO] [stdout] 9183f3a9695e8036a76715fa7f0085b4793fc08efbb6d77497d37c5e84c36c75
[INFO] running `Command { std: "docker" "create" "-v" "/var/lib/crater-agent-workspace/builds/worker-2-tc1/target:/opt/rustwide/target:rw,Z" "-v" "/var/lib/crater-agent-workspace/builds/worker-2-tc1/source:/opt/rustwide/workdir:ro,Z" "-v" "/var/lib/crater-agent-workspace/cargo-home:/opt/rustwide/cargo-home:ro,Z" "-v" "/var/lib/crater-agent-workspace/rustup-home:/opt/rustwide/rustup-home:ro,Z" "-e" "SOURCE_DIR=/opt/rustwide/workdir" "-e" "CARGO_TARGET_DIR=/opt/rustwide/target" "-e" "CARGO_INCREMENTAL=0" "-e" "RUST_BACKTRACE=full" "-e" "RUSTFLAGS=--cap-lints=forbid" "-e" "RUSTDOCFLAGS=--cap-lints=forbid" "-e" "CARGO_HOME=/opt/rustwide/cargo-home" "-e" "RUSTUP_HOME=/opt/rustwide/rustup-home" "-w" "/opt/rustwide/workdir" "-m" "1610612736" "--user" "0:0" "--network" "none" "ghcr.io/rust-lang/crates-build-env/linux@sha256:4a844ea9eb2546a2d2c7022eacef16ef2e8229c7fbb2c7d4d55a9ceca922f72d" "/opt/rustwide/cargo-home/bin/cargo" "+nightly-2024-10-28" "build" "--frozen" "--message-format=json", kill_on_drop: false }`
[INFO] [stdout] 26e7e8f98dbcf7c4c3b50297028d1611bd1e1fe434aa0a2081c13231a8415edc
[INFO] running `Command { std: "docker" "start" "-a" "26e7e8f98dbcf7c4c3b50297028d1611bd1e1fe434aa0a2081c13231a8415edc", kill_on_drop: false }`
[INFO] [stderr]    Compiling metriki-macros v1.0.0 (/opt/rustwide/workdir)
[INFO] [stderr]     Finished `dev` profile [unoptimized + debuginfo] target(s) in 0.30s
[INFO] running `Command { std: "docker" "inspect" "26e7e8f98dbcf7c4c3b50297028d1611bd1e1fe434aa0a2081c13231a8415edc", kill_on_drop: false }`
[INFO] running `Command { std: "docker" "rm" "-f" "26e7e8f98dbcf7c4c3b50297028d1611bd1e1fe434aa0a2081c13231a8415edc", kill_on_drop: false }`
[INFO] [stdout] 26e7e8f98dbcf7c4c3b50297028d1611bd1e1fe434aa0a2081c13231a8415edc
[INFO] running `Command { std: "docker" "create" "-v" "/var/lib/crater-agent-workspace/builds/worker-2-tc1/target:/opt/rustwide/target:rw,Z" "-v" "/var/lib/crater-agent-workspace/builds/worker-2-tc1/source:/opt/rustwide/workdir:ro,Z" "-v" "/var/lib/crater-agent-workspace/cargo-home:/opt/rustwide/cargo-home:ro,Z" "-v" "/var/lib/crater-agent-workspace/rustup-home:/opt/rustwide/rustup-home:ro,Z" "-e" "SOURCE_DIR=/opt/rustwide/workdir" "-e" "CARGO_TARGET_DIR=/opt/rustwide/target" "-e" "CARGO_INCREMENTAL=0" "-e" "RUST_BACKTRACE=full" "-e" "RUSTFLAGS=--cap-lints=forbid" "-e" "RUSTDOCFLAGS=--cap-lints=forbid" "-e" "CARGO_HOME=/opt/rustwide/cargo-home" "-e" "RUSTUP_HOME=/opt/rustwide/rustup-home" "-w" "/opt/rustwide/workdir" "-m" "1610612736" "--user" "0:0" "--network" "none" "ghcr.io/rust-lang/crates-build-env/linux@sha256:4a844ea9eb2546a2d2c7022eacef16ef2e8229c7fbb2c7d4d55a9ceca922f72d" "/opt/rustwide/cargo-home/bin/cargo" "+nightly-2024-10-28" "test" "--frozen" "--no-run" "--message-format=json", kill_on_drop: false }`
[INFO] [stdout] 8f69d7ebbe226d694d50f1400c0144c613800a841449cd9589b61814a8e795bd
[INFO] running `Command { std: "docker" "start" "-a" "8f69d7ebbe226d694d50f1400c0144c613800a841449cd9589b61814a8e795bd", kill_on_drop: false }`
[INFO] [stderr]    Compiling proc-macro2 v1.0.89
[INFO] [stderr]    Compiling num-traits v0.2.19
[INFO] [stderr]    Compiling unicode-ident v1.0.13
[INFO] [stderr]    Compiling syn v1.0.109
[INFO] [stderr]    Compiling hashbrown v0.14.5
[INFO] [stderr]    Compiling parking_lot_core v0.9.10
[INFO] [stderr]    Compiling quote v1.0.37
[INFO] [stderr]    Compiling dashmap v5.5.3
[INFO] [stderr]    Compiling hdrhistogram v7.5.4
[INFO] [stderr]    Compiling metriki-core v1.8.0
[INFO] [stderr]    Compiling metriki-macros v1.0.0 (/opt/rustwide/workdir)
[INFO] [stdout] error[E0308]: mismatched types
[INFO] [stdout]   --> tests/test.rs:32:28
[INFO] [stdout]    |
[INFO] [stdout] 32 |     assert!(s.contains_key("my.example.f1"));
[INFO] [stdout]    |               ------------ ^^^^^^^^^^^^^^^ expected `&Key`, found `&str`
[INFO] [stdout]    |               |
[INFO] [stdout]    |               arguments to this method are incorrect
[INFO] [stdout]    |
[INFO] [stdout]    = note: expected reference `&Key`
[INFO] [stdout]               found reference `&'static str`
[INFO] [stdout] note: method defined here
[INFO] [stdout]   --> /rustc/df4ca44d3fbc9301ee17f30f4d474e6ae4b05252/library/std/src/collections/hash/map.rs:1072:12
[INFO] [stdout] 
[INFO] [stdout] 
[INFO] [stdout] error[E0308]: mismatched types
[INFO] [stdout]   --> tests/test.rs:40:28
[INFO] [stdout]    |
[INFO] [stdout] 40 |     assert!(s.contains_key("my_example_f2"));
[INFO] [stdout]    |               ------------ ^^^^^^^^^^^^^^^ expected `&Key`, found `&str`
[INFO] [stdout]    |               |
[INFO] [stdout]    |               arguments to this method are incorrect
[INFO] [stdout]    |
[INFO] [stdout]    = note: expected reference `&Key`
[INFO] [stdout]               found reference `&'static str`
[INFO] [stdout] note: method defined here
[INFO] [stdout]   --> /rustc/df4ca44d3fbc9301ee17f30f4d474e6ae4b05252/library/std/src/collections/hash/map.rs:1072:12
[INFO] [stdout] 
[INFO] [stdout] 
[INFO] [stdout] error[E0308]: mismatched types
[INFO] [stdout]   --> tests/test.rs:49:28
[INFO] [stdout]    |
[INFO] [stdout] 49 |     assert!(s.contains_key("my_example_f3"));
[INFO] [stdout]    |               ------------ ^^^^^^^^^^^^^^^ expected `&Key`, found `&str`
[INFO] [stdout]    |               |
[INFO] [stdout]    |               arguments to this method are incorrect
[INFO] [stdout]    |
[INFO] [stdout]    = note: expected reference `&Key`
[INFO] [stdout]               found reference `&'static str`
[INFO] [stdout] note: method defined here
[INFO] [stdout]   --> /rustc/df4ca44d3fbc9301ee17f30f4d474e6ae4b05252/library/std/src/collections/hash/map.rs:1072:12
[INFO] [stdout] 
[INFO] [stdout] 
[INFO] [stdout] error[E0308]: mismatched types
[INFO] [stdout]   --> tests/test.rs:57:28
[INFO] [stdout]    |
[INFO] [stdout] 57 |     assert!(s.contains_key("my_example_f4"));
[INFO] [stdout]    |               ------------ ^^^^^^^^^^^^^^^ expected `&Key`, found `&str`
[INFO] [stdout]    |               |
[INFO] [stdout]    |               arguments to this method are incorrect
[INFO] [stdout]    |
[INFO] [stdout]    = note: expected reference `&Key`
[INFO] [stdout]               found reference `&'static str`
[INFO] [stdout] note: method defined here
[INFO] [stdout]   --> /rustc/df4ca44d3fbc9301ee17f30f4d474e6ae4b05252/library/std/src/collections/hash/map.rs:1072:12
[INFO] [stdout] 
[INFO] [stdout] 
[INFO] [stdout] For more information about this error, try `rustc --explain E0308`.
[INFO] [stdout] 
[INFO] [stderr] error: could not compile `metriki-macros` (test "test") due to 4 previous errors
[INFO] running `Command { std: "docker" "inspect" "8f69d7ebbe226d694d50f1400c0144c613800a841449cd9589b61814a8e795bd", kill_on_drop: false }`
[INFO] running `Command { std: "docker" "rm" "-f" "8f69d7ebbe226d694d50f1400c0144c613800a841449cd9589b61814a8e795bd", kill_on_drop: false }`
[INFO] [stdout] 8f69d7ebbe226d694d50f1400c0144c613800a841449cd9589b61814a8e795bd
