[INFO] fetching crate metaprofile 0.3.0...
[INFO] testing metaprofile-0.3.0 against nightly-2024-10-28 for randomize-layout
[INFO] extracting crate metaprofile 0.3.0 into /workspace/builds/worker-4-tc1/source
[INFO] validating manifest of crates.io crate metaprofile 0.3.0 on toolchain nightly-2024-10-28
[INFO] running `Command { std: CARGO_HOME="/workspace/cargo-home" RUSTUP_HOME="/workspace/rustup-home" "/workspace/cargo-home/bin/cargo" "+nightly-2024-10-28" "metadata" "--manifest-path" "Cargo.toml" "--no-deps", kill_on_drop: false }`
[INFO] started tweaking crates.io crate metaprofile 0.3.0
[INFO] finished tweaking crates.io crate metaprofile 0.3.0
[INFO] tweaked toml for crates.io crate metaprofile 0.3.0 written to /workspace/builds/worker-4-tc1/source/Cargo.toml
[INFO] crate crates.io crate metaprofile 0.3.0 already has a lockfile, it will not be regenerated
[INFO] running `Command { std: CARGO_HOME="/workspace/cargo-home" RUSTUP_HOME="/workspace/rustup-home" "/workspace/cargo-home/bin/cargo" "+nightly-2024-10-28" "fetch" "--manifest-path" "Cargo.toml", kill_on_drop: false }`
[INFO] [stderr]     Updating crates.io index
[INFO] [stderr]  Downloading crates ...
[INFO] [stderr]   Downloaded progress_bars v0.3.0
[INFO] [stderr]   Downloaded methylome v0.3.0
[INFO] [stderr]   Downloaded clap v4.4.10
[INFO] [stderr]   Downloaded cauchy v0.4.0
[INFO] [stderr]   Downloaded pedigree v0.3.0
[INFO] [stderr]   Downloaded freetype v0.7.0
[INFO] [stderr]   Downloaded lax v0.16.0
[INFO] [stderr]   Downloaded xattr v1.0.1
[INFO] [stderr]   Downloaded argmin-math v0.3.0
[INFO] [stderr]   Downloaded openblas-build v0.10.8
[INFO] [stderr]   Downloaded ndarray-stats v0.5.1
[INFO] [stderr]   Downloaded wide v0.7.13
[INFO] [stderr]   Downloaded ndarray-linalg v0.16.0
[INFO] [stderr]   Downloaded argmin v0.8.1
[INFO] [stderr]   Downloaded ureq v2.9.1
[INFO] [stderr]   Downloaded clap_builder v4.4.9
[INFO] [stderr]   Downloaded alphabeta v0.3.0
[INFO] [stderr]   Downloaded blas-src v0.8.0
[INFO] [stderr]   Downloaded openblas-src v0.10.8
[INFO] [stderr]   Downloaded lapack-sys v0.14.0
[INFO] running `Command { std: "docker" "create" "-v" "/var/lib/crater-agent-workspace/builds/worker-4-tc1/target:/opt/rustwide/target:rw,Z" "-v" "/var/lib/crater-agent-workspace/builds/worker-4-tc1/source:/opt/rustwide/workdir:ro,Z" "-v" "/var/lib/crater-agent-workspace/cargo-home:/opt/rustwide/cargo-home:ro,Z" "-v" "/var/lib/crater-agent-workspace/rustup-home:/opt/rustwide/rustup-home:ro,Z" "-e" "SOURCE_DIR=/opt/rustwide/workdir" "-e" "CARGO_TARGET_DIR=/opt/rustwide/target" "-e" "CARGO_HOME=/opt/rustwide/cargo-home" "-e" "RUSTUP_HOME=/opt/rustwide/rustup-home" "-w" "/opt/rustwide/workdir" "-m" "1610612736" "--user" "0:0" "--network" "none" "ghcr.io/rust-lang/crates-build-env/linux@sha256:4a844ea9eb2546a2d2c7022eacef16ef2e8229c7fbb2c7d4d55a9ceca922f72d" "/opt/rustwide/cargo-home/bin/cargo" "+nightly-2024-10-28" "metadata" "--no-deps" "--format-version=1", kill_on_drop: false }`
[INFO] [stdout] a465509225ebdc4e1e1383988e6d9e168775b8a617f50935b7bfc89eb2dd8a3c
[INFO] running `Command { std: "docker" "start" "-a" "a465509225ebdc4e1e1383988e6d9e168775b8a617f50935b7bfc89eb2dd8a3c", kill_on_drop: false }`
[INFO] running `Command { std: "docker" "inspect" "a465509225ebdc4e1e1383988e6d9e168775b8a617f50935b7bfc89eb2dd8a3c", kill_on_drop: false }`
[INFO] running `Command { std: "docker" "rm" "-f" "a465509225ebdc4e1e1383988e6d9e168775b8a617f50935b7bfc89eb2dd8a3c", kill_on_drop: false }`
[INFO] [stdout] a465509225ebdc4e1e1383988e6d9e168775b8a617f50935b7bfc89eb2dd8a3c
[INFO] running `Command { std: "docker" "create" "-v" "/var/lib/crater-agent-workspace/builds/worker-4-tc1/target:/opt/rustwide/target:rw,Z" "-v" "/var/lib/crater-agent-workspace/builds/worker-4-tc1/source:/opt/rustwide/workdir:ro,Z" "-v" "/var/lib/crater-agent-workspace/cargo-home:/opt/rustwide/cargo-home:ro,Z" "-v" "/var/lib/crater-agent-workspace/rustup-home:/opt/rustwide/rustup-home:ro,Z" "-e" "SOURCE_DIR=/opt/rustwide/workdir" "-e" "CARGO_TARGET_DIR=/opt/rustwide/target" "-e" "CARGO_INCREMENTAL=0" "-e" "RUST_BACKTRACE=full" "-e" "RUSTFLAGS=--cap-lints=forbid" "-e" "RUSTDOCFLAGS=--cap-lints=forbid" "-e" "CARGO_HOME=/opt/rustwide/cargo-home" "-e" "RUSTUP_HOME=/opt/rustwide/rustup-home" "-w" "/opt/rustwide/workdir" "-m" "1610612736" "--user" "0:0" "--network" "none" "ghcr.io/rust-lang/crates-build-env/linux@sha256:4a844ea9eb2546a2d2c7022eacef16ef2e8229c7fbb2c7d4d55a9ceca922f72d" "/opt/rustwide/cargo-home/bin/cargo" "+nightly-2024-10-28" "build" "--frozen" "--message-format=json", kill_on_drop: false }`
[INFO] [stdout] c592092eae7b89533a79a6592e493cc4c74bae45d89cb8506b387d14c92f5b0f
[INFO] running `Command { std: "docker" "start" "-a" "c592092eae7b89533a79a6592e493cc4c74bae45d89cb8506b387d14c92f5b0f", kill_on_drop: false }`
[INFO] [stderr]    Compiling libc v0.2.150
[INFO] [stderr]    Compiling proc-macro2 v1.0.70
[INFO] [stderr]    Compiling unicode-ident v1.0.12
[INFO] [stderr]    Compiling pkg-config v0.3.27
[INFO] [stderr]    Compiling serde v1.0.193
[INFO] [stderr]    Compiling num-traits v0.2.17
[INFO] [stderr]    Compiling crc32fast v1.3.2
[INFO] [stderr]    Compiling num-integer v0.1.45
[INFO] [stderr]    Compiling thiserror v1.0.50
[INFO] [stderr]    Compiling tinyvec_macros v0.1.1
[INFO] [stderr]    Compiling log v0.4.20
[INFO] [stderr]    Compiling tinyvec v1.6.0
[INFO] [stderr]    Compiling matrixmultiply v0.3.8
[INFO] [stderr]    Compiling anyhow v1.0.75
[INFO] [stderr]    Compiling semver v1.0.20
[INFO] [stderr]    Compiling syn v1.0.109
[INFO] [stderr]    Compiling bytemuck v1.14.0
[INFO] [stderr]    Compiling foreign-types-shared v0.1.1
[INFO] [stderr]    Compiling crossbeam-utils v0.8.16
[INFO] [stderr]    Compiling openssl v0.10.60
[INFO] [stderr]    Compiling foreign-types v0.3.2
[INFO] [stderr]    Compiling num-rational v0.4.1
[INFO] [stderr]    Compiling quote v1.0.33
[INFO] [stderr]    Compiling bitflags v2.4.1
[INFO] [stderr]    Compiling native-tls v0.2.11
[INFO] [stderr]    Compiling base64 v0.21.5
[INFO] [stderr]    Compiling cc v1.0.83
[INFO] [stderr]    Compiling syn v2.0.39
[INFO] [stderr]    Compiling getrandom v0.2.11
[INFO] [stderr]    Compiling percent-encoding v2.3.1
[INFO] [stderr]    Compiling unicode-normalization v0.1.22
[INFO] [stderr]    Compiling unicode-bidi v0.3.13
[INFO] [stderr]    Compiling openssl-probe v0.1.5
[INFO] [stderr]    Compiling form_urlencoded v1.2.1
[INFO] [stderr]    Compiling rustls-pemfile v1.0.4
[INFO] [stderr]    Compiling idna v0.5.0
[INFO] [stderr]    Compiling walkdir v2.4.0
[INFO] [stderr]    Compiling openssl-sys v0.9.96
[INFO] [stderr]    Compiling miniz_oxide v0.7.1
[INFO] [stderr]    Compiling url v2.5.0
[INFO] [stderr]    Compiling rustls-native-certs v0.6.3
[INFO] [stderr]    Compiling rustc_version v0.4.0
[INFO] [stderr]    Compiling cmake v0.1.50
[INFO] [stderr]    Compiling flate2 v1.0.28
[INFO] [stderr]    Compiling approx v0.4.0
[INFO] [stderr]    Compiling dirs-sys-next v0.1.2
[INFO] [stderr]    Compiling filetime v0.2.22
[INFO] [stderr]    Compiling cblas-sys v0.1.4
[INFO] [stderr]    Compiling xattr v1.0.1
[INFO] [stderr]    Compiling memoffset v0.9.0
[INFO] [stderr]    Compiling either v1.9.0
[INFO] [stderr]    Compiling paste v1.0.14
[INFO] [stderr]    Compiling slog v2.7.0
[INFO] [stderr]    Compiling tar v0.4.40
[INFO] [stderr]    Compiling dirs-next v2.0.0
[INFO] [stderr]    Compiling freetype-sys v0.13.1
[INFO] [stderr]    Compiling pathfinder_simd v0.5.2
[INFO] [stderr]    Compiling dirs-sys v0.3.7
[INFO] [stderr]    Compiling safe_arch v0.7.1
[INFO] [stderr]    Compiling yeslogic-fontconfig-sys v3.2.0
[INFO] [stderr]    Compiling crossbeam-epoch v0.9.15
[INFO] [stderr]    Compiling itoa v1.0.9
[INFO] [stderr]    Compiling time-core v0.1.2
[INFO] [stderr]    Compiling portable-atomic v1.5.1
[INFO] [stderr]    Compiling powerfmt v0.2.0
[INFO] [stderr]    Compiling time-macros v0.2.15
[INFO] [stderr]    Compiling wide v0.7.13
[INFO] [stderr]    Compiling deranged v0.3.9
[INFO] [stderr]    Compiling dirs v3.0.2
[INFO] [stderr]    Compiling fdeflate v0.3.1
[INFO] [stderr]    Compiling approx v0.5.1
[INFO] [stderr]    Compiling lapack-sys v0.14.0
[INFO] [stderr]    Compiling libloading v0.8.1
[INFO] [stderr]    Compiling num_threads v0.1.6
[INFO] [stderr]    Compiling color_quant v1.1.0
[INFO] [stderr]    Compiling serde_json v1.0.108
[INFO] [stderr]    Compiling unicode-width v0.1.11
[INFO] [stderr]    Compiling utf8parse v0.2.1
[INFO] [stderr]    Compiling console v0.15.7
[INFO] [stderr]    Compiling anstyle-parse v0.2.2
[INFO] [stderr]    Compiling dlib v0.5.2
[INFO] [stderr]    Compiling png v0.17.10
[INFO] [stderr]    Compiling serde_derive v1.0.193
[INFO] [stderr]    Compiling thiserror-impl v1.0.50
[INFO] [stderr]    Compiling openssl-macros v0.1.1
[INFO] [stderr]    Compiling time v0.3.30
[INFO] [stdout] error[E0557]: feature has been removed
[INFO] [stdout]   --> /opt/rustwide/cargo-home/registry/src/index.crates.io-6f17d22bba15001f/pathfinder_simd-0.5.2/src/lib.rs:11:61
[INFO] [stdout]    |
[INFO] [stdout] 11 | #![cfg_attr(pf_rustc_nightly, feature(link_llvm_intrinsics, platform_intrinsics))]
[INFO] [stdout]    |                                                             ^^^^^^^^^^^^^^^^^^^ feature has been removed
[INFO] [stdout]    |
[INFO] [stdout]    = note: SIMD intrinsics use the regular intrinsics ABI now
[INFO] [stdout] 
[INFO] [stdout] 
[INFO] [stdout] error[E0635]: unknown feature `stdsimd`
[INFO] [stdout]   --> /opt/rustwide/cargo-home/registry/src/index.crates.io-6f17d22bba15001f/pathfinder_simd-0.5.2/src/lib.rs:12:49
[INFO] [stdout]    |
[INFO] [stdout] 12 | #![cfg_attr(pf_rustc_nightly, feature(simd_ffi, stdsimd))]
[INFO] [stdout]    |                                                 ^^^^^^^
[INFO] [stdout] 
[INFO] [stdout] 
[INFO] [stdout] Some errors have detailed explanations: E0557, E0635.
[INFO] [stdout] 
[INFO] [stdout] For more information about an error, try `rustc --explain E0557`.
[INFO] [stdout] 
[INFO] [stderr] error: could not compile `pathfinder_simd` (lib) due to 2 previous errors
[INFO] [stderr] warning: build failed, waiting for other jobs to finish...
[INFO] [stdout] error[E0282]: type annotations needed for `Box<_>`
[INFO] [stdout]   --> /opt/rustwide/cargo-home/registry/src/index.crates.io-6f17d22bba15001f/time-0.3.30/src/format_description/parse/mod.rs:83:9
[INFO] [stdout]    |
[INFO] [stdout] 83 |     let items = format_items
[INFO] [stdout]    |         ^^^^^
[INFO] [stdout] ...
[INFO] [stdout] 86 |     Ok(items.into())
[INFO] [stdout]    |              ---- type must be known at this point
[INFO] [stdout]    |
[INFO] [stdout]    = note: this is an inference error on crate `time` caused by an API change in Rust 1.80.0; update `time` to version `>=0.3.35` by calling `cargo update`
[INFO] [stdout] 
[INFO] [stdout] 
[INFO] [stdout] For more information about this error, try `rustc --explain E0282`.
[INFO] [stdout] 
[INFO] [stderr] error: could not compile `time` (lib) due to 1 previous error
[INFO] running `Command { std: "docker" "inspect" "c592092eae7b89533a79a6592e493cc4c74bae45d89cb8506b387d14c92f5b0f", kill_on_drop: false }`
[INFO] running `Command { std: "docker" "rm" "-f" "c592092eae7b89533a79a6592e493cc4c74bae45d89cb8506b387d14c92f5b0f", kill_on_drop: false }`
[INFO] [stdout] c592092eae7b89533a79a6592e493cc4c74bae45d89cb8506b387d14c92f5b0f
