[INFO] fetching crate metadata 0.1.9...
[INFO] testing metadata-0.1.9 against nightly-2024-10-28 for randomize-layout
[INFO] extracting crate metadata 0.1.9 into /workspace/builds/worker-3-tc1/source
[INFO] validating manifest of crates.io crate metadata 0.1.9 on toolchain nightly-2024-10-28
[INFO] running `Command { std: CARGO_HOME="/workspace/cargo-home" RUSTUP_HOME="/workspace/rustup-home" "/workspace/cargo-home/bin/cargo" "+nightly-2024-10-28" "metadata" "--manifest-path" "Cargo.toml" "--no-deps", kill_on_drop: false }`
[INFO] started tweaking crates.io crate metadata 0.1.9
[INFO] finished tweaking crates.io crate metadata 0.1.9
[INFO] tweaked toml for crates.io crate metadata 0.1.9 written to /workspace/builds/worker-3-tc1/source/Cargo.toml
[INFO] crate crates.io crate metadata 0.1.9 already has a lockfile, it will not be regenerated
[INFO] running `Command { std: CARGO_HOME="/workspace/cargo-home" RUSTUP_HOME="/workspace/rustup-home" "/workspace/cargo-home/bin/cargo" "+nightly-2024-10-28" "fetch" "--manifest-path" "Cargo.toml", kill_on_drop: false }`
[INFO] [stderr]     Updating crates.io index
[INFO] [stderr]  Downloading crates ...
[INFO] [stderr]   Downloaded handlebars v3.5.5
[INFO] [stderr]   Downloaded ffmpeg-sys-next v7.0.0
[INFO] [stderr]   Downloaded ffmpeg-next v7.0.0
[INFO] running `Command { std: "docker" "create" "-v" "/var/lib/crater-agent-workspace/builds/worker-3-tc1/target:/opt/rustwide/target:rw,Z" "-v" "/var/lib/crater-agent-workspace/builds/worker-3-tc1/source:/opt/rustwide/workdir:ro,Z" "-v" "/var/lib/crater-agent-workspace/cargo-home:/opt/rustwide/cargo-home:ro,Z" "-v" "/var/lib/crater-agent-workspace/rustup-home:/opt/rustwide/rustup-home:ro,Z" "-e" "SOURCE_DIR=/opt/rustwide/workdir" "-e" "CARGO_TARGET_DIR=/opt/rustwide/target" "-e" "CARGO_HOME=/opt/rustwide/cargo-home" "-e" "RUSTUP_HOME=/opt/rustwide/rustup-home" "-w" "/opt/rustwide/workdir" "-m" "1610612736" "--user" "0:0" "--network" "none" "ghcr.io/rust-lang/crates-build-env/linux@sha256:4a844ea9eb2546a2d2c7022eacef16ef2e8229c7fbb2c7d4d55a9ceca922f72d" "/opt/rustwide/cargo-home/bin/cargo" "+nightly-2024-10-28" "metadata" "--no-deps" "--format-version=1", kill_on_drop: false }`
[INFO] [stdout] 4b885407403c9d4c746f53368f51d3e43b32f3206fd77bce8b696c7fa9b4a3f8
[INFO] running `Command { std: "docker" "start" "-a" "4b885407403c9d4c746f53368f51d3e43b32f3206fd77bce8b696c7fa9b4a3f8", kill_on_drop: false }`
[INFO] running `Command { std: "docker" "inspect" "4b885407403c9d4c746f53368f51d3e43b32f3206fd77bce8b696c7fa9b4a3f8", kill_on_drop: false }`
[INFO] running `Command { std: "docker" "rm" "-f" "4b885407403c9d4c746f53368f51d3e43b32f3206fd77bce8b696c7fa9b4a3f8", kill_on_drop: false }`
[INFO] [stdout] 4b885407403c9d4c746f53368f51d3e43b32f3206fd77bce8b696c7fa9b4a3f8
[INFO] running `Command { std: "docker" "create" "-v" "/var/lib/crater-agent-workspace/builds/worker-3-tc1/target:/opt/rustwide/target:rw,Z" "-v" "/var/lib/crater-agent-workspace/builds/worker-3-tc1/source:/opt/rustwide/workdir:ro,Z" "-v" "/var/lib/crater-agent-workspace/cargo-home:/opt/rustwide/cargo-home:ro,Z" "-v" "/var/lib/crater-agent-workspace/rustup-home:/opt/rustwide/rustup-home:ro,Z" "-e" "SOURCE_DIR=/opt/rustwide/workdir" "-e" "CARGO_TARGET_DIR=/opt/rustwide/target" "-e" "CARGO_INCREMENTAL=0" "-e" "RUST_BACKTRACE=full" "-e" "RUSTFLAGS=--cap-lints=forbid" "-e" "RUSTDOCFLAGS=--cap-lints=forbid" "-e" "CARGO_HOME=/opt/rustwide/cargo-home" "-e" "RUSTUP_HOME=/opt/rustwide/rustup-home" "-w" "/opt/rustwide/workdir" "-m" "1610612736" "--user" "0:0" "--network" "none" "ghcr.io/rust-lang/crates-build-env/linux@sha256:4a844ea9eb2546a2d2c7022eacef16ef2e8229c7fbb2c7d4d55a9ceca922f72d" "/opt/rustwide/cargo-home/bin/cargo" "+nightly-2024-10-28" "build" "--frozen" "--message-format=json", kill_on_drop: false }`
[INFO] [stdout] ba7292d6837dbfc32ebccfc5b3401678329ed70585c126d4d570d03cae0bebfc
[INFO] running `Command { std: "docker" "start" "-a" "ba7292d6837dbfc32ebccfc5b3401678329ed70585c126d4d570d03cae0bebfc", kill_on_drop: false }`
[INFO] [stderr]    Compiling proc-macro2 v1.0.81
[INFO] [stderr]    Compiling memchr v2.7.2
[INFO] [stderr]    Compiling unicode-ident v1.0.12
[INFO] [stderr]    Compiling libc v0.2.153
[INFO] [stderr]    Compiling glob v0.3.1
[INFO] [stderr]    Compiling minimal-lexical v0.2.1
[INFO] [stderr]    Compiling regex-syntax v0.8.3
[INFO] [stderr]    Compiling libloading v0.8.3
[INFO] [stderr]    Compiling thiserror v1.0.58
[INFO] [stderr]    Compiling either v1.11.0
[INFO] [stderr]    Compiling bindgen v0.69.4
[INFO] [stderr]    Compiling itertools v0.12.1
[INFO] [stderr]    Compiling version_check v0.9.4
[INFO] [stderr]    Compiling clang-sys v1.7.0
[INFO] [stderr]    Compiling typenum v1.17.0
[INFO] [stderr]    Compiling nom v7.1.3
[INFO] [stderr]    Compiling quote v1.0.36
[INFO] [stderr]    Compiling syn v2.0.60
[INFO] [stderr]    Compiling bitflags v2.5.0
[INFO] [stderr]    Compiling shlex v1.3.0
[INFO] [stderr]    Compiling lazycell v1.3.0
[INFO] [stderr]    Compiling rustc-hash v1.1.0
[INFO] [stderr]    Compiling lazy_static v1.4.0
[INFO] [stderr]    Compiling num_cpus v1.16.0
[INFO] [stderr]    Compiling generic-array v0.14.7
[INFO] [stderr]    Compiling cc v1.0.94
[INFO] [stderr]    Compiling pkg-config v0.3.30
[INFO] [stderr]    Compiling regex-automata v0.4.6
[INFO] [stderr]    Compiling ucd-trie v0.1.6
[INFO] [stderr]    Compiling once_cell v1.19.0
[INFO] [stderr]    Compiling serde v1.0.198
[INFO] [stderr]    Compiling aho-corasick v1.1.3
[INFO] [stderr]    Compiling cexpr v0.6.0
[INFO] [stderr]    Compiling serde_json v1.0.116
[INFO] [stderr]    Compiling atty v0.2.14
[INFO] [stderr]    Compiling itoa v1.0.11
[INFO] [stderr]    Compiling unicode-width v0.1.11
[INFO] [stderr]    Compiling regex v1.10.4
[INFO] [stderr]    Compiling log v0.4.21
[INFO] [stderr]    Compiling quick-error v1.2.3
[INFO] [stderr]    Compiling ryu v1.0.17
[INFO] [stderr]    Compiling ffmpeg-next v7.0.0
[INFO] [stderr]    Compiling humantime v1.3.0
[INFO] [stderr]    Compiling textwrap v0.11.0
[INFO] [stderr]    Compiling block-buffer v0.9.0
[INFO] [stderr]    Compiling digest v0.9.0
[INFO] [stderr]    Compiling termcolor v1.4.1
[INFO] [stderr]    Compiling quick-error v2.0.1
[INFO] [stderr]    Compiling strsim v0.8.0
[INFO] [stderr]    Compiling cpufeatures v0.2.12
[INFO] [stderr]    Compiling vec_map v0.8.2
[INFO] [stderr]    Compiling bitflags v1.3.2
[INFO] [stderr]    Compiling opaque-debug v0.3.1
[INFO] [stderr]    Compiling ansi_term v0.12.1
[INFO] [stderr]    Compiling sha2 v0.9.9
[INFO] [stderr]    Compiling clap v2.34.0
[INFO] [stderr]    Compiling thiserror-impl v1.0.58
[INFO] [stderr]    Compiling serde_derive v1.0.198
[INFO] [stderr]    Compiling pest v2.7.9
[INFO] [stderr]    Compiling env_logger v0.7.1
[INFO] [stderr]    Compiling pest_meta v2.7.9
[INFO] [stderr]    Compiling ffmpeg-sys-next v7.0.0
[INFO] [stderr]    Compiling pest_generator v2.7.9
[INFO] [stderr]    Compiling pest_derive v2.7.9
[INFO] [stderr]    Compiling handlebars v3.5.5
[INFO] [stderr]    Compiling metadata v0.1.9 (/opt/rustwide/workdir)
[INFO] [stdout] error[E0425]: cannot find function `av_channel_layout_describe` in crate `ffmpeg::ffi`
[INFO] [stdout]   --> src/stream/audio.rs:82:26
[INFO] [stdout]    |
[INFO] [stdout] 82 |             ffmpeg::ffi::av_channel_layout_describe(
[INFO] [stdout]    |                          ^^^^^^^^^^^^^^^^^^^^^^^^^^ not found in `ffmpeg::ffi`
[INFO] [stdout] 
[INFO] [stdout] 
[INFO] [stdout] error[E0412]: cannot find type `AVChannelLayout` in crate `ffmpeg::ffi`
[INFO] [stdout]   --> src/stream/audio.rs:83:50
[INFO] [stdout]    |
[INFO] [stdout] 83 |                 &layout.0 as *const ffmpeg::ffi::AVChannelLayout,
[INFO] [stdout]    |                                                  ^^^^^^^^^^^^^^^ not found in `ffmpeg::ffi`
[INFO] [stdout] 
[INFO] [stdout] 
[INFO] [stdout] error[E0616]: field `0` of struct `ffmpeg::ChannelLayout` is private
[INFO] [stdout]   --> src/stream/audio.rs:83:25
[INFO] [stdout]    |
[INFO] [stdout] 83 |                 &layout.0 as *const ffmpeg::ffi::AVChannelLayout,
[INFO] [stdout]    |                         ^ private field
[INFO] [stdout] 
[INFO] [stdout] 
[INFO] [stdout] Some errors have detailed explanations: E0412, E0425, E0616.
[INFO] [stdout] 
[INFO] [stdout] For more information about an error, try `rustc --explain E0412`.
[INFO] [stdout] 
[INFO] [stderr] error: could not compile `metadata` (lib) due to 3 previous errors
[INFO] running `Command { std: "docker" "inspect" "ba7292d6837dbfc32ebccfc5b3401678329ed70585c126d4d570d03cae0bebfc", kill_on_drop: false }`
[INFO] running `Command { std: "docker" "rm" "-f" "ba7292d6837dbfc32ebccfc5b3401678329ed70585c126d4d570d03cae0bebfc", kill_on_drop: false }`
[INFO] [stdout] ba7292d6837dbfc32ebccfc5b3401678329ed70585c126d4d570d03cae0bebfc
