[INFO] fetching crate meritrank 0.4.0...
[INFO] testing meritrank-0.4.0 against nightly-2024-10-28 for randomize-layout
[INFO] extracting crate meritrank 0.4.0 into /workspace/builds/worker-2-tc1/source
[INFO] validating manifest of crates.io crate meritrank 0.4.0 on toolchain nightly-2024-10-28
[INFO] running `Command { std: CARGO_HOME="/workspace/cargo-home" RUSTUP_HOME="/workspace/rustup-home" "/workspace/cargo-home/bin/cargo" "+nightly-2024-10-28" "metadata" "--manifest-path" "Cargo.toml" "--no-deps", kill_on_drop: false }`
[INFO] started tweaking crates.io crate meritrank 0.4.0
[INFO] removed 0 missing tests
[INFO] finished tweaking crates.io crate meritrank 0.4.0
[INFO] tweaked toml for crates.io crate meritrank 0.4.0 written to /workspace/builds/worker-2-tc1/source/Cargo.toml
[INFO] crate crates.io crate meritrank 0.4.0 already has a lockfile, it will not be regenerated
[INFO] running `Command { std: CARGO_HOME="/workspace/cargo-home" RUSTUP_HOME="/workspace/rustup-home" "/workspace/cargo-home/bin/cargo" "+nightly-2024-10-28" "fetch" "--manifest-path" "Cargo.toml", kill_on_drop: false }`
[INFO] running `Command { std: "docker" "create" "-v" "/var/lib/crater-agent-workspace/builds/worker-2-tc1/target:/opt/rustwide/target:rw,Z" "-v" "/var/lib/crater-agent-workspace/builds/worker-2-tc1/source:/opt/rustwide/workdir:ro,Z" "-v" "/var/lib/crater-agent-workspace/cargo-home:/opt/rustwide/cargo-home:ro,Z" "-v" "/var/lib/crater-agent-workspace/rustup-home:/opt/rustwide/rustup-home:ro,Z" "-e" "SOURCE_DIR=/opt/rustwide/workdir" "-e" "CARGO_TARGET_DIR=/opt/rustwide/target" "-e" "CARGO_HOME=/opt/rustwide/cargo-home" "-e" "RUSTUP_HOME=/opt/rustwide/rustup-home" "-w" "/opt/rustwide/workdir" "-m" "1610612736" "--user" "0:0" "--network" "none" "ghcr.io/rust-lang/crates-build-env/linux@sha256:4a844ea9eb2546a2d2c7022eacef16ef2e8229c7fbb2c7d4d55a9ceca922f72d" "/opt/rustwide/cargo-home/bin/cargo" "+nightly-2024-10-28" "metadata" "--no-deps" "--format-version=1", kill_on_drop: false }`
[INFO] [stdout] f538578f5f11086ca4dc7fdcabcd121c755998ffe53e3aa30b1c89e4943f8a3a
[INFO] running `Command { std: "docker" "start" "-a" "f538578f5f11086ca4dc7fdcabcd121c755998ffe53e3aa30b1c89e4943f8a3a", kill_on_drop: false }`
[INFO] running `Command { std: "docker" "inspect" "f538578f5f11086ca4dc7fdcabcd121c755998ffe53e3aa30b1c89e4943f8a3a", kill_on_drop: false }`
[INFO] running `Command { std: "docker" "rm" "-f" "f538578f5f11086ca4dc7fdcabcd121c755998ffe53e3aa30b1c89e4943f8a3a", kill_on_drop: false }`
[INFO] [stdout] f538578f5f11086ca4dc7fdcabcd121c755998ffe53e3aa30b1c89e4943f8a3a
[INFO] running `Command { std: "docker" "create" "-v" "/var/lib/crater-agent-workspace/builds/worker-2-tc1/target:/opt/rustwide/target:rw,Z" "-v" "/var/lib/crater-agent-workspace/builds/worker-2-tc1/source:/opt/rustwide/workdir:ro,Z" "-v" "/var/lib/crater-agent-workspace/cargo-home:/opt/rustwide/cargo-home:ro,Z" "-v" "/var/lib/crater-agent-workspace/rustup-home:/opt/rustwide/rustup-home:ro,Z" "-e" "SOURCE_DIR=/opt/rustwide/workdir" "-e" "CARGO_TARGET_DIR=/opt/rustwide/target" "-e" "CARGO_INCREMENTAL=0" "-e" "RUST_BACKTRACE=full" "-e" "RUSTFLAGS=--cap-lints=forbid" "-e" "RUSTDOCFLAGS=--cap-lints=forbid" "-e" "CARGO_HOME=/opt/rustwide/cargo-home" "-e" "RUSTUP_HOME=/opt/rustwide/rustup-home" "-w" "/opt/rustwide/workdir" "-m" "1610612736" "--user" "0:0" "--network" "none" "ghcr.io/rust-lang/crates-build-env/linux@sha256:4a844ea9eb2546a2d2c7022eacef16ef2e8229c7fbb2c7d4d55a9ceca922f72d" "/opt/rustwide/cargo-home/bin/cargo" "+nightly-2024-10-28" "build" "--frozen" "--message-format=json", kill_on_drop: false }`
[INFO] [stdout] b034a56ab0ead0d10c77c56638625ba724278a20d05811bd2899d060c9ccd5eb
[INFO] running `Command { std: "docker" "start" "-a" "b034a56ab0ead0d10c77c56638625ba724278a20d05811bd2899d060c9ccd5eb", kill_on_drop: false }`
[INFO] [stderr]    Compiling libc v0.2.153
[INFO] [stderr]    Compiling indexmap v1.9.3
[INFO] [stderr]    Compiling num-traits v0.2.18
[INFO] [stderr]    Compiling crc32fast v1.4.0
[INFO] [stderr]    Compiling serde v1.0.197
[INFO] [stderr]    Compiling memchr v2.7.1
[INFO] [stderr]    Compiling ppv-lite86 v0.2.17
[INFO] [stderr]    Compiling hashbrown v0.12.3
[INFO] [stderr]    Compiling adler v1.0.2
[INFO] [stderr]    Compiling miniz_oxide v0.7.2
[INFO] [stderr]    Compiling fixedbitset v0.2.0
[INFO] [stderr]    Compiling ryu v1.0.17
[INFO] [stderr]    Compiling itoa v1.0.10
[INFO] [stderr]    Compiling csv-core v0.1.11
[INFO] [stderr]    Compiling once_cell v1.19.0
[INFO] [stderr]    Compiling uuid v1.7.0
[INFO] [stderr]    Compiling flate2 v1.0.28
[INFO] [stderr]    Compiling getrandom v0.2.12
[INFO] [stderr]    Compiling petgraph v0.5.1
[INFO] [stderr]    Compiling rand_core v0.6.4
[INFO] [stderr]    Compiling rand_chacha v0.3.1
[INFO] [stderr]    Compiling ordered-float v1.1.1
[INFO] [stderr]    Compiling rand v0.8.5
[INFO] [stderr]    Compiling csv v1.3.0
[INFO] [stderr]    Compiling meritrank v0.4.0 (/opt/rustwide/workdir)
[INFO] [stderr]     Finished `dev` profile [unoptimized + debuginfo] target(s) in 7.45s
[INFO] running `Command { std: "docker" "inspect" "b034a56ab0ead0d10c77c56638625ba724278a20d05811bd2899d060c9ccd5eb", kill_on_drop: false }`
[INFO] running `Command { std: "docker" "rm" "-f" "b034a56ab0ead0d10c77c56638625ba724278a20d05811bd2899d060c9ccd5eb", kill_on_drop: false }`
[INFO] [stdout] b034a56ab0ead0d10c77c56638625ba724278a20d05811bd2899d060c9ccd5eb
[INFO] running `Command { std: "docker" "create" "-v" "/var/lib/crater-agent-workspace/builds/worker-2-tc1/target:/opt/rustwide/target:rw,Z" "-v" "/var/lib/crater-agent-workspace/builds/worker-2-tc1/source:/opt/rustwide/workdir:ro,Z" "-v" "/var/lib/crater-agent-workspace/cargo-home:/opt/rustwide/cargo-home:ro,Z" "-v" "/var/lib/crater-agent-workspace/rustup-home:/opt/rustwide/rustup-home:ro,Z" "-e" "SOURCE_DIR=/opt/rustwide/workdir" "-e" "CARGO_TARGET_DIR=/opt/rustwide/target" "-e" "CARGO_INCREMENTAL=0" "-e" "RUST_BACKTRACE=full" "-e" "RUSTFLAGS=--cap-lints=forbid" "-e" "RUSTDOCFLAGS=--cap-lints=forbid" "-e" "CARGO_HOME=/opt/rustwide/cargo-home" "-e" "RUSTUP_HOME=/opt/rustwide/rustup-home" "-w" "/opt/rustwide/workdir" "-m" "1610612736" "--user" "0:0" "--network" "none" "ghcr.io/rust-lang/crates-build-env/linux@sha256:4a844ea9eb2546a2d2c7022eacef16ef2e8229c7fbb2c7d4d55a9ceca922f72d" "/opt/rustwide/cargo-home/bin/cargo" "+nightly-2024-10-28" "test" "--frozen" "--no-run" "--message-format=json", kill_on_drop: false }`
[INFO] [stdout] 939f77554b4b63e9f9f8b00cd1643c5251907cc0212fcbaa02365705e001bf63
[INFO] running `Command { std: "docker" "start" "-a" "939f77554b4b63e9f9f8b00cd1643c5251907cc0212fcbaa02365705e001bf63", kill_on_drop: false }`
[INFO] [stderr]    Compiling meritrank v0.4.0 (/opt/rustwide/workdir)
[INFO] [stdout] error[E0599]: no method named `get_walks` found for struct `MeritRank` in the current scope
[INFO] [stdout]    --> tests/test_meritrank.rs:31:31
[INFO] [stdout]     |
[INFO] [stdout] 31  |         assert_eq!(merit_rank.get_walks().len(), 0);
[INFO] [stdout]     |                               ^^^^^^^^^
[INFO] [stdout]     |
[INFO] [stdout] help: there is a method `get_ranks` with a similar name, but with different arguments
[INFO] [stdout]    --> /opt/rustwide/workdir/src/rank.rs:322:5
[INFO] [stdout]     |
[INFO] [stdout] 322 | /     pub fn get_ranks(
[INFO] [stdout] 323 | |         &self,
[INFO] [stdout] 324 | |         ego: NodeId,
[INFO] [stdout] 325 | |         limit: Option<usize>,
[INFO] [stdout] 326 | |     ) -> Result<Vec<(NodeId, Weight)>, MeritRankError> {
[INFO] [stdout]     | |______________________________________________________^
[INFO] [stdout] 
[INFO] [stdout] 
[INFO] [stdout] error[E0599]: no method named `get_walks` found for struct `MeritRank` in the current scope
[INFO] [stdout]    --> tests/test_meritrank.rs:40:32
[INFO] [stdout]     |
[INFO] [stdout] 40  |         let walks = merit_rank.get_walks();
[INFO] [stdout]     |                                ^^^^^^^^^
[INFO] [stdout]     |
[INFO] [stdout] help: there is a method `get_ranks` with a similar name, but with different arguments
[INFO] [stdout]    --> /opt/rustwide/workdir/src/rank.rs:322:5
[INFO] [stdout]     |
[INFO] [stdout] 322 | /     pub fn get_ranks(
[INFO] [stdout] 323 | |         &self,
[INFO] [stdout] 324 | |         ego: NodeId,
[INFO] [stdout] 325 | |         limit: Option<usize>,
[INFO] [stdout] 326 | |     ) -> Result<Vec<(NodeId, Weight)>, MeritRankError> {
[INFO] [stdout]     | |______________________________________________________^
[INFO] [stdout] 
[INFO] [stdout] 
[INFO] [stdout] error[E0599]: no method named `get_neg_hits` found for struct `MeritRank` in the current scope
[INFO] [stdout]   --> tests/test_meritrank.rs:52:33
[INFO] [stdout]    |
[INFO] [stdout] 52 |         let result = merit_rank.get_neg_hits();
[INFO] [stdout]    |                                 ^^^^^^^^^^^^ method not found in `MeritRank`
[INFO] [stdout] 
[INFO] [stdout] 
[INFO] [stdout] error[E0599]: no method named `get_personal_hits` found for struct `MeritRank` in the current scope
[INFO] [stdout]   --> tests/test_meritrank.rs:61:33
[INFO] [stdout]    |
[INFO] [stdout] 61 |         let result = merit_rank.get_personal_hits();
[INFO] [stdout]    |                                 ^^^^^^^^^^^^^^^^^ method not found in `MeritRank`
[INFO] [stdout] 
[INFO] [stdout] 
[INFO] [stdout] error[E0599]: no method named `get_graph` found for struct `MeritRank` in the current scope
[INFO] [stdout]   --> tests/test_meritrank.rs:70:33
[INFO] [stdout]    |
[INFO] [stdout] 70 |         let result = merit_rank.get_graph();
[INFO] [stdout]    |                                 ^^^^^^^^^ method not found in `MeritRank`
[INFO] [stdout] 
[INFO] [stdout] 
[INFO] [stdout] error[E0599]: no method named `get_graph_mut` found for struct `MeritRank` in the current scope
[INFO] [stdout]   --> tests/test_meritrank.rs:82:33
[INFO] [stdout]    |
[INFO] [stdout] 82 |         let result = merit_rank.get_graph_mut();
[INFO] [stdout]    |                                 ^^^^^^^^^^^^^ method not found in `MeritRank`
[INFO] [stdout] 
[INFO] [stdout] 
[INFO] [stdout] error[E0599]: no method named `get_alpha` found for struct `MeritRank` in the current scope
[INFO] [stdout]   --> tests/test_meritrank.rs:94:33
[INFO] [stdout]    |
[INFO] [stdout] 94 |         let result = merit_rank.get_alpha();
[INFO] [stdout]    |                                 ^^^^^^^^^ method not found in `MeritRank`
[INFO] [stdout] 
[INFO] [stdout] 
[INFO] [stdout] error[E0599]: no method named `set_alpha` found for struct `MeritRank` in the current scope
[INFO] [stdout]    --> tests/test_meritrank.rs:104:20
[INFO] [stdout]     |
[INFO] [stdout] 104 |         merit_rank.set_alpha(alpha);
[INFO] [stdout]     |                    ^^^^^^^^^ method not found in `MeritRank`
[INFO] [stdout] 
[INFO] [stdout] 
[INFO] [stdout] error[E0599]: no method named `get_alpha` found for struct `MeritRank` in the current scope
[INFO] [stdout]    --> tests/test_meritrank.rs:105:31
[INFO] [stdout]     |
[INFO] [stdout] 105 |         assert_eq!(merit_rank.get_alpha(), 0.0);
[INFO] [stdout]     |                               ^^^^^^^^^ method not found in `MeritRank`
[INFO] [stdout] 
[INFO] [stdout] 
[INFO] [stdout] error[E0599]: no method named `get_hit_counts` found for struct `MeritRank` in the current scope
[INFO] [stdout]    --> tests/test_meritrank.rs:114:33
[INFO] [stdout]     |
[INFO] [stdout] 114 |         let result = merit_rank.get_hit_counts(&node);
[INFO] [stdout]     |                                 ^^^^^^^^^^^^^^ method not found in `MeritRank`
[INFO] [stdout] 
[INFO] [stdout] 
[INFO] [stdout] error[E0599]: no method named `increment_hit_counts` found for struct `MeritRank` in the current scope
[INFO] [stdout]    --> tests/test_meritrank.rs:127:20
[INFO] [stdout]     |
[INFO] [stdout] 127 |         merit_rank.increment_hit_counts(&walk);
[INFO] [stdout]     |                    ^^^^^^^^^^^^^^^^^^^^ method not found in `MeritRank`
[INFO] [stdout] 
[INFO] [stdout] 
[INFO] [stdout] error[E0599]: no method named `get_hit_counts` found for struct `MeritRank` in the current scope
[INFO] [stdout]    --> tests/test_meritrank.rs:130:24
[INFO] [stdout]     |
[INFO] [stdout] 130 |             merit_rank.get_hit_counts(&node),
[INFO] [stdout]     |                        ^^^^^^^^^^^^^^ method not found in `MeritRank`
[INFO] [stdout] 
[INFO] [stdout] 
[INFO] [stdout] For more information about this error, try `rustc --explain E0599`.
[INFO] [stdout] 
[INFO] [stderr] error: could not compile `meritrank` (test "test_meritrank") due to 12 previous errors
[INFO] [stderr] warning: build failed, waiting for other jobs to finish...
[INFO] [stdout] warning: function `test_meritrank_long` is never used
[INFO] [stdout]    --> tests/test_dumps.rs:136:8
[INFO] [stdout]     |
[INFO] [stdout] 136 |     fn test_meritrank_long() -> Result<(), Box<dyn Error>> {
[INFO] [stdout]     |        ^^^^^^^^^^^^^^^^^^^
[INFO] [stdout]     |
[INFO] [stdout]     = note: `#[warn(dead_code)]` on by default
[INFO] [stdout] 
[INFO] [stdout] 
[INFO] running `Command { std: "docker" "inspect" "939f77554b4b63e9f9f8b00cd1643c5251907cc0212fcbaa02365705e001bf63", kill_on_drop: false }`
[INFO] running `Command { std: "docker" "rm" "-f" "939f77554b4b63e9f9f8b00cd1643c5251907cc0212fcbaa02365705e001bf63", kill_on_drop: false }`
[INFO] [stdout] 939f77554b4b63e9f9f8b00cd1643c5251907cc0212fcbaa02365705e001bf63
