[INFO] fetching crate memory-lol-client 0.2.0...
[INFO] testing memory-lol-client-0.2.0 against nightly-2024-10-28+rustflags=-Zrandomize-layout for randomize-layout
[INFO] extracting crate memory-lol-client 0.2.0 into /workspace/builds/worker-1-tc2/source
[INFO] validating manifest of crates.io crate memory-lol-client 0.2.0 on toolchain nightly-2024-10-28
[INFO] running `Command { std: CARGO_HOME="/workspace/cargo-home" RUSTUP_HOME="/workspace/rustup-home" "/workspace/cargo-home/bin/cargo" "+nightly-2024-10-28" "metadata" "--manifest-path" "Cargo.toml" "--no-deps", kill_on_drop: false }`
[INFO] started tweaking crates.io crate memory-lol-client 0.2.0
[INFO] finished tweaking crates.io crate memory-lol-client 0.2.0
[INFO] tweaked toml for crates.io crate memory-lol-client 0.2.0 written to /workspace/builds/worker-1-tc2/source/Cargo.toml
[INFO] running `Command { std: CARGO_HOME="/workspace/cargo-home" RUSTUP_HOME="/workspace/rustup-home" "/workspace/cargo-home/bin/cargo" "+nightly-2024-10-28" "generate-lockfile" "--manifest-path" "Cargo.toml", kill_on_drop: false }`
[INFO] [stderr]     Updating crates.io index
[INFO] [stderr]     Blocking waiting for file lock on package cache
[INFO] [stderr]      Locking 175 packages to latest compatible versions
[INFO] [stderr]       Adding indexmap v1.9.3 (available: v2.6.0)
[INFO] [stderr]       Adding reqwest v0.11.27 (available: v0.12.9)
[INFO] [stderr]       Adding serial_test v0.8.0 (available: v3.1.1)
[INFO] running `Command { std: CARGO_HOME="/workspace/cargo-home" RUSTUP_HOME="/workspace/rustup-home" "/workspace/cargo-home/bin/cargo" "+nightly-2024-10-28" "fetch" "--manifest-path" "Cargo.toml", kill_on_drop: false }`
[INFO] running `Command { std: "docker" "create" "-v" "/var/lib/crater-agent-workspace/builds/worker-1-tc2/target:/opt/rustwide/target:rw,Z" "-v" "/var/lib/crater-agent-workspace/builds/worker-1-tc2/source:/opt/rustwide/workdir:ro,Z" "-v" "/var/lib/crater-agent-workspace/cargo-home:/opt/rustwide/cargo-home:ro,Z" "-v" "/var/lib/crater-agent-workspace/rustup-home:/opt/rustwide/rustup-home:ro,Z" "-e" "SOURCE_DIR=/opt/rustwide/workdir" "-e" "CARGO_TARGET_DIR=/opt/rustwide/target" "-e" "CARGO_HOME=/opt/rustwide/cargo-home" "-e" "RUSTUP_HOME=/opt/rustwide/rustup-home" "-w" "/opt/rustwide/workdir" "-m" "1610612736" "--user" "0:0" "--network" "none" "ghcr.io/rust-lang/crates-build-env/linux@sha256:4a844ea9eb2546a2d2c7022eacef16ef2e8229c7fbb2c7d4d55a9ceca922f72d" "/opt/rustwide/cargo-home/bin/cargo" "+nightly-2024-10-28" "metadata" "--no-deps" "--format-version=1", kill_on_drop: false }`
[INFO] [stdout] 562281d8bc2d2e4ee1f3851baa1d16edaefec5e8fce3da5a9db498070b02c384
[INFO] running `Command { std: "docker" "start" "-a" "562281d8bc2d2e4ee1f3851baa1d16edaefec5e8fce3da5a9db498070b02c384", kill_on_drop: false }`
[INFO] running `Command { std: "docker" "inspect" "562281d8bc2d2e4ee1f3851baa1d16edaefec5e8fce3da5a9db498070b02c384", kill_on_drop: false }`
[INFO] running `Command { std: "docker" "rm" "-f" "562281d8bc2d2e4ee1f3851baa1d16edaefec5e8fce3da5a9db498070b02c384", kill_on_drop: false }`
[INFO] [stdout] 562281d8bc2d2e4ee1f3851baa1d16edaefec5e8fce3da5a9db498070b02c384
[INFO] running `Command { std: "docker" "create" "-v" "/var/lib/crater-agent-workspace/builds/worker-1-tc2/target:/opt/rustwide/target:rw,Z" "-v" "/var/lib/crater-agent-workspace/builds/worker-1-tc2/source:/opt/rustwide/workdir:ro,Z" "-v" "/var/lib/crater-agent-workspace/cargo-home:/opt/rustwide/cargo-home:ro,Z" "-v" "/var/lib/crater-agent-workspace/rustup-home:/opt/rustwide/rustup-home:ro,Z" "-e" "SOURCE_DIR=/opt/rustwide/workdir" "-e" "CARGO_TARGET_DIR=/opt/rustwide/target" "-e" "CARGO_INCREMENTAL=0" "-e" "RUST_BACKTRACE=full" "-e" "RUSTFLAGS=--cap-lints=forbid -Zrandomize-layout" "-e" "RUSTDOCFLAGS=--cap-lints=forbid" "-e" "CARGO_HOME=/opt/rustwide/cargo-home" "-e" "RUSTUP_HOME=/opt/rustwide/rustup-home" "-w" "/opt/rustwide/workdir" "-m" "1610612736" "--user" "0:0" "--network" "none" "ghcr.io/rust-lang/crates-build-env/linux@sha256:4a844ea9eb2546a2d2c7022eacef16ef2e8229c7fbb2c7d4d55a9ceca922f72d" "/opt/rustwide/cargo-home/bin/cargo" "+nightly-2024-10-28" "build" "--frozen" "--message-format=json", kill_on_drop: false }`
[INFO] [stdout] 0bde4aa574a2f1759de0ab3814ebdd16c2ffd08246ce88735cfc9c5ec8ff3593
[INFO] running `Command { std: "docker" "start" "-a" "0bde4aa574a2f1759de0ab3814ebdd16c2ffd08246ce88735cfc9c5ec8ff3593", kill_on_drop: false }`
[INFO] [stderr]    Compiling syn v2.0.86
[INFO] [stderr]    Compiling jobserver v0.1.32
[INFO] [stderr]    Compiling syn v1.0.109
[INFO] [stderr]    Compiling minimal-lexical v0.2.1
[INFO] [stderr]    Compiling regex-syntax v0.8.5
[INFO] [stderr]    Compiling libloading v0.8.5
[INFO] [stderr]    Compiling bindgen v0.64.0
[INFO] [stderr]    Compiling hashbrown v0.15.0
[INFO] [stderr]    Compiling bitflags v1.3.2
[INFO] [stderr]    Compiling http v0.2.12
[INFO] [stderr]    Compiling futures-task v0.3.31
[INFO] [stderr]    Compiling tracing v0.1.40
[INFO] [stderr]    Compiling indexmap v1.9.3
[INFO] [stderr]    Compiling unicode-normalization v0.1.24
[INFO] [stderr]    Compiling futures-channel v0.3.31
[INFO] [stderr]    Compiling priority-queue v1.4.0
[INFO] [stderr]    Compiling serde_json v1.0.132
[INFO] [stderr]    Compiling clang-sys v1.8.1
[INFO] [stderr]    Compiling futures-util v0.3.31
[INFO] [stderr]    Compiling unicode-bidi v0.3.17
[INFO] [stderr]    Compiling tower-service v0.3.3
[INFO] [stderr]    Compiling cc v1.1.31
[INFO] [stderr]    Compiling iana-time-zone v0.1.61
[INFO] [stderr]    Compiling rustls-pemfile v1.0.4
[INFO] [stderr]    Compiling encoding_rs v0.8.35
[INFO] [stderr]    Compiling nom v7.1.3
[INFO] [stderr]    Compiling sync_wrapper v0.1.2
[INFO] [stderr]    Compiling ipnet v2.10.1
[INFO] [stderr]    Compiling http-body v0.4.6
[INFO] [stderr]    Compiling idna v0.5.0
[INFO] [stderr]    Compiling indexmap v2.6.0
[INFO] [stderr]    Compiling url v2.5.2
[INFO] [stderr]    Compiling openssl-sys v0.9.104
[INFO] [stderr]    Compiling cexpr v0.6.0
[INFO] [stderr]    Compiling regex-automata v0.4.8
[INFO] [stderr]    Compiling openssl v0.10.68
[INFO] [stderr]    Compiling native-tls v0.2.12
[INFO] [stderr]    Compiling serde_derive v1.0.214
[INFO] [stderr]    Compiling tokio-macros v2.4.0
[INFO] [stderr]    Compiling openssl-macros v0.1.1
[INFO] [stderr]    Compiling thiserror-impl v1.0.66
[INFO] [stderr]    Compiling regex v1.11.1
[INFO] [stderr]    Compiling tokio v1.41.0
[INFO] [stderr]    Compiling thiserror v1.0.66
[INFO] [stderr]    Compiling serde v1.0.214
[INFO] [stderr]    Compiling tokio-util v0.7.12
[INFO] [stderr]    Compiling tokio-native-tls v0.3.1
[INFO] [stderr]    Compiling librocksdb-sys v0.8.3+7.4.4
[INFO] [stderr]    Compiling chrono v0.4.38
[INFO] [stderr]    Compiling serde_urlencoded v0.7.1
[INFO] [stderr]    Compiling h2 v0.3.26
[INFO] [stderr]    Compiling hyper v0.14.31
[INFO] [stderr] error: could not compile `hyper` (lib)
[INFO] [stderr] 
[INFO] [stderr] Caused by:
[INFO] [stderr]   process didn't exit successfully: `/opt/rustwide/rustup-home/toolchains/nightly-2024-10-28-x86_64-unknown-linux-gnu/bin/rustc --crate-name hyper --edition=2018 /opt/rustwide/cargo-home/registry/src/index.crates.io-6f17d22bba15001f/hyper-0.14.31/src/lib.rs --error-format=json --json=diagnostic-rendered-ansi,artifacts,future-incompat --crate-type lib --emit=dep-info,metadata,link -C embed-bitcode=no -C debuginfo=2 --cfg 'feature="client"' --cfg 'feature="h2"' --cfg 'feature="http1"' --cfg 'feature="http2"' --cfg 'feature="runtime"' --cfg 'feature="socket2"' --cfg 'feature="tcp"' --check-cfg 'cfg(docsrs)' --check-cfg 'cfg(feature, values("__internal_happy_eyeballs_tests", "backports", "client", "default", "deprecated", "ffi", "full", "h2", "http1", "http2", "libc", "nightly", "runtime", "server", "socket2", "stream", "tcp"))' -C metadata=fe392d257f1610e9 -C extra-filename=-fe392d257f1610e9 --out-dir /opt/rustwide/target/debug/deps -L dependency=/opt/rustwide/target/debug/deps --extern bytes=/opt/rustwide/target/debug/deps/libbytes-6a4c7ea0a880895d.rmeta --extern futures_channel=/opt/rustwide/target/debug/deps/libfutures_channel-481fc5026c84318a.rmeta --extern futures_core=/opt/rustwide/target/debug/deps/libfutures_core-3267ce8fda4a14eb.rmeta --extern futures_util=/opt/rustwide/target/debug/deps/libfutures_util-e7345d2a862791bf.rmeta --extern h2=/opt/rustwide/target/debug/deps/libh2-dd7d61c845fc4c3d.rmeta --extern http=/opt/rustwide/target/debug/deps/libhttp-97a25e6db0f40089.rmeta --extern http_body=/opt/rustwide/target/debug/deps/libhttp_body-05665cfcfea503ff.rmeta --extern httparse=/opt/rustwide/target/debug/deps/libhttparse-51f001110b5a7f34.rmeta --extern httpdate=/opt/rustwide/target/debug/deps/libhttpdate-cec10d4fe91818dd.rmeta --extern itoa=/opt/rustwide/target/debug/deps/libitoa-add5260810035b6e.rmeta --extern pin_project_lite=/opt/rustwide/target/debug/deps/libpin_project_lite-2633596a5f246a3b.rmeta --extern socket2=/opt/rustwide/target/debug/deps/libsocket2-94d402ae640d2535.rmeta --extern tokio=/opt/rustwide/target/debug/deps/libtokio-0ddd57de5f86e5bd.rmeta --extern tower_service=/opt/rustwide/target/debug/deps/libtower_service-44dbed632a843492.rmeta --extern tracing=/opt/rustwide/target/debug/deps/libtracing-bfddd9c3cfd3791c.rmeta --extern want=/opt/rustwide/target/debug/deps/libwant-e685d7a406130720.rmeta --cap-lints allow --cap-lints=forbid -Zrandomize-layout` (signal: 9, SIGKILL: kill)
[INFO] [stderr] warning: build failed, waiting for other jobs to finish...
[ERROR] error running command: no output for 300 seconds
[INFO] running `Command { std: "docker" "inspect" "0bde4aa574a2f1759de0ab3814ebdd16c2ffd08246ce88735cfc9c5ec8ff3593", kill_on_drop: false }`
[INFO] running `Command { std: "docker" "rm" "-f" "0bde4aa574a2f1759de0ab3814ebdd16c2ffd08246ce88735cfc9c5ec8ff3593", kill_on_drop: false }`
[INFO] [stderr] Error response from daemon: Could not kill running container 0bde4aa574a2f1759de0ab3814ebdd16c2ffd08246ce88735cfc9c5ec8ff3593, cannot remove - tried to kill container, but did not receive an exit event
[ERROR] failed to delete container 0bde4aa574a2f1759de0ab3814ebdd16c2ffd08246ce88735cfc9c5ec8ff3593
[ERROR] caused by: command failed: exit status: 1
