[INFO] fetching crate mem-rs 0.1.7...
[INFO] testing mem-rs-0.1.7 against nightly-2024-10-28+rustflags=-Zrandomize-layout for randomize-layout
[INFO] extracting crate mem-rs 0.1.7 into /workspace/builds/worker-3-tc2/source
[INFO] validating manifest of crates.io crate mem-rs 0.1.7 on toolchain nightly-2024-10-28
[INFO] running `Command { std: CARGO_HOME="/workspace/cargo-home" RUSTUP_HOME="/workspace/rustup-home" "/workspace/cargo-home/bin/cargo" "+nightly-2024-10-28" "metadata" "--manifest-path" "Cargo.toml" "--no-deps", kill_on_drop: false }`
[INFO] started tweaking crates.io crate mem-rs 0.1.7
[INFO] finished tweaking crates.io crate mem-rs 0.1.7
[INFO] tweaked toml for crates.io crate mem-rs 0.1.7 written to /workspace/builds/worker-3-tc2/source/Cargo.toml
[INFO] crate crates.io crate mem-rs 0.1.7 already has a lockfile, it will not be regenerated
[INFO] running `Command { std: CARGO_HOME="/workspace/cargo-home" RUSTUP_HOME="/workspace/rustup-home" "/workspace/cargo-home/bin/cargo" "+nightly-2024-10-28" "fetch" "--manifest-path" "Cargo.toml", kill_on_drop: false }`
[INFO] running `Command { std: "docker" "create" "-v" "/var/lib/crater-agent-workspace/builds/worker-3-tc2/target:/opt/rustwide/target:rw,Z" "-v" "/var/lib/crater-agent-workspace/builds/worker-3-tc2/source:/opt/rustwide/workdir:ro,Z" "-v" "/var/lib/crater-agent-workspace/cargo-home:/opt/rustwide/cargo-home:ro,Z" "-v" "/var/lib/crater-agent-workspace/rustup-home:/opt/rustwide/rustup-home:ro,Z" "-e" "SOURCE_DIR=/opt/rustwide/workdir" "-e" "CARGO_TARGET_DIR=/opt/rustwide/target" "-e" "CARGO_HOME=/opt/rustwide/cargo-home" "-e" "RUSTUP_HOME=/opt/rustwide/rustup-home" "-w" "/opt/rustwide/workdir" "-m" "1610612736" "--user" "0:0" "--network" "none" "ghcr.io/rust-lang/crates-build-env/linux@sha256:4a844ea9eb2546a2d2c7022eacef16ef2e8229c7fbb2c7d4d55a9ceca922f72d" "/opt/rustwide/cargo-home/bin/cargo" "+nightly-2024-10-28" "metadata" "--no-deps" "--format-version=1", kill_on_drop: false }`
[INFO] [stdout] 442d7fbe3abb414e5d0bb9c3237dd9567bd23ceab98375757b0ee97cdec9ea4b
[INFO] running `Command { std: "docker" "start" "-a" "442d7fbe3abb414e5d0bb9c3237dd9567bd23ceab98375757b0ee97cdec9ea4b", kill_on_drop: false }`
[INFO] running `Command { std: "docker" "inspect" "442d7fbe3abb414e5d0bb9c3237dd9567bd23ceab98375757b0ee97cdec9ea4b", kill_on_drop: false }`
[INFO] running `Command { std: "docker" "rm" "-f" "442d7fbe3abb414e5d0bb9c3237dd9567bd23ceab98375757b0ee97cdec9ea4b", kill_on_drop: false }`
[INFO] [stdout] 442d7fbe3abb414e5d0bb9c3237dd9567bd23ceab98375757b0ee97cdec9ea4b
[INFO] running `Command { std: "docker" "create" "-v" "/var/lib/crater-agent-workspace/builds/worker-3-tc2/target:/opt/rustwide/target:rw,Z" "-v" "/var/lib/crater-agent-workspace/builds/worker-3-tc2/source:/opt/rustwide/workdir:ro,Z" "-v" "/var/lib/crater-agent-workspace/cargo-home:/opt/rustwide/cargo-home:ro,Z" "-v" "/var/lib/crater-agent-workspace/rustup-home:/opt/rustwide/rustup-home:ro,Z" "-e" "SOURCE_DIR=/opt/rustwide/workdir" "-e" "CARGO_TARGET_DIR=/opt/rustwide/target" "-e" "CARGO_INCREMENTAL=0" "-e" "RUST_BACKTRACE=full" "-e" "RUSTFLAGS=--cap-lints=forbid -Zrandomize-layout" "-e" "RUSTDOCFLAGS=--cap-lints=forbid" "-e" "CARGO_HOME=/opt/rustwide/cargo-home" "-e" "RUSTUP_HOME=/opt/rustwide/rustup-home" "-w" "/opt/rustwide/workdir" "-m" "1610612736" "--user" "0:0" "--network" "none" "ghcr.io/rust-lang/crates-build-env/linux@sha256:4a844ea9eb2546a2d2c7022eacef16ef2e8229c7fbb2c7d4d55a9ceca922f72d" "/opt/rustwide/cargo-home/bin/cargo" "+nightly-2024-10-28" "build" "--frozen" "--message-format=json", kill_on_drop: false }`
[INFO] [stdout] 626fb086d456c4169077d0a70aca17a597298f42479c42a80571a6556911e184
[INFO] running `Command { std: "docker" "start" "-a" "626fb086d456c4169077d0a70aca17a597298f42479c42a80571a6556911e184", kill_on_drop: false }`
[INFO] [stderr]    Compiling proc-macro2 v1.0.83
[INFO] [stderr]    Compiling windows_x86_64_gnu v0.52.5
[INFO] [stderr]    Compiling windows-targets v0.52.5
[INFO] [stderr]    Compiling windows-result v0.1.1
[INFO] [stderr]    Compiling quote v1.0.36
[INFO] [stderr]    Compiling syn v2.0.65
[INFO] [stderr]    Compiling windows-interface v0.56.0
[INFO] [stderr]    Compiling windows-implement v0.56.0
[INFO] [stderr]    Compiling windows-core v0.56.0
[INFO] [stderr]    Compiling windows v0.56.0
[INFO] [stderr]    Compiling mem-rs v0.1.7 (/opt/rustwide/workdir)
[INFO] [stdout] warning: fields `id`, `path`, and `name` are never read
[INFO] [stdout]   --> src/process_module.rs:23:9
[INFO] [stdout]    |
[INFO] [stdout] 21 | pub struct ProcessModule
[INFO] [stdout]    |            ------------- fields in this struct
[INFO] [stdout] 22 | {
[INFO] [stdout] 23 |     pub id: usize,
[INFO] [stdout]    |         ^^
[INFO] [stdout] 24 |     pub path: String,
[INFO] [stdout]    |         ^^^^
[INFO] [stdout] 25 |     pub name: String,
[INFO] [stdout]    |         ^^^^
[INFO] [stdout]    |
[INFO] [stdout]    = note: `#[warn(dead_code)]` on by default
[INFO] [stdout] 
[INFO] [stdout] 
[INFO] [stderr]     Finished `dev` profile [unoptimized + debuginfo] target(s) in 8.68s
[INFO] running `Command { std: "docker" "inspect" "626fb086d456c4169077d0a70aca17a597298f42479c42a80571a6556911e184", kill_on_drop: false }`
[INFO] running `Command { std: "docker" "rm" "-f" "626fb086d456c4169077d0a70aca17a597298f42479c42a80571a6556911e184", kill_on_drop: false }`
[INFO] [stdout] 626fb086d456c4169077d0a70aca17a597298f42479c42a80571a6556911e184
[INFO] running `Command { std: "docker" "create" "-v" "/var/lib/crater-agent-workspace/builds/worker-3-tc2/target:/opt/rustwide/target:rw,Z" "-v" "/var/lib/crater-agent-workspace/builds/worker-3-tc2/source:/opt/rustwide/workdir:ro,Z" "-v" "/var/lib/crater-agent-workspace/cargo-home:/opt/rustwide/cargo-home:ro,Z" "-v" "/var/lib/crater-agent-workspace/rustup-home:/opt/rustwide/rustup-home:ro,Z" "-e" "SOURCE_DIR=/opt/rustwide/workdir" "-e" "CARGO_TARGET_DIR=/opt/rustwide/target" "-e" "CARGO_INCREMENTAL=0" "-e" "RUST_BACKTRACE=full" "-e" "RUSTFLAGS=--cap-lints=forbid -Zrandomize-layout" "-e" "RUSTDOCFLAGS=--cap-lints=forbid" "-e" "CARGO_HOME=/opt/rustwide/cargo-home" "-e" "RUSTUP_HOME=/opt/rustwide/rustup-home" "-w" "/opt/rustwide/workdir" "-m" "1610612736" "--user" "0:0" "--network" "none" "ghcr.io/rust-lang/crates-build-env/linux@sha256:4a844ea9eb2546a2d2c7022eacef16ef2e8229c7fbb2c7d4d55a9ceca922f72d" "/opt/rustwide/cargo-home/bin/cargo" "+nightly-2024-10-28" "test" "--frozen" "--no-run" "--message-format=json", kill_on_drop: false }`
[INFO] [stdout] 9e1f2fc6bc355c93ee28c0849f7a1151d1dcb62d80b05f75e6481fbc262b7c34
[INFO] running `Command { std: "docker" "start" "-a" "9e1f2fc6bc355c93ee28c0849f7a1151d1dcb62d80b05f75e6481fbc262b7c34", kill_on_drop: false }`
[INFO] [stdout] warning: fields `id`, `path`, and `name` are never read
[INFO] [stdout]   --> src/process_module.rs:23:9
[INFO] [stdout]    |
[INFO] [stdout] 21 | pub struct ProcessModule
[INFO] [stdout]    |            ------------- fields in this struct
[INFO] [stdout] 22 | {
[INFO] [stdout] 23 |     pub id: usize,
[INFO] [stdout]    |         ^^
[INFO] [stdout] 24 |     pub path: String,
[INFO] [stdout]    |         ^^^^
[INFO] [stdout] 25 |     pub name: String,
[INFO] [stdout]    |         ^^^^
[INFO] [stdout]    |
[INFO] [stdout]    = note: `#[warn(dead_code)]` on by default
[INFO] [stdout] 
[INFO] [stdout] 
[INFO] [stderr]    Compiling mem-rs v0.1.7 (/opt/rustwide/workdir)
[INFO] [stdout] warning: fields `id`, `path`, and `name` are never read
[INFO] [stdout]   --> src/process_module.rs:23:9
[INFO] [stdout]    |
[INFO] [stdout] 21 | pub struct ProcessModule
[INFO] [stdout]    |            ------------- fields in this struct
[INFO] [stdout] 22 | {
[INFO] [stdout] 23 |     pub id: usize,
[INFO] [stdout]    |         ^^
[INFO] [stdout] 24 |     pub path: String,
[INFO] [stdout]    |         ^^^^
[INFO] [stdout] 25 |     pub name: String,
[INFO] [stdout]    |         ^^^^
[INFO] [stdout]    |
[INFO] [stdout]    = note: `#[warn(dead_code)]` on by default
[INFO] [stdout] 
[INFO] [stdout] 
[INFO] [stdout] error: linking with `cc` failed: exit status: 1
[INFO] [stdout]   |
[INFO] [stdout]   = note: LC_ALL="C" PATH="/opt/rustwide/rustup-home/toolchains/nightly-2024-10-28-x86_64-unknown-linux-gnu/lib/rustlib/x86_64-unknown-linux-gnu/bin:/opt/rustwide/rustup-home/toolchains/nightly-2024-10-28-x86_64-unknown-linux-gnu/lib/rustlib/x86_64-unknown-linux-gnu/bin/self-contained:/opt/rustwide/cargo-home/bin:/usr/local/sbin:/usr/local/bin:/usr/sbin:/usr/bin:/sbin:/bin" VSLANG="1033" "cc" "-m64" "/tmp/rustc8kBSFp/symbols.o" "/opt/rustwide/target/debug/examples/dsr-dedb6f14bc0990a1.dsr.f74a4e3b3a7987fc-cgu.0.rcgu.o" "/opt/rustwide/target/debug/examples/dsr-dedb6f14bc0990a1.8baalm0lxep9isglpjpk91ozh.rcgu.o" "-Wl,--as-needed" "-Wl,-Bstatic" "/opt/rustwide/target/debug/deps/libmem_rs-345b5c1f050cb0a8.rlib" "/opt/rustwide/target/debug/deps/libwindows-4e414d7972840212.rlib" "/opt/rustwide/target/debug/deps/libwindows_core-735498c8bc933632.rlib" "/opt/rustwide/target/debug/deps/libwindows_result-87319c2a239f5937.rlib" "/opt/rustwide/target/debug/deps/libwindows_targets-11ea786491b40b3a.rlib" "/opt/rustwide/rustup-home/toolchains/nightly-2024-10-28-x86_64-unknown-linux-gnu/lib/rustlib/x86_64-unknown-linux-gnu/lib/libstd-fb8c387236db3c10.rlib" "/opt/rustwide/rustup-home/toolchains/nightly-2024-10-28-x86_64-unknown-linux-gnu/lib/rustlib/x86_64-unknown-linux-gnu/lib/libpanic_unwind-b251837809b2f64b.rlib" "/opt/rustwide/rustup-home/toolchains/nightly-2024-10-28-x86_64-unknown-linux-gnu/lib/rustlib/x86_64-unknown-linux-gnu/lib/libobject-cbef83eaa4e01f04.rlib" "/opt/rustwide/rustup-home/toolchains/nightly-2024-10-28-x86_64-unknown-linux-gnu/lib/rustlib/x86_64-unknown-linux-gnu/lib/libmemchr-12a772286de2fca7.rlib" "/opt/rustwide/rustup-home/toolchains/nightly-2024-10-28-x86_64-unknown-linux-gnu/lib/rustlib/x86_64-unknown-linux-gnu/lib/libaddr2line-023bbe5ada7abfc3.rlib" "/opt/rustwide/rustup-home/toolchains/nightly-2024-10-28-x86_64-unknown-linux-gnu/lib/rustlib/x86_64-unknown-linux-gnu/lib/libgimli-de2bcdf10ec69c2b.rlib" "/opt/rustwide/rustup-home/toolchains/nightly-2024-10-28-x86_64-unknown-linux-gnu/lib/rustlib/x86_64-unknown-linux-gnu/lib/librustc_demangle-8e1754df350800fd.rlib" "/opt/rustwide/rustup-home/toolchains/nightly-2024-10-28-x86_64-unknown-linux-gnu/lib/rustlib/x86_64-unknown-linux-gnu/lib/libstd_detect-06c2ab7b9c32e037.rlib" "/opt/rustwide/rustup-home/toolchains/nightly-2024-10-28-x86_64-unknown-linux-gnu/lib/rustlib/x86_64-unknown-linux-gnu/lib/libhashbrown-51d2621fc57a281b.rlib" "/opt/rustwide/rustup-home/toolchains/nightly-2024-10-28-x86_64-unknown-linux-gnu/lib/rustlib/x86_64-unknown-linux-gnu/lib/librustc_std_workspace_alloc-54a930408793772f.rlib" "/opt/rustwide/rustup-home/toolchains/nightly-2024-10-28-x86_64-unknown-linux-gnu/lib/rustlib/x86_64-unknown-linux-gnu/lib/libminiz_oxide-0c7d01cba400dcb2.rlib" "/opt/rustwide/rustup-home/toolchains/nightly-2024-10-28-x86_64-unknown-linux-gnu/lib/rustlib/x86_64-unknown-linux-gnu/lib/libadler-b9f84d69e331b75b.rlib" "/opt/rustwide/rustup-home/toolchains/nightly-2024-10-28-x86_64-unknown-linux-gnu/lib/rustlib/x86_64-unknown-linux-gnu/lib/libunwind-eec95493246aae39.rlib" "/opt/rustwide/rustup-home/toolchains/nightly-2024-10-28-x86_64-unknown-linux-gnu/lib/rustlib/x86_64-unknown-linux-gnu/lib/libcfg_if-6f6676c475e08ab0.rlib" "/opt/rustwide/rustup-home/toolchains/nightly-2024-10-28-x86_64-unknown-linux-gnu/lib/rustlib/x86_64-unknown-linux-gnu/lib/liblibc-799d520624f8b2e0.rlib" "/opt/rustwide/rustup-home/toolchains/nightly-2024-10-28-x86_64-unknown-linux-gnu/lib/rustlib/x86_64-unknown-linux-gnu/lib/liballoc-fcf93d4842acd9a9.rlib" "/opt/rustwide/rustup-home/toolchains/nightly-2024-10-28-x86_64-unknown-linux-gnu/lib/rustlib/x86_64-unknown-linux-gnu/lib/librustc_std_workspace_core-395a38b8e0851c9b.rlib" "/opt/rustwide/rustup-home/toolchains/nightly-2024-10-28-x86_64-unknown-linux-gnu/lib/rustlib/x86_64-unknown-linux-gnu/lib/libcore-d453bab70303062c.rlib" "/opt/rustwide/rustup-home/toolchains/nightly-2024-10-28-x86_64-unknown-linux-gnu/lib/rustlib/x86_64-unknown-linux-gnu/lib/libcompiler_builtins-0e6386368b0a24e8.rlib" "-Wl,-Bdynamic" "-lgcc_s" "-lutil" "-lrt" "-lpthread" "-lm" "-ldl" "-lc" "-B/opt/rustwide/rustup-home/toolchains/nightly-2024-10-28-x86_64-unknown-linux-gnu/lib/rustlib/x86_64-unknown-linux-gnu/bin/gcc-ld" "-fuse-ld=lld" "-Wl,--eh-frame-hdr" "-Wl,-z,noexecstack" "-L" "/opt/rustwide/cargo-home/registry/src/index.crates.io-6f17d22bba15001f/windows_x86_64_gnu-0.52.5/lib" "-L" "/opt/rustwide/rustup-home/toolchains/nightly-2024-10-28-x86_64-unknown-linux-gnu/lib/rustlib/x86_64-unknown-linux-gnu/lib" "-o" "/opt/rustwide/target/debug/examples/dsr-dedb6f14bc0990a1" "-Wl,--gc-sections" "-pie" "-Wl,-z,relro,-z,now" "-nodefaultlibs"
[INFO] [stdout]   = note: rust-lld: error: undefined symbol: CloseHandle
[INFO] [stdout]           >>> referenced by mod.rs:7 (/opt/rustwide/cargo-home/registry/src/index.crates.io-6f17d22bba15001f/windows-0.56.0/src/Windows/Win32/Foundation/mod.rs:7)
[INFO] [stdout]           >>>               mem_rs-345b5c1f050cb0a8.mem_rs.fd1c3d1ed31f818c-cgu.1.rcgu.o:(windows::Win32::Foundation::CloseHandle::hb5e1d9e5794da7f7) in archive /opt/rustwide/target/debug/deps/libmem_rs-345b5c1f050cb0a8.rlib
[INFO] [stdout]           
[INFO] [stdout]           rust-lld: error: undefined symbol: OpenProcess
[INFO] [stdout]           >>> referenced by mod.rs:1410 (/opt/rustwide/cargo-home/registry/src/index.crates.io-6f17d22bba15001f/windows-0.56.0/src/Windows/Win32/System/Threading/mod.rs:1410)
[INFO] [stdout]           >>>               mem_rs-345b5c1f050cb0a8.mem_rs.fd1c3d1ed31f818c-cgu.0.rcgu.o:(windows::Win32::System::Threading::OpenProcess::h9c056992df39a13a) in archive /opt/rustwide/target/debug/deps/libmem_rs-345b5c1f050cb0a8.rlib
[INFO] [stdout]           >>> referenced by mod.rs:1410 (/opt/rustwide/cargo-home/registry/src/index.crates.io-6f17d22bba15001f/windows-0.56.0/src/Windows/Win32/System/Threading/mod.rs:1410)
[INFO] [stdout]           >>>               mem_rs-345b5c1f050cb0a8.mem_rs.fd1c3d1ed31f818c-cgu.0.rcgu.o:(windows::Win32::System::Threading::OpenProcess::h9c0ca6f6198c43e4) in archive /opt/rustwide/target/debug/deps/libmem_rs-345b5c1f050cb0a8.rlib
[INFO] [stdout]           
[INFO] [stdout]           rust-lld: error: undefined symbol: ReadProcessMemory
[INFO] [stdout]           >>> referenced by mod.rs:735 (/opt/rustwide/cargo-home/registry/src/index.crates.io-6f17d22bba15001f/windows-0.56.0/src/Windows/Win32/System/Diagnostics/Debug/mod.rs:735)
[INFO] [stdout]           >>>               mem_rs-345b5c1f050cb0a8.mem_rs.fd1c3d1ed31f818c-cgu.1.rcgu.o:(windows::Win32::System::Diagnostics::Debug::ReadProcessMemory::habe583675d11f483) in archive /opt/rustwide/target/debug/deps/libmem_rs-345b5c1f050cb0a8.rlib
[INFO] [stdout]           
[INFO] [stdout]           rust-lld: error: undefined symbol: GetExitCodeProcess
[INFO] [stdout]           >>> referenced by mod.rs:845 (/opt/rustwide/cargo-home/registry/src/index.crates.io-6f17d22bba15001f/windows-0.56.0/src/Windows/Win32/System/Threading/mod.rs:845)
[INFO] [stdout]           >>>               mem_rs-345b5c1f050cb0a8.mem_rs.fd1c3d1ed31f818c-cgu.0.rcgu.o:(windows::Win32::System::Threading::GetExitCodeProcess::h7dbd241da11880fd) in archive /opt/rustwide/target/debug/deps/libmem_rs-345b5c1f050cb0a8.rlib
[INFO] [stdout]           
[INFO] [stdout]           rust-lld: error: undefined symbol: K32EnumProcesses
[INFO] [stdout]           >>> referenced by mod.rs:221 (/opt/rustwide/cargo-home/registry/src/index.crates.io-6f17d22bba15001f/windows-0.56.0/src/Windows/Win32/System/ProcessStatus/mod.rs:221)
[INFO] [stdout]           >>>               mem_rs-345b5c1f050cb0a8.mem_rs.fd1c3d1ed31f818c-cgu.1.rcgu.o:(windows::Win32::System::ProcessStatus::K32EnumProcesses::ha257243c7f288a0c) in archive /opt/rustwide/target/debug/deps/libmem_rs-345b5c1f050cb0a8.rlib
[INFO] [stdout]           
[INFO] [stdout]           rust-lld: error: undefined symbol: K32EnumProcessModules
[INFO] [stdout]           >>> referenced by mod.rs:208 (/opt/rustwide/cargo-home/registry/src/index.crates.io-6f17d22bba15001f/windows-0.56.0/src/Windows/Win32/System/ProcessStatus/mod.rs:208)
[INFO] [stdout]           >>>               mem_rs-345b5c1f050cb0a8.mem_rs.fd1c3d1ed31f818c-cgu.1.rcgu.o:(windows::Win32::System::ProcessStatus::K32EnumProcessModules::hc62ee7622addc367) in archive /opt/rustwide/target/debug/deps/libmem_rs-345b5c1f050cb0a8.rlib
[INFO] [stdout]           
[INFO] [stdout]           rust-lld: error: undefined symbol: K32GetModuleFileNameExW
[INFO] [stdout]           >>> referenced by mod.rs:293 (/opt/rustwide/cargo-home/registry/src/index.crates.io-6f17d22bba15001f/windows-0.56.0/src/Windows/Win32/System/ProcessStatus/mod.rs:293)
[INFO] [stdout]           >>>               mem_rs-345b5c1f050cb0a8.mem_rs.fd1c3d1ed31f818c-cgu.1.rcgu.o:(windows::Win32::System::ProcessStatus::K32GetModuleFileNameExW::h6ae394477731160d) in archive /opt/rustwide/target/debug/deps/libmem_rs-345b5c1f050cb0a8.rlib
[INFO] [stdout]           >>> referenced by mod.rs:293 (/opt/rustwide/cargo-home/registry/src/index.crates.io-6f17d22bba15001f/windows-0.56.0/src/Windows/Win32/System/ProcessStatus/mod.rs:293)
[INFO] [stdout]           >>>               mem_rs-345b5c1f050cb0a8.mem_rs.fd1c3d1ed31f818c-cgu.1.rcgu.o:(windows::Win32::System::ProcessStatus::K32GetModuleFileNameExW::hfd50175fff3e3db5) in archive /opt/rustwide/target/debug/deps/libmem_rs-345b5c1f050cb0a8.rlib
[INFO] [stdout]           
[INFO] [stdout]           rust-lld: error: undefined symbol: K32GetModuleInformation
[INFO] [stdout]           >>> referenced by mod.rs:302 (/opt/rustwide/cargo-home/registry/src/index.crates.io-6f17d22bba15001f/windows-0.56.0/src/Windows/Win32/System/ProcessStatus/mod.rs:302)
[INFO] [stdout]           >>>               mem_rs-345b5c1f050cb0a8.mem_rs.fd1c3d1ed31f818c-cgu.1.rcgu.o:(windows::Win32::System::ProcessStatus::K32GetModuleInformation::h49b8c7a904e902b6) in archive /opt/rustwide/target/debug/deps/libmem_rs-345b5c1f050cb0a8.rlib
[INFO] [stdout]           
[INFO] [stdout]           rust-lld: error: undefined symbol: GetProcessHeap
[INFO] [stdout]           >>> referenced by strings.rs:15 (src/strings.rs:15)
[INFO] [stdout]           >>>               windows_result-87319c2a239f5937.windows_result.38b98e04d164486d-cgu.0.rcgu.o:(_$LT$windows_result..strings..HeapString$u20$as$u20$core..ops..drop..Drop$GT$::drop::h93ad5a20e95f3fb3) in archive /opt/rustwide/target/debug/deps/libwindows_result-87319c2a239f5937.rlib
[INFO] [stdout]           
[INFO] [stdout]           rust-lld: error: undefined symbol: HeapFree
[INFO] [stdout]           >>> referenced by strings.rs:15 (src/strings.rs:15)
[INFO] [stdout]           >>>               windows_result-87319c2a239f5937.windows_result.38b98e04d164486d-cgu.0.rcgu.o:(_$LT$windows_result..strings..HeapString$u20$as$u20$core..ops..drop..Drop$GT$::drop::h93ad5a20e95f3fb3) in archive /opt/rustwide/target/debug/deps/libwindows_result-87319c2a239f5937.rlib
[INFO] [stdout]           
[INFO] [stdout]           rust-lld: error: undefined symbol: SysStringLen
[INFO] [stdout]           >>> referenced by strings.rs:33 (src/strings.rs:33)
[INFO] [stdout]           >>>               windows_result-87319c2a239f5937.windows_result.38b98e04d164486d-cgu.0.rcgu.o:(windows_result::strings::BasicString::len::hca21560061ddd276) in archive /opt/rustwide/target/debug/deps/libwindows_result-87319c2a239f5937.rlib
[INFO] [stdout]           
[INFO] [stdout]           rust-lld: error: undefined symbol: SysFreeString
[INFO] [stdout]           >>> referenced by strings.rs:60 (src/strings.rs:60)
[INFO] [stdout]           >>>               windows_result-87319c2a239f5937.windows_result.38b98e04d164486d-cgu.0.rcgu.o:(_$LT$windows_result..strings..BasicString$u20$as$u20$core..ops..drop..Drop$GT$::drop::h7b6977a096d5bb10) in archive /opt/rustwide/target/debug/deps/libwindows_result-87319c2a239f5937.rlib
[INFO] [stdout]           
[INFO] [stdout]           rust-lld: error: undefined symbol: GetLastError
[INFO] [stdout]           >>> referenced by error.rs:42 (src/error.rs:42)
[INFO] [stdout]           >>>               windows_result-87319c2a239f5937.windows_result.38b98e04d164486d-cgu.0.rcgu.o:(windows_result::error::Error::from_win32::he493b6281ba0f16e) in archive /opt/rustwide/target/debug/deps/libwindows_result-87319c2a239f5937.rlib
[INFO] [stdout]           
[INFO] [stdout]           rust-lld: error: undefined symbol: LoadLibraryExA
[INFO] [stdout]           >>> referenced by hresult.rs:81 (src/hresult.rs:81)
[INFO] [stdout]           >>>               windows_result-87319c2a239f5937.windows_result.38b98e04d164486d-cgu.0.rcgu.o:(windows_result::hresult::HRESULT::message::hed3f951f95c8a9a4) in archive /opt/rustwide/target/debug/deps/libwindows_result-87319c2a239f5937.rlib
[INFO] [stdout]           
[INFO] [stdout]           rust-lld: error: undefined symbol: FormatMessageW
[INFO] [stdout]           >>> referenced by hresult.rs:84 (src/hresult.rs:84)
[INFO] [stdout]           >>>               windows_result-87319c2a239f5937.windows_result.38b98e04d164486d-cgu.0.rcgu.o:(windows_result::hresult::HRESULT::message::hed3f951f95c8a9a4) in archive /opt/rustwide/target/debug/deps/libwindows_result-87319c2a239f5937.rlib
[INFO] [stdout]           collect2: error: ld returned 1 exit status
[INFO] [stdout]           
[INFO] [stdout] 
[INFO] [stdout] 
[INFO] [stderr] error: could not compile `mem-rs` (example "dsr") due to 1 previous error
[INFO] [stderr] warning: build failed, waiting for other jobs to finish...
[INFO] running `Command { std: "docker" "inspect" "9e1f2fc6bc355c93ee28c0849f7a1151d1dcb62d80b05f75e6481fbc262b7c34", kill_on_drop: false }`
[INFO] running `Command { std: "docker" "rm" "-f" "9e1f2fc6bc355c93ee28c0849f7a1151d1dcb62d80b05f75e6481fbc262b7c34", kill_on_drop: false }`
[INFO] [stdout] 9e1f2fc6bc355c93ee28c0849f7a1151d1dcb62d80b05f75e6481fbc262b7c34
