[INFO] fetching crate mdcat-http-reqwest 2.5.0...
[INFO] testing mdcat-http-reqwest-2.5.0 against nightly-2024-10-28 for randomize-layout
[INFO] extracting crate mdcat-http-reqwest 2.5.0 into /workspace/builds/worker-1-tc1/source
[INFO] validating manifest of crates.io crate mdcat-http-reqwest 2.5.0 on toolchain nightly-2024-10-28
[INFO] running `Command { std: CARGO_HOME="/workspace/cargo-home" RUSTUP_HOME="/workspace/rustup-home" "/workspace/cargo-home/bin/cargo" "+nightly-2024-10-28" "metadata" "--manifest-path" "Cargo.toml" "--no-deps", kill_on_drop: false }`
[INFO] started tweaking crates.io crate mdcat-http-reqwest 2.5.0
[INFO] finished tweaking crates.io crate mdcat-http-reqwest 2.5.0
[INFO] tweaked toml for crates.io crate mdcat-http-reqwest 2.5.0 written to /workspace/builds/worker-1-tc1/source/Cargo.toml
[INFO] running `Command { std: CARGO_HOME="/workspace/cargo-home" RUSTUP_HOME="/workspace/rustup-home" "/workspace/cargo-home/bin/cargo" "+nightly-2024-10-28" "generate-lockfile" "--manifest-path" "Cargo.toml", kill_on_drop: false }`
[INFO] [stderr]     Updating crates.io index
[INFO] [stderr]      Locking 196 packages to latest compatible versions
[INFO] running `Command { std: CARGO_HOME="/workspace/cargo-home" RUSTUP_HOME="/workspace/rustup-home" "/workspace/cargo-home/bin/cargo" "+nightly-2024-10-28" "fetch" "--manifest-path" "Cargo.toml", kill_on_drop: false }`
[INFO] [stderr]  Downloading crates ...
[INFO] [stderr]   Downloaded gethostname v0.5.0
[INFO] [stderr]   Downloaded pulldown-cmark-mdcat v2.5.0
[INFO] [stderr]   Downloaded pulldown-cmark v0.12.2
[INFO] running `Command { std: "docker" "create" "-v" "/var/lib/crater-agent-workspace/builds/worker-1-tc1/target:/opt/rustwide/target:rw,Z" "-v" "/var/lib/crater-agent-workspace/builds/worker-1-tc1/source:/opt/rustwide/workdir:ro,Z" "-v" "/var/lib/crater-agent-workspace/cargo-home:/opt/rustwide/cargo-home:ro,Z" "-v" "/var/lib/crater-agent-workspace/rustup-home:/opt/rustwide/rustup-home:ro,Z" "-e" "SOURCE_DIR=/opt/rustwide/workdir" "-e" "CARGO_TARGET_DIR=/opt/rustwide/target" "-e" "CARGO_HOME=/opt/rustwide/cargo-home" "-e" "RUSTUP_HOME=/opt/rustwide/rustup-home" "-w" "/opt/rustwide/workdir" "-m" "1610612736" "--user" "0:0" "--network" "none" "ghcr.io/rust-lang/crates-build-env/linux@sha256:4a844ea9eb2546a2d2c7022eacef16ef2e8229c7fbb2c7d4d55a9ceca922f72d" "/opt/rustwide/cargo-home/bin/cargo" "+nightly-2024-10-28" "metadata" "--no-deps" "--format-version=1", kill_on_drop: false }`
[INFO] [stdout] 9a5196d23db11cf441b5a7706ecb1082fed9d8f0634b52077f49a06817d88795
[INFO] running `Command { std: "docker" "start" "-a" "9a5196d23db11cf441b5a7706ecb1082fed9d8f0634b52077f49a06817d88795", kill_on_drop: false }`
[INFO] running `Command { std: "docker" "inspect" "9a5196d23db11cf441b5a7706ecb1082fed9d8f0634b52077f49a06817d88795", kill_on_drop: false }`
[INFO] running `Command { std: "docker" "rm" "-f" "9a5196d23db11cf441b5a7706ecb1082fed9d8f0634b52077f49a06817d88795", kill_on_drop: false }`
[INFO] [stdout] 9a5196d23db11cf441b5a7706ecb1082fed9d8f0634b52077f49a06817d88795
[INFO] running `Command { std: "docker" "create" "-v" "/var/lib/crater-agent-workspace/builds/worker-1-tc1/target:/opt/rustwide/target:rw,Z" "-v" "/var/lib/crater-agent-workspace/builds/worker-1-tc1/source:/opt/rustwide/workdir:ro,Z" "-v" "/var/lib/crater-agent-workspace/cargo-home:/opt/rustwide/cargo-home:ro,Z" "-v" "/var/lib/crater-agent-workspace/rustup-home:/opt/rustwide/rustup-home:ro,Z" "-e" "SOURCE_DIR=/opt/rustwide/workdir" "-e" "CARGO_TARGET_DIR=/opt/rustwide/target" "-e" "CARGO_INCREMENTAL=0" "-e" "RUST_BACKTRACE=full" "-e" "RUSTFLAGS=--cap-lints=forbid" "-e" "RUSTDOCFLAGS=--cap-lints=forbid" "-e" "CARGO_HOME=/opt/rustwide/cargo-home" "-e" "RUSTUP_HOME=/opt/rustwide/rustup-home" "-w" "/opt/rustwide/workdir" "-m" "1610612736" "--user" "0:0" "--network" "none" "ghcr.io/rust-lang/crates-build-env/linux@sha256:4a844ea9eb2546a2d2c7022eacef16ef2e8229c7fbb2c7d4d55a9ceca922f72d" "/opt/rustwide/cargo-home/bin/cargo" "+nightly-2024-10-28" "build" "--frozen" "--message-format=json", kill_on_drop: false }`
[INFO] [stdout] 63e82c30be02ac48302e84537d2d531b0305b45945d5bbdefe9cb37f9b621d70
[INFO] running `Command { std: "docker" "start" "-a" "63e82c30be02ac48302e84537d2d531b0305b45945d5bbdefe9cb37f9b621d70", kill_on_drop: false }`
[INFO] [stderr]    Compiling memchr v2.7.4
[INFO] [stderr]    Compiling serde v1.0.214
[INFO] [stderr]    Compiling libc v0.2.161
[INFO] [stderr]    Compiling pin-project-lite v0.2.15
[INFO] [stderr]    Compiling once_cell v1.20.2
[INFO] [stderr]    Compiling futures-core v0.3.31
[INFO] [stderr]    Compiling equivalent v1.0.1
[INFO] [stderr]    Compiling hashbrown v0.15.0
[INFO] [stderr]    Compiling bytes v1.8.0
[INFO] [stderr]    Compiling adler2 v2.0.0
[INFO] [stderr]    Compiling autocfg v1.4.0
[INFO] [stderr]    Compiling fnv v1.0.7
[INFO] [stderr]    Compiling crc32fast v1.4.2
[INFO] [stderr]    Compiling futures-sink v0.3.31
[INFO] [stderr]    Compiling powerfmt v0.2.0
[INFO] [stderr]    Compiling serde_json v1.0.132
[INFO] [stderr]    Compiling thiserror v1.0.66
[INFO] [stderr]    Compiling tracing-attributes v0.1.27
[INFO] [stderr]    Compiling thiserror-impl v1.0.66
[INFO] [stderr]    Compiling miniz_oxide v0.8.0
[INFO] [stderr]    Compiling time-core v0.1.2
[INFO] [stderr]    Compiling deranged v0.3.11
[INFO] [stderr]    Compiling num-conv v0.1.0
[INFO] [stderr]    Compiling same-file v1.0.6
[INFO] [stderr]    Compiling base64 v0.22.1
[INFO] [stderr]    Compiling tracing-core v0.1.32
[INFO] [stderr]    Compiling tinyvec_macros v0.1.1
[INFO] [stderr]    Compiling tinyvec v1.8.0
[INFO] [stderr]    Compiling walkdir v2.5.0
[INFO] [stderr]    Compiling httparse v1.9.5
[INFO] [stderr]    Compiling pin-utils v0.1.0
[INFO] [stderr]    Compiling unicase v2.8.0
[INFO] [stderr]    Compiling slab v0.4.9
[INFO] [stderr]    Compiling flate2 v1.0.34
[INFO] [stderr]    Compiling http v1.1.0
[INFO] [stderr]    Compiling quick-xml v0.32.0
[INFO] [stderr]    Compiling percent-encoding v2.3.1
[INFO] [stderr]    Compiling alloc-no-stdlib v2.0.4
[INFO] [stderr]    Compiling indexmap v2.6.0
[INFO] [stderr]    Compiling futures-task v0.3.31
[INFO] [stderr]    Compiling futures-io v0.3.31
[INFO] [stderr]    Compiling form_urlencoded v1.2.1
[INFO] [stderr]    Compiling alloc-stdlib v0.2.2
[INFO] [stderr]    Compiling futures-util v0.3.31
[INFO] [stderr]    Compiling bitflags v2.6.0
[INFO] [stderr]    Compiling rustix v0.38.38
[INFO] [stderr]    Compiling atomic-waker v1.1.2
[INFO] [stderr]    Compiling unicode-bidi v0.3.17
[INFO] [stderr]    Compiling time v0.3.36
[INFO] [stderr]    Compiling unicode-normalization v0.1.24
[INFO] [stderr]    Compiling try-lock v0.2.5
[INFO] [stderr]    Compiling brotli-decompressor v4.0.1
[INFO] [stderr]    Compiling want v0.3.1
[INFO] [stderr]    Compiling socket2 v0.5.7
[INFO] [stderr]    Compiling mio v1.0.2
[INFO] [stderr]    Compiling mime_guess v2.0.5
[INFO] [stderr]    Compiling futures-channel v0.3.31
[INFO] [stderr]    Compiling linux-raw-sys v0.4.14
[INFO] [stderr]    Compiling pulldown-cmark v0.12.2
[INFO] [stderr]    Compiling mime v0.3.17
[INFO] [stderr]    Compiling idna v0.5.0
[INFO] [stderr]    Compiling smallvec v1.13.2
[INFO] [stderr]    Compiling tokio v1.41.0
[INFO] [stderr]    Compiling tower-service v0.3.3
[INFO] [stderr]    Compiling unicode-linebreak v0.1.5
[INFO] [stderr]    Compiling regex-syntax v0.8.5
[INFO] [stderr]    Compiling tracing v0.1.40
[INFO] [stderr]    Compiling unicode-width v0.1.14
[INFO] [stderr]    Compiling http-body v1.0.1
[INFO] [stderr]    Compiling brotli v7.0.0
[INFO] [stderr]    Compiling textwrap v0.16.1
[INFO] [stderr]    Compiling sync_wrapper v1.0.1
[INFO] [stderr]    Compiling ipnet v2.10.1
[INFO] [stderr]    Compiling log v0.4.22
[INFO] [stderr]    Compiling url v2.5.2
[INFO] [stderr]    Compiling anstyle v1.0.9
[INFO] [stderr]    Compiling gethostname v0.5.0
[INFO] [stderr]    Compiling bincode v1.3.3
[INFO] [stderr]    Compiling plist v1.7.0
[INFO] [stderr]    Compiling serde_urlencoded v0.7.1
[INFO] [stderr]    Compiling syntect v5.2.0
[INFO] [stderr]    Compiling http-body-util v0.1.2
[INFO] [stdout] error[E0433]: failed to resolve: use of undeclared crate or module `regex_impl`
[INFO] [stdout]   --> /opt/rustwide/cargo-home/registry/src/index.crates.io-6f17d22bba15001f/syntect-5.2.0/src/parsing/regex.rs:37:9
[INFO] [stdout]    |
[INFO] [stdout] 37 |         regex_impl::Regex::new(regex_str).err()
[INFO] [stdout]    |         ^^^^^^^^^^ use of undeclared crate or module `regex_impl`
[INFO] [stdout]    |
[INFO] [stdout] help: consider importing this struct through its public re-export
[INFO] [stdout]    |
[INFO] [stdout] 1  + use crate::parsing::Regex;
[INFO] [stdout]    |
[INFO] [stdout] help: if you import `Regex`, refer to it directly
[INFO] [stdout]    |
[INFO] [stdout] 37 -         regex_impl::Regex::new(regex_str).err()
[INFO] [stdout] 37 +         Regex::new(regex_str).err()
[INFO] [stdout]    |
[INFO] [stdout] 
[INFO] [stdout] 
[INFO] [stdout] error[E0433]: failed to resolve: use of undeclared crate or module `regex_impl`
[INFO] [stdout]   --> /opt/rustwide/cargo-home/registry/src/index.crates.io-6f17d22bba15001f/syntect-5.2.0/src/parsing/regex.rs:70:13
[INFO] [stdout]    |
[INFO] [stdout] 70 |             regex_impl::Regex::new(&self.regex_str).expect("regex string should be pre-tested")
[INFO] [stdout]    |             ^^^^^^^^^^ use of undeclared crate or module `regex_impl`
[INFO] [stdout]    |
[INFO] [stdout] help: consider importing this struct through its public re-export
[INFO] [stdout]    |
[INFO] [stdout] 1  + use crate::parsing::Regex;
[INFO] [stdout]    |
[INFO] [stdout] help: if you import `Regex`, refer to it directly
[INFO] [stdout]    |
[INFO] [stdout] 70 -             regex_impl::Regex::new(&self.regex_str).expect("regex string should be pre-tested")
[INFO] [stdout] 70 +             Regex::new(&self.regex_str).expect("regex string should be pre-tested")
[INFO] [stdout]    |
[INFO] [stdout] 
[INFO] [stdout] 
[INFO] [stdout] error[E0369]: binary operation `==` cannot be applied to type `std::option::Option<(Region, std::string::String)>`
[INFO] [stdout]   --> /opt/rustwide/cargo-home/registry/src/index.crates.io-6f17d22bba15001f/syntect-5.2.0/src/parsing/parser.rs:72:5
[INFO] [stdout]    |
[INFO] [stdout] 68 | #[derive(Debug, Clone, Eq, PartialEq)]
[INFO] [stdout]    |                            --------- in this derive macro expansion
[INFO] [stdout] ...
[INFO] [stdout] 72 |     captures: Option<(Region, String)>,
[INFO] [stdout]    |     ^^^^^^^^^^^^^^^^^^^^^^^^^^^^^^^^^^
[INFO] [stdout]    |
[INFO] [stdout]    = note: this error originates in the derive macro `PartialEq` (in Nightly builds, run with -Z macro-backtrace for more info)
[INFO] [stdout] 
[INFO] [stdout] 
[INFO] [stderr]    Compiling pulldown-cmark-mdcat v2.5.0
[INFO] [stdout] error[E0433]: failed to resolve: use of undeclared crate or module `regex_impl`
[INFO] [stdout]    --> /opt/rustwide/cargo-home/registry/src/index.crates.io-6f17d22bba15001f/syntect-5.2.0/src/parsing/regex.rs:114:21
[INFO] [stdout]     |
[INFO] [stdout] 114 |             region: regex_impl::new_region(),
[INFO] [stdout]     |                     ^^^^^^^^^^ use of undeclared crate or module `regex_impl`
[INFO] [stdout] 
[INFO] [stdout] 
[INFO] [stderr]    Compiling tokio-util v0.7.12
[INFO] [stderr]    Compiling async-compression v0.4.17
[INFO] [stdout] error[E0433]: failed to resolve: use of undeclared crate or module `regex_impl`
[INFO] [stdout]   --> /opt/rustwide/cargo-home/registry/src/index.crates.io-6f17d22bba15001f/syntect-5.2.0/src/parsing/regex.rs:14:21
[INFO] [stdout]    |
[INFO] [stdout] 14 |     regex: OnceCell<regex_impl::Regex>,
[INFO] [stdout]    |                     ^^^^^^^^^^ use of undeclared crate or module `regex_impl`
[INFO] [stdout] 
[INFO] [stdout] 
[INFO] [stdout] error[E0433]: failed to resolve: use of undeclared crate or module `regex_impl`
[INFO] [stdout]   --> /opt/rustwide/cargo-home/registry/src/index.crates.io-6f17d22bba15001f/syntect-5.2.0/src/parsing/regex.rs:20:13
[INFO] [stdout]    |
[INFO] [stdout] 20 |     region: regex_impl::Region,
[INFO] [stdout]    |             ^^^^^^^^^^ use of undeclared crate or module `regex_impl`
[INFO] [stdout] 
[INFO] [stdout] 
[INFO] [stdout] error[E0433]: failed to resolve: use of undeclared crate or module `regex_impl`
[INFO] [stdout]   --> /opt/rustwide/cargo-home/registry/src/index.crates.io-6f17d22bba15001f/syntect-5.2.0/src/parsing/regex.rs:68:25
[INFO] [stdout]    |
[INFO] [stdout] 68 |     fn regex(&self) -> &regex_impl::Regex {
[INFO] [stdout]    |                         ^^^^^^^^^^ use of undeclared crate or module `regex_impl`
[INFO] [stdout] 
[INFO] [stdout] 
[INFO] [stdout] Some errors have detailed explanations: E0369, E0433.
[INFO] [stdout] 
[INFO] [stdout] For more information about an error, try `rustc --explain E0369`.
[INFO] [stdout] 
[INFO] [stderr]    Compiling h2 v0.4.6
[INFO] [stderr] error: could not compile `syntect` (lib) due to 7 previous errors
[INFO] [stderr] warning: build failed, waiting for other jobs to finish...
[INFO] running `Command { std: "docker" "inspect" "63e82c30be02ac48302e84537d2d531b0305b45945d5bbdefe9cb37f9b621d70", kill_on_drop: false }`
[INFO] running `Command { std: "docker" "rm" "-f" "63e82c30be02ac48302e84537d2d531b0305b45945d5bbdefe9cb37f9b621d70", kill_on_drop: false }`
[INFO] [stdout] 63e82c30be02ac48302e84537d2d531b0305b45945d5bbdefe9cb37f9b621d70
