[INFO] fetching crate may_minihttp 0.1.11...
[INFO] testing may_minihttp-0.1.11 against nightly-2024-10-28 for randomize-layout
[INFO] extracting crate may_minihttp 0.1.11 into /workspace/builds/worker-6-tc1/source
[INFO] validating manifest of crates.io crate may_minihttp 0.1.11 on toolchain nightly-2024-10-28
[INFO] running `Command { std: CARGO_HOME="/workspace/cargo-home" RUSTUP_HOME="/workspace/rustup-home" "/workspace/cargo-home/bin/cargo" "+nightly-2024-10-28" "metadata" "--manifest-path" "Cargo.toml" "--no-deps", kill_on_drop: false }`
[INFO] started tweaking crates.io crate may_minihttp 0.1.11
[INFO] removed 0 missing examples
[INFO] finished tweaking crates.io crate may_minihttp 0.1.11
[INFO] tweaked toml for crates.io crate may_minihttp 0.1.11 written to /workspace/builds/worker-6-tc1/source/Cargo.toml
[INFO] crate crates.io crate may_minihttp 0.1.11 already has a lockfile, it will not be regenerated
[INFO] running `Command { std: CARGO_HOME="/workspace/cargo-home" RUSTUP_HOME="/workspace/rustup-home" "/workspace/cargo-home/bin/cargo" "+nightly-2024-10-28" "fetch" "--manifest-path" "Cargo.toml", kill_on_drop: false }`
[INFO] [stderr]     Updating crates.io index
[INFO] [stderr]  Downloading crates ...
[INFO] [stderr]   Downloaded cc v1.1.18
[INFO] [stderr]   Downloaded v_htmlescape v0.15.8
[INFO] [stderr]   Downloaded buf-min v0.7.1
[INFO] [stderr]   Downloaded v_jsonescape v0.7.8
[INFO] [stderr]   Downloaded yarte v0.15.7
[INFO] [stderr]   Downloaded yarte_parser v0.15.2
[INFO] [stderr]   Downloaded may_queue v0.1.23
[INFO] [stderr]   Downloaded v_eval v0.6.0
[INFO] [stderr]   Downloaded yarte_helpers v0.15.8
[INFO] [stderr]   Downloaded generator v0.8.3
[INFO] [stderr]   Downloaded yarte_hir v0.15.6
[INFO] [stderr]   Downloaded yansi-term v0.1.2
[INFO] [stderr]   Downloaded yarte_codegen v0.15.7
[INFO] [stderr]   Downloaded yarte_derive v0.15.6
[INFO] [stderr]   Downloaded may v0.3.46
[INFO] running `Command { std: "docker" "create" "-v" "/var/lib/crater-agent-workspace/builds/worker-6-tc1/target:/opt/rustwide/target:rw,Z" "-v" "/var/lib/crater-agent-workspace/builds/worker-6-tc1/source:/opt/rustwide/workdir:ro,Z" "-v" "/var/lib/crater-agent-workspace/cargo-home:/opt/rustwide/cargo-home:ro,Z" "-v" "/var/lib/crater-agent-workspace/rustup-home:/opt/rustwide/rustup-home:ro,Z" "-e" "SOURCE_DIR=/opt/rustwide/workdir" "-e" "CARGO_TARGET_DIR=/opt/rustwide/target" "-e" "CARGO_HOME=/opt/rustwide/cargo-home" "-e" "RUSTUP_HOME=/opt/rustwide/rustup-home" "-w" "/opt/rustwide/workdir" "-m" "1610612736" "--user" "0:0" "--network" "none" "ghcr.io/rust-lang/crates-build-env/linux@sha256:4a844ea9eb2546a2d2c7022eacef16ef2e8229c7fbb2c7d4d55a9ceca922f72d" "/opt/rustwide/cargo-home/bin/cargo" "+nightly-2024-10-28" "metadata" "--no-deps" "--format-version=1", kill_on_drop: false }`
[INFO] [stdout] ddb1976aa4828dbb9687a531e2020cf9fbe4439795497231b007ac89a88fa208
[INFO] running `Command { std: "docker" "start" "-a" "ddb1976aa4828dbb9687a531e2020cf9fbe4439795497231b007ac89a88fa208", kill_on_drop: false }`
[INFO] running `Command { std: "docker" "inspect" "ddb1976aa4828dbb9687a531e2020cf9fbe4439795497231b007ac89a88fa208", kill_on_drop: false }`
[INFO] running `Command { std: "docker" "rm" "-f" "ddb1976aa4828dbb9687a531e2020cf9fbe4439795497231b007ac89a88fa208", kill_on_drop: false }`
[INFO] [stdout] ddb1976aa4828dbb9687a531e2020cf9fbe4439795497231b007ac89a88fa208
[INFO] running `Command { std: "docker" "create" "-v" "/var/lib/crater-agent-workspace/builds/worker-6-tc1/target:/opt/rustwide/target:rw,Z" "-v" "/var/lib/crater-agent-workspace/builds/worker-6-tc1/source:/opt/rustwide/workdir:ro,Z" "-v" "/var/lib/crater-agent-workspace/cargo-home:/opt/rustwide/cargo-home:ro,Z" "-v" "/var/lib/crater-agent-workspace/rustup-home:/opt/rustwide/rustup-home:ro,Z" "-e" "SOURCE_DIR=/opt/rustwide/workdir" "-e" "CARGO_TARGET_DIR=/opt/rustwide/target" "-e" "CARGO_INCREMENTAL=0" "-e" "RUST_BACKTRACE=full" "-e" "RUSTFLAGS=--cap-lints=forbid" "-e" "RUSTDOCFLAGS=--cap-lints=forbid" "-e" "CARGO_HOME=/opt/rustwide/cargo-home" "-e" "RUSTUP_HOME=/opt/rustwide/rustup-home" "-w" "/opt/rustwide/workdir" "-m" "1610612736" "--user" "0:0" "--network" "none" "ghcr.io/rust-lang/crates-build-env/linux@sha256:4a844ea9eb2546a2d2c7022eacef16ef2e8229c7fbb2c7d4d55a9ceca922f72d" "/opt/rustwide/cargo-home/bin/cargo" "+nightly-2024-10-28" "build" "--frozen" "--message-format=json", kill_on_drop: false }`
[INFO] [stdout] 99f331aec43e06e85d4f49df60348de8b14f6666428d77030df285be6a9a23eb
[INFO] running `Command { std: "docker" "start" "-a" "99f331aec43e06e85d4f49df60348de8b14f6666428d77030df285be6a9a23eb", kill_on_drop: false }`
[INFO] [stderr]    Compiling rustversion v1.0.17
[INFO] [stderr]    Compiling crossbeam-utils v0.8.20
[INFO] [stderr]    Compiling cfg_aliases v0.2.1
[INFO] [stderr]    Compiling memoffset v0.9.1
[INFO] [stderr]    Compiling log v0.4.22
[INFO] [stderr]    Compiling num_cpus v1.16.0
[INFO] [stderr]    Compiling bitflags v2.6.0
[INFO] [stderr]    Compiling lazy_static v1.5.0
[INFO] [stderr]    Compiling nix v0.29.0
[INFO] [stderr]    Compiling core_affinity v0.8.1
[INFO] [stderr]    Compiling crossbeam-epoch v0.9.18
[INFO] [stderr]    Compiling crossbeam-queue v0.3.11
[INFO] [stderr]    Compiling crossbeam-channel v0.5.13
[INFO] [stderr]    Compiling may_queue v0.1.23
[INFO] [stderr]    Compiling generator v0.8.3
[INFO] [stderr]    Compiling may v0.3.46
[INFO] [stderr]    Compiling crossbeam-deque v0.8.5
[INFO] [stderr]    Compiling crossbeam v0.8.4
[INFO] [stdout] error[E0080]: evaluation of constant value failed
[INFO] [stdout]   --> /opt/rustwide/cargo-home/registry/src/index.crates.io-6f17d22bba15001f/may-0.3.46/src/sync/spsc.rs:72:15
[INFO] [stdout]    |
[INFO] [stdout] 72 | const _: () = assert!(std::mem::size_of::<Thread>() == std::mem::size_of::<usize>());
[INFO] [stdout]    |               ^^^^^^^^^^^^^^^^^^^^^^^^^^^^^^^^^^^^^^^^^^^^^^^^^^^^^^^^^^^^^^^^^^^^^^ the evaluated program panicked at 'assertion failed: std::mem::size_of::<Thread>() == std::mem::size_of::<usize>()', /opt/rustwide/cargo-home/registry/src/index.crates.io-6f17d22bba15001f/may-0.3.46/src/sync/spsc.rs:72:15
[INFO] [stdout]    |
[INFO] [stdout]    = note: this error originates in the macro `assert` (in Nightly builds, run with -Z macro-backtrace for more info)
[INFO] [stdout] 
[INFO] [stdout] 
[INFO] [stdout] error[E0512]: cannot transmute between types of different sizes, or dependently-sized types
[INFO] [stdout]   --> /opt/rustwide/cargo-home/registry/src/index.crates.io-6f17d22bba15001f/may-0.3.46/src/sync/spsc.rs:86:49
[INFO] [stdout]    |
[INFO] [stdout] 86 |         let mut handle: NonZeroUsize = unsafe { std::mem::transmute(thread) };
[INFO] [stdout]    |                                                 ^^^^^^^^^^^^^^^^^^^
[INFO] [stdout]    |
[INFO] [stdout]    = note: source type: `Thread` (128 bits)
[INFO] [stdout]    = note: target type: `NonZero<usize>` (64 bits)
[INFO] [stdout] 
[INFO] [stdout] 
[INFO] [stdout] error[E0512]: cannot transmute between types of different sizes, or dependently-sized types
[INFO] [stdout]    --> /opt/rustwide/cargo-home/registry/src/index.crates.io-6f17d22bba15001f/may-0.3.46/src/sync/spsc.rs:100:39
[INFO] [stdout]     |
[INFO] [stdout] 100 |         let thread: Thread = unsafe { std::mem::transmute(self.handle.get() & !1) };
[INFO] [stdout]     |                                       ^^^^^^^^^^^^^^^^^^^
[INFO] [stdout]     |
[INFO] [stdout]     = note: source type: `usize` (64 bits)
[INFO] [stdout]     = note: target type: `Thread` (128 bits)
[INFO] [stdout] 
[INFO] [stdout] 
[INFO] [stdout] error[E0512]: cannot transmute between types of different sizes, or dependently-sized types
[INFO] [stdout]    --> /opt/rustwide/cargo-home/registry/src/index.crates.io-6f17d22bba15001f/may-0.3.46/src/sync/spsc.rs:123:44
[INFO] [stdout]     |
[INFO] [stdout] 123 |             let _thread: Thread = unsafe { std::mem::transmute(self.handle.get() & !1) };
[INFO] [stdout]     |                                            ^^^^^^^^^^^^^^^^^^^
[INFO] [stdout]     |
[INFO] [stdout]     = note: source type: `usize` (64 bits)
[INFO] [stdout]     = note: target type: `Thread` (128 bits)
[INFO] [stdout] 
[INFO] [stdout] 
[INFO] [stdout] Some errors have detailed explanations: E0080, E0512.
[INFO] [stdout] 
[INFO] [stdout] For more information about an error, try `rustc --explain E0080`.
[INFO] [stdout] 
[INFO] [stderr] error: could not compile `may` (lib) due to 4 previous errors
[INFO] running `Command { std: "docker" "inspect" "99f331aec43e06e85d4f49df60348de8b14f6666428d77030df285be6a9a23eb", kill_on_drop: false }`
[INFO] running `Command { std: "docker" "rm" "-f" "99f331aec43e06e85d4f49df60348de8b14f6666428d77030df285be6a9a23eb", kill_on_drop: false }`
[INFO] [stdout] 99f331aec43e06e85d4f49df60348de8b14f6666428d77030df285be6a9a23eb
