[INFO] fetching crate mastodonochrome_macros 0.1.1...
[INFO] testing mastodonochrome_macros-0.1.1 against nightly-2024-10-28+rustflags=-Zrandomize-layout for randomize-layout
[INFO] extracting crate mastodonochrome_macros 0.1.1 into /workspace/builds/worker-6-tc2/source
[INFO] validating manifest of crates.io crate mastodonochrome_macros 0.1.1 on toolchain nightly-2024-10-28
[INFO] running `Command { std: CARGO_HOME="/workspace/cargo-home" RUSTUP_HOME="/workspace/rustup-home" "/workspace/cargo-home/bin/cargo" "+nightly-2024-10-28" "metadata" "--manifest-path" "Cargo.toml" "--no-deps", kill_on_drop: false }`
[INFO] started tweaking crates.io crate mastodonochrome_macros 0.1.1
[INFO] finished tweaking crates.io crate mastodonochrome_macros 0.1.1
[INFO] tweaked toml for crates.io crate mastodonochrome_macros 0.1.1 written to /workspace/builds/worker-6-tc2/source/Cargo.toml
[INFO] running `Command { std: CARGO_HOME="/workspace/cargo-home" RUSTUP_HOME="/workspace/rustup-home" "/workspace/cargo-home/bin/cargo" "+nightly-2024-10-28" "generate-lockfile" "--manifest-path" "Cargo.toml", kill_on_drop: false }`
[INFO] [stderr]     Updating crates.io index
[INFO] [stderr]      Locking 11 packages to latest compatible versions
[INFO] [stderr]       Adding itertools v0.12.1 (available: v0.13.0)
[INFO] running `Command { std: CARGO_HOME="/workspace/cargo-home" RUSTUP_HOME="/workspace/rustup-home" "/workspace/cargo-home/bin/cargo" "+nightly-2024-10-28" "fetch" "--manifest-path" "Cargo.toml", kill_on_drop: false }`
[INFO] running `Command { std: "docker" "create" "-v" "/var/lib/crater-agent-workspace/builds/worker-6-tc2/target:/opt/rustwide/target:rw,Z" "-v" "/var/lib/crater-agent-workspace/builds/worker-6-tc2/source:/opt/rustwide/workdir:ro,Z" "-v" "/var/lib/crater-agent-workspace/cargo-home:/opt/rustwide/cargo-home:ro,Z" "-v" "/var/lib/crater-agent-workspace/rustup-home:/opt/rustwide/rustup-home:ro,Z" "-e" "SOURCE_DIR=/opt/rustwide/workdir" "-e" "CARGO_TARGET_DIR=/opt/rustwide/target" "-e" "CARGO_HOME=/opt/rustwide/cargo-home" "-e" "RUSTUP_HOME=/opt/rustwide/rustup-home" "-w" "/opt/rustwide/workdir" "-m" "1610612736" "--user" "0:0" "--network" "none" "ghcr.io/rust-lang/crates-build-env/linux@sha256:4a844ea9eb2546a2d2c7022eacef16ef2e8229c7fbb2c7d4d55a9ceca922f72d" "/opt/rustwide/cargo-home/bin/cargo" "+nightly-2024-10-28" "metadata" "--no-deps" "--format-version=1", kill_on_drop: false }`
[INFO] [stdout] 24ffd8affdf268d08965688b58b7d62006d3e9764dfcc076039cd75bb6b4e132
[INFO] running `Command { std: "docker" "start" "-a" "24ffd8affdf268d08965688b58b7d62006d3e9764dfcc076039cd75bb6b4e132", kill_on_drop: false }`
[INFO] running `Command { std: "docker" "inspect" "24ffd8affdf268d08965688b58b7d62006d3e9764dfcc076039cd75bb6b4e132", kill_on_drop: false }`
[INFO] running `Command { std: "docker" "rm" "-f" "24ffd8affdf268d08965688b58b7d62006d3e9764dfcc076039cd75bb6b4e132", kill_on_drop: false }`
[INFO] [stdout] 24ffd8affdf268d08965688b58b7d62006d3e9764dfcc076039cd75bb6b4e132
[INFO] running `Command { std: "docker" "create" "-v" "/var/lib/crater-agent-workspace/builds/worker-6-tc2/target:/opt/rustwide/target:rw,Z" "-v" "/var/lib/crater-agent-workspace/builds/worker-6-tc2/source:/opt/rustwide/workdir:ro,Z" "-v" "/var/lib/crater-agent-workspace/cargo-home:/opt/rustwide/cargo-home:ro,Z" "-v" "/var/lib/crater-agent-workspace/rustup-home:/opt/rustwide/rustup-home:ro,Z" "-e" "SOURCE_DIR=/opt/rustwide/workdir" "-e" "CARGO_TARGET_DIR=/opt/rustwide/target" "-e" "CARGO_INCREMENTAL=0" "-e" "RUST_BACKTRACE=full" "-e" "RUSTFLAGS=--cap-lints=forbid -Zrandomize-layout" "-e" "RUSTDOCFLAGS=--cap-lints=forbid" "-e" "CARGO_HOME=/opt/rustwide/cargo-home" "-e" "RUSTUP_HOME=/opt/rustwide/rustup-home" "-w" "/opt/rustwide/workdir" "-m" "1610612736" "--user" "0:0" "--network" "none" "ghcr.io/rust-lang/crates-build-env/linux@sha256:4a844ea9eb2546a2d2c7022eacef16ef2e8229c7fbb2c7d4d55a9ceca922f72d" "/opt/rustwide/cargo-home/bin/cargo" "+nightly-2024-10-28" "build" "--frozen" "--message-format=json", kill_on_drop: false }`
[INFO] [stdout] 3d4a7647742b6c36f69928d7ecd98173ed844518f1e0133717b82ce5379fb236
[INFO] running `Command { std: "docker" "start" "-a" "3d4a7647742b6c36f69928d7ecd98173ed844518f1e0133717b82ce5379fb236", kill_on_drop: false }`
[INFO] [stderr]    Compiling memchr v2.7.4
[INFO] [stderr]    Compiling either v1.13.0
[INFO] [stderr]    Compiling itertools v0.12.1
[INFO] [stderr]    Compiling aho-corasick v1.1.3
[INFO] [stderr]    Compiling regex-automata v0.4.8
[INFO] [stderr]    Compiling regex v1.11.1
[INFO] [stderr]    Compiling mastodonochrome_macros v0.1.1 (/opt/rustwide/workdir)
[INFO] [stderr]     Finished `dev` profile [unoptimized + debuginfo] target(s) in 3.50s
[INFO] running `Command { std: "docker" "inspect" "3d4a7647742b6c36f69928d7ecd98173ed844518f1e0133717b82ce5379fb236", kill_on_drop: false }`
[INFO] running `Command { std: "docker" "rm" "-f" "3d4a7647742b6c36f69928d7ecd98173ed844518f1e0133717b82ce5379fb236", kill_on_drop: false }`
[INFO] [stdout] 3d4a7647742b6c36f69928d7ecd98173ed844518f1e0133717b82ce5379fb236
[INFO] running `Command { std: "docker" "create" "-v" "/var/lib/crater-agent-workspace/builds/worker-6-tc2/target:/opt/rustwide/target:rw,Z" "-v" "/var/lib/crater-agent-workspace/builds/worker-6-tc2/source:/opt/rustwide/workdir:ro,Z" "-v" "/var/lib/crater-agent-workspace/cargo-home:/opt/rustwide/cargo-home:ro,Z" "-v" "/var/lib/crater-agent-workspace/rustup-home:/opt/rustwide/rustup-home:ro,Z" "-e" "SOURCE_DIR=/opt/rustwide/workdir" "-e" "CARGO_TARGET_DIR=/opt/rustwide/target" "-e" "CARGO_INCREMENTAL=0" "-e" "RUST_BACKTRACE=full" "-e" "RUSTFLAGS=--cap-lints=forbid -Zrandomize-layout" "-e" "RUSTDOCFLAGS=--cap-lints=forbid" "-e" "CARGO_HOME=/opt/rustwide/cargo-home" "-e" "RUSTUP_HOME=/opt/rustwide/rustup-home" "-w" "/opt/rustwide/workdir" "-m" "1610612736" "--user" "0:0" "--network" "none" "ghcr.io/rust-lang/crates-build-env/linux@sha256:4a844ea9eb2546a2d2c7022eacef16ef2e8229c7fbb2c7d4d55a9ceca922f72d" "/opt/rustwide/cargo-home/bin/cargo" "+nightly-2024-10-28" "test" "--frozen" "--no-run" "--message-format=json", kill_on_drop: false }`
[INFO] [stdout] 3fc459b7ecc4027fa65af8820d369c5ad9d30156ce3569f3c5e242e8db23fb03
[INFO] running `Command { std: "docker" "start" "-a" "3fc459b7ecc4027fa65af8820d369c5ad9d30156ce3569f3c5e242e8db23fb03", kill_on_drop: false }`
[INFO] [stderr]    Compiling mastodonochrome_macros v0.1.1 (/opt/rustwide/workdir)
[INFO] [stdout] error[E0369]: binary operation `==` cannot be applied to type `Vec<DocFragment>`
[INFO] [stdout]    --> src/markup.rs:286:5
[INFO] [stdout]     |
[INFO] [stdout] 286 | /     assert_eq!(
[INFO] [stdout] 287 | |         parse(r##"hello, world"##),
[INFO] [stdout] 288 | |         vec! {
[INFO] [stdout] 289 | |             DocFragment::Paragraph(0, vec!{
[INFO] [stdout] ...   |
[INFO] [stdout] 293 | |         }
[INFO] [stdout] 294 | |     );
[INFO] [stdout]     | |     ^
[INFO] [stdout]     | |_____|
[INFO] [stdout]     | |_____Vec<DocFragment>
[INFO] [stdout]     |       Vec<DocFragment>
[INFO] [stdout]     |
[INFO] [stdout] note: an implementation of `PartialEq` might be missing for `DocFragment`
[INFO] [stdout]    --> src/markup.rs:14:1
[INFO] [stdout]     |
[INFO] [stdout] 14  | pub enum DocFragment {
[INFO] [stdout]     | ^^^^^^^^^^^^^^^^^^^^ must implement `PartialEq`
[INFO] [stdout]     = note: this error originates in the macro `assert_eq` (in Nightly builds, run with -Z macro-backtrace for more info)
[INFO] [stdout] help: consider annotating `DocFragment` with `#[derive(PartialEq)]`
[INFO] [stdout]     |
[INFO] [stdout] 14  + #[derive(PartialEq)]
[INFO] [stdout] 15  | pub enum DocFragment {
[INFO] [stdout]     |
[INFO] [stdout] 
[INFO] [stdout] 
[INFO] [stdout] error[E0277]: `DocFragment` doesn't implement `Debug`
[INFO] [stdout]    --> src/markup.rs:286:5
[INFO] [stdout]     |
[INFO] [stdout] 286 | /     assert_eq!(
[INFO] [stdout] 287 | |         parse(r##"hello, world"##),
[INFO] [stdout] 288 | |         vec! {
[INFO] [stdout] 289 | |             DocFragment::Paragraph(0, vec!{
[INFO] [stdout] ...   |
[INFO] [stdout] 293 | |         }
[INFO] [stdout] 294 | |     );
[INFO] [stdout]     | |_____^ `DocFragment` cannot be formatted using `{:?}`
[INFO] [stdout]     |
[INFO] [stdout]     = help: the trait `Debug` is not implemented for `DocFragment`, which is required by `Vec<DocFragment>: Debug`
[INFO] [stdout]     = note: add `#[derive(Debug)]` to `DocFragment` or manually `impl Debug for DocFragment`
[INFO] [stdout]     = help: the trait `Debug` is implemented for `Vec<T, A>`
[INFO] [stdout]     = note: this error originates in the macro `assert_eq` (in Nightly builds, run with -Z macro-backtrace for more info)
[INFO] [stdout] 
[INFO] [stdout] 
[INFO] [stdout] error[E0277]: `DocFragment` doesn't implement `Debug`
[INFO] [stdout]    --> src/markup.rs:286:5
[INFO] [stdout]     |
[INFO] [stdout] 286 | /     assert_eq!(
[INFO] [stdout] 287 | |         parse(r##"hello, world"##),
[INFO] [stdout] 288 | |         vec! {
[INFO] [stdout] 289 | |             DocFragment::Paragraph(0, vec!{
[INFO] [stdout] ...   |
[INFO] [stdout] 293 | |         }
[INFO] [stdout] 294 | |     );
[INFO] [stdout]     | |_____^ `DocFragment` cannot be formatted using `{:?}`
[INFO] [stdout]     |
[INFO] [stdout]     = help: the trait `Debug` is not implemented for `DocFragment`, which is required by `Vec<DocFragment>: Debug`
[INFO] [stdout]     = note: add `#[derive(Debug)]` to `DocFragment` or manually `impl Debug for DocFragment`
[INFO] [stdout]     = help: the trait `Debug` is implemented for `Vec<T, A>`
[INFO] [stdout]     = note: this error originates in the macro `assert_eq` (in Nightly builds, run with -Z macro-backtrace for more info)
[INFO] [stdout] 
[INFO] [stdout] 
[INFO] [stdout] error[E0369]: binary operation `==` cannot be applied to type `Vec<DocFragment>`
[INFO] [stdout]    --> src/markup.rs:296:5
[INFO] [stdout]     |
[INFO] [stdout] 296 | /     assert_eq!(
[INFO] [stdout] 297 | |         parse(r##"[K]"##),
[INFO] [stdout] 298 | |         vec! {
[INFO] [stdout] 299 | |             DocFragment::Paragraph(0, vec!{
[INFO] [stdout] ...   |
[INFO] [stdout] 305 | |         }
[INFO] [stdout] 306 | |     );
[INFO] [stdout]     | |     ^
[INFO] [stdout]     | |_____|
[INFO] [stdout]     | |_____Vec<DocFragment>
[INFO] [stdout]     |       Vec<DocFragment>
[INFO] [stdout]     |
[INFO] [stdout] note: an implementation of `PartialEq` might be missing for `DocFragment`
[INFO] [stdout]    --> src/markup.rs:14:1
[INFO] [stdout]     |
[INFO] [stdout] 14  | pub enum DocFragment {
[INFO] [stdout]     | ^^^^^^^^^^^^^^^^^^^^ must implement `PartialEq`
[INFO] [stdout]     = note: this error originates in the macro `assert_eq` (in Nightly builds, run with -Z macro-backtrace for more info)
[INFO] [stdout] help: consider annotating `DocFragment` with `#[derive(PartialEq)]`
[INFO] [stdout]     |
[INFO] [stdout] 14  + #[derive(PartialEq)]
[INFO] [stdout] 15  | pub enum DocFragment {
[INFO] [stdout]     |
[INFO] [stdout] 
[INFO] [stdout] 
[INFO] [stdout] error[E0277]: `DocFragment` doesn't implement `Debug`
[INFO] [stdout]    --> src/markup.rs:296:5
[INFO] [stdout]     |
[INFO] [stdout] 296 | /     assert_eq!(
[INFO] [stdout] 297 | |         parse(r##"[K]"##),
[INFO] [stdout] 298 | |         vec! {
[INFO] [stdout] 299 | |             DocFragment::Paragraph(0, vec!{
[INFO] [stdout] ...   |
[INFO] [stdout] 305 | |         }
[INFO] [stdout] 306 | |     );
[INFO] [stdout]     | |_____^ `DocFragment` cannot be formatted using `{:?}`
[INFO] [stdout]     |
[INFO] [stdout]     = help: the trait `Debug` is not implemented for `DocFragment`, which is required by `Vec<DocFragment>: Debug`
[INFO] [stdout]     = note: add `#[derive(Debug)]` to `DocFragment` or manually `impl Debug for DocFragment`
[INFO] [stdout]     = help: the trait `Debug` is implemented for `Vec<T, A>`
[INFO] [stdout]     = note: this error originates in the macro `assert_eq` (in Nightly builds, run with -Z macro-backtrace for more info)
[INFO] [stdout] 
[INFO] [stdout] 
[INFO] [stdout] error[E0277]: `DocFragment` doesn't implement `Debug`
[INFO] [stdout]    --> src/markup.rs:296:5
[INFO] [stdout]     |
[INFO] [stdout] 296 | /     assert_eq!(
[INFO] [stdout] 297 | |         parse(r##"[K]"##),
[INFO] [stdout] 298 | |         vec! {
[INFO] [stdout] 299 | |             DocFragment::Paragraph(0, vec!{
[INFO] [stdout] ...   |
[INFO] [stdout] 305 | |         }
[INFO] [stdout] 306 | |     );
[INFO] [stdout]     | |_____^ `DocFragment` cannot be formatted using `{:?}`
[INFO] [stdout]     |
[INFO] [stdout]     = help: the trait `Debug` is not implemented for `DocFragment`, which is required by `Vec<DocFragment>: Debug`
[INFO] [stdout]     = note: add `#[derive(Debug)]` to `DocFragment` or manually `impl Debug for DocFragment`
[INFO] [stdout]     = help: the trait `Debug` is implemented for `Vec<T, A>`
[INFO] [stdout]     = note: this error originates in the macro `assert_eq` (in Nightly builds, run with -Z macro-backtrace for more info)
[INFO] [stdout] 
[INFO] [stdout] 
[INFO] [stdout] error[E0369]: binary operation `==` cannot be applied to type `Vec<DocFragment>`
[INFO] [stdout]    --> src/markup.rs:308:5
[INFO] [stdout]     |
[INFO] [stdout] 308 | /     assert_eq!(
[INFO] [stdout] 309 | |         parse(r##"[\\]"##),
[INFO] [stdout] 310 | |         vec! {
[INFO] [stdout] 311 | |             DocFragment::Paragraph(0, vec!{
[INFO] [stdout] ...   |
[INFO] [stdout] 317 | |         }
[INFO] [stdout] 318 | |     );
[INFO] [stdout]     | |     ^
[INFO] [stdout]     | |_____|
[INFO] [stdout]     | |_____Vec<DocFragment>
[INFO] [stdout]     |       Vec<DocFragment>
[INFO] [stdout]     |
[INFO] [stdout] note: an implementation of `PartialEq` might be missing for `DocFragment`
[INFO] [stdout]    --> src/markup.rs:14:1
[INFO] [stdout]     |
[INFO] [stdout] 14  | pub enum DocFragment {
[INFO] [stdout]     | ^^^^^^^^^^^^^^^^^^^^ must implement `PartialEq`
[INFO] [stdout]     = note: this error originates in the macro `assert_eq` (in Nightly builds, run with -Z macro-backtrace for more info)
[INFO] [stdout] help: consider annotating `DocFragment` with `#[derive(PartialEq)]`
[INFO] [stdout]     |
[INFO] [stdout] 14  + #[derive(PartialEq)]
[INFO] [stdout] 15  | pub enum DocFragment {
[INFO] [stdout]     |
[INFO] [stdout] 
[INFO] [stdout] 
[INFO] [stdout] error[E0277]: `DocFragment` doesn't implement `Debug`
[INFO] [stdout]    --> src/markup.rs:308:5
[INFO] [stdout]     |
[INFO] [stdout] 308 | /     assert_eq!(
[INFO] [stdout] 309 | |         parse(r##"[\\]"##),
[INFO] [stdout] 310 | |         vec! {
[INFO] [stdout] 311 | |             DocFragment::Paragraph(0, vec!{
[INFO] [stdout] ...   |
[INFO] [stdout] 317 | |         }
[INFO] [stdout] 318 | |     );
[INFO] [stdout]     | |_____^ `DocFragment` cannot be formatted using `{:?}`
[INFO] [stdout]     |
[INFO] [stdout]     = help: the trait `Debug` is not implemented for `DocFragment`, which is required by `Vec<DocFragment>: Debug`
[INFO] [stdout]     = note: add `#[derive(Debug)]` to `DocFragment` or manually `impl Debug for DocFragment`
[INFO] [stdout]     = help: the trait `Debug` is implemented for `Vec<T, A>`
[INFO] [stdout]     = note: this error originates in the macro `assert_eq` (in Nightly builds, run with -Z macro-backtrace for more info)
[INFO] [stdout] 
[INFO] [stdout] 
[INFO] [stdout] error[E0277]: `DocFragment` doesn't implement `Debug`
[INFO] [stdout]    --> src/markup.rs:308:5
[INFO] [stdout]     |
[INFO] [stdout] 308 | /     assert_eq!(
[INFO] [stdout] 309 | |         parse(r##"[\\]"##),
[INFO] [stdout] 310 | |         vec! {
[INFO] [stdout] 311 | |             DocFragment::Paragraph(0, vec!{
[INFO] [stdout] ...   |
[INFO] [stdout] 317 | |         }
[INFO] [stdout] 318 | |     );
[INFO] [stdout]     | |_____^ `DocFragment` cannot be formatted using `{:?}`
[INFO] [stdout]     |
[INFO] [stdout]     = help: the trait `Debug` is not implemented for `DocFragment`, which is required by `Vec<DocFragment>: Debug`
[INFO] [stdout]     = note: add `#[derive(Debug)]` to `DocFragment` or manually `impl Debug for DocFragment`
[INFO] [stdout]     = help: the trait `Debug` is implemented for `Vec<T, A>`
[INFO] [stdout]     = note: this error originates in the macro `assert_eq` (in Nightly builds, run with -Z macro-backtrace for more info)
[INFO] [stdout] 
[INFO] [stdout] 
[INFO] [stdout] error[E0369]: binary operation `==` cannot be applied to type `Vec<DocFragment>`
[INFO] [stdout]    --> src/markup.rs:320:5
[INFO] [stdout]     |
[INFO] [stdout] 320 | /     assert_eq!(
[INFO] [stdout] 321 | |         parse(r##"[Ctrl('K')]"##),
[INFO] [stdout] 322 | |         vec! {
[INFO] [stdout] 323 | |             DocFragment::Paragraph(0, vec!{
[INFO] [stdout] ...   |
[INFO] [stdout] 329 | |         }
[INFO] [stdout] 330 | |     );
[INFO] [stdout]     | |     ^
[INFO] [stdout]     | |_____|
[INFO] [stdout]     | |_____Vec<DocFragment>
[INFO] [stdout]     |       Vec<DocFragment>
[INFO] [stdout]     |
[INFO] [stdout] note: an implementation of `PartialEq` might be missing for `DocFragment`
[INFO] [stdout]    --> src/markup.rs:14:1
[INFO] [stdout]     |
[INFO] [stdout] 14  | pub enum DocFragment {
[INFO] [stdout]     | ^^^^^^^^^^^^^^^^^^^^ must implement `PartialEq`
[INFO] [stdout]     = note: this error originates in the macro `assert_eq` (in Nightly builds, run with -Z macro-backtrace for more info)
[INFO] [stdout] help: consider annotating `DocFragment` with `#[derive(PartialEq)]`
[INFO] [stdout]     |
[INFO] [stdout] 14  + #[derive(PartialEq)]
[INFO] [stdout] 15  | pub enum DocFragment {
[INFO] [stdout]     |
[INFO] [stdout] 
[INFO] [stdout] 
[INFO] [stdout] error[E0277]: `DocFragment` doesn't implement `Debug`
[INFO] [stdout]    --> src/markup.rs:320:5
[INFO] [stdout]     |
[INFO] [stdout] 320 | /     assert_eq!(
[INFO] [stdout] 321 | |         parse(r##"[Ctrl('K')]"##),
[INFO] [stdout] 322 | |         vec! {
[INFO] [stdout] 323 | |             DocFragment::Paragraph(0, vec!{
[INFO] [stdout] ...   |
[INFO] [stdout] 329 | |         }
[INFO] [stdout] 330 | |     );
[INFO] [stdout]     | |_____^ `DocFragment` cannot be formatted using `{:?}`
[INFO] [stdout]     |
[INFO] [stdout]     = help: the trait `Debug` is not implemented for `DocFragment`, which is required by `Vec<DocFragment>: Debug`
[INFO] [stdout]     = note: add `#[derive(Debug)]` to `DocFragment` or manually `impl Debug for DocFragment`
[INFO] [stdout]     = help: the trait `Debug` is implemented for `Vec<T, A>`
[INFO] [stdout]     = note: this error originates in the macro `assert_eq` (in Nightly builds, run with -Z macro-backtrace for more info)
[INFO] [stdout] 
[INFO] [stdout] 
[INFO] [stdout] error[E0277]: `DocFragment` doesn't implement `Debug`
[INFO] [stdout]    --> src/markup.rs:320:5
[INFO] [stdout]     |
[INFO] [stdout] 320 | /     assert_eq!(
[INFO] [stdout] 321 | |         parse(r##"[Ctrl('K')]"##),
[INFO] [stdout] 322 | |         vec! {
[INFO] [stdout] 323 | |             DocFragment::Paragraph(0, vec!{
[INFO] [stdout] ...   |
[INFO] [stdout] 329 | |         }
[INFO] [stdout] 330 | |     );
[INFO] [stdout]     | |_____^ `DocFragment` cannot be formatted using `{:?}`
[INFO] [stdout]     |
[INFO] [stdout]     = help: the trait `Debug` is not implemented for `DocFragment`, which is required by `Vec<DocFragment>: Debug`
[INFO] [stdout]     = note: add `#[derive(Debug)]` to `DocFragment` or manually `impl Debug for DocFragment`
[INFO] [stdout]     = help: the trait `Debug` is implemented for `Vec<T, A>`
[INFO] [stdout]     = note: this error originates in the macro `assert_eq` (in Nightly builds, run with -Z macro-backtrace for more info)
[INFO] [stdout] 
[INFO] [stdout] 
[INFO] [stdout] error[E0369]: binary operation `==` cannot be applied to type `Vec<DocFragment>`
[INFO] [stdout]    --> src/markup.rs:332:5
[INFO] [stdout]     |
[INFO] [stdout] 332 | /     assert_eq!(
[INFO] [stdout] 333 | |         parse(r##"[PgUp]"##),
[INFO] [stdout] 334 | |         vec! {
[INFO] [stdout] 335 | |             DocFragment::Paragraph(0, vec!{
[INFO] [stdout] ...   |
[INFO] [stdout] 341 | |         }
[INFO] [stdout] 342 | |     );
[INFO] [stdout]     | |     ^
[INFO] [stdout]     | |_____|
[INFO] [stdout]     | |_____Vec<DocFragment>
[INFO] [stdout]     |       Vec<DocFragment>
[INFO] [stdout]     |
[INFO] [stdout] note: an implementation of `PartialEq` might be missing for `DocFragment`
[INFO] [stdout]    --> src/markup.rs:14:1
[INFO] [stdout]     |
[INFO] [stdout] 14  | pub enum DocFragment {
[INFO] [stdout]     | ^^^^^^^^^^^^^^^^^^^^ must implement `PartialEq`
[INFO] [stdout]     = note: this error originates in the macro `assert_eq` (in Nightly builds, run with -Z macro-backtrace for more info)
[INFO] [stdout] help: consider annotating `DocFragment` with `#[derive(PartialEq)]`
[INFO] [stdout]     |
[INFO] [stdout] 14  + #[derive(PartialEq)]
[INFO] [stdout] 15  | pub enum DocFragment {
[INFO] [stdout]     |
[INFO] [stdout] 
[INFO] [stdout] 
[INFO] [stdout] error[E0277]: `DocFragment` doesn't implement `Debug`
[INFO] [stdout]    --> src/markup.rs:332:5
[INFO] [stdout]     |
[INFO] [stdout] 332 | /     assert_eq!(
[INFO] [stdout] 333 | |         parse(r##"[PgUp]"##),
[INFO] [stdout] 334 | |         vec! {
[INFO] [stdout] 335 | |             DocFragment::Paragraph(0, vec!{
[INFO] [stdout] ...   |
[INFO] [stdout] 341 | |         }
[INFO] [stdout] 342 | |     );
[INFO] [stdout]     | |_____^ `DocFragment` cannot be formatted using `{:?}`
[INFO] [stdout]     |
[INFO] [stdout]     = help: the trait `Debug` is not implemented for `DocFragment`, which is required by `Vec<DocFragment>: Debug`
[INFO] [stdout]     = note: add `#[derive(Debug)]` to `DocFragment` or manually `impl Debug for DocFragment`
[INFO] [stdout]     = help: the trait `Debug` is implemented for `Vec<T, A>`
[INFO] [stdout]     = note: this error originates in the macro `assert_eq` (in Nightly builds, run with -Z macro-backtrace for more info)
[INFO] [stdout] 
[INFO] [stdout] 
[INFO] [stdout] error[E0277]: `DocFragment` doesn't implement `Debug`
[INFO] [stdout]    --> src/markup.rs:332:5
[INFO] [stdout]     |
[INFO] [stdout] 332 | /     assert_eq!(
[INFO] [stdout] 333 | |         parse(r##"[PgUp]"##),
[INFO] [stdout] 334 | |         vec! {
[INFO] [stdout] 335 | |             DocFragment::Paragraph(0, vec!{
[INFO] [stdout] ...   |
[INFO] [stdout] 341 | |         }
[INFO] [stdout] 342 | |     );
[INFO] [stdout]     | |_____^ `DocFragment` cannot be formatted using `{:?}`
[INFO] [stdout]     |
[INFO] [stdout]     = help: the trait `Debug` is not implemented for `DocFragment`, which is required by `Vec<DocFragment>: Debug`
[INFO] [stdout]     = note: add `#[derive(Debug)]` to `DocFragment` or manually `impl Debug for DocFragment`
[INFO] [stdout]     = help: the trait `Debug` is implemented for `Vec<T, A>`
[INFO] [stdout]     = note: this error originates in the macro `assert_eq` (in Nightly builds, run with -Z macro-backtrace for more info)
[INFO] [stdout] 
[INFO] [stdout] 
[INFO] [stdout] error[E0369]: binary operation `==` cannot be applied to type `Vec<DocFragment>`
[INFO] [stdout]    --> src/markup.rs:344:5
[INFO] [stdout]     |
[INFO] [stdout] 344 | /     assert_eq!(
[INFO] [stdout] 345 | |         parse(r##"[r:nonsense]"##),
[INFO] [stdout] 346 | |         vec! {
[INFO] [stdout] 347 | |             DocFragment::Paragraph(0, vec!{
[INFO] [stdout] ...   |
[INFO] [stdout] 351 | |         }
[INFO] [stdout] 352 | |     );
[INFO] [stdout]     | |     ^
[INFO] [stdout]     | |_____|
[INFO] [stdout]     | |_____Vec<DocFragment>
[INFO] [stdout]     |       Vec<DocFragment>
[INFO] [stdout]     |
[INFO] [stdout] note: an implementation of `PartialEq` might be missing for `DocFragment`
[INFO] [stdout]    --> src/markup.rs:14:1
[INFO] [stdout]     |
[INFO] [stdout] 14  | pub enum DocFragment {
[INFO] [stdout]     | ^^^^^^^^^^^^^^^^^^^^ must implement `PartialEq`
[INFO] [stdout]     = note: this error originates in the macro `assert_eq` (in Nightly builds, run with -Z macro-backtrace for more info)
[INFO] [stdout] help: consider annotating `DocFragment` with `#[derive(PartialEq)]`
[INFO] [stdout]     |
[INFO] [stdout] 14  + #[derive(PartialEq)]
[INFO] [stdout] 15  | pub enum DocFragment {
[INFO] [stdout]     |
[INFO] [stdout] 
[INFO] [stdout] 
[INFO] [stdout] error[E0277]: `DocFragment` doesn't implement `Debug`
[INFO] [stdout]    --> src/markup.rs:344:5
[INFO] [stdout]     |
[INFO] [stdout] 344 | /     assert_eq!(
[INFO] [stdout] 345 | |         parse(r##"[r:nonsense]"##),
[INFO] [stdout] 346 | |         vec! {
[INFO] [stdout] 347 | |             DocFragment::Paragraph(0, vec!{
[INFO] [stdout] ...   |
[INFO] [stdout] 351 | |         }
[INFO] [stdout] 352 | |     );
[INFO] [stdout]     | |_____^ `DocFragment` cannot be formatted using `{:?}`
[INFO] [stdout]     |
[INFO] [stdout]     = help: the trait `Debug` is not implemented for `DocFragment`, which is required by `Vec<DocFragment>: Debug`
[INFO] [stdout]     = note: add `#[derive(Debug)]` to `DocFragment` or manually `impl Debug for DocFragment`
[INFO] [stdout]     = help: the trait `Debug` is implemented for `Vec<T, A>`
[INFO] [stdout]     = note: this error originates in the macro `assert_eq` (in Nightly builds, run with -Z macro-backtrace for more info)
[INFO] [stdout] 
[INFO] [stdout] 
[INFO] [stdout] error[E0277]: `DocFragment` doesn't implement `Debug`
[INFO] [stdout]    --> src/markup.rs:344:5
[INFO] [stdout]     |
[INFO] [stdout] 344 | /     assert_eq!(
[INFO] [stdout] 345 | |         parse(r##"[r:nonsense]"##),
[INFO] [stdout] 346 | |         vec! {
[INFO] [stdout] 347 | |             DocFragment::Paragraph(0, vec!{
[INFO] [stdout] ...   |
[INFO] [stdout] 351 | |         }
[INFO] [stdout] 352 | |     );
[INFO] [stdout]     | |_____^ `DocFragment` cannot be formatted using `{:?}`
[INFO] [stdout]     |
[INFO] [stdout]     = help: the trait `Debug` is not implemented for `DocFragment`, which is required by `Vec<DocFragment>: Debug`
[INFO] [stdout]     = note: add `#[derive(Debug)]` to `DocFragment` or manually `impl Debug for DocFragment`
[INFO] [stdout]     = help: the trait `Debug` is implemented for `Vec<T, A>`
[INFO] [stdout]     = note: this error originates in the macro `assert_eq` (in Nightly builds, run with -Z macro-backtrace for more info)
[INFO] [stdout] 
[INFO] [stdout] 
[INFO] [stdout] error[E0369]: binary operation `==` cannot be applied to type `Vec<DocFragment>`
[INFO] [stdout]    --> src/markup.rs:354:5
[INFO] [stdout]     |
[INFO] [stdout] 354 | /     assert_eq!(
[INFO] [stdout] 355 | |         parse(r##"\[r:nonsense\] \\"##),
[INFO] [stdout] 356 | |         vec! {
[INFO] [stdout] 357 | |             DocFragment::Paragraph(0, vec!{
[INFO] [stdout] ...   |
[INFO] [stdout] 361 | |         }
[INFO] [stdout] 362 | |     );
[INFO] [stdout]     | |     ^
[INFO] [stdout]     | |_____|
[INFO] [stdout]     | |_____Vec<DocFragment>
[INFO] [stdout]     |       Vec<DocFragment>
[INFO] [stdout]     |
[INFO] [stdout] note: an implementation of `PartialEq` might be missing for `DocFragment`
[INFO] [stdout]    --> src/markup.rs:14:1
[INFO] [stdout]     |
[INFO] [stdout] 14  | pub enum DocFragment {
[INFO] [stdout]     | ^^^^^^^^^^^^^^^^^^^^ must implement `PartialEq`
[INFO] [stdout]     = note: this error originates in the macro `assert_eq` (in Nightly builds, run with -Z macro-backtrace for more info)
[INFO] [stdout] help: consider annotating `DocFragment` with `#[derive(PartialEq)]`
[INFO] [stdout]     |
[INFO] [stdout] 14  + #[derive(PartialEq)]
[INFO] [stdout] 15  | pub enum DocFragment {
[INFO] [stdout]     |
[INFO] [stdout] 
[INFO] [stdout] 
[INFO] [stdout] error[E0277]: `DocFragment` doesn't implement `Debug`
[INFO] [stdout]    --> src/markup.rs:354:5
[INFO] [stdout]     |
[INFO] [stdout] 354 | /     assert_eq!(
[INFO] [stdout] 355 | |         parse(r##"\[r:nonsense\] \\"##),
[INFO] [stdout] 356 | |         vec! {
[INFO] [stdout] 357 | |             DocFragment::Paragraph(0, vec!{
[INFO] [stdout] ...   |
[INFO] [stdout] 361 | |         }
[INFO] [stdout] 362 | |     );
[INFO] [stdout]     | |_____^ `DocFragment` cannot be formatted using `{:?}`
[INFO] [stdout]     |
[INFO] [stdout]     = help: the trait `Debug` is not implemented for `DocFragment`, which is required by `Vec<DocFragment>: Debug`
[INFO] [stdout]     = note: add `#[derive(Debug)]` to `DocFragment` or manually `impl Debug for DocFragment`
[INFO] [stdout]     = help: the trait `Debug` is implemented for `Vec<T, A>`
[INFO] [stdout]     = note: this error originates in the macro `assert_eq` (in Nightly builds, run with -Z macro-backtrace for more info)
[INFO] [stdout] 
[INFO] [stdout] 
[INFO] [stdout] error[E0277]: `DocFragment` doesn't implement `Debug`
[INFO] [stdout]    --> src/markup.rs:354:5
[INFO] [stdout]     |
[INFO] [stdout] 354 | /     assert_eq!(
[INFO] [stdout] 355 | |         parse(r##"\[r:nonsense\] \\"##),
[INFO] [stdout] 356 | |         vec! {
[INFO] [stdout] 357 | |             DocFragment::Paragraph(0, vec!{
[INFO] [stdout] ...   |
[INFO] [stdout] 361 | |         }
[INFO] [stdout] 362 | |     );
[INFO] [stdout]     | |_____^ `DocFragment` cannot be formatted using `{:?}`
[INFO] [stdout]     |
[INFO] [stdout]     = help: the trait `Debug` is not implemented for `DocFragment`, which is required by `Vec<DocFragment>: Debug`
[INFO] [stdout]     = note: add `#[derive(Debug)]` to `DocFragment` or manually `impl Debug for DocFragment`
[INFO] [stdout]     = help: the trait `Debug` is implemented for `Vec<T, A>`
[INFO] [stdout]     = note: this error originates in the macro `assert_eq` (in Nightly builds, run with -Z macro-backtrace for more info)
[INFO] [stdout] 
[INFO] [stdout] 
[INFO] [stdout] error[E0369]: binary operation `==` cannot be applied to type `Vec<DocFragment>`
[INFO] [stdout]    --> src/markup.rs:364:5
[INFO] [stdout]     |
[INFO] [stdout] 364 | /     assert_eq!(
[INFO] [stdout] 365 | |         parse(r##"[r:\[-\]]"##),
[INFO] [stdout] 366 | |         vec! {
[INFO] [stdout] 367 | |             DocFragment::Paragraph(0, vec!{
[INFO] [stdout] ...   |
[INFO] [stdout] 371 | |         }
[INFO] [stdout] 372 | |     );
[INFO] [stdout]     | |     ^
[INFO] [stdout]     | |_____|
[INFO] [stdout]     | |_____Vec<DocFragment>
[INFO] [stdout]     |       Vec<DocFragment>
[INFO] [stdout]     |
[INFO] [stdout] note: an implementation of `PartialEq` might be missing for `DocFragment`
[INFO] [stdout]    --> src/markup.rs:14:1
[INFO] [stdout]     |
[INFO] [stdout] 14  | pub enum DocFragment {
[INFO] [stdout]     | ^^^^^^^^^^^^^^^^^^^^ must implement `PartialEq`
[INFO] [stdout]     = note: this error originates in the macro `assert_eq` (in Nightly builds, run with -Z macro-backtrace for more info)
[INFO] [stdout] help: consider annotating `DocFragment` with `#[derive(PartialEq)]`
[INFO] [stdout]     |
[INFO] [stdout] 14  + #[derive(PartialEq)]
[INFO] [stdout] 15  | pub enum DocFragment {
[INFO] [stdout]     |
[INFO] [stdout] 
[INFO] [stdout] 
[INFO] [stdout] error[E0277]: `DocFragment` doesn't implement `Debug`
[INFO] [stdout]    --> src/markup.rs:364:5
[INFO] [stdout]     |
[INFO] [stdout] 364 | /     assert_eq!(
[INFO] [stdout] 365 | |         parse(r##"[r:\[-\]]"##),
[INFO] [stdout] 366 | |         vec! {
[INFO] [stdout] 367 | |             DocFragment::Paragraph(0, vec!{
[INFO] [stdout] ...   |
[INFO] [stdout] 371 | |         }
[INFO] [stdout] 372 | |     );
[INFO] [stdout]     | |_____^ `DocFragment` cannot be formatted using `{:?}`
[INFO] [stdout]     |
[INFO] [stdout]     = help: the trait `Debug` is not implemented for `DocFragment`, which is required by `Vec<DocFragment>: Debug`
[INFO] [stdout]     = note: add `#[derive(Debug)]` to `DocFragment` or manually `impl Debug for DocFragment`
[INFO] [stdout]     = help: the trait `Debug` is implemented for `Vec<T, A>`
[INFO] [stdout]     = note: this error originates in the macro `assert_eq` (in Nightly builds, run with -Z macro-backtrace for more info)
[INFO] [stdout] 
[INFO] [stdout] 
[INFO] [stdout] error[E0277]: `DocFragment` doesn't implement `Debug`
[INFO] [stdout]    --> src/markup.rs:364:5
[INFO] [stdout]     |
[INFO] [stdout] 364 | /     assert_eq!(
[INFO] [stdout] 365 | |         parse(r##"[r:\[-\]]"##),
[INFO] [stdout] 366 | |         vec! {
[INFO] [stdout] 367 | |             DocFragment::Paragraph(0, vec!{
[INFO] [stdout] ...   |
[INFO] [stdout] 371 | |         }
[INFO] [stdout] 372 | |     );
[INFO] [stdout]     | |_____^ `DocFragment` cannot be formatted using `{:?}`
[INFO] [stdout]     |
[INFO] [stdout]     = help: the trait `Debug` is not implemented for `DocFragment`, which is required by `Vec<DocFragment>: Debug`
[INFO] [stdout]     = note: add `#[derive(Debug)]` to `DocFragment` or manually `impl Debug for DocFragment`
[INFO] [stdout]     = help: the trait `Debug` is implemented for `Vec<T, A>`
[INFO] [stdout]     = note: this error originates in the macro `assert_eq` (in Nightly builds, run with -Z macro-backtrace for more info)
[INFO] [stdout] 
[INFO] [stdout] 
[INFO] [stdout] error[E0369]: binary operation `==` cannot be applied to type `Vec<DocFragment>`
[INFO] [stdout]    --> src/markup.rs:374:5
[INFO] [stdout]     |
[INFO] [stdout] 374 | /     assert_eq!(
[INFO] [stdout] 375 | |         parse(r##"[i.2]indented"##),
[INFO] [stdout] 376 | |         vec! {
[INFO] [stdout] 377 | |             DocFragment::Paragraph(2, vec!{
[INFO] [stdout] ...   |
[INFO] [stdout] 381 | |         }
[INFO] [stdout] 382 | |     );
[INFO] [stdout]     | |     ^
[INFO] [stdout]     | |_____|
[INFO] [stdout]     | |_____Vec<DocFragment>
[INFO] [stdout]     |       Vec<DocFragment>
[INFO] [stdout]     |
[INFO] [stdout] note: an implementation of `PartialEq` might be missing for `DocFragment`
[INFO] [stdout]    --> src/markup.rs:14:1
[INFO] [stdout]     |
[INFO] [stdout] 14  | pub enum DocFragment {
[INFO] [stdout]     | ^^^^^^^^^^^^^^^^^^^^ must implement `PartialEq`
[INFO] [stdout]     = note: this error originates in the macro `assert_eq` (in Nightly builds, run with -Z macro-backtrace for more info)
[INFO] [stdout] help: consider annotating `DocFragment` with `#[derive(PartialEq)]`
[INFO] [stdout]     |
[INFO] [stdout] 14  + #[derive(PartialEq)]
[INFO] [stdout] 15  | pub enum DocFragment {
[INFO] [stdout]     |
[INFO] [stdout] 
[INFO] [stdout] 
[INFO] [stdout] error[E0277]: `DocFragment` doesn't implement `Debug`
[INFO] [stdout]    --> src/markup.rs:374:5
[INFO] [stdout]     |
[INFO] [stdout] 374 | /     assert_eq!(
[INFO] [stdout] 375 | |         parse(r##"[i.2]indented"##),
[INFO] [stdout] 376 | |         vec! {
[INFO] [stdout] 377 | |             DocFragment::Paragraph(2, vec!{
[INFO] [stdout] ...   |
[INFO] [stdout] 381 | |         }
[INFO] [stdout] 382 | |     );
[INFO] [stdout]     | |_____^ `DocFragment` cannot be formatted using `{:?}`
[INFO] [stdout]     |
[INFO] [stdout]     = help: the trait `Debug` is not implemented for `DocFragment`, which is required by `Vec<DocFragment>: Debug`
[INFO] [stdout]     = note: add `#[derive(Debug)]` to `DocFragment` or manually `impl Debug for DocFragment`
[INFO] [stdout]     = help: the trait `Debug` is implemented for `Vec<T, A>`
[INFO] [stdout]     = note: this error originates in the macro `assert_eq` (in Nightly builds, run with -Z macro-backtrace for more info)
[INFO] [stdout] 
[INFO] [stdout] 
[INFO] [stdout] error[E0277]: `DocFragment` doesn't implement `Debug`
[INFO] [stdout]    --> src/markup.rs:374:5
[INFO] [stdout]     |
[INFO] [stdout] 374 | /     assert_eq!(
[INFO] [stdout] 375 | |         parse(r##"[i.2]indented"##),
[INFO] [stdout] 376 | |         vec! {
[INFO] [stdout] 377 | |             DocFragment::Paragraph(2, vec!{
[INFO] [stdout] ...   |
[INFO] [stdout] 381 | |         }
[INFO] [stdout] 382 | |     );
[INFO] [stdout]     | |_____^ `DocFragment` cannot be formatted using `{:?}`
[INFO] [stdout]     |
[INFO] [stdout]     = help: the trait `Debug` is not implemented for `DocFragment`, which is required by `Vec<DocFragment>: Debug`
[INFO] [stdout]     = note: add `#[derive(Debug)]` to `DocFragment` or manually `impl Debug for DocFragment`
[INFO] [stdout]     = help: the trait `Debug` is implemented for `Vec<T, A>`
[INFO] [stdout]     = note: this error originates in the macro `assert_eq` (in Nightly builds, run with -Z macro-backtrace for more info)
[INFO] [stdout] 
[INFO] [stdout] 
[INFO] [stdout] Some errors have detailed explanations: E0277, E0369.
[INFO] [stdout] 
[INFO] [stdout] For more information about an error, try `rustc --explain E0277`.
[INFO] [stdout] 
[INFO] [stderr] error: could not compile `mastodonochrome_macros` (lib test) due to 27 previous errors
[INFO] [stderr] warning: build failed, waiting for other jobs to finish...
[INFO] running `Command { std: "docker" "inspect" "3fc459b7ecc4027fa65af8820d369c5ad9d30156ce3569f3c5e242e8db23fb03", kill_on_drop: false }`
[INFO] running `Command { std: "docker" "rm" "-f" "3fc459b7ecc4027fa65af8820d369c5ad9d30156ce3569f3c5e242e8db23fb03", kill_on_drop: false }`
[INFO] [stdout] 3fc459b7ecc4027fa65af8820d369c5ad9d30156ce3569f3c5e242e8db23fb03
