[INFO] fetching crate marpc 0.2.0...
[INFO] testing marpc-0.2.0 against nightly-2024-10-28+rustflags=-Zrandomize-layout for randomize-layout
[INFO] extracting crate marpc 0.2.0 into /workspace/builds/worker-3-tc2/source
[INFO] validating manifest of crates.io crate marpc 0.2.0 on toolchain nightly-2024-10-28
[INFO] running `Command { std: CARGO_HOME="/workspace/cargo-home" RUSTUP_HOME="/workspace/rustup-home" "/workspace/cargo-home/bin/cargo" "+nightly-2024-10-28" "metadata" "--manifest-path" "Cargo.toml" "--no-deps", kill_on_drop: false }`
[INFO] started tweaking crates.io crate marpc 0.2.0
[INFO] finished tweaking crates.io crate marpc 0.2.0
[INFO] tweaked toml for crates.io crate marpc 0.2.0 written to /workspace/builds/worker-3-tc2/source/Cargo.toml
[INFO] crate crates.io crate marpc 0.2.0 already has a lockfile, it will not be regenerated
[INFO] running `Command { std: CARGO_HOME="/workspace/cargo-home" RUSTUP_HOME="/workspace/rustup-home" "/workspace/cargo-home/bin/cargo" "+nightly-2024-10-28" "fetch" "--manifest-path" "Cargo.toml", kill_on_drop: false }`
[INFO] running `Command { std: "docker" "create" "-v" "/var/lib/crater-agent-workspace/builds/worker-3-tc2/target:/opt/rustwide/target:rw,Z" "-v" "/var/lib/crater-agent-workspace/builds/worker-3-tc2/source:/opt/rustwide/workdir:ro,Z" "-v" "/var/lib/crater-agent-workspace/cargo-home:/opt/rustwide/cargo-home:ro,Z" "-v" "/var/lib/crater-agent-workspace/rustup-home:/opt/rustwide/rustup-home:ro,Z" "-e" "SOURCE_DIR=/opt/rustwide/workdir" "-e" "CARGO_TARGET_DIR=/opt/rustwide/target" "-e" "CARGO_HOME=/opt/rustwide/cargo-home" "-e" "RUSTUP_HOME=/opt/rustwide/rustup-home" "-w" "/opt/rustwide/workdir" "-m" "1610612736" "--user" "0:0" "--network" "none" "ghcr.io/rust-lang/crates-build-env/linux@sha256:4a844ea9eb2546a2d2c7022eacef16ef2e8229c7fbb2c7d4d55a9ceca922f72d" "/opt/rustwide/cargo-home/bin/cargo" "+nightly-2024-10-28" "metadata" "--no-deps" "--format-version=1", kill_on_drop: false }`
[INFO] [stdout] 7b7075fdcb391b50a99d46f22573cc9876e6f97d1331c9dc3a8e1e899037cfd9
[INFO] running `Command { std: "docker" "start" "-a" "7b7075fdcb391b50a99d46f22573cc9876e6f97d1331c9dc3a8e1e899037cfd9", kill_on_drop: false }`
[INFO] running `Command { std: "docker" "inspect" "7b7075fdcb391b50a99d46f22573cc9876e6f97d1331c9dc3a8e1e899037cfd9", kill_on_drop: false }`
[INFO] running `Command { std: "docker" "rm" "-f" "7b7075fdcb391b50a99d46f22573cc9876e6f97d1331c9dc3a8e1e899037cfd9", kill_on_drop: false }`
[INFO] [stdout] 7b7075fdcb391b50a99d46f22573cc9876e6f97d1331c9dc3a8e1e899037cfd9
[INFO] running `Command { std: "docker" "create" "-v" "/var/lib/crater-agent-workspace/builds/worker-3-tc2/target:/opt/rustwide/target:rw,Z" "-v" "/var/lib/crater-agent-workspace/builds/worker-3-tc2/source:/opt/rustwide/workdir:ro,Z" "-v" "/var/lib/crater-agent-workspace/cargo-home:/opt/rustwide/cargo-home:ro,Z" "-v" "/var/lib/crater-agent-workspace/rustup-home:/opt/rustwide/rustup-home:ro,Z" "-e" "SOURCE_DIR=/opt/rustwide/workdir" "-e" "CARGO_TARGET_DIR=/opt/rustwide/target" "-e" "CARGO_INCREMENTAL=0" "-e" "RUST_BACKTRACE=full" "-e" "RUSTFLAGS=--cap-lints=forbid -Zrandomize-layout" "-e" "RUSTDOCFLAGS=--cap-lints=forbid" "-e" "CARGO_HOME=/opt/rustwide/cargo-home" "-e" "RUSTUP_HOME=/opt/rustwide/rustup-home" "-w" "/opt/rustwide/workdir" "-m" "1610612736" "--user" "0:0" "--network" "none" "ghcr.io/rust-lang/crates-build-env/linux@sha256:4a844ea9eb2546a2d2c7022eacef16ef2e8229c7fbb2c7d4d55a9ceca922f72d" "/opt/rustwide/cargo-home/bin/cargo" "+nightly-2024-10-28" "build" "--frozen" "--message-format=json", kill_on_drop: false }`
[INFO] [stdout] c6bba2378edd457d40c99983fb01ad0cb83f873bea4118fb00693064c7242966
[INFO] running `Command { std: "docker" "start" "-a" "c6bba2378edd457d40c99983fb01ad0cb83f873bea4118fb00693064c7242966", kill_on_drop: false }`
[INFO] [stderr]    Compiling proc-macro2 v1.0.67
[INFO] [stderr]    Compiling unicode-ident v1.0.12
[INFO] [stderr]    Compiling serde v1.0.188
[INFO] [stderr]    Compiling thiserror v1.0.49
[INFO] [stderr]    Compiling serde_json v1.0.107
[INFO] [stderr]    Compiling ryu v1.0.15
[INFO] [stderr]    Compiling quote v1.0.33
[INFO] [stderr]    Compiling syn v2.0.37
[INFO] [stderr]    Compiling serde_derive v1.0.188
[INFO] [stderr]    Compiling thiserror-impl v1.0.49
[INFO] [stderr]    Compiling marpc-macros v0.2.0
[INFO] [stderr]    Compiling marpc v0.2.0 (/opt/rustwide/workdir)
[INFO] [stderr]     Finished `dev` profile [unoptimized + debuginfo] target(s) in 7.52s
[INFO] running `Command { std: "docker" "inspect" "c6bba2378edd457d40c99983fb01ad0cb83f873bea4118fb00693064c7242966", kill_on_drop: false }`
[INFO] running `Command { std: "docker" "rm" "-f" "c6bba2378edd457d40c99983fb01ad0cb83f873bea4118fb00693064c7242966", kill_on_drop: false }`
[INFO] [stdout] c6bba2378edd457d40c99983fb01ad0cb83f873bea4118fb00693064c7242966
[INFO] running `Command { std: "docker" "create" "-v" "/var/lib/crater-agent-workspace/builds/worker-3-tc2/target:/opt/rustwide/target:rw,Z" "-v" "/var/lib/crater-agent-workspace/builds/worker-3-tc2/source:/opt/rustwide/workdir:ro,Z" "-v" "/var/lib/crater-agent-workspace/cargo-home:/opt/rustwide/cargo-home:ro,Z" "-v" "/var/lib/crater-agent-workspace/rustup-home:/opt/rustwide/rustup-home:ro,Z" "-e" "SOURCE_DIR=/opt/rustwide/workdir" "-e" "CARGO_TARGET_DIR=/opt/rustwide/target" "-e" "CARGO_INCREMENTAL=0" "-e" "RUST_BACKTRACE=full" "-e" "RUSTFLAGS=--cap-lints=forbid -Zrandomize-layout" "-e" "RUSTDOCFLAGS=--cap-lints=forbid" "-e" "CARGO_HOME=/opt/rustwide/cargo-home" "-e" "RUSTUP_HOME=/opt/rustwide/rustup-home" "-w" "/opt/rustwide/workdir" "-m" "1610612736" "--user" "0:0" "--network" "none" "ghcr.io/rust-lang/crates-build-env/linux@sha256:4a844ea9eb2546a2d2c7022eacef16ef2e8229c7fbb2c7d4d55a9ceca922f72d" "/opt/rustwide/cargo-home/bin/cargo" "+nightly-2024-10-28" "test" "--frozen" "--no-run" "--message-format=json", kill_on_drop: false }`
[INFO] [stdout] 1b77233c3c03fde216202cdf755e42f22f97c9f0bbad93d2229f1e36a4737d7c
[INFO] running `Command { std: "docker" "start" "-a" "1b77233c3c03fde216202cdf755e42f22f97c9f0bbad93d2229f1e36a4737d7c", kill_on_drop: false }`
[INFO] [stderr]    Compiling libc v0.2.148
[INFO] [stderr]    Compiling pin-project-lite v0.2.13
[INFO] [stderr]    Compiling bytes v1.5.0
[INFO] [stderr]    Compiling pollster v0.3.0
[INFO] [stderr]    Compiling tokio-macros v2.1.0
[INFO] [stderr]    Compiling mio v0.8.8
[INFO] [stderr]    Compiling socket2 v0.5.4
[INFO] [stderr]    Compiling tokio v1.32.0
[INFO] [stderr]    Compiling marpc v0.2.0 (/opt/rustwide/workdir)
[INFO] [stdout] error[E0433]: failed to resolve: could not find `register_service` in `marpc`
[INFO] [stdout]    --> examples/add.rs:43:8
[INFO] [stdout]     |
[INFO] [stdout] 43  | marpc::register_service!(Service);
[INFO] [stdout]     |        ^^^^^^^^^^^^^^^^ could not find `register_service` in `marpc`
[INFO] [stdout]     |
[INFO] [stdout] note: found an item that was configured out
[INFO] [stdout]    --> /opt/rustwide/workdir/src/lib.rs:322:14
[INFO] [stdout]     |
[INFO] [stdout] 322 | macro_rules! register_service {
[INFO] [stdout]     |              ^^^^^^^^^^^^^^^^
[INFO] [stdout] note: the item is gated behind the `server` feature
[INFO] [stdout]    --> /opt/rustwide/workdir/src/lib.rs:320:7
[INFO] [stdout]     |
[INFO] [stdout] 320 | #[cfg(feature = "server")]
[INFO] [stdout]     |       ^^^^^^^^^^^^^^^^^^
[INFO] [stdout] 
[INFO] [stdout] 
[INFO] [stdout] warning: unused import: `std::future::Future`
[INFO] [stdout]  --> examples/hello_net.rs:1:5
[INFO] [stdout]   |
[INFO] [stdout] 1 | use std::future::Future;
[INFO] [stdout]   |     ^^^^^^^^^^^^^^^^^^^
[INFO] [stdout]   |
[INFO] [stdout]   = note: `#[warn(unused_imports)]` on by default
[INFO] [stdout] 
[INFO] [stdout] 
[INFO] [stdout] warning: unused import: `std::pin::Pin`
[INFO] [stdout]  --> examples/hello_net.rs:2:5
[INFO] [stdout]   |
[INFO] [stdout] 2 | use std::pin::Pin;
[INFO] [stdout]   |     ^^^^^^^^^^^^^
[INFO] [stdout] 
[INFO] [stdout] 
[INFO] [stdout] warning: unused imports: `AsyncReadExt` and `AsyncWriteExt`
[INFO] [stdout]  --> examples/hello_net.rs:3:17
[INFO] [stdout]   |
[INFO] [stdout] 3 | use tokio::io::{AsyncReadExt, AsyncWriteExt};
[INFO] [stdout]   |                 ^^^^^^^^^^^^  ^^^^^^^^^^^^^
[INFO] [stdout] 
[INFO] [stdout] 
[INFO] [stdout] warning: unused imports: `TcpListener` and `TcpStream`
[INFO] [stdout]  --> examples/hello_net.rs:4:18
[INFO] [stdout]   |
[INFO] [stdout] 4 | use tokio::net::{TcpListener, TcpStream};
[INFO] [stdout]   |                  ^^^^^^^^^^^  ^^^^^^^^^
[INFO] [stdout] 
[INFO] [stdout] 
[INFO] [stdout] error[E0425]: cannot find function `handle_rpc` in crate `marpc`
[INFO] [stdout]    --> examples/add.rs:57:34
[INFO] [stdout]     |
[INFO] [stdout] 57  |                 let res = marpc::handle_rpc::<Service>(message.uri, (), &message.payload)
[INFO] [stdout]     |                                  ^^^^^^^^^^ not found in `marpc`
[INFO] [stdout]     |
[INFO] [stdout] note: found an item that was configured out
[INFO] [stdout]    --> /opt/rustwide/workdir/src/lib.rs:160:36
[INFO] [stdout]     |
[INFO] [stdout] 160 | pub use server::{find_rpc_handler, handle_rpc};
[INFO] [stdout]     |                                    ^^^^^^^^^^
[INFO] [stdout] note: the item is gated behind the `server` feature
[INFO] [stdout]    --> /opt/rustwide/workdir/src/lib.rs:159:7
[INFO] [stdout]     |
[INFO] [stdout] 159 | #[cfg(feature = "server")]
[INFO] [stdout]     |       ^^^^^^^^^^^^^^^^^^
[INFO] [stdout] 
[INFO] [stdout] 
[INFO] [stdout] error[E0423]: expected function, found attribute macro `test`
[INFO] [stdout]   --> examples/add.rs:66:19
[INFO] [stdout]    |
[INFO] [stdout] 66 |         let res = test(5, 6).await;
[INFO] [stdout]    |                   ^^^^ not a function
[INFO] [stdout] 
[INFO] [stdout] 
[INFO] [stdout] warning: struct `Service` is never constructed
[INFO] [stdout]  --> examples/hello_net.rs:9:8
[INFO] [stdout]   |
[INFO] [stdout] 9 | struct Service;
[INFO] [stdout]   |        ^^^^^^^
[INFO] [stdout]   |
[INFO] [stdout]   = note: `#[warn(dead_code)]` on by default
[INFO] [stdout] 
[INFO] [stdout] 
[INFO] [stdout] Some errors have detailed explanations: E0423, E0425, E0433.
[INFO] [stdout] 
[INFO] [stdout] For more information about an error, try `rustc --explain E0423`.
[INFO] [stdout] 
[INFO] [stderr] error: could not compile `marpc` (example "add") due to 3 previous errors
[INFO] [stderr] warning: build failed, waiting for other jobs to finish...
[INFO] running `Command { std: "docker" "inspect" "1b77233c3c03fde216202cdf755e42f22f97c9f0bbad93d2229f1e36a4737d7c", kill_on_drop: false }`
[INFO] running `Command { std: "docker" "rm" "-f" "1b77233c3c03fde216202cdf755e42f22f97c9f0bbad93d2229f1e36a4737d7c", kill_on_drop: false }`
[INFO] [stdout] 1b77233c3c03fde216202cdf755e42f22f97c9f0bbad93d2229f1e36a4737d7c
