[INFO] fetching crate marker_lints 0.5.0...
[INFO] testing marker_lints-0.5.0 against nightly-2024-10-28+rustflags=-Zrandomize-layout for randomize-layout
[INFO] extracting crate marker_lints 0.5.0 into /workspace/builds/worker-4-tc2/source
[INFO] validating manifest of crates.io crate marker_lints 0.5.0 on toolchain nightly-2024-10-28
[INFO] running `Command { std: CARGO_HOME="/workspace/cargo-home" RUSTUP_HOME="/workspace/rustup-home" "/workspace/cargo-home/bin/cargo" "+nightly-2024-10-28" "metadata" "--manifest-path" "Cargo.toml" "--no-deps", kill_on_drop: false }`
[INFO] started tweaking crates.io crate marker_lints 0.5.0
[INFO] removed 0 missing tests
[INFO] finished tweaking crates.io crate marker_lints 0.5.0
[INFO] tweaked toml for crates.io crate marker_lints 0.5.0 written to /workspace/builds/worker-4-tc2/source/Cargo.toml
[INFO] running `Command { std: CARGO_HOME="/workspace/cargo-home" RUSTUP_HOME="/workspace/rustup-home" "/workspace/cargo-home/bin/cargo" "+nightly-2024-10-28" "generate-lockfile" "--manifest-path" "Cargo.toml", kill_on_drop: false }`
[INFO] [stderr]     Updating crates.io index
[INFO] [stderr]      Locking 1 package to latest compatible version
[INFO] running `Command { std: CARGO_HOME="/workspace/cargo-home" RUSTUP_HOME="/workspace/rustup-home" "/workspace/cargo-home/bin/cargo" "+nightly-2024-10-28" "fetch" "--manifest-path" "Cargo.toml", kill_on_drop: false }`
[INFO] running `Command { std: "docker" "create" "-v" "/var/lib/crater-agent-workspace/builds/worker-4-tc2/target:/opt/rustwide/target:rw,Z" "-v" "/var/lib/crater-agent-workspace/builds/worker-4-tc2/source:/opt/rustwide/workdir:ro,Z" "-v" "/var/lib/crater-agent-workspace/cargo-home:/opt/rustwide/cargo-home:ro,Z" "-v" "/var/lib/crater-agent-workspace/rustup-home:/opt/rustwide/rustup-home:ro,Z" "-e" "SOURCE_DIR=/opt/rustwide/workdir" "-e" "CARGO_TARGET_DIR=/opt/rustwide/target" "-e" "CARGO_HOME=/opt/rustwide/cargo-home" "-e" "RUSTUP_HOME=/opt/rustwide/rustup-home" "-w" "/opt/rustwide/workdir" "-m" "1610612736" "--user" "0:0" "--network" "none" "ghcr.io/rust-lang/crates-build-env/linux@sha256:4a844ea9eb2546a2d2c7022eacef16ef2e8229c7fbb2c7d4d55a9ceca922f72d" "/opt/rustwide/cargo-home/bin/cargo" "+nightly-2024-10-28" "metadata" "--no-deps" "--format-version=1", kill_on_drop: false }`
[INFO] [stdout] a5d0b3b8709c9fde7f43bf764eadf8da9aa4fe22c429ecb1460e98b22bc19464
[INFO] running `Command { std: "docker" "start" "-a" "a5d0b3b8709c9fde7f43bf764eadf8da9aa4fe22c429ecb1460e98b22bc19464", kill_on_drop: false }`
[INFO] running `Command { std: "docker" "inspect" "a5d0b3b8709c9fde7f43bf764eadf8da9aa4fe22c429ecb1460e98b22bc19464", kill_on_drop: false }`
[INFO] running `Command { std: "docker" "rm" "-f" "a5d0b3b8709c9fde7f43bf764eadf8da9aa4fe22c429ecb1460e98b22bc19464", kill_on_drop: false }`
[INFO] [stdout] a5d0b3b8709c9fde7f43bf764eadf8da9aa4fe22c429ecb1460e98b22bc19464
[INFO] running `Command { std: "docker" "create" "-v" "/var/lib/crater-agent-workspace/builds/worker-4-tc2/target:/opt/rustwide/target:rw,Z" "-v" "/var/lib/crater-agent-workspace/builds/worker-4-tc2/source:/opt/rustwide/workdir:ro,Z" "-v" "/var/lib/crater-agent-workspace/cargo-home:/opt/rustwide/cargo-home:ro,Z" "-v" "/var/lib/crater-agent-workspace/rustup-home:/opt/rustwide/rustup-home:ro,Z" "-e" "SOURCE_DIR=/opt/rustwide/workdir" "-e" "CARGO_TARGET_DIR=/opt/rustwide/target" "-e" "CARGO_INCREMENTAL=0" "-e" "RUST_BACKTRACE=full" "-e" "RUSTFLAGS=--cap-lints=forbid -Zrandomize-layout" "-e" "RUSTDOCFLAGS=--cap-lints=forbid" "-e" "CARGO_HOME=/opt/rustwide/cargo-home" "-e" "RUSTUP_HOME=/opt/rustwide/rustup-home" "-w" "/opt/rustwide/workdir" "-m" "1610612736" "--user" "0:0" "--network" "none" "ghcr.io/rust-lang/crates-build-env/linux@sha256:4a844ea9eb2546a2d2c7022eacef16ef2e8229c7fbb2c7d4d55a9ceca922f72d" "/opt/rustwide/cargo-home/bin/cargo" "+nightly-2024-10-28" "build" "--frozen" "--message-format=json", kill_on_drop: false }`
[INFO] [stdout] bca83e0e3beb8d6d7d8f1936fb5dc812b4719f19c5af73bf643f742f6e054185
[INFO] running `Command { std: "docker" "start" "-a" "bca83e0e3beb8d6d7d8f1936fb5dc812b4719f19c5af73bf643f742f6e054185", kill_on_drop: false }`
[INFO] [stderr]    Compiling marker_api v0.5.0
[INFO] [stderr]    Compiling marker_lints v0.5.0 (/opt/rustwide/workdir)
[INFO] [stderr]     Finished `dev` profile [unoptimized + debuginfo] target(s) in 2.04s
[INFO] running `Command { std: "docker" "inspect" "bca83e0e3beb8d6d7d8f1936fb5dc812b4719f19c5af73bf643f742f6e054185", kill_on_drop: false }`
[INFO] running `Command { std: "docker" "rm" "-f" "bca83e0e3beb8d6d7d8f1936fb5dc812b4719f19c5af73bf643f742f6e054185", kill_on_drop: false }`
[INFO] [stdout] bca83e0e3beb8d6d7d8f1936fb5dc812b4719f19c5af73bf643f742f6e054185
[INFO] running `Command { std: "docker" "create" "-v" "/var/lib/crater-agent-workspace/builds/worker-4-tc2/target:/opt/rustwide/target:rw,Z" "-v" "/var/lib/crater-agent-workspace/builds/worker-4-tc2/source:/opt/rustwide/workdir:ro,Z" "-v" "/var/lib/crater-agent-workspace/cargo-home:/opt/rustwide/cargo-home:ro,Z" "-v" "/var/lib/crater-agent-workspace/rustup-home:/opt/rustwide/rustup-home:ro,Z" "-e" "SOURCE_DIR=/opt/rustwide/workdir" "-e" "CARGO_TARGET_DIR=/opt/rustwide/target" "-e" "CARGO_INCREMENTAL=0" "-e" "RUST_BACKTRACE=full" "-e" "RUSTFLAGS=--cap-lints=forbid -Zrandomize-layout" "-e" "RUSTDOCFLAGS=--cap-lints=forbid" "-e" "CARGO_HOME=/opt/rustwide/cargo-home" "-e" "RUSTUP_HOME=/opt/rustwide/rustup-home" "-w" "/opt/rustwide/workdir" "-m" "1610612736" "--user" "0:0" "--network" "none" "ghcr.io/rust-lang/crates-build-env/linux@sha256:4a844ea9eb2546a2d2c7022eacef16ef2e8229c7fbb2c7d4d55a9ceca922f72d" "/opt/rustwide/cargo-home/bin/cargo" "+nightly-2024-10-28" "test" "--frozen" "--no-run" "--message-format=json", kill_on_drop: false }`
[INFO] [stdout] db0ce081965374ff650c7af7f3e91fa4015f349125bf617cc5750bec974f3633
[INFO] running `Command { std: "docker" "start" "-a" "db0ce081965374ff650c7af7f3e91fa4015f349125bf617cc5750bec974f3633", kill_on_drop: false }`
[INFO] [stderr]    Compiling marker_lints v0.5.0 (/opt/rustwide/workdir)
[INFO] [stdout] error[E0433]: failed to resolve: use of undeclared crate or module `marker_uitest`
[INFO] [stdout]  --> tests/uitest.rs:1:5
[INFO] [stdout]   |
[INFO] [stdout] 1 | use marker_uitest::ui_test::*;
[INFO] [stdout]   |     ^^^^^^^^^^^^^ use of undeclared crate or module `marker_uitest`
[INFO] [stdout] 
[INFO] [stdout] 
[INFO] [stdout] error[E0433]: failed to resolve: use of undeclared crate or module `marker_uitest`
[INFO] [stdout]  --> tests/uitest.rs:5:30
[INFO] [stdout]   |
[INFO] [stdout] 5 |     let mut config: Config = marker_uitest::simple_ui_test_config!("tests/ui", "../target")?;
[INFO] [stdout]   |                              ^^^^^^^^^^^^^ use of undeclared crate or module `marker_uitest`
[INFO] [stdout] 
[INFO] [stdout] 
[INFO] [stdout] error[E0433]: failed to resolve: use of undeclared crate or module `status_emitter`
[INFO] [stdout]   --> tests/uitest.rs:21:9
[INFO] [stdout]    |
[INFO] [stdout] 21 |         status_emitter::Text::quiet(),
[INFO] [stdout]    |         ^^^^^^^^^^^^^^ use of undeclared crate or module `status_emitter`
[INFO] [stdout]    |
[INFO] [stdout] help: there is an enum variant `marker_api::ast::TyKind::Text` and 1 other; try using the variant's enum
[INFO] [stdout]    |
[INFO] [stdout] 21 |         marker_api::ast::TyKind(),
[INFO] [stdout]    |         ~~~~~~~~~~~~~~~~~~~~~~~
[INFO] [stdout] 21 |         marker_api::sem::TyKind(),
[INFO] [stdout]    |         ~~~~~~~~~~~~~~~~~~~~~~~
[INFO] [stdout] 
[INFO] [stdout] 
[INFO] [stdout] error[E0412]: cannot find type `Config` in this scope
[INFO] [stdout]  --> tests/uitest.rs:5:21
[INFO] [stdout]   |
[INFO] [stdout] 5 |     let mut config: Config = marker_uitest::simple_ui_test_config!("tests/ui", "../target")?;
[INFO] [stdout]   |                     ^^^^^^ not found in this scope
[INFO] [stdout] 
[INFO] [stdout] 
[INFO] [stdout] error[E0425]: cannot find value `default_file_filter` in this scope
[INFO] [stdout]   --> tests/uitest.rs:19:9
[INFO] [stdout]    |
[INFO] [stdout] 19 |         default_file_filter,
[INFO] [stdout]    |         ^^^^^^^^^^^^^^^^^^^ not found in this scope
[INFO] [stdout] 
[INFO] [stdout] 
[INFO] [stdout] error[E0425]: cannot find value `default_per_file_config` in this scope
[INFO] [stdout]   --> tests/uitest.rs:20:9
[INFO] [stdout]    |
[INFO] [stdout] 20 |         default_per_file_config,
[INFO] [stdout]    |         ^^^^^^^^^^^^^^^^^^^^^^^ not found in this scope
[INFO] [stdout] 
[INFO] [stdout] 
[INFO] [stdout] warning: unused import: `std::env`
[INFO] [stdout]  --> tests/uitest.rs:2:5
[INFO] [stdout]   |
[INFO] [stdout] 2 | use std::env;
[INFO] [stdout]   |     ^^^^^^^^
[INFO] [stdout]   |
[INFO] [stdout]   = note: `#[warn(unused_imports)]` on by default
[INFO] [stdout] 
[INFO] [stdout] 
[INFO] [stdout] error[E0425]: cannot find function `run_tests_generic` in this scope
[INFO] [stdout]   --> tests/uitest.rs:17:5
[INFO] [stdout]    |
[INFO] [stdout] 17 |     run_tests_generic(
[INFO] [stdout]    |     ^^^^^^^^^^^^^^^^^ not found in this scope
[INFO] [stdout] 
[INFO] [stdout] 
[INFO] [stdout] error[E0433]: failed to resolve: use of undeclared crate or module `color_eyre`
[INFO] [stdout]  --> tests/uitest.rs:4:14
[INFO] [stdout]   |
[INFO] [stdout] 4 | fn main() -> color_eyre::Result<()> {
[INFO] [stdout]   |              ^^^^^^^^^^ use of undeclared crate or module `color_eyre`
[INFO] [stdout] 
[INFO] [stdout] 
[INFO] [stdout] Some errors have detailed explanations: E0412, E0425, E0433.
[INFO] [stdout] 
[INFO] [stdout] For more information about an error, try `rustc --explain E0412`.
[INFO] [stdout] 
[INFO] [stderr] error: could not compile `marker_lints` (test "uitest") due to 8 previous errors; 1 warning emitted
[INFO] [stderr] warning: build failed, waiting for other jobs to finish...
[INFO] running `Command { std: "docker" "inspect" "db0ce081965374ff650c7af7f3e91fa4015f349125bf617cc5750bec974f3633", kill_on_drop: false }`
[INFO] running `Command { std: "docker" "rm" "-f" "db0ce081965374ff650c7af7f3e91fa4015f349125bf617cc5750bec974f3633", kill_on_drop: false }`
[INFO] [stdout] db0ce081965374ff650c7af7f3e91fa4015f349125bf617cc5750bec974f3633
