[INFO] fetching crate manas_server_single_fs_wac 0.1.0...
[INFO] testing manas_server_single_fs_wac-0.1.0 against nightly-2024-10-28 for randomize-layout
[INFO] extracting crate manas_server_single_fs_wac 0.1.0 into /workspace/builds/worker-6-tc1/source
[INFO] validating manifest of crates.io crate manas_server_single_fs_wac 0.1.0 on toolchain nightly-2024-10-28
[INFO] running `Command { std: CARGO_HOME="/workspace/cargo-home" RUSTUP_HOME="/workspace/rustup-home" "/workspace/cargo-home/bin/cargo" "+nightly-2024-10-28" "metadata" "--manifest-path" "Cargo.toml" "--no-deps", kill_on_drop: false }`
[INFO] started tweaking crates.io crate manas_server_single_fs_wac 0.1.0
[INFO] finished tweaking crates.io crate manas_server_single_fs_wac 0.1.0
[INFO] tweaked toml for crates.io crate manas_server_single_fs_wac 0.1.0 written to /workspace/builds/worker-6-tc1/source/Cargo.toml
[INFO] crate crates.io crate manas_server_single_fs_wac 0.1.0 already has a lockfile, it will not be regenerated
[INFO] running `Command { std: CARGO_HOME="/workspace/cargo-home" RUSTUP_HOME="/workspace/rustup-home" "/workspace/cargo-home/bin/cargo" "+nightly-2024-10-28" "fetch" "--manifest-path" "Cargo.toml", kill_on_drop: false }`
[INFO] [stderr]     Updating crates.io index
[INFO] [stderr]  Downloading crates ...
[INFO] [stderr]   Downloaded mownstr v0.2.1
[INFO] [stderr]   Downloaded resiter v0.5.0
[INFO] [stderr]   Downloaded webid v0.1.0
[INFO] [stderr]   Downloaded oxiri v0.2.2
[INFO] [stderr]   Downloaded manas_server v0.1.0
[INFO] [stderr]   Downloaded sophia_xml v0.8.0-alpha.2
[INFO] [stderr]   Downloaded capped_stream v0.1.1
[INFO] [stderr]   Downloaded http_uri v1.0.1
[INFO] [stderr]   Downloaded text-block-macros v0.1.1
[INFO] [stderr]   Downloaded manas_podverse v0.1.0
[INFO] [stderr]   Downloaded sophia_iri v0.8.0-alpha.2
[INFO] [stderr]   Downloaded oid v0.2.1
[INFO] [stderr]   Downloaded dlv-list v0.5.1
[INFO] [stderr]   Downloaded typed_record v0.1.1
[INFO] [stderr]   Downloaded async-compat v0.2.2
[INFO] [stderr]   Downloaded ghost v0.1.14
[INFO] [stderr]   Downloaded manas_semslot v0.1.0
[INFO] [stderr]   Downloaded pipe-trait v0.4.0
[INFO] [stderr]   Downloaded acp v0.1.0
[INFO] [stderr]   Downloaded http-serde v1.1.3
[INFO] [stderr]   Downloaded platforms v3.1.2
[INFO] [stderr]   Downloaded ecow v0.1.2
[INFO] [stderr]   Downloaded build-fs-tree v0.6.0
[INFO] [stderr]   Downloaded manas_repo_layers v0.1.0
[INFO] [stderr]   Downloaded axum-server v0.5.1
[INFO] [stderr]   Downloaded clap v4.4.5
[INFO] [stderr]   Downloaded config v0.13.3
[INFO] [stderr]   Downloaded pulldown-cmark v0.9.3
[INFO] [stderr]   Downloaded manas_repo_opendal v0.1.0
[INFO] [stderr]   Downloaded quick-xml v0.29.0
[INFO] [stderr]   Downloaded iri-string v0.7.0
[INFO] [stderr]   Downloaded clap_builder v4.4.5
[INFO] [stderr]   Downloaded picky v7.0.0-rc.8
[INFO] [stderr]   Downloaded ed25519-dalek v2.0.0
[INFO] [stderr]   Downloaded upon v0.7.1
[INFO] [stderr]   Downloaded moka v0.12.0
[INFO] [stderr]   Downloaded rustls-webpki v0.101.6
[INFO] [stderr]   Downloaded picky-asn1-x509 v0.12.0
[INFO] [stderr]   Downloaded reqsign v0.14.1
[INFO] [stderr]   Downloaded manas_space v0.1.0
[INFO] [stderr]   Downloaded http-api-problem v0.57.0
[INFO] [stderr]   Downloaded opendal v0.39.0
[INFO] [stderr]   Downloaded manas_http v0.1.1
[INFO] [stderr]   Downloaded vec1 v1.10.1
[INFO] [stderr]   Downloaded rdf_utils v0.3.1
[INFO] [stderr]   Downloaded sharded-slab v0.1.6
[INFO] [stderr]   Downloaded rio_turtle v0.8.4
[INFO] [stderr]   Downloaded rdf_dynsyn v0.3.1
[INFO] [stderr]   Downloaded async-recursion v1.0.5
[INFO] [stderr]   Downloaded fiat-crypto v0.2.1
[INFO] [stderr]   Downloaded manas_access_control v0.1.0
[INFO] [stderr]   Downloaded triomphe v0.1.9
[INFO] [stderr]   Downloaded flagset v0.4.4
[INFO] [stderr]   Downloaded cargo-platform v0.1.3
[INFO] [stderr]   Downloaded ed25519 v2.2.2
[INFO] [stderr]   Downloaded picky-asn1 v0.8.0
[INFO] [stderr]   Downloaded picky-asn1-der v0.4.1
[INFO] [stderr]   Downloaded manas_repo v0.1.0
[INFO] [stderr]   Downloaded derive_utils v0.12.0
[INFO] [stderr]   Downloaded manas_specs v0.1.0
[INFO] [stderr]   Downloaded const-random-macro v0.1.15
[INFO] [stderr]   Downloaded curve25519-dalek-derive v0.1.0
[INFO] [stderr]   Downloaded solid_oidc_types v0.1.0
[INFO] [stderr]   Downloaded dyn_problem v0.1.1
[INFO] [stderr]   Downloaded name_locker v0.1.1
[INFO] [stderr]   Downloaded oxilangtag v0.1.3
[INFO] [stderr]   Downloaded sophia_api v0.8.0-alpha.2
[INFO] [stderr]   Downloaded dpop v0.1.1
[INFO] [stderr]   Downloaded manas_storage v0.1.0
[INFO] [stderr]   Downloaded sophia_turtle v0.8.0-alpha.2
[INFO] [stderr]   Downloaded rio_xml v0.8.4
[INFO] [stderr]   Downloaded canonical_json v0.5.0
[INFO] [stderr]   Downloaded manas_authentication v0.1.0
[INFO] [stderr]   Downloaded const-random v0.1.15
[INFO] [stderr]   Downloaded gdp_rs v0.1.1
[INFO] [stderr]   Downloaded rio_api v0.8.4
[INFO] [stderr]   Downloaded sophia_rio v0.8.0-alpha.2
[INFO] [stderr]   Downloaded http-api-problem-derive v0.1.0
[INFO] [stderr]   Downloaded rdf_vocabularies v0.2.0
[INFO] running `Command { std: "docker" "create" "-v" "/var/lib/crater-agent-workspace/builds/worker-6-tc1/target:/opt/rustwide/target:rw,Z" "-v" "/var/lib/crater-agent-workspace/builds/worker-6-tc1/source:/opt/rustwide/workdir:ro,Z" "-v" "/var/lib/crater-agent-workspace/cargo-home:/opt/rustwide/cargo-home:ro,Z" "-v" "/var/lib/crater-agent-workspace/rustup-home:/opt/rustwide/rustup-home:ro,Z" "-e" "SOURCE_DIR=/opt/rustwide/workdir" "-e" "CARGO_TARGET_DIR=/opt/rustwide/target" "-e" "CARGO_HOME=/opt/rustwide/cargo-home" "-e" "RUSTUP_HOME=/opt/rustwide/rustup-home" "-w" "/opt/rustwide/workdir" "-m" "1610612736" "--user" "0:0" "--network" "none" "ghcr.io/rust-lang/crates-build-env/linux@sha256:4a844ea9eb2546a2d2c7022eacef16ef2e8229c7fbb2c7d4d55a9ceca922f72d" "/opt/rustwide/cargo-home/bin/cargo" "+nightly-2024-10-28" "metadata" "--no-deps" "--format-version=1", kill_on_drop: false }`
[INFO] [stdout] 4bafc8f16ee715a73b51701f6b818e75f2256a5f727401956d3972fcf6a2a12c
[INFO] running `Command { std: "docker" "start" "-a" "4bafc8f16ee715a73b51701f6b818e75f2256a5f727401956d3972fcf6a2a12c", kill_on_drop: false }`
[INFO] running `Command { std: "docker" "inspect" "4bafc8f16ee715a73b51701f6b818e75f2256a5f727401956d3972fcf6a2a12c", kill_on_drop: false }`
[INFO] running `Command { std: "docker" "rm" "-f" "4bafc8f16ee715a73b51701f6b818e75f2256a5f727401956d3972fcf6a2a12c", kill_on_drop: false }`
[INFO] [stdout] 4bafc8f16ee715a73b51701f6b818e75f2256a5f727401956d3972fcf6a2a12c
[INFO] running `Command { std: "docker" "create" "-v" "/var/lib/crater-agent-workspace/builds/worker-6-tc1/target:/opt/rustwide/target:rw,Z" "-v" "/var/lib/crater-agent-workspace/builds/worker-6-tc1/source:/opt/rustwide/workdir:ro,Z" "-v" "/var/lib/crater-agent-workspace/cargo-home:/opt/rustwide/cargo-home:ro,Z" "-v" "/var/lib/crater-agent-workspace/rustup-home:/opt/rustwide/rustup-home:ro,Z" "-e" "SOURCE_DIR=/opt/rustwide/workdir" "-e" "CARGO_TARGET_DIR=/opt/rustwide/target" "-e" "CARGO_INCREMENTAL=0" "-e" "RUST_BACKTRACE=full" "-e" "RUSTFLAGS=--cap-lints=forbid" "-e" "RUSTDOCFLAGS=--cap-lints=forbid" "-e" "CARGO_HOME=/opt/rustwide/cargo-home" "-e" "RUSTUP_HOME=/opt/rustwide/rustup-home" "-w" "/opt/rustwide/workdir" "-m" "1610612736" "--user" "0:0" "--network" "none" "ghcr.io/rust-lang/crates-build-env/linux@sha256:4a844ea9eb2546a2d2c7022eacef16ef2e8229c7fbb2c7d4d55a9ceca922f72d" "/opt/rustwide/cargo-home/bin/cargo" "+nightly-2024-10-28" "build" "--frozen" "--message-format=json", kill_on_drop: false }`
[INFO] [stdout] a205972f207fe7c1ace00717cc17d208b0d5b35b43dcd4cc2bae03b497d8b47c
[INFO] running `Command { std: "docker" "start" "-a" "a205972f207fe7c1ace00717cc17d208b0d5b35b43dcd4cc2bae03b497d8b47c", kill_on_drop: false }`
[INFO] [stderr]    Compiling proc-macro2 v1.0.67
[INFO] [stderr]    Compiling libc v0.2.148
[INFO] [stderr]    Compiling version_check v0.9.4
[INFO] [stderr]    Compiling serde v1.0.188
[INFO] [stderr]    Compiling memchr v2.6.3
[INFO] [stderr]    Compiling subtle v2.5.0
[INFO] [stderr]    Compiling once_cell v1.18.0
[INFO] [stderr]    Compiling const-oid v0.9.5
[INFO] [stderr]    Compiling pin-project-lite v0.2.13
[INFO] [stderr]    Compiling itoa v1.0.9
[INFO] [stderr]    Compiling futures-core v0.3.28
[INFO] [stderr]    Compiling bytes v1.5.0
[INFO] [stderr]    Compiling lazy_static v1.4.0
[INFO] [stderr]    Compiling cpufeatures v0.2.9
[INFO] [stderr]    Compiling thiserror v1.0.49
[INFO] [stderr]    Compiling generic-array v0.14.7
[INFO] [stderr]    Compiling slab v0.4.9
[INFO] [stderr]    Compiling futures-channel v0.3.28
[INFO] [stderr]    Compiling futures-sink v0.3.28
[INFO] [stderr]    Compiling futures-task v0.3.28
[INFO] [stderr]    Compiling futures-io v0.3.28
[INFO] [stderr]    Compiling log v0.4.20
[INFO] [stderr]    Compiling futures-util v0.3.28
[INFO] [stderr]    Compiling quote v1.0.33
[INFO] [stderr]    Compiling getrandom v0.2.10
[INFO] [stderr]    Compiling socket2 v0.5.4
[INFO] [stderr]    Compiling syn v2.0.37
[INFO] [stderr]    Compiling mio v0.8.8
[INFO] [stderr]    Compiling num_cpus v1.16.0
[INFO] [stderr]    Compiling rand_core v0.6.4
[INFO] [stderr]    Compiling tracing-core v0.1.31
[INFO] [stderr]    Compiling libm v0.2.7
[INFO] [stderr]    Compiling http v0.2.9
[INFO] [stderr]    Compiling num-traits v0.2.16
[INFO] [stderr]    Compiling aho-corasick v1.1.1
[INFO] [stderr]    Compiling regex-syntax v0.7.5
[INFO] [stderr]    Compiling ryu v1.0.15
[INFO] [stderr]    Compiling oxiri v0.2.2
[INFO] [stderr]    Compiling smallvec v1.11.1
[INFO] [stderr]    Compiling cc v1.0.83
[INFO] [stderr]    Compiling serde_json v1.0.107
[INFO] [stderr]    Compiling tower-service v0.3.2
[INFO] [stderr]    Compiling httparse v1.8.0
[INFO] [stderr]    Compiling base64 v0.21.4
[INFO] [stderr]    Compiling base64ct v1.6.0
[INFO] [stderr]    Compiling pem-rfc7468 v0.7.0
[INFO] [stderr]    Compiling indexmap v1.9.3
[INFO] [stderr]    Compiling http-body v0.4.5
[INFO] [stderr]    Compiling resiter v0.5.0
[INFO] [stderr]    Compiling mownstr v0.2.1
[INFO] [stderr]    Compiling try-lock v0.2.4
[INFO] [stderr]    Compiling rand_chacha v0.3.1
[INFO] [stderr]    Compiling want v0.3.1
[INFO] [stderr]    Compiling ring v0.16.20
[INFO] [stderr]    Compiling socket2 v0.4.9
[INFO] [stderr]    Compiling num-integer v0.1.45
[INFO] [stderr]    Compiling rand v0.8.5
[INFO] [stderr]    Compiling rio_api v0.8.4
[INFO] [stderr]    Compiling regex-automata v0.3.8
[INFO] [stderr]    Compiling unicase v2.7.0
[INFO] [stderr]    Compiling oxilangtag v0.1.3
[INFO] [stderr]    Compiling syn v1.0.109
[INFO] [stderr]    Compiling either v1.9.0
[INFO] [stderr]    Compiling rustls v0.21.7
[INFO] [stderr]    Compiling percent-encoding v2.3.0
[INFO] [stderr]    Compiling async-trait v0.1.73
[INFO] [stderr]    Compiling semver v1.0.19
[INFO] [stderr]    Compiling tinyvec v1.6.0
[INFO] [stderr]    Compiling rio_turtle v0.8.4
[INFO] [stderr]    Compiling num-iter v0.1.43
[INFO] [stderr]    Compiling anymap2 v0.13.0
[INFO] [stderr]    Compiling frunk_core v0.4.2
[INFO] [stderr]    Compiling unicode-normalization v0.1.22
[INFO] [stderr]    Compiling form_urlencoded v1.2.0
[INFO] [stderr]    Compiling rustls-pemfile v1.0.3
[INFO] [stderr]    Compiling ff v0.13.0
[INFO] [stderr]    Compiling quick-xml v0.28.2
[INFO] [stderr]    Compiling base16ct v0.2.0
[INFO] [stderr]    Compiling regex v1.9.5
[INFO] [stderr]    Compiling iana-time-zone v0.1.57
[INFO] [stderr]    Compiling unicode-bidi v0.3.13
[INFO] [stderr]    Compiling rustls-webpki v0.101.6
[INFO] [stderr]    Compiling sct v0.7.0
[INFO] [stderr]    Compiling num-bigint-dig v0.8.4
[INFO] [stderr]    Compiling zeroize_derive v1.4.2
[INFO] [stderr]    Compiling serde_derive v1.0.188
[INFO] [stderr]    Compiling thiserror-impl v1.0.49
[INFO] [stderr]    Compiling tokio-macros v2.1.0
[INFO] [stderr]    Compiling zeroize v1.6.0
[INFO] [stderr]    Compiling futures-macro v0.3.28
[INFO] [stderr]    Compiling tokio v1.32.0
[INFO] [stderr]    Compiling tracing-attributes v0.1.26
[INFO] [stderr]    Compiling crypto-common v0.1.6
[INFO] [stderr]    Compiling block-buffer v0.10.4
[INFO] [stderr]    Compiling der v0.7.8
[INFO] [stderr]    Compiling digest v0.10.7
[INFO] [stderr]    Compiling hmac v0.12.1
[INFO] [stderr]    Compiling sha1 v0.10.6
[INFO] [stderr]    Compiling signature v2.1.0
[INFO] [stderr]    Compiling sha2 v0.10.8
[INFO] [stderr]    Compiling block-padding v0.3.3
[INFO] [stderr]    Compiling tracing v0.1.37
[INFO] [stderr]    Compiling inout v0.1.3
[INFO] [stderr]    Compiling pin-project-internal v1.1.3
[INFO] [stderr]    Compiling spki v0.7.2
[INFO] [stderr]    Compiling pkcs8 v0.10.2
[INFO] [stderr]    Compiling sec1 v0.7.3
[INFO] [stderr]    Compiling cipher v0.4.4
[INFO] [stderr]    Compiling hkdf v0.12.3
[INFO] [stderr]    Compiling crypto-bigint v0.5.3
[INFO] [stderr]    Compiling derive_utils v0.12.0
[INFO] [stderr]    Compiling pin-project v1.1.3
[INFO] [stderr]    Compiling idna v0.4.0
[INFO] [stderr]    Compiling rio_xml v0.8.4
[INFO] [stderr]    Compiling group v0.13.0
[INFO] [stderr]    Compiling rustc_version v0.4.0
[INFO] [stderr]    Compiling itertools v0.11.0
[INFO] [stderr]    Compiling headers-core v0.2.0
[INFO] [stderr]    Compiling byteorder v1.4.3
[INFO] [stderr]    Compiling futures-executor v0.3.28
[INFO] [stderr]    Compiling anyhow v1.0.75
[INFO] [stderr]    Compiling futures v0.3.28
[INFO] [stderr]    Compiling paste v1.0.14
[INFO] [stderr]    Compiling platforms v3.1.2
[INFO] [stderr]    Compiling tokio-util v0.7.9
[INFO] [stderr]    Compiling tokio-rustls v0.24.1
[INFO] [stderr]    Compiling async-compat v0.2.2
[INFO] [stderr]    Compiling curve25519-dalek v4.1.1
[INFO] [stderr]    Compiling elliptic-curve v0.13.5
[INFO] [stderr]    Compiling tokio-stream v0.1.14
[INFO] [stderr]    Compiling h2 v0.3.21
[INFO] [stderr]    Compiling rustls-native-certs v0.6.3
[INFO] [stderr]    Compiling headers v0.3.9
[INFO] [stderr]    Compiling url v2.4.1
[INFO] [stderr]    Compiling http-api-problem-derive v0.1.0
[INFO] [stderr]    Compiling lock_api v0.4.10
[INFO] [stderr]    Compiling encoding_rs v0.8.33
[INFO] [stderr]    Compiling parking_lot_core v0.9.8
[INFO] [stderr]    Compiling webpki-roots v0.25.2
[INFO] [stderr]    Compiling ipnet v2.8.0
[INFO] [stderr]    Compiling sophia_iri v0.8.0-alpha.2
[INFO] [stderr]    Compiling iri-string v0.7.0
[INFO] [stderr]    Compiling sophia_api v0.8.0-alpha.2
[INFO] [stderr]    Compiling uuid v1.4.1
[INFO] [stderr]    Compiling gdp_rs v0.1.1
[INFO] [stderr]    Compiling chrono v0.4.31
[INFO] [stderr]    Compiling serde_urlencoded v0.7.1
[INFO] [stderr]    Compiling sophia_rio v0.8.0-alpha.2
[INFO] [stderr]    Compiling sophia_xml v0.8.0-alpha.2
[INFO] [stderr]    Compiling sophia_turtle v0.8.0-alpha.2
[INFO] [stderr]    Compiling http_uri v1.0.1
[INFO] [stderr]    Compiling tower-layer v0.3.2
[INFO] [stderr]    Compiling if_chain v1.0.2
[INFO] [stderr]    Compiling rdf_vocabularies v0.2.0
[INFO] [stderr]    Compiling oid v0.2.1
[INFO] [stderr]    Compiling serde_bytes v0.11.12
[INFO] [stderr]    Compiling rdf_dynsyn v0.3.1
[INFO] [stderr]    Compiling pkcs1 v0.7.5
[INFO] [stderr]    Compiling rfc6979 v0.4.0
[INFO] [stderr]    Compiling universal-hash v0.5.1
[INFO] [stderr]    Compiling curve25519-dalek-derive v0.1.0
[INFO] [stderr]    Compiling async-stream-impl v0.3.5
[INFO] [stderr]    Compiling typed_record v0.1.1
[INFO] [stderr]    Compiling mime_guess v2.0.4
[INFO] [stderr]    Compiling unwrap-infallible v0.1.5
[INFO] [stderr]    Compiling opaque-debug v0.3.0
[INFO] [stderr]    Compiling rust_decimal v1.32.0
[INFO] [stderr]    Compiling ecow v0.1.2
[INFO] [stderr]    Compiling hyper v0.14.27
[INFO] [stderr]    Compiling rdf_utils v0.3.1
[INFO] [stderr]    Compiling polyval v0.6.1
[INFO] [stderr]    Compiling async-stream v0.3.5
[INFO] [stderr]    Compiling ecdsa v0.16.8
[INFO] [stderr]    Compiling rsa v0.9.2
[INFO] [stderr]    Compiling picky-asn1 v0.8.0
[INFO] [stdout] error[E0658]: use of unstable library feature 'stdarch_x86_avx512'
[INFO] [stdout]   --> /opt/rustwide/cargo-home/registry/src/index.crates.io-6f17d22bba15001f/curve25519-dalek-4.1.1/src/backend/vector/ifma/field.rs:26:5
[INFO] [stdout]    |
[INFO] [stdout] 26 |     _mm256_madd52lo_epu64(z.into(), x.into(), y.into()).into()
[INFO] [stdout]    |     ^^^^^^^^^^^^^^^^^^^^^
[INFO] [stdout]    |
[INFO] [stdout]    = note: see issue #111137 <https://github.com/rust-lang/rust/issues/111137> for more information
[INFO] [stdout]    = help: add `#![feature(stdarch_x86_avx512)]` to the crate attributes to enable
[INFO] [stdout]    = note: this compiler was built on 2024-10-27; consider upgrading it if it is out of date
[INFO] [stdout] 
[INFO] [stdout] 
[INFO] [stdout] error[E0658]: use of unstable library feature 'stdarch_x86_avx512'
[INFO] [stdout]   --> /opt/rustwide/cargo-home/registry/src/index.crates.io-6f17d22bba15001f/curve25519-dalek-4.1.1/src/backend/vector/ifma/field.rs:25:9
[INFO] [stdout]    |
[INFO] [stdout] 25 |     use core::arch::x86_64::_mm256_madd52lo_epu64;
[INFO] [stdout]    |         ^^^^^^^^^^^^^^^^^^^^^^^^^^^^^^^^^^^^^^^^^
[INFO] [stdout]    |
[INFO] [stdout]    = note: see issue #111137 <https://github.com/rust-lang/rust/issues/111137> for more information
[INFO] [stdout]    = help: add `#![feature(stdarch_x86_avx512)]` to the crate attributes to enable
[INFO] [stdout]    = note: this compiler was built on 2024-10-27; consider upgrading it if it is out of date
[INFO] [stdout] 
[INFO] [stdout] 
[INFO] [stdout] error[E0658]: use of unstable library feature 'stdarch_x86_avx512'
[INFO] [stdout]   --> /opt/rustwide/cargo-home/registry/src/index.crates.io-6f17d22bba15001f/curve25519-dalek-4.1.1/src/backend/vector/ifma/field.rs:34:5
[INFO] [stdout]    |
[INFO] [stdout] 34 |     _mm256_madd52hi_epu64(z.into(), x.into(), y.into()).into()
[INFO] [stdout]    |     ^^^^^^^^^^^^^^^^^^^^^
[INFO] [stdout]    |
[INFO] [stdout]    = note: see issue #111137 <https://github.com/rust-lang/rust/issues/111137> for more information
[INFO] [stdout]    = help: add `#![feature(stdarch_x86_avx512)]` to the crate attributes to enable
[INFO] [stdout]    = note: this compiler was built on 2024-10-27; consider upgrading it if it is out of date
[INFO] [stdout] 
[INFO] [stdout] 
[INFO] [stdout] error[E0658]: use of unstable library feature 'stdarch_x86_avx512'
[INFO] [stdout]   --> /opt/rustwide/cargo-home/registry/src/index.crates.io-6f17d22bba15001f/curve25519-dalek-4.1.1/src/backend/vector/ifma/field.rs:33:9
[INFO] [stdout]    |
[INFO] [stdout] 33 |     use core::arch::x86_64::_mm256_madd52hi_epu64;
[INFO] [stdout]    |         ^^^^^^^^^^^^^^^^^^^^^^^^^^^^^^^^^^^^^^^^^
[INFO] [stdout]    |
[INFO] [stdout]    = note: see issue #111137 <https://github.com/rust-lang/rust/issues/111137> for more information
[INFO] [stdout]    = help: add `#![feature(stdarch_x86_avx512)]` to the crate attributes to enable
[INFO] [stdout]    = note: this compiler was built on 2024-10-27; consider upgrading it if it is out of date
[INFO] [stdout] 
[INFO] [stdout] 
[INFO] [stdout] error[E0635]: unknown feature `stdsimd`
[INFO] [stdout]   --> /opt/rustwide/cargo-home/registry/src/index.crates.io-6f17d22bba15001f/curve25519-dalek-4.1.1/src/lib.rs:13:70
[INFO] [stdout]    |
[INFO] [stdout] 13 | #![cfg_attr(all(curve25519_dalek_backend = "simd", nightly), feature(stdsimd))]
[INFO] [stdout]    |                                                                      ^^^^^^^
[INFO] [stdout] 
[INFO] [stdout] 
[INFO] [stderr]    Compiling tower v0.4.13
[INFO] [stderr]    Compiling primeorder v0.13.2
[INFO] [stderr]    Compiling aes v0.8.3
[INFO] [stderr]    Compiling hex v0.4.3
[INFO] [stderr]    Compiling dyn-clone v1.0.14
[INFO] [stderr]    Compiling crossbeam-utils v0.8.16
[INFO] [stderr]    Compiling arrayvec v0.7.4
[INFO] [stderr]    Compiling picky-asn1-der v0.4.1
[INFO] [stdout] Some errors have detailed explanations: E0635, E0658.
[INFO] [stdout] 
[INFO] [stdout] For more information about an error, try `rustc --explain E0635`.
[INFO] [stdout] 
[INFO] [stderr] error: could not compile `curve25519-dalek` (lib) due to 5 previous errors
[INFO] [stderr] warning: build failed, waiting for other jobs to finish...
[INFO] running `Command { std: "docker" "inspect" "a205972f207fe7c1ace00717cc17d208b0d5b35b43dcd4cc2bae03b497d8b47c", kill_on_drop: false }`
[INFO] running `Command { std: "docker" "rm" "-f" "a205972f207fe7c1ace00717cc17d208b0d5b35b43dcd4cc2bae03b497d8b47c", kill_on_drop: false }`
[INFO] [stdout] a205972f207fe7c1ace00717cc17d208b0d5b35b43dcd4cc2bae03b497d8b47c
