[INFO] fetching crate makeit 0.1.1...
[INFO] testing makeit-0.1.1 against nightly-2024-10-28 for randomize-layout
[INFO] extracting crate makeit 0.1.1 into /workspace/builds/worker-2-tc1/source
[INFO] validating manifest of crates.io crate makeit 0.1.1 on toolchain nightly-2024-10-28
[INFO] running `Command { std: CARGO_HOME="/workspace/cargo-home" RUSTUP_HOME="/workspace/rustup-home" "/workspace/cargo-home/bin/cargo" "+nightly-2024-10-28" "metadata" "--manifest-path" "Cargo.toml" "--no-deps", kill_on_drop: false }`
[INFO] started tweaking crates.io crate makeit 0.1.1
[INFO] finished tweaking crates.io crate makeit 0.1.1
[INFO] tweaked toml for crates.io crate makeit 0.1.1 written to /workspace/builds/worker-2-tc1/source/Cargo.toml
[INFO] crate crates.io crate makeit 0.1.1 already has a lockfile, it will not be regenerated
[INFO] running `Command { std: CARGO_HOME="/workspace/cargo-home" RUSTUP_HOME="/workspace/rustup-home" "/workspace/cargo-home/bin/cargo" "+nightly-2024-10-28" "fetch" "--manifest-path" "Cargo.toml", kill_on_drop: false }`
[INFO] [stderr]     Updating crates.io index
[INFO] [stderr]  Downloading crates ...
[INFO] [stderr]   Downloaded makeit-derive v0.1.1
[INFO] running `Command { std: "docker" "create" "-v" "/var/lib/crater-agent-workspace/builds/worker-2-tc1/target:/opt/rustwide/target:rw,Z" "-v" "/var/lib/crater-agent-workspace/builds/worker-2-tc1/source:/opt/rustwide/workdir:ro,Z" "-v" "/var/lib/crater-agent-workspace/cargo-home:/opt/rustwide/cargo-home:ro,Z" "-v" "/var/lib/crater-agent-workspace/rustup-home:/opt/rustwide/rustup-home:ro,Z" "-e" "SOURCE_DIR=/opt/rustwide/workdir" "-e" "CARGO_TARGET_DIR=/opt/rustwide/target" "-e" "CARGO_HOME=/opt/rustwide/cargo-home" "-e" "RUSTUP_HOME=/opt/rustwide/rustup-home" "-w" "/opt/rustwide/workdir" "-m" "1610612736" "--user" "0:0" "--network" "none" "ghcr.io/rust-lang/crates-build-env/linux@sha256:4a844ea9eb2546a2d2c7022eacef16ef2e8229c7fbb2c7d4d55a9ceca922f72d" "/opt/rustwide/cargo-home/bin/cargo" "+nightly-2024-10-28" "metadata" "--no-deps" "--format-version=1", kill_on_drop: false }`
[INFO] [stdout] 558799c17bdcbf86e816a9d28e17e7752a3d566b4ad79e1900dea6155e4233aa
[INFO] running `Command { std: "docker" "start" "-a" "558799c17bdcbf86e816a9d28e17e7752a3d566b4ad79e1900dea6155e4233aa", kill_on_drop: false }`
[INFO] running `Command { std: "docker" "inspect" "558799c17bdcbf86e816a9d28e17e7752a3d566b4ad79e1900dea6155e4233aa", kill_on_drop: false }`
[INFO] running `Command { std: "docker" "rm" "-f" "558799c17bdcbf86e816a9d28e17e7752a3d566b4ad79e1900dea6155e4233aa", kill_on_drop: false }`
[INFO] [stdout] 558799c17bdcbf86e816a9d28e17e7752a3d566b4ad79e1900dea6155e4233aa
[INFO] running `Command { std: "docker" "create" "-v" "/var/lib/crater-agent-workspace/builds/worker-2-tc1/target:/opt/rustwide/target:rw,Z" "-v" "/var/lib/crater-agent-workspace/builds/worker-2-tc1/source:/opt/rustwide/workdir:ro,Z" "-v" "/var/lib/crater-agent-workspace/cargo-home:/opt/rustwide/cargo-home:ro,Z" "-v" "/var/lib/crater-agent-workspace/rustup-home:/opt/rustwide/rustup-home:ro,Z" "-e" "SOURCE_DIR=/opt/rustwide/workdir" "-e" "CARGO_TARGET_DIR=/opt/rustwide/target" "-e" "CARGO_INCREMENTAL=0" "-e" "RUST_BACKTRACE=full" "-e" "RUSTFLAGS=--cap-lints=forbid" "-e" "RUSTDOCFLAGS=--cap-lints=forbid" "-e" "CARGO_HOME=/opt/rustwide/cargo-home" "-e" "RUSTUP_HOME=/opt/rustwide/rustup-home" "-w" "/opt/rustwide/workdir" "-m" "1610612736" "--user" "0:0" "--network" "none" "ghcr.io/rust-lang/crates-build-env/linux@sha256:4a844ea9eb2546a2d2c7022eacef16ef2e8229c7fbb2c7d4d55a9ceca922f72d" "/opt/rustwide/cargo-home/bin/cargo" "+nightly-2024-10-28" "build" "--frozen" "--message-format=json", kill_on_drop: false }`
[INFO] [stdout] 5c24fcb299247c79abbe3836786eb9c4f1f9528d32d2483492abc2bbf1421432
[INFO] running `Command { std: "docker" "start" "-a" "5c24fcb299247c79abbe3836786eb9c4f1f9528d32d2483492abc2bbf1421432", kill_on_drop: false }`
[INFO] [stderr]    Compiling proc-macro2 v1.0.36
[INFO] [stderr]    Compiling unicode-xid v0.2.2
[INFO] [stderr]    Compiling syn v1.0.86
[INFO] [stderr]    Compiling quote v1.0.15
[INFO] [stderr]    Compiling makeit-derive v0.1.1
[INFO] [stderr]    Compiling makeit v0.1.1 (/opt/rustwide/workdir)
[INFO] [stderr]     Finished `dev` profile [unoptimized + debuginfo] target(s) in 3.07s
[INFO] running `Command { std: "docker" "inspect" "5c24fcb299247c79abbe3836786eb9c4f1f9528d32d2483492abc2bbf1421432", kill_on_drop: false }`
[INFO] running `Command { std: "docker" "rm" "-f" "5c24fcb299247c79abbe3836786eb9c4f1f9528d32d2483492abc2bbf1421432", kill_on_drop: false }`
[INFO] [stdout] 5c24fcb299247c79abbe3836786eb9c4f1f9528d32d2483492abc2bbf1421432
[INFO] running `Command { std: "docker" "create" "-v" "/var/lib/crater-agent-workspace/builds/worker-2-tc1/target:/opt/rustwide/target:rw,Z" "-v" "/var/lib/crater-agent-workspace/builds/worker-2-tc1/source:/opt/rustwide/workdir:ro,Z" "-v" "/var/lib/crater-agent-workspace/cargo-home:/opt/rustwide/cargo-home:ro,Z" "-v" "/var/lib/crater-agent-workspace/rustup-home:/opt/rustwide/rustup-home:ro,Z" "-e" "SOURCE_DIR=/opt/rustwide/workdir" "-e" "CARGO_TARGET_DIR=/opt/rustwide/target" "-e" "CARGO_INCREMENTAL=0" "-e" "RUST_BACKTRACE=full" "-e" "RUSTFLAGS=--cap-lints=forbid" "-e" "RUSTDOCFLAGS=--cap-lints=forbid" "-e" "CARGO_HOME=/opt/rustwide/cargo-home" "-e" "RUSTUP_HOME=/opt/rustwide/rustup-home" "-w" "/opt/rustwide/workdir" "-m" "1610612736" "--user" "0:0" "--network" "none" "ghcr.io/rust-lang/crates-build-env/linux@sha256:4a844ea9eb2546a2d2c7022eacef16ef2e8229c7fbb2c7d4d55a9ceca922f72d" "/opt/rustwide/cargo-home/bin/cargo" "+nightly-2024-10-28" "test" "--frozen" "--no-run" "--message-format=json", kill_on_drop: false }`
[INFO] [stdout] b956495076c3d4bbfb41a7ea06d795468e358a027790462f40ac351ef585ee4e
[INFO] running `Command { std: "docker" "start" "-a" "b956495076c3d4bbfb41a7ea06d795468e358a027790462f40ac351ef585ee4e", kill_on_drop: false }`
[INFO] [stderr]    Compiling makeit v0.1.1 (/opt/rustwide/workdir)
[INFO] [stdout] error[E0277]: the trait bound `S: Default` is not satisfied
[INFO] [stdout]   --> examples/invalid1.rs:11:10
[INFO] [stdout]    |
[INFO] [stdout] 11 |     baz: S,
[INFO] [stdout]    |          ^ the trait `Default` is not implemented for `S`
[INFO] [stdout]    |
[INFO] [stdout]    = help: see issue #48214
[INFO] [stdout] help: consider annotating `S` with `#[derive(Default)]`
[INFO] [stdout]    |
[INFO] [stdout] 5  + #[derive(Default)]
[INFO] [stdout] 6  | struct S;
[INFO] [stdout]    |
[INFO] [stdout] help: add `#![feature(trivial_bounds)]` to the crate attributes to enable
[INFO] [stdout]    |
[INFO] [stdout] 2  + #![feature(trivial_bounds)]
[INFO] [stdout]    |
[INFO] [stdout] 
[INFO] [stdout] 
[INFO] [stdout] error[E0599]: the function or associated item `builder` exists for struct `Foo<'_, _>`, but its trait bounds were not satisfied
[INFO] [stdout]   --> examples/invalid1.rs:15:26
[INFO] [stdout]    |
[INFO] [stdout] 5  | struct S;
[INFO] [stdout]    | -------- doesn't satisfy `S: Default`
[INFO] [stdout] ...
[INFO] [stdout] 8  | struct Foo<'a, T: std::fmt::Debug> {
[INFO] [stdout]    | ---------------------------------- function or associated item `builder` not found for this struct because it doesn't satisfy `Foo<'_, _>: Buildable`
[INFO] [stdout] ...
[INFO] [stdout] 15 |     let x: Foo<_> = Foo::builder().set_bar(&()).set_baz(S).build();
[INFO] [stdout]    |                          ^^^^^^^ function or associated item cannot be called on `Foo<'_, _>` due to unsatisfied trait bounds
[INFO] [stdout]    |
[INFO] [stdout] note: trait bound `S: Default` was not satisfied
[INFO] [stdout]   --> examples/invalid1.rs:7:10
[INFO] [stdout]    |
[INFO] [stdout] 7  | #[derive(Builder)]
[INFO] [stdout]    |          ^^^^^^^ unsatisfied trait bound introduced in this `derive` macro
[INFO] [stdout] help: consider annotating `S` with `#[derive(Default)]`
[INFO] [stdout]    |
[INFO] [stdout] 5  + #[derive(Default)]
[INFO] [stdout] 6  | struct S;
[INFO] [stdout]    |
[INFO] [stdout] 
[INFO] [stdout] 
[INFO] [stdout] error[E0308]: mismatched types
[INFO] [stdout]  --> examples/invalid2.rs:7:14
[INFO] [stdout]   |
[INFO] [stdout] 7 |     #[default(32)]
[INFO] [stdout]   |              ^^^^ expected `Option<i32>`, found integer
[INFO] [stdout] 8 |     baz: Option<i32>,
[INFO] [stdout]   |     --- arguments to this method are incorrect
[INFO] [stdout]   |
[INFO] [stdout]   = note: expected enum `Option<i32>`
[INFO] [stdout]              found type `{integer}`
[INFO] [stdout] note: method defined here
[INFO] [stdout]  --> examples/invalid2.rs:8:5
[INFO] [stdout]   |
[INFO] [stdout] 4 | #[derive(Builder)]
[INFO] [stdout]   |          -------
[INFO] [stdout] ...
[INFO] [stdout] 8 |     baz: Option<i32>,
[INFO] [stdout]   |     ^^^
[INFO] [stdout] help: try wrapping the expression in `Some`
[INFO] [stdout]   |
[INFO] [stdout] 7 |     #[defaultSome((32))]
[INFO] [stdout]   |              +++++    +
[INFO] [stdout] 
[INFO] [stdout] 
[INFO] [stdout] error[E0599]: the function or associated item `builder` exists for struct `Foo<'_, _>`, but its trait bounds were not satisfied
[INFO] [stdout]   --> examples/invalid1.rs:17:26
[INFO] [stdout]    |
[INFO] [stdout] 5  | struct S;
[INFO] [stdout]    | -------- doesn't satisfy `S: Default`
[INFO] [stdout] ...
[INFO] [stdout] 8  | struct Foo<'a, T: std::fmt::Debug> {
[INFO] [stdout]    | ---------------------------------- function or associated item `builder` not found for this struct because it doesn't satisfy `Foo<'_, _>: Buildable`
[INFO] [stdout] ...
[INFO] [stdout] 17 |     let x: Foo<_> = Foo::builder().set_bar(&()).build();
[INFO] [stdout]    |                          ^^^^^^^ function or associated item cannot be called on `Foo<'_, _>` due to unsatisfied trait bounds
[INFO] [stdout]    |
[INFO] [stdout] note: trait bound `S: Default` was not satisfied
[INFO] [stdout]   --> examples/invalid1.rs:7:10
[INFO] [stdout]    |
[INFO] [stdout] 7  | #[derive(Builder)]
[INFO] [stdout]    |          ^^^^^^^ unsatisfied trait bound introduced in this `derive` macro
[INFO] [stdout] help: consider annotating `S` with `#[derive(Default)]`
[INFO] [stdout]    |
[INFO] [stdout] 5  + #[derive(Default)]
[INFO] [stdout] 6  | struct S;
[INFO] [stdout]    |
[INFO] [stdout] 
[INFO] [stdout] 
[INFO] [stdout] Some errors have detailed explanations: E0277, E0599.
[INFO] [stdout] 
[INFO] [stdout] For more information about an error, try `rustc --explain E0277`.
[INFO] [stdout] 
[INFO] [stdout] For more information about this error, try `rustc --explain E0308`.
[INFO] [stdout] 
[INFO] [stderr] error: could not compile `makeit` (example "invalid2") due to 1 previous error
[INFO] [stderr] warning: build failed, waiting for other jobs to finish...
[INFO] [stderr] error: could not compile `makeit` (example "invalid1") due to 3 previous errors
[INFO] running `Command { std: "docker" "inspect" "b956495076c3d4bbfb41a7ea06d795468e358a027790462f40ac351ef585ee4e", kill_on_drop: false }`
[INFO] running `Command { std: "docker" "rm" "-f" "b956495076c3d4bbfb41a7ea06d795468e358a027790462f40ac351ef585ee4e", kill_on_drop: false }`
[INFO] [stdout] b956495076c3d4bbfb41a7ea06d795468e358a027790462f40ac351ef585ee4e
