[INFO] fetching crate mail-send-fork 0.4.8...
[INFO] testing mail-send-fork-0.4.8 against nightly-2024-10-28+rustflags=-Zrandomize-layout for randomize-layout
[INFO] extracting crate mail-send-fork 0.4.8 into /workspace/builds/worker-2-tc2/source
[INFO] validating manifest of crates.io crate mail-send-fork 0.4.8 on toolchain nightly-2024-10-28
[INFO] running `Command { std: CARGO_HOME="/workspace/cargo-home" RUSTUP_HOME="/workspace/rustup-home" "/workspace/cargo-home/bin/cargo" "+nightly-2024-10-28" "metadata" "--manifest-path" "Cargo.toml" "--no-deps", kill_on_drop: false }`
[INFO] started tweaking crates.io crate mail-send-fork 0.4.8
[INFO] finished tweaking crates.io crate mail-send-fork 0.4.8
[INFO] tweaked toml for crates.io crate mail-send-fork 0.4.8 written to /workspace/builds/worker-2-tc2/source/Cargo.toml
[INFO] crate crates.io crate mail-send-fork 0.4.8 already has a lockfile, it will not be regenerated
[INFO] running `Command { std: CARGO_HOME="/workspace/cargo-home" RUSTUP_HOME="/workspace/rustup-home" "/workspace/cargo-home/bin/cargo" "+nightly-2024-10-28" "fetch" "--manifest-path" "Cargo.toml", kill_on_drop: false }`
[INFO] running `Command { std: "docker" "create" "-v" "/var/lib/crater-agent-workspace/builds/worker-2-tc2/target:/opt/rustwide/target:rw,Z" "-v" "/var/lib/crater-agent-workspace/builds/worker-2-tc2/source:/opt/rustwide/workdir:ro,Z" "-v" "/var/lib/crater-agent-workspace/cargo-home:/opt/rustwide/cargo-home:ro,Z" "-v" "/var/lib/crater-agent-workspace/rustup-home:/opt/rustwide/rustup-home:ro,Z" "-e" "SOURCE_DIR=/opt/rustwide/workdir" "-e" "CARGO_TARGET_DIR=/opt/rustwide/target" "-e" "CARGO_HOME=/opt/rustwide/cargo-home" "-e" "RUSTUP_HOME=/opt/rustwide/rustup-home" "-w" "/opt/rustwide/workdir" "-m" "1610612736" "--user" "0:0" "--network" "none" "ghcr.io/rust-lang/crates-build-env/linux@sha256:4a844ea9eb2546a2d2c7022eacef16ef2e8229c7fbb2c7d4d55a9ceca922f72d" "/opt/rustwide/cargo-home/bin/cargo" "+nightly-2024-10-28" "metadata" "--no-deps" "--format-version=1", kill_on_drop: false }`
[INFO] [stdout] 2cb5e7f3c89d52ec6b0736ac265f1ddec646ed5d9a3103196299314aac05e136
[INFO] running `Command { std: "docker" "start" "-a" "2cb5e7f3c89d52ec6b0736ac265f1ddec646ed5d9a3103196299314aac05e136", kill_on_drop: false }`
[INFO] running `Command { std: "docker" "inspect" "2cb5e7f3c89d52ec6b0736ac265f1ddec646ed5d9a3103196299314aac05e136", kill_on_drop: false }`
[INFO] running `Command { std: "docker" "rm" "-f" "2cb5e7f3c89d52ec6b0736ac265f1ddec646ed5d9a3103196299314aac05e136", kill_on_drop: false }`
[INFO] [stdout] 2cb5e7f3c89d52ec6b0736ac265f1ddec646ed5d9a3103196299314aac05e136
[INFO] running `Command { std: "docker" "create" "-v" "/var/lib/crater-agent-workspace/builds/worker-2-tc2/target:/opt/rustwide/target:rw,Z" "-v" "/var/lib/crater-agent-workspace/builds/worker-2-tc2/source:/opt/rustwide/workdir:ro,Z" "-v" "/var/lib/crater-agent-workspace/cargo-home:/opt/rustwide/cargo-home:ro,Z" "-v" "/var/lib/crater-agent-workspace/rustup-home:/opt/rustwide/rustup-home:ro,Z" "-e" "SOURCE_DIR=/opt/rustwide/workdir" "-e" "CARGO_TARGET_DIR=/opt/rustwide/target" "-e" "CARGO_INCREMENTAL=0" "-e" "RUST_BACKTRACE=full" "-e" "RUSTFLAGS=--cap-lints=forbid -Zrandomize-layout" "-e" "RUSTDOCFLAGS=--cap-lints=forbid" "-e" "CARGO_HOME=/opt/rustwide/cargo-home" "-e" "RUSTUP_HOME=/opt/rustwide/rustup-home" "-w" "/opt/rustwide/workdir" "-m" "1610612736" "--user" "0:0" "--network" "none" "ghcr.io/rust-lang/crates-build-env/linux@sha256:4a844ea9eb2546a2d2c7022eacef16ef2e8229c7fbb2c7d4d55a9ceca922f72d" "/opt/rustwide/cargo-home/bin/cargo" "+nightly-2024-10-28" "build" "--frozen" "--message-format=json", kill_on_drop: false }`
[INFO] [stdout] c1fbe0d20a188e201c47cb8cb74803c6a08628b6c468c3a2ea897733a203167b
[INFO] running `Command { std: "docker" "start" "-a" "c1fbe0d20a188e201c47cb8cb74803c6a08628b6c468c3a2ea897733a203167b", kill_on_drop: false }`
[INFO] [stderr]    Compiling libc v0.2.151
[INFO] [stderr]    Compiling cfg-if v1.0.0
[INFO] [stderr]    Compiling version_check v0.9.4
[INFO] [stderr]    Compiling proc-macro2 v1.0.76
[INFO] [stderr]    Compiling typenum v1.17.0
[INFO] [stderr]    Compiling unicode-ident v1.0.12
[INFO] [stderr]    Compiling pkg-config v0.3.28
[INFO] [stderr]    Compiling untrusted v0.9.0
[INFO] [stderr]    Compiling spin v0.9.8
[INFO] [stderr]    Compiling subtle v2.5.0
[INFO] [stderr]    Compiling pin-project-lite v0.2.13
[INFO] [stderr]    Compiling tinyvec_macros v0.1.1
[INFO] [stderr]    Compiling log v0.4.20
[INFO] [stderr]    Compiling once_cell v1.19.0
[INFO] [stderr]    Compiling rustls-pki-types v1.1.0
[INFO] [stderr]    Compiling slab v0.4.9
[INFO] [stderr]    Compiling bytes v1.5.0
[INFO] [stderr]    Compiling tinyvec v1.6.0
[INFO] [stderr]    Compiling rustls v0.21.10
[INFO] [stderr]    Compiling unicode-bidi v0.3.14
[INFO] [stderr]    Compiling cpufeatures v0.2.12
[INFO] [stderr]    Compiling lock_api v0.4.11
[INFO] [stderr]    Compiling percent-encoding v2.3.1
[INFO] [stderr]    Compiling base64 v0.21.5
[INFO] [stderr]    Compiling parking_lot_core v0.9.9
[INFO] [stderr]    Compiling async-trait v0.1.77
[INFO] [stderr]    Compiling zstd-safe v5.0.2+zstd.1.5.2
[INFO] [stderr]    Compiling futures-core v0.3.30
[INFO] [stderr]    Compiling ppv-lite86 v0.2.17
[INFO] [stderr]    Compiling crc32fast v1.3.2
[INFO] [stderr]    Compiling thiserror v1.0.56
[INFO] [stderr]    Compiling generic-array v0.14.7
[INFO] [stderr]    Compiling form_urlencoded v1.2.1
[INFO] [stderr]    Compiling tracing-core v0.1.32
[INFO] [stderr]    Compiling untrusted v0.7.1
[INFO] [stderr]    Compiling match_cfg v0.1.0
[INFO] [stderr]    Compiling scopeguard v1.2.0
[INFO] [stderr]    Compiling smallvec v1.11.2
[INFO] [stderr]    Compiling powerfmt v0.2.0
[INFO] [stderr]    Compiling futures-task v0.3.30
[INFO] [stderr]    Compiling adler v1.0.2
[INFO] [stderr]    Compiling spin v0.5.2
[INFO] [stderr]    Compiling serde v1.0.195
[INFO] [stderr]    Compiling base64ct v1.6.0
[INFO] [stderr]    Compiling quote v1.0.35
[INFO] [stderr]    Compiling deranged v0.3.11
[INFO] [stderr]    Compiling futures-util v0.3.30
[INFO] [stderr]    Compiling miniz_oxide v0.7.1
[INFO] [stderr]    Compiling rustls-pemfile v1.0.4
[INFO] [stderr]    Compiling ahash v0.8.7
[INFO] [stderr]    Compiling syn v2.0.48
[INFO] [stderr]    Compiling unicode-normalization v0.1.22
[INFO] [stderr]    Compiling futures-channel v0.3.30
[INFO] [stderr]    Compiling rustls v0.22.1
[INFO] [stderr]    Compiling serde_json v1.0.111
[INFO] [stderr]    Compiling data-encoding v2.5.0
[INFO] [stderr]    Compiling time-core v0.1.2
[INFO] [stderr]    Compiling jobserver v0.1.27
[INFO] [stderr]    Compiling getrandom v0.2.11
[INFO] [stderr]    Compiling mio v0.8.10
[INFO] [stderr]    Compiling num_cpus v1.16.0
[INFO] [stderr]    Compiling socket2 v0.5.5
[INFO] [stderr]    Compiling hostname v0.3.1
[INFO] [stderr]    Compiling ipnet v2.9.0
[INFO] [stderr]    Compiling rand_core v0.6.4
[INFO] [stderr]    Compiling linked-hash-map v0.5.6
[INFO] [stderr]    Compiling futures-io v0.3.30
[INFO] [stderr]    Compiling cc v1.0.83
[INFO] [stderr]    Compiling idna v0.5.0
[INFO] [stderr]    Compiling tokio v1.35.1
[INFO] [stderr]    Compiling rand_chacha v0.3.1
[INFO] [stderr]    Compiling idna v0.4.0
[INFO] [stderr]    Compiling password-hash v0.4.2
[INFO] [stderr]    Compiling quick-error v1.2.3
[INFO] [stderr]    Compiling resolv-conf v0.7.0
[INFO] [stderr]    Compiling lru-cache v0.1.2
[INFO] [stderr]    Compiling rand v0.8.5
[INFO] [stderr]    Compiling time v0.3.31
[INFO] [stderr]    Compiling crypto-common v0.1.6
[INFO] [stderr]    Compiling block-buffer v0.10.4
[INFO] [stderr]    Compiling inout v0.1.3
[INFO] [stderr]    Compiling digest v0.10.7
[INFO] [stderr]    Compiling url v2.5.0
[INFO] [stderr]    Compiling cipher v0.4.4
[INFO] [stderr]    Compiling parking_lot v0.12.1
[INFO] [stderr]    Compiling flate2 v1.0.28
[INFO] [stderr]    Compiling sha2 v0.10.8
[INFO] [stderr]    Compiling hmac v0.12.1
[INFO] [stderr]    Compiling sha1 v0.10.6
[INFO] [stderr]    Compiling aes v0.8.3
[INFO] [stderr]    Compiling gethostname v0.4.3
[INFO] [stderr]    Compiling encoding_rs v0.8.33
[INFO] [stderr]    Compiling byteorder v1.5.0
[INFO] [stderr]    Compiling ryu v1.0.16
[INFO] [stderr]    Compiling pbkdf2 v0.11.0
[INFO] [stderr]    Compiling itoa v1.0.10
[INFO] [stderr]    Compiling zeroize v1.7.0
[INFO] [stderr]    Compiling constant_time_eq v0.1.5
[INFO] [stderr]    Compiling zerocopy v0.7.32
[INFO] [stderr]    Compiling memchr v2.7.1
[INFO] [stderr]    Compiling mail-builder v0.3.1
[INFO] [stderr]    Compiling rustls-pemfile v2.0.0
[INFO] [stderr]    Compiling webpki-roots v0.26.0
[INFO] [stderr]    Compiling md5 v0.7.0
[INFO] [stderr]    Compiling smtp-proto v0.1.3
[INFO] [stderr]    Compiling ring v0.17.7
[INFO] [stderr]    Compiling zstd-sys v2.0.9+zstd.1.5.5
[INFO] [stderr]    Compiling ring v0.16.20
[INFO] [stderr]    Compiling bzip2-sys v0.1.11+1.0.8
[INFO] [stderr]    Compiling quick-xml v0.31.0
[INFO] [stderr]    Compiling bzip2 v0.4.4
[INFO] [stderr]    Compiling mail-parser v0.9.2
[INFO] [stderr]    Compiling tracing-attributes v0.1.27
[INFO] [stderr]    Compiling thiserror-impl v1.0.56
[INFO] [stderr]    Compiling serde_derive v1.0.195
[INFO] [stderr]    Compiling enum-as-inner v0.6.0
[INFO] [stderr]    Compiling rustls-webpki v0.101.7
[INFO] [stderr]    Compiling sct v0.7.1
[INFO] [stderr]    Compiling rustls-webpki v0.102.1
[INFO] [stderr]    Compiling tracing v0.1.40
[INFO] [stderr]    Compiling zstd v0.11.2+zstd.1.5.2
[INFO] [stderr]    Compiling zip v0.6.6
[INFO] [stderr]    Compiling tokio-rustls v0.24.1
[INFO] [stderr]    Compiling hickory-proto v0.24.0
[INFO] [stderr]    Compiling tokio-rustls v0.25.0
[INFO] [stderr]    Compiling hickory-resolver v0.24.0
[INFO] [stderr]    Compiling mail-auth v0.3.7
[INFO] [stderr]    Compiling mail-send-fork v0.4.8 (/opt/rustwide/workdir)
[INFO] [stderr]     Finished `dev` profile [unoptimized + debuginfo] target(s) in 17.32s
[INFO] running `Command { std: "docker" "inspect" "c1fbe0d20a188e201c47cb8cb74803c6a08628b6c468c3a2ea897733a203167b", kill_on_drop: false }`
[INFO] running `Command { std: "docker" "rm" "-f" "c1fbe0d20a188e201c47cb8cb74803c6a08628b6c468c3a2ea897733a203167b", kill_on_drop: false }`
[INFO] [stdout] c1fbe0d20a188e201c47cb8cb74803c6a08628b6c468c3a2ea897733a203167b
[INFO] running `Command { std: "docker" "create" "-v" "/var/lib/crater-agent-workspace/builds/worker-2-tc2/target:/opt/rustwide/target:rw,Z" "-v" "/var/lib/crater-agent-workspace/builds/worker-2-tc2/source:/opt/rustwide/workdir:ro,Z" "-v" "/var/lib/crater-agent-workspace/cargo-home:/opt/rustwide/cargo-home:ro,Z" "-v" "/var/lib/crater-agent-workspace/rustup-home:/opt/rustwide/rustup-home:ro,Z" "-e" "SOURCE_DIR=/opt/rustwide/workdir" "-e" "CARGO_TARGET_DIR=/opt/rustwide/target" "-e" "CARGO_INCREMENTAL=0" "-e" "RUST_BACKTRACE=full" "-e" "RUSTFLAGS=--cap-lints=forbid -Zrandomize-layout" "-e" "RUSTDOCFLAGS=--cap-lints=forbid" "-e" "CARGO_HOME=/opt/rustwide/cargo-home" "-e" "RUSTUP_HOME=/opt/rustwide/rustup-home" "-w" "/opt/rustwide/workdir" "-m" "1610612736" "--user" "0:0" "--network" "none" "ghcr.io/rust-lang/crates-build-env/linux@sha256:4a844ea9eb2546a2d2c7022eacef16ef2e8229c7fbb2c7d4d55a9ceca922f72d" "/opt/rustwide/cargo-home/bin/cargo" "+nightly-2024-10-28" "test" "--frozen" "--no-run" "--message-format=json", kill_on_drop: false }`
[INFO] [stdout] 334523e848967ea4c50c88b03405e787a999cda26fef9daf5e062c3f1359e376
[INFO] running `Command { std: "docker" "start" "-a" "334523e848967ea4c50c88b03405e787a999cda26fef9daf5e062c3f1359e376", kill_on_drop: false }`
[INFO] [stderr]    Compiling log v0.4.20
[INFO] [stderr]    Compiling tokio-macros v2.2.0
[INFO] [stderr]    Compiling rustix v0.38.28
[INFO] [stderr]    Compiling aho-corasick v1.1.2
[INFO] [stderr]    Compiling linux-raw-sys v0.4.12
[INFO] [stderr]    Compiling regex-syntax v0.8.2
[INFO] [stderr]    Compiling bitflags v2.4.1
[INFO] [stderr]    Compiling humantime v2.1.0
[INFO] [stderr]    Compiling termcolor v1.4.0
[INFO] [stderr]    Compiling rustls v0.21.10
[INFO] [stderr]    Compiling rustls v0.22.1
[INFO] [stderr]    Compiling tokio v1.35.1
[INFO] [stderr]    Compiling is-terminal v0.4.10
[INFO] [stderr]    Compiling regex-automata v0.4.3
[INFO] [stderr]    Compiling regex v1.10.2
[INFO] [stderr]    Compiling tokio-rustls v0.24.1
[INFO] [stderr]    Compiling tokio-rustls v0.25.0
[INFO] [stderr]    Compiling env_logger v0.10.1
[INFO] [stderr]    Compiling hickory-proto v0.24.0
[INFO] [stderr]    Compiling hickory-resolver v0.24.0
[INFO] [stderr]    Compiling mail-auth v0.3.7
[INFO] [stderr]    Compiling mail-send-fork v0.4.8 (/opt/rustwide/workdir)
[INFO] [stdout] error[E0433]: failed to resolve: use of undeclared crate or module `mail_send`
[INFO] [stdout]   --> examples/smtp_raw_message.rs:12:5
[INFO] [stdout]    |
[INFO] [stdout] 12 | use mail_send::smtp::message::Message;
[INFO] [stdout]    |     ^^^^^^^^^ use of undeclared crate or module `mail_send`
[INFO] [stdout] 
[INFO] [stdout] 
[INFO] [stdout] error[E0432]: unresolved import `mail_send`
[INFO] [stdout]   --> examples/smtp_raw_message.rs:13:5
[INFO] [stdout]    |
[INFO] [stdout] 13 | use mail_send::SmtpClientBuilder;
[INFO] [stdout]    |     ^^^^^^^^^ use of undeclared crate or module `mail_send`
[INFO] [stdout] 
[INFO] [stdout] 
[INFO] [stdout] error[E0432]: unresolved import `mail_send`
[INFO] [stdout]   --> examples/smtp_auth.rs:13:5
[INFO] [stdout]    |
[INFO] [stdout] 13 | use mail_send::SmtpClientBuilder;
[INFO] [stdout]    |     ^^^^^^^^^ use of undeclared crate or module `mail_send`
[INFO] [stdout] 
[INFO] [stdout] 
[INFO] [stdout] error[E0432]: unresolved import `mail_send`
[INFO] [stdout]   --> examples/smtp_relay.rs:13:5
[INFO] [stdout]    |
[INFO] [stdout] 13 | use mail_send::SmtpClientBuilder;
[INFO] [stdout]    |     ^^^^^^^^^ use of undeclared crate or module `mail_send`
[INFO] [stdout] 
[INFO] [stdout] 
[INFO] [stdout] error[E0432]: unresolved import `mail_send`
[INFO] [stdout]   --> examples/smtp_tls_relay.rs:13:5
[INFO] [stdout]    |
[INFO] [stdout] 13 | use mail_send::SmtpClientBuilder;
[INFO] [stdout]    |     ^^^^^^^^^ use of undeclared crate or module `mail_send`
[INFO] [stdout] 
[INFO] [stdout] 
[INFO] [stdout] error[E0432]: unresolved import `mail_send`
[INFO] [stdout]   --> examples/smtp_dkim.rs:17:5
[INFO] [stdout]    |
[INFO] [stdout] 17 | use mail_send::SmtpClientBuilder;
[INFO] [stdout]    |     ^^^^^^^^^ use of undeclared crate or module `mail_send`
[INFO] [stdout] 
[INFO] [stdout] 
[INFO] [stdout] Some errors have detailed explanations: E0432, E0433.
[INFO] [stdout] 
[INFO] [stdout] For more information about an error, try `rustc --explain E0432`.
[INFO] [stdout] 
[INFO] [stdout] For more information about this error, try `rustc --explain E0432`.
[INFO] [stdout] 
[INFO] [stdout] For more information about this error, try `rustc --explain E0432`.
[INFO] [stdout] 
[INFO] [stdout] For more information about this error, try `rustc --explain E0432`.
[INFO] [stdout] 
[INFO] [stderr] error: could not compile `mail-send-fork` (example "smtp_raw_message") due to 2 previous errors
[INFO] [stderr] warning: build failed, waiting for other jobs to finish...
[INFO] [stderr] error: could not compile `mail-send-fork` (example "smtp_auth") due to 1 previous error
[INFO] [stderr] error: could not compile `mail-send-fork` (example "smtp_tls_relay") due to 1 previous error
[INFO] [stderr] error: could not compile `mail-send-fork` (example "smtp_relay") due to 1 previous error
[INFO] [stdout] For more information about this error, try `rustc --explain E0432`.
[INFO] [stdout] 
[INFO] [stderr] error: could not compile `mail-send-fork` (example "smtp_dkim") due to 1 previous error
[INFO] running `Command { std: "docker" "inspect" "334523e848967ea4c50c88b03405e787a999cda26fef9daf5e062c3f1359e376", kill_on_drop: false }`
[INFO] running `Command { std: "docker" "rm" "-f" "334523e848967ea4c50c88b03405e787a999cda26fef9daf5e062c3f1359e376", kill_on_drop: false }`
[INFO] [stdout] 334523e848967ea4c50c88b03405e787a999cda26fef9daf5e062c3f1359e376
