[INFO] fetching crate mach_bundler_core 0.0.71...
[INFO] testing mach_bundler_core-0.0.71 against nightly-2024-10-28 for randomize-layout
[INFO] extracting crate mach_bundler_core 0.0.71 into /workspace/builds/worker-7-tc1/source
[INFO] validating manifest of crates.io crate mach_bundler_core 0.0.71 on toolchain nightly-2024-10-28
[INFO] running `Command { std: CARGO_HOME="/workspace/cargo-home" RUSTUP_HOME="/workspace/rustup-home" "/workspace/cargo-home/bin/cargo" "+nightly-2024-10-28" "metadata" "--manifest-path" "Cargo.toml" "--no-deps", kill_on_drop: false }`
[INFO] started tweaking crates.io crate mach_bundler_core 0.0.71
[INFO] finished tweaking crates.io crate mach_bundler_core 0.0.71
[INFO] tweaked toml for crates.io crate mach_bundler_core 0.0.71 written to /workspace/builds/worker-7-tc1/source/Cargo.toml
[INFO] running `Command { std: CARGO_HOME="/workspace/cargo-home" RUSTUP_HOME="/workspace/rustup-home" "/workspace/cargo-home/bin/cargo" "+nightly-2024-10-28" "generate-lockfile" "--manifest-path" "Cargo.toml", kill_on_drop: false }`
[INFO] [stderr]     Updating crates.io index
[INFO] [stderr]     Blocking waiting for file lock on package cache
[INFO] [stderr]      Locking 238 packages to latest compatible versions
[INFO] [stderr]       Adding oxc_resolver v1.12.0 (available: v2.0.0)
[INFO] [stderr]       Adding sha-1 v0.10.0 (available: v0.10.1)
[INFO] [stderr]       Adding swc_core v0.90.23 (available: v0.90.37)
[INFO] running `Command { std: CARGO_HOME="/workspace/cargo-home" RUSTUP_HOME="/workspace/rustup-home" "/workspace/cargo-home/bin/cargo" "+nightly-2024-10-28" "fetch" "--manifest-path" "Cargo.toml", kill_on_drop: false }`
[INFO] [stderr]  Downloading crates ...
[INFO] [stderr]   Downloaded vergen v8.3.2
[INFO] [stderr]   Downloaded swc_core v0.90.23
[INFO] [stderr]   Downloaded swc_ecma_utils v0.127.20
[INFO] [stderr]   Downloaded napi-sys v2.4.0
[INFO] [stderr]   Downloaded normalize-path v0.2.1
[INFO] [stderr]   Downloaded swc_timer v0.21.22
[INFO] [stderr]   Downloaded ipc_channel_adapter v0.1.2
[INFO] [stderr]   Downloaded napi-derive-backend v1.0.74
[INFO] [stderr]   Downloaded napi-derive v2.16.12
[INFO] [stderr]   Downloaded glob-match v0.2.1
[INFO] [stderr]   Downloaded xml5ever v0.18.1
[INFO] [stderr]   Downloaded swc_ecma_codegen v0.148.18
[INFO] [stderr]   Downloaded napi v2.16.13
[INFO] [stderr]   Downloaded swc_ecma_transforms_base v0.137.21
[INFO] [stderr]   Downloaded oxc_resolver v1.12.0
[INFO] [stderr]   Downloaded ipc-channel v0.18.3
[INFO] [stderr]   Downloaded swc_ecma_parser v0.143.16
[INFO] [stderr]   Downloaded swc_common v0.33.26
[INFO] [stderr]   Downloaded swc_ecma_minifier v0.192.23
[INFO] [stderr]   Downloaded swc_ecma_transforms_optimization v0.198.22
[INFO] [stderr]   Downloaded sc v0.2.7
[INFO] [stderr]   Downloaded markup5ever_rcdom v0.3.0
[INFO] [stderr]   Downloaded unicode-id-start v1.3.1
[INFO] [stderr]   Downloaded swc_ecma_usage_analyzer v0.23.14
[INFO] [stderr]   Downloaded swc_ecma_transforms_typescript v0.188.19
[INFO] [stderr]   Downloaded json-strip-comments v1.0.4
[INFO] [stderr]   Downloaded swc_ecma_visit v0.98.7
[INFO] [stderr]   Downloaded swc_fast_graph v0.21.22
[INFO] [stderr]   Downloaded swc_ecma_ast v0.112.8
[INFO] [stderr]   Downloaded swc_ecma_transforms_react v0.183.19
[INFO] running `Command { std: "docker" "create" "-v" "/var/lib/crater-agent-workspace/builds/worker-7-tc1/target:/opt/rustwide/target:rw,Z" "-v" "/var/lib/crater-agent-workspace/builds/worker-7-tc1/source:/opt/rustwide/workdir:ro,Z" "-v" "/var/lib/crater-agent-workspace/cargo-home:/opt/rustwide/cargo-home:ro,Z" "-v" "/var/lib/crater-agent-workspace/rustup-home:/opt/rustwide/rustup-home:ro,Z" "-e" "SOURCE_DIR=/opt/rustwide/workdir" "-e" "CARGO_TARGET_DIR=/opt/rustwide/target" "-e" "CARGO_HOME=/opt/rustwide/cargo-home" "-e" "RUSTUP_HOME=/opt/rustwide/rustup-home" "-w" "/opt/rustwide/workdir" "-m" "1610612736" "--user" "0:0" "--network" "none" "ghcr.io/rust-lang/crates-build-env/linux@sha256:4a844ea9eb2546a2d2c7022eacef16ef2e8229c7fbb2c7d4d55a9ceca922f72d" "/opt/rustwide/cargo-home/bin/cargo" "+nightly-2024-10-28" "metadata" "--no-deps" "--format-version=1", kill_on_drop: false }`
[INFO] [stdout] 9a5cdd7ef4981ebc80fe16b0acb858869152000ad93f2de0bfb7e672d65a1adf
[INFO] running `Command { std: "docker" "start" "-a" "9a5cdd7ef4981ebc80fe16b0acb858869152000ad93f2de0bfb7e672d65a1adf", kill_on_drop: false }`
[INFO] running `Command { std: "docker" "inspect" "9a5cdd7ef4981ebc80fe16b0acb858869152000ad93f2de0bfb7e672d65a1adf", kill_on_drop: false }`
[INFO] running `Command { std: "docker" "rm" "-f" "9a5cdd7ef4981ebc80fe16b0acb858869152000ad93f2de0bfb7e672d65a1adf", kill_on_drop: false }`
[INFO] [stdout] 9a5cdd7ef4981ebc80fe16b0acb858869152000ad93f2de0bfb7e672d65a1adf
[INFO] running `Command { std: "docker" "create" "-v" "/var/lib/crater-agent-workspace/builds/worker-7-tc1/target:/opt/rustwide/target:rw,Z" "-v" "/var/lib/crater-agent-workspace/builds/worker-7-tc1/source:/opt/rustwide/workdir:ro,Z" "-v" "/var/lib/crater-agent-workspace/cargo-home:/opt/rustwide/cargo-home:ro,Z" "-v" "/var/lib/crater-agent-workspace/rustup-home:/opt/rustwide/rustup-home:ro,Z" "-e" "SOURCE_DIR=/opt/rustwide/workdir" "-e" "CARGO_TARGET_DIR=/opt/rustwide/target" "-e" "CARGO_INCREMENTAL=0" "-e" "RUST_BACKTRACE=full" "-e" "RUSTFLAGS=--cap-lints=forbid" "-e" "RUSTDOCFLAGS=--cap-lints=forbid" "-e" "CARGO_HOME=/opt/rustwide/cargo-home" "-e" "RUSTUP_HOME=/opt/rustwide/rustup-home" "-w" "/opt/rustwide/workdir" "-m" "1610612736" "--user" "0:0" "--network" "none" "ghcr.io/rust-lang/crates-build-env/linux@sha256:4a844ea9eb2546a2d2c7022eacef16ef2e8229c7fbb2c7d4d55a9ceca922f72d" "/opt/rustwide/cargo-home/bin/cargo" "+nightly-2024-10-28" "build" "--frozen" "--message-format=json", kill_on_drop: false }`
[INFO] [stdout] 7e92f57b250d783fe40e438cd80383715c27cc4cdbedca984f94b5a1ed458f3b
[INFO] running `Command { std: "docker" "start" "-a" "7e92f57b250d783fe40e438cd80383715c27cc4cdbedca984f94b5a1ed458f3b", kill_on_drop: false }`
[INFO] [stderr]    Compiling libc v0.2.161
[INFO] [stderr]    Compiling byteorder v1.5.0
[INFO] [stderr]    Compiling memchr v2.7.4
[INFO] [stderr]    Compiling new_debug_unreachable v1.0.6
[INFO] [stderr]    Compiling phf_shared v0.11.2
[INFO] [stderr]    Compiling hashbrown v0.14.5
[INFO] [stderr]    Compiling num-traits v0.2.19
[INFO] [stderr]    Compiling syn v2.0.86
[INFO] [stderr]    Compiling parking_lot_core v0.9.10
[INFO] [stderr]    Compiling stable_deref_trait v1.2.0
[INFO] [stderr]    Compiling unicode-id-start v1.3.1
[INFO] [stderr]    Compiling scoped-tls v1.0.1
[INFO] [stderr]    Compiling phf_shared v0.10.0
[INFO] [stderr]    Compiling serde_json v1.0.132
[INFO] [stderr]    Compiling radium v0.7.0
[INFO] [stderr]    Compiling serde v1.0.214
[INFO] [stderr]    Compiling psm v0.1.23
[INFO] [stderr]    Compiling outref v0.1.0
[INFO] [stderr]    Compiling tap v1.0.1
[INFO] [stderr]    Compiling better_scoped_tls v0.1.2
[INFO] [stderr]    Compiling simd-abstraction v0.7.1
[INFO] [stderr]    Compiling stacker v0.1.17
[INFO] [stderr]    Compiling wyz v0.5.1
[INFO] [stderr]    Compiling smartstring v1.0.1
[INFO] [stderr]    Compiling uuid v1.11.0
[INFO] [stderr]    Compiling funty v2.0.0
[INFO] [stderr]    Compiling num_cpus v1.16.0
[INFO] [stderr]    Compiling parking_lot v0.12.3
[INFO] [stderr]    Compiling rustversion v1.0.18
[INFO] [stderr]    Compiling base64-simd v0.7.0
[INFO] [stderr]    Compiling unicode-id v0.3.5
[INFO] [stderr]    Compiling mac v0.1.1
[INFO] [stderr]    Compiling aho-corasick v1.1.3
[INFO] [stderr]    Compiling if_chain v1.0.2
[INFO] [stderr]    Compiling futf v0.1.5
[INFO] [stderr]    Compiling camino v1.1.9
[INFO] [stderr]    Compiling dashmap v5.5.3
[INFO] [stderr]    Compiling precomputed-hash v0.1.1
[INFO] [stderr]    Compiling bitvec v1.0.1
[INFO] [stderr]    Compiling semver v1.0.23
[INFO] [stderr]    Compiling utf-8 v0.7.6
[INFO] [stderr]    Compiling typed-arena v2.0.2
[INFO] [stderr]    Compiling ahash v0.8.11
[INFO] [stderr]    Compiling tendril v0.4.3
[INFO] [stderr]    Compiling sha-1 v0.10.0
[INFO] [stderr]    Compiling base64 v0.21.7
[INFO] [stderr]    Compiling ryu-js v1.0.1
[INFO] [stderr]    Compiling radix_fmt v1.0.0
[INFO] [stderr]    Compiling dashmap v6.1.0
[INFO] [stderr]    Compiling json-strip-comments v1.0.4
[INFO] [stderr]    Compiling rustc-hash v2.0.0
[INFO] [stderr]    Compiling dunce v1.0.5
[INFO] [stderr]    Compiling num-integer v0.1.46
[INFO] [stderr]    Compiling simdutf8 v0.1.5
[INFO] [stderr]    Compiling normalize-path v0.2.1
[INFO] [stderr]    Compiling glob-match v0.2.1
[INFO] [stderr]    Compiling pathdiff v0.2.2
[INFO] [stderr]    Compiling getrandom v0.2.15
[INFO] [stderr]    Compiling rand_core v0.6.4
[INFO] [stderr]    Compiling vergen v8.3.2
[INFO] [stderr]    Compiling regex-automata v0.4.8
[INFO] [stderr]    Compiling swc_macros_common v0.3.14
[INFO] [stderr]    Compiling regex v1.11.1
[INFO] [stderr]    Compiling Inflector v0.11.4
[INFO] [stderr]    Compiling serde_derive v1.0.214
[INFO] [stderr]    Compiling zerocopy-derive v0.7.35
[INFO] [stderr]    Compiling tracing-attributes v0.1.27
[INFO] [stderr]    Compiling swc_eq_ignore_macros v0.1.4
[INFO] [stderr]    Compiling ast_node v0.9.9
[INFO] [stderr]    Compiling from_variant v0.1.9
[INFO] [stderr]    Compiling string_enum v0.4.4
[INFO] [stderr]    Compiling thiserror-impl v1.0.66
[INFO] [stderr]    Compiling swc_config_macro v0.1.4
[INFO] [stderr]    Compiling swc_ecma_transforms_macros v0.5.5
[INFO] [stderr]    Compiling html5ever v0.27.0
[INFO] [stderr]    Compiling swc_ecma_codegen_macros v0.7.7
[INFO] [stderr]    Compiling html5ever v0.29.0
[INFO] [stderr]    Compiling swc_visit_macros v0.5.13
[INFO] [stderr]    Compiling is-macro v0.3.6
[INFO] [stderr]    Compiling tracing v0.1.40
[INFO] [stderr]    Compiling zerocopy v0.7.35
[INFO] [stderr]    Compiling thiserror v1.0.66
[INFO] [stderr]    Compiling swc_timer v0.21.22
[INFO] [stderr]    Compiling ppv-lite86 v0.2.20
[INFO] [stderr]    Compiling rand_chacha v0.3.1
[INFO] [stderr]    Compiling swc_visit v0.5.14
[INFO] [stderr]    Compiling rand v0.8.5
[INFO] [stderr]    Compiling phf_generator v0.11.2
[INFO] [stderr]    Compiling phf_generator v0.10.0
[INFO] [stderr]    Compiling string_cache_codegen v0.5.2
[INFO] [stderr]    Compiling phf_codegen v0.11.2
[INFO] [stderr]    Compiling phf_macros v0.11.2
[INFO] [stderr]    Compiling markup5ever v0.12.1
[INFO] [stderr]    Compiling markup5ever v0.14.0
[INFO] [stderr]    Compiling phf v0.11.2
[INFO] [stderr]    Compiling cargo-platform v0.1.8
[INFO] [stderr]    Compiling triomphe v0.1.14
[INFO] [stderr]    Compiling indexmap v2.6.0
[INFO] [stderr]    Compiling num-bigint v0.4.6
[INFO] [stderr]    Compiling debugid v0.8.0
[INFO] [stderr]    Compiling string_cache v0.8.7
[INFO] [stderr]    Compiling swc_cached v0.3.20
[INFO] [stderr]    Compiling hstr v0.2.12
[INFO] [stderr]    Compiling swc_atoms v0.6.7
[INFO] [stderr]    Compiling petgraph v0.6.5
[INFO] [stderr]    Compiling cargo_metadata v0.18.1
[INFO] [stderr]    Compiling xml5ever v0.18.1
[INFO] [stderr]    Compiling swc_common v0.33.26
[INFO] [stderr]    Compiling sourcemap v9.0.0
[INFO] [stderr]    Compiling sourcemap v8.0.1
[INFO] [stderr]    Compiling oxc_resolver v1.12.0
[INFO] [stderr]    Compiling markup5ever_rcdom v0.3.0
[INFO] [stderr]    Compiling swc_core v0.90.23
[INFO] [stderr]    Compiling swc_config v0.1.15
[INFO] [stderr]    Compiling swc_ecma_ast v0.112.8
[INFO] [stderr]    Compiling swc_fast_graph v0.21.22
[INFO] [stderr]    Compiling swc_ecma_visit v0.98.7
[INFO] [stderr]    Compiling swc_ecma_parser v0.143.16
[INFO] [stderr]    Compiling swc_ecma_codegen v0.148.18
[INFO] [stderr]    Compiling swc_ecma_utils v0.127.20
[INFO] [stderr]    Compiling swc_ecma_transforms_base v0.137.21
[INFO] [stderr]    Compiling swc_ecma_usage_analyzer v0.23.14
[INFO] [stderr]    Compiling swc_ecma_transforms_optimization v0.198.22
[INFO] [stderr]    Compiling swc_ecma_transforms_react v0.183.19
[INFO] [stderr]    Compiling swc_ecma_transforms_typescript v0.188.19
[INFO] [stderr]    Compiling swc_ecma_minifier v0.192.23
[INFO] [stderr]    Compiling mach_bundler_core v0.0.71 (/opt/rustwide/workdir)
[INFO] [stdout] error[E0308]: mismatched types
[INFO] [stdout]    --> src/kit/html/mod.rs:43:11
[INFO] [stdout]     |
[INFO] [stdout] 43  |       name: QualName {
[INFO] [stdout]     |  ___________^
[INFO] [stdout] 44  | |       prefix: None,
[INFO] [stdout] 45  | |       ns: Namespace::from("http://www.w3.org/1999/xhtml"),
[INFO] [stdout] 46  | |       local: LocalName::from(options.tag_name),
[INFO] [stdout] 47  | |     },
[INFO] [stdout]     | |_____^ expected `markup5ever::interface::QualName`, found `QualName`
[INFO] [stdout]     |
[INFO] [stdout]     = note: `QualName` and `markup5ever::interface::QualName` have similar names, but are actually distinct types
[INFO] [stdout] note: `QualName` is defined in crate `markup5ever`
[INFO] [stdout]    --> /opt/rustwide/cargo-home/registry/src/index.crates.io-6f17d22bba15001f/markup5ever-0.14.0/interface/mod.rs:166:1
[INFO] [stdout]     |
[INFO] [stdout] 166 | pub struct QualName {
[INFO] [stdout]     | ^^^^^^^^^^^^^^^^^^^
[INFO] [stdout] note: `markup5ever::interface::QualName` is defined in crate `markup5ever`
[INFO] [stdout]    --> /opt/rustwide/cargo-home/registry/src/index.crates.io-6f17d22bba15001f/markup5ever-0.12.1/interface/mod.rs:147:1
[INFO] [stdout]     |
[INFO] [stdout] 147 | pub struct QualName {
[INFO] [stdout]     | ^^^^^^^^^^^^^^^^^^^
[INFO] [stdout]     = note: perhaps two different versions of crate `markup5ever` are being used?
[INFO] [stdout] 
[INFO] [stdout] 
[INFO] [stdout] error[E0308]: mismatched types
[INFO] [stdout]    --> src/kit/html/mod.rs:48:25
[INFO] [stdout]     |
[INFO] [stdout] 48  |     attrs: RefCell::new(attrs),
[INFO] [stdout]     |            ------------ ^^^^^ expected `markup5ever::interface::Attribute`, found `Attribute`
[INFO] [stdout]     |            |
[INFO] [stdout]     |            arguments to this function are incorrect
[INFO] [stdout]     |
[INFO] [stdout]     = note: `Attribute` and `markup5ever::interface::Attribute` have similar names, but are actually distinct types
[INFO] [stdout] note: `Attribute` is defined in crate `markup5ever`
[INFO] [stdout]    --> /opt/rustwide/cargo-home/registry/src/index.crates.io-6f17d22bba15001f/markup5ever-0.14.0/interface/mod.rs:388:1
[INFO] [stdout]     |
[INFO] [stdout] 388 | pub struct Attribute {
[INFO] [stdout]     | ^^^^^^^^^^^^^^^^^^^^
[INFO] [stdout] note: `markup5ever::interface::Attribute` is defined in crate `markup5ever`
[INFO] [stdout]    --> /opt/rustwide/cargo-home/registry/src/index.crates.io-6f17d22bba15001f/markup5ever-0.12.1/interface/mod.rs:345:1
[INFO] [stdout]     |
[INFO] [stdout] 345 | pub struct Attribute {
[INFO] [stdout]     | ^^^^^^^^^^^^^^^^^^^^
[INFO] [stdout]     = note: perhaps two different versions of crate `markup5ever` are being used?
[INFO] [stdout] note: associated function defined here
[INFO] [stdout]    --> /rustc/df4ca44d3fbc9301ee17f30f4d474e6ae4b05252/library/core/src/cell.rs:846:18
[INFO] [stdout] 
[INFO] [stdout] 
[INFO] [stdout] error[E0308]: mismatched types
[INFO] [stdout]    --> src/kit/html/mod.rs:79:31
[INFO] [stdout]     |
[INFO] [stdout] 79  |         attrs.borrow_mut().push(Attribute {
[INFO] [stdout]     |  __________________________----_^
[INFO] [stdout]     | |                          |
[INFO] [stdout]     | |                          arguments to this method are incorrect
[INFO] [stdout] 80  | |         name: QualName {
[INFO] [stdout] 81  | |           prefix: None,
[INFO] [stdout] 82  | |           ns: Namespace::from(""),
[INFO] [stdout] ...   |
[INFO] [stdout] 85  | |         value: From::from(attribute_value),
[INFO] [stdout] 86  | |       })
[INFO] [stdout]     | |_______^ expected `markup5ever::interface::Attribute`, found `Attribute`
[INFO] [stdout]     |
[INFO] [stdout]     = note: `Attribute` and `markup5ever::interface::Attribute` have similar names, but are actually distinct types
[INFO] [stdout] note: `Attribute` is defined in crate `markup5ever`
[INFO] [stdout]    --> /opt/rustwide/cargo-home/registry/src/index.crates.io-6f17d22bba15001f/markup5ever-0.14.0/interface/mod.rs:388:1
[INFO] [stdout]     |
[INFO] [stdout] 388 | pub struct Attribute {
[INFO] [stdout]     | ^^^^^^^^^^^^^^^^^^^^
[INFO] [stdout] note: `markup5ever::interface::Attribute` is defined in crate `markup5ever`
[INFO] [stdout]    --> /opt/rustwide/cargo-home/registry/src/index.crates.io-6f17d22bba15001f/markup5ever-0.12.1/interface/mod.rs:345:1
[INFO] [stdout]     |
[INFO] [stdout] 345 | pub struct Attribute {
[INFO] [stdout]     | ^^^^^^^^^^^^^^^^^^^^
[INFO] [stdout]     = note: perhaps two different versions of crate `markup5ever` are being used?
[INFO] [stdout] note: method defined here
[INFO] [stdout]    --> /rustc/df4ca44d3fbc9301ee17f30f4d474e6ae4b05252/library/alloc/src/vec/mod.rs:2409:12
[INFO] [stdout] 
[INFO] [stdout] 
[INFO] [stdout] error[E0277]: the trait bound `RcDom: TreeSink` is not satisfied
[INFO] [stdout]   --> src/platform/packaging/html/package_html.rs:60:28
[INFO] [stdout]    |
[INFO] [stdout] 60 |   let dom = parse_document(RcDom::default(), Default::default())
[INFO] [stdout]    |             -------------- ^^^^^^^^^^^^^^^^ the trait `TreeSink` is not implemented for `RcDom`
[INFO] [stdout]    |             |
[INFO] [stdout]    |             required by a bound introduced by this call
[INFO] [stdout]    |
[INFO] [stdout] note: required by a bound in `parse_document`
[INFO] [stdout]   --> /opt/rustwide/cargo-home/registry/src/index.crates.io-6f17d22bba15001f/html5ever-0.29.0/src/driver.rs:42:11
[INFO] [stdout]    |
[INFO] [stdout] 40 | pub fn parse_document<Sink>(sink: Sink, opts: ParseOpts) -> Parser<Sink>
[INFO] [stdout]    |        -------------- required by a bound in this function
[INFO] [stdout] 41 | where
[INFO] [stdout] 42 |     Sink: TreeSink,
[INFO] [stdout]    |           ^^^^^^^^ required by this bound in `parse_document`
[INFO] [stdout] 
[INFO] [stdout] 
[INFO] [stdout] error[E0599]: the method `from_utf8` exists for struct `Parser<RcDom>`, but its trait bounds were not satisfied
[INFO] [stdout]    --> src/platform/packaging/html/package_html.rs:61:6
[INFO] [stdout]     |
[INFO] [stdout] 60  |     let dom = parse_document(RcDom::default(), Default::default())
[INFO] [stdout]     |  _____________-
[INFO] [stdout] 61  | |     .from_utf8()
[INFO] [stdout]     | |     -^^^^^^^^^ method cannot be called on `Parser<RcDom>` due to unsatisfied trait bounds
[INFO] [stdout]     | |_____|
[INFO] [stdout]     |
[INFO] [stdout]     |
[INFO] [stdout]    ::: /opt/rustwide/cargo-home/registry/src/index.crates.io-6f17d22bba15001f/markup5ever_rcdom-0.3.0/lib.rs:208:1
[INFO] [stdout]     |
[INFO] [stdout] 208 |   pub struct RcDom {
[INFO] [stdout]     |   ---------------- doesn't satisfy `RcDom: TreeSink`
[INFO] [stdout]     |
[INFO] [stdout]     = note: the following trait bounds were not satisfied:
[INFO] [stdout]             `RcDom: TreeSink`
[INFO] [stdout] 
[INFO] [stdout] 
[INFO] [stdout] error[E0277]: the trait bound `RcDom: TreeSink` is not satisfied
[INFO] [stdout]   --> src/platform/packaging/html/package_html.rs:60:13
[INFO] [stdout]    |
[INFO] [stdout] 60 |   let dom = parse_document(RcDom::default(), Default::default())
[INFO] [stdout]    |             ^^^^^^^^^^^^^^^^^^^^^^^^^^^^^^^^^^^^^^^^^^^^^^^^^^^^ the trait `TreeSink` is not implemented for `RcDom`
[INFO] [stdout]    |
[INFO] [stdout] note: required by a bound in `html5ever::Parser`
[INFO] [stdout]   --> /opt/rustwide/cargo-home/registry/src/index.crates.io-6f17d22bba15001f/html5ever-0.29.0/src/driver.rs:99:11
[INFO] [stdout]    |
[INFO] [stdout] 97 | pub struct Parser<Sink>
[INFO] [stdout]    |            ------ required by a bound in this struct
[INFO] [stdout] 98 | where
[INFO] [stdout] 99 |     Sink: TreeSink,
[INFO] [stdout]    |           ^^^^^^^^ required by this bound in `Parser`
[INFO] [stdout] 
[INFO] [stdout] 
[INFO] [stdout] error[E0277]: the trait bound `RcDom: TreeSink` is not satisfied
[INFO] [stdout]   --> src/plugins/transformer_html/transformer.rs:48:28
[INFO] [stdout]    |
[INFO] [stdout] 48 |   let dom = parse_document(RcDom::default(), Default::default())
[INFO] [stdout]    |             -------------- ^^^^^^^^^^^^^^^^ the trait `TreeSink` is not implemented for `RcDom`
[INFO] [stdout]    |             |
[INFO] [stdout]    |             required by a bound introduced by this call
[INFO] [stdout]    |
[INFO] [stdout] note: required by a bound in `parse_document`
[INFO] [stdout]   --> /opt/rustwide/cargo-home/registry/src/index.crates.io-6f17d22bba15001f/html5ever-0.29.0/src/driver.rs:42:11
[INFO] [stdout]    |
[INFO] [stdout] 40 | pub fn parse_document<Sink>(sink: Sink, opts: ParseOpts) -> Parser<Sink>
[INFO] [stdout]    |        -------------- required by a bound in this function
[INFO] [stdout] 41 | where
[INFO] [stdout] 42 |     Sink: TreeSink,
[INFO] [stdout]    |           ^^^^^^^^ required by this bound in `parse_document`
[INFO] [stdout] 
[INFO] [stdout] 
[INFO] [stdout] error[E0599]: the method `from_utf8` exists for struct `Parser<RcDom>`, but its trait bounds were not satisfied
[INFO] [stdout]    --> src/plugins/transformer_html/transformer.rs:49:6
[INFO] [stdout]     |
[INFO] [stdout] 48  |     let dom = parse_document(RcDom::default(), Default::default())
[INFO] [stdout]     |  _____________-
[INFO] [stdout] 49  | |     .from_utf8()
[INFO] [stdout]     | |     -^^^^^^^^^ method cannot be called on `Parser<RcDom>` due to unsatisfied trait bounds
[INFO] [stdout]     | |_____|
[INFO] [stdout]     |
[INFO] [stdout]     |
[INFO] [stdout]    ::: /opt/rustwide/cargo-home/registry/src/index.crates.io-6f17d22bba15001f/markup5ever_rcdom-0.3.0/lib.rs:208:1
[INFO] [stdout]     |
[INFO] [stdout] 208 |   pub struct RcDom {
[INFO] [stdout]     |   ---------------- doesn't satisfy `RcDom: TreeSink`
[INFO] [stdout]     |
[INFO] [stdout]     = note: the following trait bounds were not satisfied:
[INFO] [stdout]             `RcDom: TreeSink`
[INFO] [stdout] 
[INFO] [stdout] 
[INFO] [stdout] error[E0277]: the trait bound `RcDom: TreeSink` is not satisfied
[INFO] [stdout]   --> src/plugins/transformer_html/transformer.rs:48:13
[INFO] [stdout]    |
[INFO] [stdout] 48 |   let dom = parse_document(RcDom::default(), Default::default())
[INFO] [stdout]    |             ^^^^^^^^^^^^^^^^^^^^^^^^^^^^^^^^^^^^^^^^^^^^^^^^^^^^ the trait `TreeSink` is not implemented for `RcDom`
[INFO] [stdout]    |
[INFO] [stdout] note: required by a bound in `html5ever::Parser`
[INFO] [stdout]   --> /opt/rustwide/cargo-home/registry/src/index.crates.io-6f17d22bba15001f/html5ever-0.29.0/src/driver.rs:99:11
[INFO] [stdout]    |
[INFO] [stdout] 97 | pub struct Parser<Sink>
[INFO] [stdout]    |            ------ required by a bound in this struct
[INFO] [stdout] 98 | where
[INFO] [stdout] 99 |     Sink: TreeSink,
[INFO] [stdout]    |           ^^^^^^^^ required by this bound in `Parser`
[INFO] [stdout] 
[INFO] [stdout] 
[INFO] [stdout] Some errors have detailed explanations: E0277, E0308, E0599.
[INFO] [stdout] 
[INFO] [stdout] For more information about an error, try `rustc --explain E0277`.
[INFO] [stdout] 
[INFO] [stderr] error: could not compile `mach_bundler_core` (lib) due to 9 previous errors
[INFO] [stderr] warning: build failed, waiting for other jobs to finish...
[INFO] running `Command { std: "docker" "inspect" "7e92f57b250d783fe40e438cd80383715c27cc4cdbedca984f94b5a1ed458f3b", kill_on_drop: false }`
[INFO] running `Command { std: "docker" "rm" "-f" "7e92f57b250d783fe40e438cd80383715c27cc4cdbedca984f94b5a1ed458f3b", kill_on_drop: false }`
[INFO] [stdout] 7e92f57b250d783fe40e438cd80383715c27cc4cdbedca984f94b5a1ed458f3b
