[INFO] fetching crate ma 0.10.3...
[INFO] testing ma-0.10.3 against nightly-2024-10-28+rustflags=-Zrandomize-layout for randomize-layout
[INFO] extracting crate ma 0.10.3 into /workspace/builds/worker-7-tc2/source
[INFO] validating manifest of crates.io crate ma 0.10.3 on toolchain nightly-2024-10-28
[INFO] running `Command { std: CARGO_HOME="/workspace/cargo-home" RUSTUP_HOME="/workspace/rustup-home" "/workspace/cargo-home/bin/cargo" "+nightly-2024-10-28" "metadata" "--manifest-path" "Cargo.toml" "--no-deps", kill_on_drop: false }`
[INFO] removed /workspace/builds/worker-7-tc2/source/.cargo/config.toml
[INFO] started tweaking crates.io crate ma 0.10.3
[INFO] finished tweaking crates.io crate ma 0.10.3
[INFO] tweaked toml for crates.io crate ma 0.10.3 written to /workspace/builds/worker-7-tc2/source/Cargo.toml
[INFO] crate crates.io crate ma 0.10.3 already has a lockfile, it will not be regenerated
[INFO] running `Command { std: CARGO_HOME="/workspace/cargo-home" RUSTUP_HOME="/workspace/rustup-home" "/workspace/cargo-home/bin/cargo" "+nightly-2024-10-28" "fetch" "--manifest-path" "Cargo.toml", kill_on_drop: false }`
[INFO] running `Command { std: "docker" "create" "-v" "/var/lib/crater-agent-workspace/builds/worker-7-tc2/target:/opt/rustwide/target:rw,Z" "-v" "/var/lib/crater-agent-workspace/builds/worker-7-tc2/source:/opt/rustwide/workdir:ro,Z" "-v" "/var/lib/crater-agent-workspace/cargo-home:/opt/rustwide/cargo-home:ro,Z" "-v" "/var/lib/crater-agent-workspace/rustup-home:/opt/rustwide/rustup-home:ro,Z" "-e" "SOURCE_DIR=/opt/rustwide/workdir" "-e" "CARGO_TARGET_DIR=/opt/rustwide/target" "-e" "CARGO_HOME=/opt/rustwide/cargo-home" "-e" "RUSTUP_HOME=/opt/rustwide/rustup-home" "-w" "/opt/rustwide/workdir" "-m" "1610612736" "--user" "0:0" "--network" "none" "ghcr.io/rust-lang/crates-build-env/linux@sha256:4a844ea9eb2546a2d2c7022eacef16ef2e8229c7fbb2c7d4d55a9ceca922f72d" "/opt/rustwide/cargo-home/bin/cargo" "+nightly-2024-10-28" "metadata" "--no-deps" "--format-version=1", kill_on_drop: false }`
[INFO] [stdout] e0da0e259fb530b7d50cc234a89c3a993fed1b1f45692b3c04b932b5a9e76108
[INFO] running `Command { std: "docker" "start" "-a" "e0da0e259fb530b7d50cc234a89c3a993fed1b1f45692b3c04b932b5a9e76108", kill_on_drop: false }`
[INFO] running `Command { std: "docker" "inspect" "e0da0e259fb530b7d50cc234a89c3a993fed1b1f45692b3c04b932b5a9e76108", kill_on_drop: false }`
[INFO] running `Command { std: "docker" "rm" "-f" "e0da0e259fb530b7d50cc234a89c3a993fed1b1f45692b3c04b932b5a9e76108", kill_on_drop: false }`
[INFO] [stdout] e0da0e259fb530b7d50cc234a89c3a993fed1b1f45692b3c04b932b5a9e76108
[INFO] running `Command { std: "docker" "create" "-v" "/var/lib/crater-agent-workspace/builds/worker-7-tc2/target:/opt/rustwide/target:rw,Z" "-v" "/var/lib/crater-agent-workspace/builds/worker-7-tc2/source:/opt/rustwide/workdir:ro,Z" "-v" "/var/lib/crater-agent-workspace/cargo-home:/opt/rustwide/cargo-home:ro,Z" "-v" "/var/lib/crater-agent-workspace/rustup-home:/opt/rustwide/rustup-home:ro,Z" "-e" "SOURCE_DIR=/opt/rustwide/workdir" "-e" "CARGO_TARGET_DIR=/opt/rustwide/target" "-e" "CARGO_INCREMENTAL=0" "-e" "RUST_BACKTRACE=full" "-e" "RUSTFLAGS=--cap-lints=forbid -Zrandomize-layout" "-e" "RUSTDOCFLAGS=--cap-lints=forbid" "-e" "CARGO_HOME=/opt/rustwide/cargo-home" "-e" "RUSTUP_HOME=/opt/rustwide/rustup-home" "-w" "/opt/rustwide/workdir" "-m" "1610612736" "--user" "0:0" "--network" "none" "ghcr.io/rust-lang/crates-build-env/linux@sha256:4a844ea9eb2546a2d2c7022eacef16ef2e8229c7fbb2c7d4d55a9ceca922f72d" "/opt/rustwide/cargo-home/bin/cargo" "+nightly-2024-10-28" "build" "--frozen" "--message-format=json", kill_on_drop: false }`
[INFO] [stdout] 452e8c67935e3fbaa51b8c60fcfa5018d1bec5982a7bbb62f6cfcf51b8bd1642
[INFO] running `Command { std: "docker" "start" "-a" "452e8c67935e3fbaa51b8c60fcfa5018d1bec5982a7bbb62f6cfcf51b8bd1642", kill_on_drop: false }`
[INFO] [stderr]    Compiling proc-macro2 v1.0.86
[INFO] [stderr]    Compiling cfg-if v1.0.0
[INFO] [stderr]    Compiling unicode-ident v1.0.12
[INFO] [stderr]    Compiling autocfg v1.3.0
[INFO] [stderr]    Compiling libc v0.2.155
[INFO] [stderr]    Compiling pin-project-lite v0.2.14
[INFO] [stderr]    Compiling futures-core v0.3.30
[INFO] [stderr]    Compiling once_cell v1.19.0
[INFO] [stderr]    Compiling version_check v0.9.5
[INFO] [stderr]    Compiling memchr v2.7.4
[INFO] [stderr]    Compiling crossbeam-utils v0.8.20
[INFO] [stderr]    Compiling cc v1.1.6
[INFO] [stderr]    Compiling scopeguard v1.2.0
[INFO] [stderr]    Compiling serde v1.0.204
[INFO] [stderr]    Compiling smallvec v1.13.2
[INFO] [stderr]    Compiling lock_api v0.4.12
[INFO] [stderr]    Compiling slab v0.4.9
[INFO] [stderr]    Compiling ahash v0.8.11
[INFO] [stderr]    Compiling parking_lot_core v0.9.10
[INFO] [stderr]    Compiling quote v1.0.36
[INFO] [stderr]    Compiling zerocopy v0.7.35
[INFO] [stderr]    Compiling syn v2.0.72
[INFO] [stderr]    Compiling typenum v1.17.0
[INFO] [stderr]    Compiling mio v1.0.1
[INFO] [stderr]    Compiling socket2 v0.5.7
[INFO] [stderr]    Compiling generic-array v0.14.7
[INFO] [stderr]    Compiling pin-utils v0.1.0
[INFO] [stderr]    Compiling futures-task v0.3.30
[INFO] [stderr]    Compiling bytes v1.6.1
[INFO] [stderr]    Compiling allocator-api2 v0.2.18
[INFO] [stderr]    Compiling futures-io v0.3.30
[INFO] [stderr]    Compiling parking_lot v0.12.3
[INFO] [stderr]    Compiling num-traits v0.2.19
[INFO] [stderr]    Compiling parking v2.2.0
[INFO] [stderr]    Compiling log v0.4.22
[INFO] [stderr]    Compiling hashbrown v0.14.5
[INFO] [stderr]    Compiling spin v0.9.8
[INFO] [stderr]    Compiling itoa v1.0.11
[INFO] [stderr]    Compiling minimal-lexical v0.2.1
[INFO] [stderr]    Compiling thiserror v1.0.63
[INFO] [stderr]    Compiling tinyvec_macros v0.1.1
[INFO] [stderr]    Compiling equivalent v1.0.1
[INFO] [stderr]    Compiling tinyvec v1.8.0
[INFO] [stderr]    Compiling percent-encoding v2.3.1
[INFO] [stderr]    Compiling nom v7.1.3
[INFO] [stderr]    Compiling form_urlencoded v1.2.1
[INFO] [stderr]    Compiling concurrent-queue v2.5.0
[INFO] [stderr]    Compiling indexmap v2.2.6
[INFO] [stderr]    Compiling serde_json v1.0.121
[INFO] [stderr]    Compiling ryu v1.0.18
[INFO] [stderr]    Compiling crypto-common v0.1.6
[INFO] [stderr]    Compiling block-buffer v0.10.4
[INFO] [stderr]    Compiling futures-sink v0.3.30
[INFO] [stderr]    Compiling unicode-bidi v0.3.15
[INFO] [stderr]    Compiling paste v1.0.15
[INFO] [stderr]    Compiling digest v0.10.7
[INFO] [stderr]    Compiling crc-catalog v2.4.0
[INFO] [stderr]    Compiling unicode-normalization v0.1.23
[INFO] [stderr]    Compiling vcpkg v0.2.15
[INFO] [stderr]    Compiling unicode_categories v0.1.1
[INFO] [stderr]    Compiling pkg-config v0.3.30
[INFO] [stderr]    Compiling cpufeatures v0.2.12
[INFO] [stderr]    Compiling sha2 v0.10.8
[INFO] [stderr]    Compiling idna v0.5.0
[INFO] [stderr]    Compiling crc v3.2.1
[INFO] [stderr]    Compiling futures-channel v0.3.30
[INFO] [stderr]    Compiling atoi v2.0.0
[INFO] [stderr]    Compiling hashlink v0.9.1
[INFO] [stderr]    Compiling futures-intrusive v0.5.0
[INFO] [stderr]    Compiling signal-hook-registry v1.4.2
[INFO] [stderr]    Compiling libsqlite3-sys v0.28.0
[INFO] [stderr]    Compiling url v2.5.2
[INFO] [stderr]    Compiling sqlformat v0.2.4
[INFO] [stderr]    Compiling crossbeam-queue v0.3.11
[INFO] [stderr]    Compiling tracing-core v0.1.32
[INFO] [stderr]    Compiling hex v0.4.3
[INFO] [stderr]    Compiling byteorder v1.5.0
[INFO] [stderr]    Compiling futures-util v0.3.30
[INFO] [stderr]    Compiling event-listener v5.3.1
[INFO] [stderr]    Compiling tokio v1.39.1
[INFO] [stderr]    Compiling ring v0.17.8
[INFO] [stderr]    Compiling getrandom v0.2.15
[INFO] [stderr]    Compiling rustix v0.38.34
[INFO] [stderr]    Compiling heck v0.5.0
[INFO] [stderr]    Compiling lazy_static v1.5.0
[INFO] [stderr]    Compiling bitflags v2.6.0
[INFO] [stderr]    Compiling adler v1.0.2
[INFO] [stderr]    Compiling utf8parse v0.2.2
[INFO] [stderr]    Compiling linux-raw-sys v0.4.14
[INFO] [stderr]    Compiling anstyle-parse v0.2.4
[INFO] [stderr]    Compiling miniz_oxide v0.7.4
[INFO] [stderr]    Compiling serde_derive v1.0.204
[INFO] [stderr]    Compiling tracing-attributes v0.1.27
[INFO] [stderr]    Compiling thiserror-impl v1.0.63
[INFO] [stderr]    Compiling futures-macro v0.3.30
[INFO] [stderr]    Compiling tokio-macros v2.4.0
[INFO] [stderr]    Compiling tracing v0.1.40
[INFO] [stderr]    Compiling tokio-stream v0.1.15
[INFO] [stderr]    Compiling futures-executor v0.3.30
[INFO] [stderr]    Compiling flume v0.11.0
[INFO] [stderr]    Compiling backtrace v0.3.73
[INFO] [stderr]    Compiling gimli v0.29.0
[INFO] [stderr]    Compiling untrusted v0.9.0
[INFO] [stderr]    Compiling colorchoice v1.0.1
[INFO] [stderr]    Compiling regex-syntax v0.8.4
[INFO] [stderr]    Compiling anstyle-query v1.1.0
[INFO] [stderr]    Compiling fastrand v2.1.0
[INFO] [stderr]    Compiling is_terminal_polyfill v1.70.0
[INFO] [stderr]    Compiling regex-syntax v0.6.29
[INFO] [stderr]    Compiling anstyle v1.0.7
[INFO] [stderr]    Compiling rustls-pki-types v1.7.0
[INFO] [stderr]    Compiling anstream v0.6.14
[INFO] [stderr]    Compiling tempfile v3.10.1
[INFO] [stderr]    Compiling regex-automata v0.4.7
[INFO] [stderr]    Compiling addr2line v0.22.0
[INFO] [stderr]    Compiling regex-automata v0.1.10
[INFO] [stderr]    Compiling object v0.36.2
[INFO] [stderr]    Compiling encoding_rs v0.8.34
[INFO] [stderr]    Compiling either v1.13.0
[INFO] [stderr]    Compiling serde_urlencoded v0.7.1
[INFO] [stderr]    Compiling toml_datetime v0.6.7
[INFO] [stderr]    Compiling serde_spanned v0.6.7
[INFO] [stderr]    Compiling overload v0.1.1
[INFO] [stderr]    Compiling powerfmt v0.2.0
[INFO] [stderr]    Compiling rustc-demangle v0.1.24
[INFO] [stderr]    Compiling sqlx-core v0.8.0
[INFO] [stderr]    Compiling event-listener v2.5.3
[INFO] [stderr]    Compiling winnow v0.6.16
[INFO] [stderr]    Compiling rustls v0.22.4
[INFO] [stderr]    Compiling dotenvy v0.15.7
[INFO] [stderr]    Compiling portable-atomic v1.7.0
[INFO] [stderr]    Compiling async-channel v1.9.0
[INFO] [stderr]    Compiling deranged v0.3.11
[INFO] [stderr]    Compiling nu-ansi-term v0.46.0
[INFO] [stderr]    Compiling rustls-webpki v0.102.6
[INFO] [stderr]    Compiling matchers v0.1.0
[INFO] [stderr]    Compiling regex v1.10.5
[INFO] [stderr]    Compiling sharded-slab v0.1.7
[INFO] [stderr]    Compiling event-listener-strategy v0.5.2
[INFO] [stderr]    Compiling toml_edit v0.22.17
[INFO] [stderr]    Compiling tracing-log v0.2.0
[INFO] [stderr]    Compiling thread_local v1.1.8
[INFO] [stderr]    Compiling strsim v0.11.1
[INFO] [stderr]    Compiling subtle v2.6.1
[INFO] [stderr]    Compiling sqlx-sqlite v0.8.0
[INFO] [stderr]    Compiling clap_lex v0.7.1
[INFO] [stderr]    Compiling num-conv v0.1.0
[INFO] [stderr]    Compiling anyhow v1.0.86
[INFO] [stderr]    Compiling zeroize v1.8.1
[INFO] [stderr]    Compiling time-core v0.1.2
[INFO] [stderr]    Compiling unicode-width v0.1.13
[INFO] [stderr]    Compiling base64 v0.22.1
[INFO] [stderr]    Compiling console v0.15.8
[INFO] [stderr]    Compiling charset v0.1.5
[INFO] [stderr]    Compiling time v0.3.36
[INFO] [stderr]    Compiling toml v0.8.16
[INFO] [stderr]    Compiling clap_builder v4.5.10
[INFO] [stderr]    Compiling sqlx-macros-core v0.8.0
[INFO] [stderr]    Compiling tracing-subscriber v0.3.18
[INFO] [stderr]    Compiling async-channel v2.3.1
[INFO] [stderr]    Compiling stop-token v0.7.0
[INFO] [stderr]    Compiling os_info v3.8.2
[INFO] [stderr]    Compiling futures v0.3.30
[INFO] [stderr]    Compiling clap_derive v4.5.8
[INFO] [stderr]    Compiling sqlx-macros v0.8.0
[INFO] [stderr]    Compiling uuid v1.10.0
[INFO] [stderr]    Compiling imap-proto v0.16.5
[INFO] [stderr]    Compiling chrono v0.4.38
[INFO] [stderr]    Compiling crossbeam-channel v0.5.13
[INFO] [stderr]    Compiling crc32fast v1.4.2
[INFO] [stderr]    Compiling quoted_printable v0.5.1
[INFO] [stderr]    Compiling base64 v0.21.7
[INFO] [stderr]    Compiling data-encoding v2.6.0
[INFO] [stderr]    Compiling number_prefix v0.4.0
[INFO] [stderr]    Compiling self_cell v1.0.4
[INFO] [stderr]    Compiling indicatif v0.17.8
[INFO] [stderr]    Compiling async-imap v0.9.7
[INFO] [stderr]    Compiling tracing-appender v0.2.3
[INFO] [stderr]    Compiling clap v4.5.10
[INFO] [stderr]    Compiling flate2 v1.0.30
[INFO] [stderr]    Compiling sqlx v0.8.0
[INFO] [stderr]    Compiling human-panic v2.0.1
[INFO] [stderr]    Compiling mailparse v0.15.0
[INFO] [stderr]    Compiling tokio-rustls v0.25.0
[INFO] [stderr]    Compiling mail-parser v0.9.3
[INFO] [stderr]    Compiling webpki-roots v0.26.3
[INFO] [stderr]    Compiling ma v0.10.3 (/opt/rustwide/workdir)
[INFO] [stdout] error[E0412]: cannot find type `Id` in module `task`
[INFO] [stdout]    --> src/cmd/fetch.rs:29:41
[INFO] [stdout]     |
[INFO] [stdout] 29  |         let mut task_bar: HashMap<task::Id, ProgressBar> = HashMap::new();
[INFO] [stdout]     |                                         ^^ not found in `task`
[INFO] [stdout]     |
[INFO] [stdout] note: found an item that was configured out
[INFO] [stdout]    --> /opt/rustwide/cargo-home/registry/src/index.crates.io-6f17d22bba15001f/tokio-1.39.1/src/task/mod.rs:363:40
[INFO] [stdout]     |
[INFO] [stdout] 363 |         pub use crate::runtime::task::{Id, id, try_id};
[INFO] [stdout]     |                                        ^^
[INFO] [stdout] note: the item is gated here
[INFO] [stdout]    --> /opt/rustwide/cargo-home/registry/src/index.crates.io-6f17d22bba15001f/tokio-1.39.1/src/task/mod.rs:362:5
[INFO] [stdout]     |
[INFO] [stdout] 362 | /     cfg_unstable! {
[INFO] [stdout] 363 | |         pub use crate::runtime::task::{Id, id, try_id};
[INFO] [stdout] 364 | |     }
[INFO] [stdout]     | |_____^
[INFO] [stdout]     = note: this error originates in the macro `cfg_unstable` (in Nightly builds, run with -Z macro-backtrace for more info)
[INFO] [stdout] help: consider importing one of these structs
[INFO] [stdout]     |
[INFO] [stdout] 1   + use clap::Id;
[INFO] [stdout]     |
[INFO] [stdout] 1   + use tracing::Id;
[INFO] [stdout]     |
[INFO] [stdout] help: if you import `Id`, refer to it directly
[INFO] [stdout]     |
[INFO] [stdout] 29  -         let mut task_bar: HashMap<task::Id, ProgressBar> = HashMap::new();
[INFO] [stdout] 29  +         let mut task_bar: HashMap<Id, ProgressBar> = HashMap::new();
[INFO] [stdout]     |
[INFO] [stdout] 
[INFO] [stdout] 
[INFO] [stdout] error[E0412]: cannot find type `Id` in module `task`
[INFO] [stdout]    --> src/cmd/fetch.rs:30:45
[INFO] [stdout]     |
[INFO] [stdout] 30  |         let mut task_account: HashMap<task::Id, String> = HashMap::new();
[INFO] [stdout]     |                                             ^^ not found in `task`
[INFO] [stdout]     |
[INFO] [stdout] note: found an item that was configured out
[INFO] [stdout]    --> /opt/rustwide/cargo-home/registry/src/index.crates.io-6f17d22bba15001f/tokio-1.39.1/src/task/mod.rs:363:40
[INFO] [stdout]     |
[INFO] [stdout] 363 |         pub use crate::runtime::task::{Id, id, try_id};
[INFO] [stdout]     |                                        ^^
[INFO] [stdout] note: the item is gated here
[INFO] [stdout]    --> /opt/rustwide/cargo-home/registry/src/index.crates.io-6f17d22bba15001f/tokio-1.39.1/src/task/mod.rs:362:5
[INFO] [stdout]     |
[INFO] [stdout] 362 | /     cfg_unstable! {
[INFO] [stdout] 363 | |         pub use crate::runtime::task::{Id, id, try_id};
[INFO] [stdout] 364 | |     }
[INFO] [stdout]     | |_____^
[INFO] [stdout]     = note: this error originates in the macro `cfg_unstable` (in Nightly builds, run with -Z macro-backtrace for more info)
[INFO] [stdout] help: consider importing one of these structs
[INFO] [stdout]     |
[INFO] [stdout] 1   + use clap::Id;
[INFO] [stdout]     |
[INFO] [stdout] 1   + use tracing::Id;
[INFO] [stdout]     |
[INFO] [stdout] help: if you import `Id`, refer to it directly
[INFO] [stdout]     |
[INFO] [stdout] 30  -         let mut task_account: HashMap<task::Id, String> = HashMap::new();
[INFO] [stdout] 30  +         let mut task_account: HashMap<Id, String> = HashMap::new();
[INFO] [stdout]     |
[INFO] [stdout] 
[INFO] [stdout] 
[INFO] [stdout] error[E0425]: cannot find function `id` in module `task`
[INFO] [stdout]    --> src/cmd/fetch.rs:45:31
[INFO] [stdout]     |
[INFO] [stdout] 45  |                         task::id(),
[INFO] [stdout]     |                               ^^ not found in `task`
[INFO] [stdout]     |
[INFO] [stdout] note: found an item that was configured out
[INFO] [stdout]    --> /opt/rustwide/cargo-home/registry/src/index.crates.io-6f17d22bba15001f/tokio-1.39.1/src/task/mod.rs:363:44
[INFO] [stdout]     |
[INFO] [stdout] 363 |         pub use crate::runtime::task::{Id, id, try_id};
[INFO] [stdout]     |                                            ^^
[INFO] [stdout] note: the item is gated here
[INFO] [stdout]    --> /opt/rustwide/cargo-home/registry/src/index.crates.io-6f17d22bba15001f/tokio-1.39.1/src/task/mod.rs:362:5
[INFO] [stdout]     |
[INFO] [stdout] 362 | /     cfg_unstable! {
[INFO] [stdout] 363 | |         pub use crate::runtime::task::{Id, id, try_id};
[INFO] [stdout] 364 | |     }
[INFO] [stdout]     | |_____^
[INFO] [stdout]     = note: this error originates in the macro `cfg_unstable` (in Nightly builds, run with -Z macro-backtrace for more info)
[INFO] [stdout] help: consider importing this function
[INFO] [stdout]     |
[INFO] [stdout] 1   + use std::process::id;
[INFO] [stdout]     |
[INFO] [stdout] help: if you import `id`, refer to it directly
[INFO] [stdout]     |
[INFO] [stdout] 45  -                         task::id(),
[INFO] [stdout] 45  +                         id(),
[INFO] [stdout]     |
[INFO] [stdout] 
[INFO] [stdout] 
[INFO] [stdout] error[E0412]: cannot find type `Id` in module `task`
[INFO] [stdout]    --> src/cmd/fetch.rs:144:20
[INFO] [stdout]     |
[INFO] [stdout] 144 |     task_id: task::Id,
[INFO] [stdout]     |                    ^^ not found in `task`
[INFO] [stdout]     |
[INFO] [stdout] note: found an item that was configured out
[INFO] [stdout]    --> /opt/rustwide/cargo-home/registry/src/index.crates.io-6f17d22bba15001f/tokio-1.39.1/src/task/mod.rs:363:40
[INFO] [stdout]     |
[INFO] [stdout] 363 |         pub use crate::runtime::task::{Id, id, try_id};
[INFO] [stdout]     |                                        ^^
[INFO] [stdout] note: the item is gated here
[INFO] [stdout]    --> /opt/rustwide/cargo-home/registry/src/index.crates.io-6f17d22bba15001f/tokio-1.39.1/src/task/mod.rs:362:5
[INFO] [stdout]     |
[INFO] [stdout] 362 | /     cfg_unstable! {
[INFO] [stdout] 363 | |         pub use crate::runtime::task::{Id, id, try_id};
[INFO] [stdout] 364 | |     }
[INFO] [stdout]     | |_____^
[INFO] [stdout]     = note: this error originates in the macro `cfg_unstable` (in Nightly builds, run with -Z macro-backtrace for more info)
[INFO] [stdout] help: consider importing one of these structs
[INFO] [stdout]     |
[INFO] [stdout] 1   + use clap::Id;
[INFO] [stdout]     |
[INFO] [stdout] 1   + use tracing::Id;
[INFO] [stdout]     |
[INFO] [stdout] help: if you import `Id`, refer to it directly
[INFO] [stdout]     |
[INFO] [stdout] 144 -     task_id: task::Id,
[INFO] [stdout] 144 +     task_id: Id,
[INFO] [stdout]     |
[INFO] [stdout] 
[INFO] [stdout] 
[INFO] [stdout] error[E0599]: no method named `id` found for struct `tokio::task::AbortHandle` in the current scope
[INFO] [stdout]   --> src/cmd/fetch.rs:55:34
[INFO] [stdout]    |
[INFO] [stdout] 55 |             let task_id = handle.id();
[INFO] [stdout]    |                                  ^^ method not found in `AbortHandle`
[INFO] [stdout] 
[INFO] [stdout] 
[INFO] [stdout] error[E0599]: no method named `join_next_with_id` found for struct `JoinSet` in the current scope
[INFO] [stdout]   --> src/cmd/fetch.rs:60:40
[INFO] [stdout]    |
[INFO] [stdout] 60 |         while let Some(result) = tasks.join_next_with_id().await {
[INFO] [stdout]    |                                        ^^^^^^^^^^^^^^^^^
[INFO] [stdout]    |
[INFO] [stdout] help: there is a method `join_next` with a similar name
[INFO] [stdout]    |
[INFO] [stdout] 60 |         while let Some(result) = tasks.join_next().await {
[INFO] [stdout]    |                                        ~~~~~~~~~
[INFO] [stdout] 
[INFO] [stdout] 
[INFO] [stdout] Some errors have detailed explanations: E0412, E0425, E0599.
[INFO] [stdout] 
[INFO] [stdout] For more information about an error, try `rustc --explain E0412`.
[INFO] [stdout] 
[INFO] [stderr] error: could not compile `ma` (lib) due to 6 previous errors
[INFO] running `Command { std: "docker" "inspect" "452e8c67935e3fbaa51b8c60fcfa5018d1bec5982a7bbb62f6cfcf51b8bd1642", kill_on_drop: false }`
[INFO] running `Command { std: "docker" "rm" "-f" "452e8c67935e3fbaa51b8c60fcfa5018d1bec5982a7bbb62f6cfcf51b8bd1642", kill_on_drop: false }`
[INFO] [stdout] 452e8c67935e3fbaa51b8c60fcfa5018d1bec5982a7bbb62f6cfcf51b8bd1642
